[INFO] fetching crate hpl-asset-assembler 0.0.1...
[INFO] testing hpl-asset-assembler-0.0.1 against 1.69.0 for beta-1.70-1
[INFO] extracting crate hpl-asset-assembler 0.0.1 into /workspace/builds/worker-1-tc1/source
[INFO] validating manifest of crates.io crate hpl-asset-assembler 0.0.1 on toolchain 1.69.0
[INFO] running `Command { std: CARGO_HOME="/workspace/cargo-home" RUSTUP_HOME="/workspace/rustup-home" "/workspace/cargo-home/bin/cargo" "+1.69.0" "metadata" "--manifest-path" "Cargo.toml" "--no-deps", kill_on_drop: false }`
[INFO] started tweaking crates.io crate hpl-asset-assembler 0.0.1
[INFO] finished tweaking crates.io crate hpl-asset-assembler 0.0.1
[INFO] tweaked toml for crates.io crate hpl-asset-assembler 0.0.1 written to /workspace/builds/worker-1-tc1/source/Cargo.toml
[INFO] running `Command { std: CARGO_HOME="/workspace/cargo-home" RUSTUP_HOME="/workspace/rustup-home" __CARGO_TEST_CHANNEL_OVERRIDE_DO_NOT_USE_THIS="nightly" "/workspace/cargo-home/bin/cargo" "+1.69.0" "generate-lockfile" "--manifest-path" "Cargo.toml" "-Zno-index-update", kill_on_drop: false }`
[INFO] running `Command { std: CARGO_HOME="/workspace/cargo-home" RUSTUP_HOME="/workspace/rustup-home" "/workspace/cargo-home/bin/cargo" "+1.69.0" "fetch" "--manifest-path" "Cargo.toml", kill_on_drop: false }`
[INFO] [stderr]  Downloading crates ...
[INFO] [stderr]   Downloaded hpl-utils v0.1.3
[INFO] [stderr]   Downloaded hpl-hive-control v0.0.23
[INFO] running `Command { std: "docker" "create" "-v" "/var/lib/crater-agent-workspace/builds/worker-1-tc1/target:/opt/rustwide/target:rw,Z" "-v" "/var/lib/crater-agent-workspace/builds/worker-1-tc1/source:/opt/rustwide/workdir:ro,Z" "-v" "/var/lib/crater-agent-workspace/cargo-home:/opt/rustwide/cargo-home:ro,Z" "-v" "/var/lib/crater-agent-workspace/rustup-home:/opt/rustwide/rustup-home:ro,Z" "-e" "SOURCE_DIR=/opt/rustwide/workdir" "-e" "CARGO_TARGET_DIR=/opt/rustwide/target" "-e" "CARGO_HOME=/opt/rustwide/cargo-home" "-e" "RUSTUP_HOME=/opt/rustwide/rustup-home" "-w" "/opt/rustwide/workdir" "-m" "1610612736" "--user" "0:0" "--network" "none" "ghcr.io/rust-lang/crates-build-env/linux@sha256:5ff2268d62e97bff2cde7d5815dd6ed5b47097566f13b8d0ca110b04b60e07ed" "/opt/rustwide/cargo-home/bin/cargo" "+1.69.0" "metadata" "--no-deps" "--format-version=1", kill_on_drop: false }`
[INFO] [stdout] 8284e8b5c70f539dcd3b4f4d9795275f2e1d1153f7feb204281ef896abf03b62
[INFO] running `Command { std: "docker" "start" "-a" "8284e8b5c70f539dcd3b4f4d9795275f2e1d1153f7feb204281ef896abf03b62", kill_on_drop: false }`
[INFO] running `Command { std: "docker" "inspect" "8284e8b5c70f539dcd3b4f4d9795275f2e1d1153f7feb204281ef896abf03b62", kill_on_drop: false }`
[INFO] running `Command { std: "docker" "rm" "-f" "8284e8b5c70f539dcd3b4f4d9795275f2e1d1153f7feb204281ef896abf03b62", kill_on_drop: false }`
[INFO] [stdout] 8284e8b5c70f539dcd3b4f4d9795275f2e1d1153f7feb204281ef896abf03b62
[INFO] running `Command { std: "docker" "create" "-v" "/var/lib/crater-agent-workspace/builds/worker-1-tc1/target:/opt/rustwide/target:rw,Z" "-v" "/var/lib/crater-agent-workspace/builds/worker-1-tc1/source:/opt/rustwide/workdir:ro,Z" "-v" "/var/lib/crater-agent-workspace/cargo-home:/opt/rustwide/cargo-home:ro,Z" "-v" "/var/lib/crater-agent-workspace/rustup-home:/opt/rustwide/rustup-home:ro,Z" "-e" "SOURCE_DIR=/opt/rustwide/workdir" "-e" "CARGO_TARGET_DIR=/opt/rustwide/target" "-e" "CARGO_INCREMENTAL=0" "-e" "RUST_BACKTRACE=full" "-e" "RUSTFLAGS=--cap-lints=warn" "-e" "RUSTDOCFLAGS=--cap-lints=warn" "-e" "CARGO_HOME=/opt/rustwide/cargo-home" "-e" "RUSTUP_HOME=/opt/rustwide/rustup-home" "-w" "/opt/rustwide/workdir" "-m" "1610612736" "--user" "0:0" "--network" "none" "ghcr.io/rust-lang/crates-build-env/linux@sha256:5ff2268d62e97bff2cde7d5815dd6ed5b47097566f13b8d0ca110b04b60e07ed" "/opt/rustwide/cargo-home/bin/cargo" "+1.69.0" "build" "--frozen" "--message-format=json", kill_on_drop: false }`
[INFO] [stdout] c395714bf048ac7903e9faa0cad9f85039ff342d4304cba07119a79844af6dda
[INFO] running `Command { std: "docker" "start" "-a" "c395714bf048ac7903e9faa0cad9f85039ff342d4304cba07119a79844af6dda", kill_on_drop: false }`
[INFO] [stderr]    Compiling serde v1.0.160
[INFO] [stderr]    Compiling generic-array v0.14.7
[INFO] [stderr]    Compiling syn v1.0.109
[INFO] [stderr]    Compiling subtle v2.4.1
[INFO] [stderr]    Compiling syn v2.0.15
[INFO] [stderr]    Compiling getrandom v0.2.9
[INFO] [stderr]    Compiling semver v1.0.17
[INFO] [stderr]    Compiling ahash v0.7.6
[INFO] [stderr]    Compiling getrandom v0.1.16
[INFO] [stderr]    Compiling rand_core v0.6.4
[INFO] [stderr]    Compiling ucd-trie v0.1.5
[INFO] [stderr]    Compiling rustc_version v0.4.0
[INFO] [stderr]    Compiling crunchy v0.2.2
[INFO] [stderr]    Compiling jobserver v0.1.26
[INFO] [stderr]    Compiling paste v1.0.12
[INFO] [stderr]    Compiling byteorder v1.4.3
[INFO] [stderr]    Compiling rand_core v0.5.1
[INFO] [stderr]    Compiling cc v1.0.79
[INFO] [stderr]    Compiling hashbrown v0.12.3
[INFO] [stderr]    Compiling rand_chacha v0.3.1
[INFO] [stderr]    Compiling wasm-bindgen-shared v0.2.84
[INFO] [stderr]    Compiling rand_chacha v0.2.2
[INFO] [stderr]    Compiling rand v0.8.5
[INFO] [stderr]    Compiling rand v0.7.3
[INFO] [stderr]    Compiling num_cpus v1.15.0
[INFO] [stderr]    Compiling either v1.8.1
[INFO] [stderr]    Compiling feature-probe v0.1.1
[INFO] [stderr]    Compiling bumpalo v3.12.1
[INFO] [stderr]    Compiling rustversion v1.0.12
[INFO] [stderr]    Compiling ark-std v0.3.0
[INFO] [stderr]    Compiling bv v0.11.1
[INFO] [stderr]    Compiling rayon-core v1.11.0
[INFO] [stderr]    Compiling solana-frozen-abi-macro v1.15.2
[INFO] [stderr]    Compiling bitmaps v2.1.0
[INFO] [stderr]    Compiling im v15.1.0
[INFO] [stderr]    Compiling blake3 v1.3.3
[INFO] [stderr]    Compiling bs58 v0.4.0
[INFO] [stderr]    Compiling rayon v1.7.0
[INFO] [stderr]    Compiling solana-frozen-abi v1.15.2
[INFO] [stderr]    Compiling sized-chunks v0.6.5
[INFO] [stderr]    Compiling rand_xoshiro v0.6.0
[INFO] [stderr]    Compiling proc-macro2-diagnostics v0.9.1
[INFO] [stderr]    Compiling wasm-bindgen v0.2.84
[INFO] [stderr]    Compiling arrayvec v0.7.2
[INFO] [stderr]    Compiling constant_time_eq v0.2.5
[INFO] [stderr]    Compiling indexmap v1.9.3
[INFO] [stderr]    Compiling solana-program v1.15.2
[INFO] [stderr]    Compiling hashbrown v0.11.2
[INFO] [stderr]    Compiling memmap2 v0.5.10
[INFO] [stderr]    Compiling rustc-hash v1.1.0
[INFO] [stderr]    Compiling base64 v0.12.3
[INFO] [stderr]    Compiling yansi v0.5.1
[INFO] [stderr]    Compiling toml_datetime v0.6.1
[INFO] [stderr]    Compiling heck v0.3.3
[INFO] [stderr]    Compiling toml_edit v0.19.8
[INFO] [stderr]    Compiling itertools v0.10.5
[INFO] [stderr]    Compiling base64 v0.13.1
[INFO] [stderr]    Compiling bs58 v0.3.1
[INFO] [stderr]    Compiling array-bytes v1.4.1
[INFO] [stderr]    Compiling darling_core v0.20.0
[INFO] [stderr]    Compiling signature v1.6.4
[INFO] [stderr]    Compiling ed25519 v1.5.3
[INFO] [stderr]    Compiling atty v0.2.14
[INFO] [stderr]    Compiling env_logger v0.9.3
[INFO] [stderr]    Compiling solana-sdk v1.15.2
[INFO] [stderr]    Compiling derivation-path v0.2.0
[INFO] [stderr]    Compiling qstring v0.7.2
[INFO] [stderr]    Compiling solana-logger v1.15.2
[INFO] [stderr]    Compiling wasm-bindgen-backend v0.2.84
[INFO] [stderr]    Compiling borsh-derive-internal v0.9.3
[INFO] [stderr]    Compiling borsh-schema-derive-internal v0.9.3
[INFO] [stderr]    Compiling proc-macro-crate v1.3.1
[INFO] [stderr]    Compiling uriparse v0.6.4
[INFO] [stderr]    Compiling chrono v0.4.24
[INFO] [stderr]    Compiling serde_derive v1.0.160
[INFO] [stderr]    Compiling thiserror-impl v1.0.40
[INFO] [stderr]    Compiling zeroize_derive v1.4.2
[INFO] [stderr]    Compiling wasm-bindgen-macro-support v0.2.84
[INFO] [stderr]    Compiling bytemuck_derive v1.4.1
[INFO] [stderr]    Compiling darling_macro v0.20.0
[INFO] [stderr]    Compiling assert_matches v1.5.0
[INFO] [stderr]    Compiling zeroize v1.3.0
[INFO] [stderr]    Compiling rmp v0.8.11
[INFO] [stderr]    Compiling thiserror v1.0.40
[INFO] [stderr]    Compiling merlin v3.0.0
[INFO] [stderr]    Compiling pest v2.6.0
[INFO] [stderr]    Compiling ark-ff-asm v0.3.0
[INFO] [stderr]    Compiling derivative v2.2.0
[INFO] [stderr]    Compiling ark-ff-macros v0.3.0
[INFO] [stderr]    Compiling wasm-bindgen-macro v0.2.84
[INFO] [stderr]    Compiling bytemuck v1.13.1
[INFO] [stderr]    Compiling solana-sdk-macro v1.15.2
[INFO] [stderr]    Compiling num-derive v0.3.3
[INFO] [stderr]    Compiling num_enum_derive v0.5.11
[INFO] [stderr]    Compiling semver-parser v0.10.2
[INFO] [stderr]    Compiling darling v0.20.0
[INFO] [stderr]    Compiling mpl-token-metadata-context-derive v0.2.1
[INFO] [stderr]    Compiling serde_with_macros v2.3.3
[INFO] [stderr]    Compiling semver v0.11.0
[INFO] [stderr]    Compiling rustc_version v0.3.3
[INFO] [stderr]    Compiling ark-ff v0.3.0
[INFO] [stderr]    Compiling num_enum v0.5.11
[INFO] [stderr]    Compiling serde_json v1.0.96
[INFO] [stderr]    Compiling toml v0.5.11
[INFO] [stderr]    Compiling serde_bytes v0.11.9
[INFO] [stderr]    Compiling bincode v1.3.3
[INFO] [stderr]    Compiling serde_with v2.3.3
[INFO] [stderr]    Compiling shank_macro_impl v0.0.11
[INFO] [stderr]    Compiling rmp-serde v1.1.1
[INFO] [stderr]    Compiling digest v0.9.0
[INFO] [stderr]    Compiling block-buffer v0.9.0
[INFO] [stderr]    Compiling crypto-common v0.1.6
[INFO] [stderr]    Compiling sha2 v0.9.9
[INFO] [stderr]    Compiling block-buffer v0.10.4
[INFO] [stderr]    Compiling libsecp256k1-core v0.2.2
[INFO] [stderr]    Compiling crypto-mac v0.8.0
[INFO] [stderr]    Compiling digest v0.10.6
[INFO] [stderr]    Compiling hmac v0.8.1
[INFO] [stderr]    Compiling ark-serialize v0.3.0
[INFO] [stderr]    Compiling proc-macro-crate v0.1.5
[INFO] [stderr]    Compiling sha2 v0.10.6
[INFO] [stderr]    Compiling curve25519-dalek v3.2.1
[INFO] [stderr]    Compiling hmac-drbg v0.3.0
[INFO] [stderr]    Compiling pbkdf2 v0.4.0
[INFO] [stderr]    Compiling sha3 v0.10.7
[INFO] [stderr]    Compiling tiny-bip39 v0.8.2
[INFO] [stderr]    Compiling borsh-derive v0.9.3
[INFO] [stderr]    Compiling libsecp256k1-gen-ecmult v0.2.1
[INFO] [stderr]    Compiling libsecp256k1-gen-genmult v0.2.1
[INFO] [stderr]    Compiling anchor-syn v0.26.0
[INFO] [stderr]    Compiling cipher v0.3.0
[INFO] [stderr]    Compiling hmac v0.12.1
[INFO] [stderr]    Compiling ed25519-dalek v1.0.1
[INFO] [stderr]    Compiling universal-hash v0.4.1
[INFO] [stderr]    Compiling aes v0.7.5
[INFO] [stderr]    Compiling borsh v0.9.3
[INFO] [stderr]    Compiling polyval v0.5.3
[INFO] [stderr]    Compiling libsecp256k1 v0.6.0
[INFO] [stderr]    Compiling ed25519-dalek-bip32 v0.2.0
[INFO] [stderr]    Compiling ctr v0.8.0
[INFO] [stderr]    Compiling pbkdf2 v0.11.0
[INFO] [stderr]    Compiling inout v0.1.3
[INFO] [stderr]    Compiling aead v0.4.3
[INFO] [stderr]    Compiling sha3 v0.9.1
[INFO] [stderr]    Compiling aes-gcm-siv v0.10.3
[INFO] [stderr]    Compiling cipher v0.4.4
[INFO] [stderr]    Compiling shank_macro v0.0.11
[INFO] [stderr]    Compiling shank v0.0.11
[INFO] [stderr]    Compiling anchor-attribute-state v0.26.0
[INFO] [stderr]    Compiling anchor-attribute-event v0.26.0
[INFO] [stderr]    Compiling anchor-attribute-error v0.26.0
[INFO] [stderr]    Compiling anchor-attribute-account v0.26.0
[INFO] [stderr]    Compiling anchor-attribute-access-control v0.26.0
[INFO] [stderr]    Compiling anchor-attribute-interface v0.26.0
[INFO] [stderr]    Compiling anchor-attribute-constant v0.26.0
[INFO] [stderr]    Compiling anchor-attribute-program v0.26.0
[INFO] [stderr]    Compiling anchor-derive-accounts v0.26.0
[INFO] [stderr]    Compiling ark-ec v0.3.0
[INFO] [stderr]    Compiling ark-bn254 v0.3.0
[INFO] [stderr]    Compiling spl-token v3.5.0
[INFO] [stderr]    Compiling spl-memo v3.0.1
[INFO] [stderr]    Compiling anchor-lang v0.26.0
[INFO] [stderr]    Compiling mpl-utils v0.1.0
[INFO] [stderr]    Compiling solana-zk-token-sdk v1.15.2
[INFO] [stderr]    Compiling spl-token-2022 v0.6.1
[INFO] [stderr]    Compiling mpl-token-auth-rules v1.3.0
[INFO] [stderr]    Compiling spl-associated-token-account v1.1.3
[INFO] [stderr]    Compiling mpl-token-metadata v1.10.0
[INFO] [stderr]    Compiling anchor-spl v0.26.0
[INFO] [stderr]    Compiling hpl-utils v0.1.3
[INFO] [stderr]    Compiling hpl-hive-control v0.0.23
[INFO] [stderr]    Compiling hpl-asset-assembler v0.0.1 (/opt/rustwide/workdir)
[INFO] [stdout] error[E0061]: this function takes 16 arguments but 14 arguments were supplied
[INFO] [stdout]    --> src/instructions/nft.rs:407:13
[INFO] [stdout]     |
[INFO] [stdout] 407 |               hpl_utils::delegate(
[INFO] [stdout]     |  _____________^^^^^^^^^^^^^^^^^^^-
[INFO] [stdout] 408 | |                 DelegateArgs::StakingV1 {
[INFO] [stdout] 409 | |                     amount: 1 * 10u64.pow(token_mint.decimals.into()),
[INFO] [stdout] 410 | |                     authorization_data: None,
[INFO] [stdout] ...   |
[INFO] [stdout] 424 | |                 None,
[INFO] [stdout] 425 | |             )?;
[INFO] [stdout]     | |_____________- two arguments of type `Option<anchor_lang::prelude::AccountInfo<'_>>` and `Option<&[&[&[u8]]; 1]>` are missing
[INFO] [stdout]     |
[INFO] [stdout] note: function defined here
[INFO] [stdout]    --> /opt/rustwide/cargo-home/registry/src/github.com-1ecc6299db9ec823/hpl-utils-0.1.3/src/metadata.rs:590:8
[INFO] [stdout]     |
[INFO] [stdout] 590 | pub fn delegate<'info>(
[INFO] [stdout]     |        ^^^^^^^^
[INFO] [stdout] help: provide the arguments
[INFO] [stdout]     |
[INFO] [stdout] 407 ~             hpl_utils::delegate(DelegateArgs::StakingV1 {
[INFO] [stdout] 408 +                     amount: 1 * 10u64.pow(token_mint.decimals.into()),
[INFO] [stdout] 409 +                     authorization_data: None,
[INFO] [stdout] 410 ~                 }, None, assembler.to_account_info(), ctx.accounts.token_metadata.to_account_info(), ctx.accounts.token_edition.clone(), ctx.accounts.token_record.clone(), ctx.accounts.token_mint.to_account_info(), ctx.accounts.token_account.to_account_info(), ctx.accounts.authority.to_account_info(), ctx.accounts.payer.to_account_info(), ctx.accounts.system_program.to_account_info(), ctx.accounts.sysvar_instructions.to_account_info(), ctx.accounts.token_program.to_account_info(), None, /* Option<anchor_lang::prelude::AccountInfo<'_>> */, /* Option<&[&[&[u8]]; 1]> */)?;
[INFO] [stdout]     |
[INFO] [stdout] 
[INFO] [stdout] 
[INFO] [stdout] error[E0308]: mismatched types
[INFO] [stdout]    --> src/instructions/nft.rs:439:22
[INFO] [stdout]     |
[INFO] [stdout] 439 |                 Some(assembler_signer),
[INFO] [stdout]     |                 ---- ^^^^^^^^^^^^^^^^ expected `AccountInfo<'_>`, found `&[&[&[u8]]; 1]`
[INFO] [stdout]     |                 |
[INFO] [stdout]     |                 arguments to this enum variant are incorrect
[INFO] [stdout]     |
[INFO] [stdout] help: the type constructed contains `&[&[&[u8]]; 1]` due to the type of the argument passed
[INFO] [stdout]    --> src/instructions/nft.rs:439:17
[INFO] [stdout]     |
[INFO] [stdout] 439 |                 Some(assembler_signer),
[INFO] [stdout]     |                 ^^^^^----------------^
[INFO] [stdout]     |                      |
[INFO] [stdout]     |                      this argument influences the type of `Some`
[INFO] [stdout] note: tuple variant defined here
[INFO] [stdout]    --> /rustc/84c898d65adf2f39a5a98507f1fe0ce10a2b8dbc/library/core/src/option.rs:571:5
[INFO] [stdout] 
[INFO] [stdout] 
[INFO] [stdout] error[E0061]: this function takes 14 arguments but 12 arguments were supplied
[INFO] [stdout]    --> src/instructions/nft.rs:427:13
[INFO] [stdout]     |
[INFO] [stdout] 427 |               hpl_utils::lock(
[INFO] [stdout]     |  _____________^^^^^^^^^^^^^^^-
[INFO] [stdout] 428 | |                 assembler.to_account_info(),
[INFO] [stdout] 429 | |                 ctx.accounts.token_mint.to_account_info(),
[INFO] [stdout] 430 | |                 ctx.accounts.token_account.to_account_info(),
[INFO] [stdout] ...   |
[INFO] [stdout] 439 | |                 Some(assembler_signer),
[INFO] [stdout] 440 | |             )?;
[INFO] [stdout]     | |_____________- two arguments of type `Option<anchor_lang::prelude::AccountInfo<'_>>` and `Option<&[&[&[u8]]; 1]>` are missing
[INFO] [stdout]     |
[INFO] [stdout] note: function defined here
[INFO] [stdout]    --> /opt/rustwide/cargo-home/registry/src/github.com-1ecc6299db9ec823/hpl-utils-0.1.3/src/metadata.rs:432:8
[INFO] [stdout]     |
[INFO] [stdout] 432 | pub fn lock<'info>(
[INFO] [stdout]     |        ^^^^
[INFO] [stdout] help: provide the arguments
[INFO] [stdout]     |
[INFO] [stdout] 427 |             hpl_utils::lock(assembler.to_account_info(), ctx.accounts.token_mint.to_account_info(), ctx.accounts.token_account.to_account_info(), ctx.accounts.authority.to_account_info(), ctx.accounts.token_metadata.to_account_info(), ctx.accounts.token_edition.clone(), ctx.accounts.token_record.clone(), ctx.accounts.payer.to_account_info(), ctx.accounts.system_program.to_account_info(), ctx.accounts.sysvar_instructions.to_account_info(), ctx.accounts.token_program.to_account_info(), Some(assembler_signer), /* Option<anchor_lang::prelude::AccountInfo<'_>> */, /* Option<&[&[&[u8]]; 1]> */)?;
[INFO] [stdout]     |                            ~~~~~~~~~~~~~~~~~~~~~~~~~~~~~~~~~~~~~~~~~~~~~~~~~~~~~~~~~~~~~~~~~~~~~~~~~~~~~~~~~~~~~~~~~~~~~~~~~~~~~~~~~~~~~~~~~~~~~~~~~~~~~~~~~~~~~~~~~~~~~~~~~~~~~~~~~~~~~~~~~~~~~~~~~~~~~~~~~~~~~~~~~~~~~~~~~~~~~~~~~~~~~~~~~~~~~~~~~~~~~~~~~~~~~~~~~~~~~~~~~~~~~~~~~~~~~~~~~~~~~~~~~~~~~~~~~~~~~~~~~~~~~~~~~~~~~~~~~~~~~~~~~~~~~~~~~~~~~~~~~~~~~~~~~~~~~~~~~~~~~~~~~~~~~~~~~~~~~~~~~~~~~~~~~~~~~~~~~~~~~~~~~~~~~~~~~~~~~~~~~~~~~~~~~~~~~~~~~~~~~~~~~~~~~~~~~~~~~~~~~~~~~~~~~~~~~~~~~~~~~~~~~~~~~~~~~~~~~~~~~~~~~~~~~~~~~~~~~~~~~~~~~~~~~~~~~~~~~~~~~~~~~~~~~~~~~~~~~~~~~~~~~~~~~~~~~~~~~~~~~~~~~~~~
[INFO] [stdout] 
[INFO] [stdout] 
[INFO] [stdout] error[E0061]: this function takes 19 arguments but 17 arguments were supplied
[INFO] [stdout]    --> src/instructions/nft.rs:444:17
[INFO] [stdout]     |
[INFO] [stdout] 444 |                   hpl_utils::transfer(
[INFO] [stdout]     |  _________________^^^^^^^^^^^^^^^^^^^-
[INFO] [stdout] 445 | |                     1 * 10u64.pow(token_mint.decimals.into()),
[INFO] [stdout] 446 | |                     ctx.accounts.token_account.to_account_info(),
[INFO] [stdout] 447 | |                     ctx.accounts.authority.to_account_info(),
[INFO] [stdout] ...   |
[INFO] [stdout] 461 | |                     None,
[INFO] [stdout] 462 | |                 )?;
[INFO] [stdout]     | |_________________- two arguments of type `Option<anchor_lang::prelude::AccountInfo<'_>>` and `Option<&[&[&[u8]]; 1]>` are missing
[INFO] [stdout]     |
[INFO] [stdout] note: function defined here
[INFO] [stdout]    --> /opt/rustwide/cargo-home/registry/src/github.com-1ecc6299db9ec823/hpl-utils-0.1.3/src/metadata.rs:328:8
[INFO] [stdout]     |
[INFO] [stdout] 328 | pub fn transfer<'info>(
[INFO] [stdout]     |        ^^^^^^^^
[INFO] [stdout] help: provide the arguments
[INFO] [stdout]     |
[INFO] [stdout] 444 |                 hpl_utils::transfer(1 * 10u64.pow(token_mint.decimals.into()), ctx.accounts.token_account.to_account_info(), ctx.accounts.authority.to_account_info(), deposit_account.to_account_info(), assembler.to_account_info(), ctx.accounts.token_mint.to_account_info(), ctx.accounts.token_metadata.to_account_info(), ctx.accounts.token_edition.clone(), ctx.accounts.token_record.clone(), ctx.accounts.deposit_token_record.clone(), ctx.accounts.authority.to_account_info(), ctx.accounts.payer.to_account_info(), ctx.accounts.system_program.to_account_info(), ctx.accounts.token_program.to_account_info(), ctx.accounts.associated_token_program.to_account_info(), ctx.accounts.sysvar_instructions.to_account_info(), None, /* Option<anchor_lang::prelude::AccountInfo<'_>> */, /* Option<&[&[&[u8]]; 1]> */)?;
[INFO] [stdout]     |                                    ~~~~~~~~~~~~~~~~~~~~~~~~~~~~~~~~~~~~~~~~~~~~~~~~~~~~~~~~~~~~~~~~~~~~~~~~~~~~~~~~~~~~~~~~~~~~~~~~~~~~~~~~~~~~~~~~~~~~~~~~~~~~~~~~~~~~~~~~~~~~~~~~~~~~~~~~~~~~~~~~~~~~~~~~~~~~~~~~~~~~~~~~~~~~~~~~~~~~~~~~~~~~~~~~~~~~~~~~~~~~~~~~~~~~~~~~~~~~~~~~~~~~~~~~~~~~~~~~~~~~~~~~~~~~~~~~~~~~~~~~~~~~~~~~~~~~~~~~~~~~~~~~~~~~~~~~~~~~~~~~~~~~~~~~~~~~~~~~~~~~~~~~~~~~~~~~~~~~~~~~~~~~~~~~~~~~~~~~~~~~~~~~~~~~~~~~~~~~~~~~~~~~~~~~~~~~~~~~~~~~~~~~~~~~~~~~~~~~~~~~~~~~~~~~~~~~~~~~~~~~~~~~~~~~~~~~~~~~~~~~~~~~~~~~~~~~~~~~~~~~~~~~~~~~~~~~~~~~~~~~~~~~~~~~~~~~~~~~~~~~~~~~~~~~~~~~~~~~~~~~~~~~~~~~~~~~~~~~~~~~~~~~~~~~~~~~~~~~~~~~~~~~~~~~~~~~~~~~~~~~~~~~~~~~~~~~~~~~~~~~~~~~~~~~~~~~~~~~~~~~~~~~~~~~~~~~~~~~~~~~~~~~~~~~~~~~~~~~~~~~~~~~~~~~~~~~~~~~~~~~~~~~~~~~~~~~~~~~~~~~~~~~~~~~~~~~~~~~~~~~~~~~~~~~~~
[INFO] [stdout] 
[INFO] [stdout] 
[INFO] [stdout] error[E0308]: mismatched types
[INFO] [stdout]    --> src/instructions/nft.rs:979:22
[INFO] [stdout]     |
[INFO] [stdout] 979 |                 Some(assembler_signer),
[INFO] [stdout]     |                 ---- ^^^^^^^^^^^^^^^^ expected `AccountInfo<'_>`, found `&[&[&[u8]]; 1]`
[INFO] [stdout]     |                 |
[INFO] [stdout]     |                 arguments to this enum variant are incorrect
[INFO] [stdout]     |
[INFO] [stdout] help: the type constructed contains `&[&[&[u8]]; 1]` due to the type of the argument passed
[INFO] [stdout]    --> src/instructions/nft.rs:979:17
[INFO] [stdout]     |
[INFO] [stdout] 979 |                 Some(assembler_signer),
[INFO] [stdout]     |                 ^^^^^----------------^
[INFO] [stdout]     |                      |
[INFO] [stdout]     |                      this argument influences the type of `Some`
[INFO] [stdout] note: tuple variant defined here
[INFO] [stdout]    --> /rustc/84c898d65adf2f39a5a98507f1fe0ce10a2b8dbc/library/core/src/option.rs:571:5
[INFO] [stdout] 
[INFO] [stdout] 
[INFO] [stdout] error[E0061]: this function takes 14 arguments but 12 arguments were supplied
[INFO] [stdout]    --> src/instructions/nft.rs:967:13
[INFO] [stdout]     |
[INFO] [stdout] 967 |               hpl_utils::unlock(
[INFO] [stdout]     |  _____________^^^^^^^^^^^^^^^^^-
[INFO] [stdout] 968 | |                 assembler.to_account_info(),
[INFO] [stdout] 969 | |                 token_mint.to_account_info(),
[INFO] [stdout] 970 | |                 ctx.accounts.token_account.to_account_info(),
[INFO] [stdout] ...   |
[INFO] [stdout] 979 | |                 Some(assembler_signer),
[INFO] [stdout] 980 | |             )?;
[INFO] [stdout]     | |_____________- two arguments of type `Option<anchor_lang::prelude::AccountInfo<'_>>` and `Option<&[&[&[u8]]; 1]>` are missing
[INFO] [stdout]     |
[INFO] [stdout] note: function defined here
[INFO] [stdout]    --> /opt/rustwide/cargo-home/registry/src/github.com-1ecc6299db9ec823/hpl-utils-0.1.3/src/metadata.rs:509:8
[INFO] [stdout]     |
[INFO] [stdout] 509 | pub fn unlock<'info>(
[INFO] [stdout]     |        ^^^^^^
[INFO] [stdout] help: provide the arguments
[INFO] [stdout]     |
[INFO] [stdout] 967 |             hpl_utils::unlock(assembler.to_account_info(), token_mint.to_account_info(), ctx.accounts.token_account.to_account_info(), ctx.accounts.authority.to_account_info(), ctx.accounts.token_metadata.to_account_info(), ctx.accounts.token_edition.clone(), ctx.accounts.token_record.clone(), ctx.accounts.payer.to_account_info(), ctx.accounts.system_program.to_account_info(), ctx.accounts.sysvar_instructions.to_account_info(), ctx.accounts.token_program.to_account_info(), Some(assembler_signer), /* Option<anchor_lang::prelude::AccountInfo<'_>> */, /* Option<&[&[&[u8]]; 1]> */)?;
[INFO] [stdout]     |                              ~~~~~~~~~~~~~~~~~~~~~~~~~~~~~~~~~~~~~~~~~~~~~~~~~~~~~~~~~~~~~~~~~~~~~~~~~~~~~~~~~~~~~~~~~~~~~~~~~~~~~~~~~~~~~~~~~~~~~~~~~~~~~~~~~~~~~~~~~~~~~~~~~~~~~~~~~~~~~~~~~~~~~~~~~~~~~~~~~~~~~~~~~~~~~~~~~~~~~~~~~~~~~~~~~~~~~~~~~~~~~~~~~~~~~~~~~~~~~~~~~~~~~~~~~~~~~~~~~~~~~~~~~~~~~~~~~~~~~~~~~~~~~~~~~~~~~~~~~~~~~~~~~~~~~~~~~~~~~~~~~~~~~~~~~~~~~~~~~~~~~~~~~~~~~~~~~~~~~~~~~~~~~~~~~~~~~~~~~~~~~~~~~~~~~~~~~~~~~~~~~~~~~~~~~~~~~~~~~~~~~~~~~~~~~~~~~~~~~~~~~~~~~~~~~~~~~~~~~~~~~~~~~~~~~~~~~~~~~~~~~~~~~~~~~~~~~~~~~~~~~~~~~~~~~~~~~~~~~~~~~~~~~~~~~~~~~~~~~~~~~~~~~~~~~~~~~~~
[INFO] [stdout] 
[INFO] [stdout] 
[INFO] [stdout] error[E0308]: mismatched types
[INFO] [stdout]    --> src/instructions/nft.rs:996:22
[INFO] [stdout]     |
[INFO] [stdout] 996 |                 Some(assembler_signer),
[INFO] [stdout]     |                 ---- ^^^^^^^^^^^^^^^^ expected `AccountInfo<'_>`, found `&[&[&[u8]]; 1]`
[INFO] [stdout]     |                 |
[INFO] [stdout]     |                 arguments to this enum variant are incorrect
[INFO] [stdout]     |
[INFO] [stdout] help: the type constructed contains `&[&[&[u8]]; 1]` due to the type of the argument passed
[INFO] [stdout]    --> src/instructions/nft.rs:996:17
[INFO] [stdout]     |
[INFO] [stdout] 996 |                 Some(assembler_signer),
[INFO] [stdout]     |                 ^^^^^----------------^
[INFO] [stdout]     |                      |
[INFO] [stdout]     |                      this argument influences the type of `Some`
[INFO] [stdout] note: tuple variant defined here
[INFO] [stdout]    --> /rustc/84c898d65adf2f39a5a98507f1fe0ce10a2b8dbc/library/core/src/option.rs:571:5
[INFO] [stdout] 
[INFO] [stdout] 
[INFO] [stdout] error[E0061]: this function takes 16 arguments but 14 arguments were supplied
[INFO] [stdout]    --> src/instructions/nft.rs:982:13
[INFO] [stdout]     |
[INFO] [stdout] 982 |               hpl_utils::revoke(
[INFO] [stdout]     |  _____________^^^^^^^^^^^^^^^^^-
[INFO] [stdout] 983 | |                 RevokeArgs::StakingV1,
[INFO] [stdout] 984 | |                 None,
[INFO] [stdout] 985 | |                 assembler.to_account_info(),
[INFO] [stdout] ...   |
[INFO] [stdout] 996 | |                 Some(assembler_signer),
[INFO] [stdout] 997 | |             )?;
[INFO] [stdout]     | |_____________- two arguments of type `Option<anchor_lang::prelude::AccountInfo<'_>>` and `Option<&[&[&[u8]]; 1]>` are missing
[INFO] [stdout]     |
[INFO] [stdout] note: function defined here
[INFO] [stdout]    --> /opt/rustwide/cargo-home/registry/src/github.com-1ecc6299db9ec823/hpl-utils-0.1.3/src/metadata.rs:678:8
[INFO] [stdout]     |
[INFO] [stdout] 678 | pub fn revoke<'info>(
[INFO] [stdout]     |        ^^^^^^
[INFO] [stdout] help: provide the arguments
[INFO] [stdout]     |
[INFO] [stdout] 982 |             hpl_utils::revoke(RevokeArgs::StakingV1, None, assembler.to_account_info(), ctx.accounts.token_metadata.to_account_info(), ctx.accounts.token_edition.clone(), ctx.accounts.token_record.clone(), ctx.accounts.token_mint.to_account_info(), ctx.accounts.token_account.to_account_info(), ctx.accounts.authority.to_account_info(), ctx.accounts.payer.to_account_info(), ctx.accounts.system_program.to_account_info(), ctx.accounts.sysvar_instructions.to_account_info(), ctx.accounts.token_program.to_account_info(), Some(assembler_signer), /* Option<anchor_lang::prelude::AccountInfo<'_>> */, /* Option<&[&[&[u8]]; 1]> */)?;
[INFO] [stdout]     |                              ~~~~~~~~~~~~~~~~~~~~~~~~~~~~~~~~~~~~~~~~~~~~~~~~~~~~~~~~~~~~~~~~~~~~~~~~~~~~~~~~~~~~~~~~~~~~~~~~~~~~~~~~~~~~~~~~~~~~~~~~~~~~~~~~~~~~~~~~~~~~~~~~~~~~~~~~~~~~~~~~~~~~~~~~~~~~~~~~~~~~~~~~~~~~~~~~~~~~~~~~~~~~~~~~~~~~~~~~~~~~~~~~~~~~~~~~~~~~~~~~~~~~~~~~~~~~~~~~~~~~~~~~~~~~~~~~~~~~~~~~~~~~~~~~~~~~~~~~~~~~~~~~~~~~~~~~~~~~~~~~~~~~~~~~~~~~~~~~~~~~~~~~~~~~~~~~~~~~~~~~~~~~~~~~~~~~~~~~~~~~~~~~~~~~~~~~~~~~~~~~~~~~~~~~~~~~~~~~~~~~~~~~~~~~~~~~~~~~~~~~~~~~~~~~~~~~~~~~~~~~~~~~~~~~~~~~~~~~~~~~~~~~~~~~~~~~~~~~~~~~~~~~~~~~~~~~~~~~~~~~~~~~~~~~~~~~~~~~~~~~~~~~~~~~~~~~~~~~~~~~~~~~~~~~~~~~~~~~~~~~~~~~~~~~~~~~~~~~~
[INFO] [stdout] 
[INFO] [stdout] 
[INFO] [stdout] error[E0308]: mismatched types
[INFO] [stdout]     --> src/instructions/nft.rs:1018:26
[INFO] [stdout]      |
[INFO] [stdout] 1018 |                     Some(assembler_signer),
[INFO] [stdout]      |                     ---- ^^^^^^^^^^^^^^^^ expected `AccountInfo<'_>`, found `&[&[&[u8]]; 1]`
[INFO] [stdout]      |                     |
[INFO] [stdout]      |                     arguments to this enum variant are incorrect
[INFO] [stdout]      |
[INFO] [stdout] help: the type constructed contains `&[&[&[u8]]; 1]` due to the type of the argument passed
[INFO] [stdout]     --> src/instructions/nft.rs:1018:21
[INFO] [stdout]      |
[INFO] [stdout] 1018 |                     Some(assembler_signer),
[INFO] [stdout]      |                     ^^^^^----------------^
[INFO] [stdout]      |                          |
[INFO] [stdout]      |                          this argument influences the type of `Some`
[INFO] [stdout] note: tuple variant defined here
[INFO] [stdout]     --> /rustc/84c898d65adf2f39a5a98507f1fe0ce10a2b8dbc/library/core/src/option.rs:571:5
[INFO] [stdout] 
[INFO] [stdout] 
[INFO] [stdout] error[E0061]: this function takes 19 arguments but 17 arguments were supplied
[INFO] [stdout]     --> src/instructions/nft.rs:1001:17
[INFO] [stdout]      |
[INFO] [stdout] 1001 |                   hpl_utils::transfer(
[INFO] [stdout]      |  _________________^^^^^^^^^^^^^^^^^^^-
[INFO] [stdout] 1002 | |                     1 * 10u64.pow(token_mint.decimals.into()),
[INFO] [stdout] 1003 | |                     deposit_account.to_account_info(),
[INFO] [stdout] 1004 | |                     assembler.to_account_info(),
[INFO] [stdout] ...    |
[INFO] [stdout] 1018 | |                     Some(assembler_signer),
[INFO] [stdout] 1019 | |                 )?;
[INFO] [stdout]      | |_________________- two arguments of type `Option<anchor_lang::prelude::AccountInfo<'_>>` and `Option<&[&[&[u8]]; 1]>` are missing
[INFO] [stdout]      |
[INFO] [stdout] note: function defined here
[INFO] [stdout]     --> /opt/rustwide/cargo-home/registry/src/github.com-1ecc6299db9ec823/hpl-utils-0.1.3/src/metadata.rs:328:8
[INFO] [stdout]      |
[INFO] [stdout] 328  | pub fn transfer<'info>(
[INFO] [stdout]      |        ^^^^^^^^
[INFO] [stdout] help: provide the arguments
[INFO] [stdout]      |
[INFO] [stdout] 1001 |                 hpl_utils::transfer(1 * 10u64.pow(token_mint.decimals.into()), deposit_account.to_account_info(), assembler.to_account_info(), ctx.accounts.token_account.to_account_info(), ctx.accounts.authority.to_account_info(), ctx.accounts.token_mint.to_account_info(), ctx.accounts.token_metadata.to_account_info(), ctx.accounts.token_edition.clone(), ctx.accounts.deposit_token_record.clone(), ctx.accounts.token_record.clone(), assembler.to_account_info(), ctx.accounts.payer.to_account_info(), ctx.accounts.system_program.to_account_info(), ctx.accounts.token_program.to_account_info(), ctx.accounts.associated_token_program.to_account_info(), ctx.accounts.sysvar_instructions.to_account_info(), Some(assembler_signer), /* Option<anchor_lang::prelude::AccountInfo<'_>> */, /* Option<&[&[&[u8]]; 1]> */)?;
[INFO] [stdout]      |                                    ~~~~~~~~~~~~~~~~~~~~~~~~~~~~~~~~~~~~~~~~~~~~~~~~~~~~~~~~~~~~~~~~~~~~~~~~~~~~~~~~~~~~~~~~~~~~~~~~~~~~~~~~~~~~~~~~~~~~~~~~~~~~~~~~~~~~~~~~~~~~~~~~~~~~~~~~~~~~~~~~~~~~~~~~~~~~~~~~~~~~~~~~~~~~~~~~~~~~~~~~~~~~~~~~~~~~~~~~~~~~~~~~~~~~~~~~~~~~~~~~~~~~~~~~~~~~~~~~~~~~~~~~~~~~~~~~~~~~~~~~~~~~~~~~~~~~~~~~~~~~~~~~~~~~~~~~~~~~~~~~~~~~~~~~~~~~~~~~~~~~~~~~~~~~~~~~~~~~~~~~~~~~~~~~~~~~~~~~~~~~~~~~~~~~~~~~~~~~~~~~~~~~~~~~~~~~~~~~~~~~~~~~~~~~~~~~~~~~~~~~~~~~~~~~~~~~~~~~~~~~~~~~~~~~~~~~~~~~~~~~~~~~~~~~~~~~~~~~~~~~~~~~~~~~~~~~~~~~~~~~~~~~~~~~~~~~~~~~~~~~~~~~~~~~~~~~~~~~~~~~~~~~~~~~~~~~~~~~~~~~~~~~~~~~~~~~~~~~~~~~~~~~~~~~~~~~~~~~~~~~~~~~~~~~~~~~~~~~~~~~~~~~~~~~~~~~~~~~~~~~~~~~~~~~~~~~~~~~~~~~~~~~~~~~~~~~~~~~~~~~~~~~~~~~~~~~~~~~~~~~~~~~~~~~~~~~~~~~~~~~~~~~~~~~~~~~~~~~~~~~~~~~~~~~~~~~~~~
[INFO] [stdout] 
[INFO] [stdout] 
[INFO] [stdout] error: aborting due to 10 previous errors
[INFO] [stdout] 
[INFO] [stdout] 
[INFO] [stdout] Some errors have detailed explanations: E0061, E0308.
[INFO] [stdout] 
[INFO] [stdout] For more information about an error, try `rustc --explain E0061`.
[INFO] [stdout] 
[INFO] [stderr] error: could not compile `hpl-asset-assembler` due to 11 previous errors
[INFO] running `Command { std: "docker" "inspect" "c395714bf048ac7903e9faa0cad9f85039ff342d4304cba07119a79844af6dda", kill_on_drop: false }`
[INFO] running `Command { std: "docker" "rm" "-f" "c395714bf048ac7903e9faa0cad9f85039ff342d4304cba07119a79844af6dda", kill_on_drop: false }`
[INFO] [stdout] c395714bf048ac7903e9faa0cad9f85039ff342d4304cba07119a79844af6dda
