[INFO] fetching crate hooks-core 2.2.0-alpha...
[INFO] testing hooks-core-2.2.0-alpha against 1.69.0 for beta-1.70-1
[INFO] extracting crate hooks-core 2.2.0-alpha into /workspace/builds/worker-4-tc1/source
[INFO] validating manifest of crates.io crate hooks-core 2.2.0-alpha on toolchain 1.69.0
[INFO] running `Command { std: CARGO_HOME="/workspace/cargo-home" RUSTUP_HOME="/workspace/rustup-home" "/workspace/cargo-home/bin/cargo" "+1.69.0" "metadata" "--manifest-path" "Cargo.toml" "--no-deps", kill_on_drop: false }`
[INFO] started tweaking crates.io crate hooks-core 2.2.0-alpha
[INFO] finished tweaking crates.io crate hooks-core 2.2.0-alpha
[INFO] tweaked toml for crates.io crate hooks-core 2.2.0-alpha written to /workspace/builds/worker-4-tc1/source/Cargo.toml
[INFO] running `Command { std: CARGO_HOME="/workspace/cargo-home" RUSTUP_HOME="/workspace/rustup-home" __CARGO_TEST_CHANNEL_OVERRIDE_DO_NOT_USE_THIS="nightly" "/workspace/cargo-home/bin/cargo" "+1.69.0" "generate-lockfile" "--manifest-path" "Cargo.toml" "-Zno-index-update", kill_on_drop: false }`
[INFO] running `Command { std: CARGO_HOME="/workspace/cargo-home" RUSTUP_HOME="/workspace/rustup-home" "/workspace/cargo-home/bin/cargo" "+1.69.0" "fetch" "--manifest-path" "Cargo.toml", kill_on_drop: false }`
[INFO] [stderr]     Blocking waiting for file lock on package cache
[INFO] [stderr]  Downloading crates ...
[INFO] [stderr]   Downloaded syn-lite v0.1.0
[INFO] running `Command { std: "docker" "create" "-v" "/var/lib/crater-agent-workspace/builds/worker-4-tc1/target:/opt/rustwide/target:rw,Z" "-v" "/var/lib/crater-agent-workspace/builds/worker-4-tc1/source:/opt/rustwide/workdir:ro,Z" "-v" "/var/lib/crater-agent-workspace/cargo-home:/opt/rustwide/cargo-home:ro,Z" "-v" "/var/lib/crater-agent-workspace/rustup-home:/opt/rustwide/rustup-home:ro,Z" "-e" "SOURCE_DIR=/opt/rustwide/workdir" "-e" "CARGO_TARGET_DIR=/opt/rustwide/target" "-e" "CARGO_HOME=/opt/rustwide/cargo-home" "-e" "RUSTUP_HOME=/opt/rustwide/rustup-home" "-w" "/opt/rustwide/workdir" "-m" "1610612736" "--user" "0:0" "--network" "none" "ghcr.io/rust-lang/crates-build-env/linux@sha256:5ff2268d62e97bff2cde7d5815dd6ed5b47097566f13b8d0ca110b04b60e07ed" "/opt/rustwide/cargo-home/bin/cargo" "+1.69.0" "metadata" "--no-deps" "--format-version=1", kill_on_drop: false }`
[INFO] [stdout] 15739fdd20992182861da1736849a09ced33bd7f8e315ffc95438ae453377844
[INFO] running `Command { std: "docker" "start" "-a" "15739fdd20992182861da1736849a09ced33bd7f8e315ffc95438ae453377844", kill_on_drop: false }`
[INFO] running `Command { std: "docker" "inspect" "15739fdd20992182861da1736849a09ced33bd7f8e315ffc95438ae453377844", kill_on_drop: false }`
[INFO] running `Command { std: "docker" "rm" "-f" "15739fdd20992182861da1736849a09ced33bd7f8e315ffc95438ae453377844", kill_on_drop: false }`
[INFO] [stdout] 15739fdd20992182861da1736849a09ced33bd7f8e315ffc95438ae453377844
[INFO] running `Command { std: "docker" "create" "-v" "/var/lib/crater-agent-workspace/builds/worker-4-tc1/target:/opt/rustwide/target:rw,Z" "-v" "/var/lib/crater-agent-workspace/builds/worker-4-tc1/source:/opt/rustwide/workdir:ro,Z" "-v" "/var/lib/crater-agent-workspace/cargo-home:/opt/rustwide/cargo-home:ro,Z" "-v" "/var/lib/crater-agent-workspace/rustup-home:/opt/rustwide/rustup-home:ro,Z" "-e" "SOURCE_DIR=/opt/rustwide/workdir" "-e" "CARGO_TARGET_DIR=/opt/rustwide/target" "-e" "CARGO_INCREMENTAL=0" "-e" "RUST_BACKTRACE=full" "-e" "RUSTFLAGS=--cap-lints=warn" "-e" "RUSTDOCFLAGS=--cap-lints=warn" "-e" "CARGO_HOME=/opt/rustwide/cargo-home" "-e" "RUSTUP_HOME=/opt/rustwide/rustup-home" "-w" "/opt/rustwide/workdir" "-m" "1610612736" "--user" "0:0" "--network" "none" "ghcr.io/rust-lang/crates-build-env/linux@sha256:5ff2268d62e97bff2cde7d5815dd6ed5b47097566f13b8d0ca110b04b60e07ed" "/opt/rustwide/cargo-home/bin/cargo" "+1.69.0" "build" "--frozen" "--message-format=json", kill_on_drop: false }`
[INFO] [stdout] afff4b886d262d6b0d9b0a1da9eb3ce0ce5e4eeb41174bb3a20fb39b7f84bf6c
[INFO] running `Command { std: "docker" "start" "-a" "afff4b886d262d6b0d9b0a1da9eb3ce0ce5e4eeb41174bb3a20fb39b7f84bf6c", kill_on_drop: false }`
[INFO] [stderr]    Compiling futures-core v0.3.28
[INFO] [stderr]    Compiling syn-lite v0.1.0
[INFO] [stderr]    Compiling pin-project-lite v0.2.9
[INFO] [stderr]    Compiling hooks-core v2.2.0-alpha (/opt/rustwide/workdir)
[INFO] [stderr]     Finished dev [unoptimized + debuginfo] target(s) in 1.01s
[INFO] running `Command { std: "docker" "inspect" "afff4b886d262d6b0d9b0a1da9eb3ce0ce5e4eeb41174bb3a20fb39b7f84bf6c", kill_on_drop: false }`
[INFO] running `Command { std: "docker" "rm" "-f" "afff4b886d262d6b0d9b0a1da9eb3ce0ce5e4eeb41174bb3a20fb39b7f84bf6c", kill_on_drop: false }`
[INFO] [stdout] afff4b886d262d6b0d9b0a1da9eb3ce0ce5e4eeb41174bb3a20fb39b7f84bf6c
[INFO] running `Command { std: "docker" "create" "-v" "/var/lib/crater-agent-workspace/builds/worker-4-tc1/target:/opt/rustwide/target:rw,Z" "-v" "/var/lib/crater-agent-workspace/builds/worker-4-tc1/source:/opt/rustwide/workdir:ro,Z" "-v" "/var/lib/crater-agent-workspace/cargo-home:/opt/rustwide/cargo-home:ro,Z" "-v" "/var/lib/crater-agent-workspace/rustup-home:/opt/rustwide/rustup-home:ro,Z" "-e" "SOURCE_DIR=/opt/rustwide/workdir" "-e" "CARGO_TARGET_DIR=/opt/rustwide/target" "-e" "CARGO_INCREMENTAL=0" "-e" "RUST_BACKTRACE=full" "-e" "RUSTFLAGS=--cap-lints=warn" "-e" "RUSTDOCFLAGS=--cap-lints=warn" "-e" "CARGO_HOME=/opt/rustwide/cargo-home" "-e" "RUSTUP_HOME=/opt/rustwide/rustup-home" "-w" "/opt/rustwide/workdir" "-m" "1610612736" "--user" "0:0" "--network" "none" "ghcr.io/rust-lang/crates-build-env/linux@sha256:5ff2268d62e97bff2cde7d5815dd6ed5b47097566f13b8d0ca110b04b60e07ed" "/opt/rustwide/cargo-home/bin/cargo" "+1.69.0" "test" "--frozen" "--no-run" "--message-format=json", kill_on_drop: false }`
[INFO] [stdout] 54ea8fd87dbfc32f0b5cad2113c35dbeba2d3f52160702dd49bf167a3f0c524c
[INFO] running `Command { std: "docker" "start" "-a" "54ea8fd87dbfc32f0b5cad2113c35dbeba2d3f52160702dd49bf167a3f0c524c", kill_on_drop: false }`
[INFO] [stderr]    Compiling hooks-core v2.2.0-alpha (/opt/rustwide/workdir)
[INFO] [stderr]     Finished test [unoptimized + debuginfo] target(s) in 0.63s
[INFO] running `Command { std: "docker" "inspect" "54ea8fd87dbfc32f0b5cad2113c35dbeba2d3f52160702dd49bf167a3f0c524c", kill_on_drop: false }`
[INFO] running `Command { std: "docker" "rm" "-f" "54ea8fd87dbfc32f0b5cad2113c35dbeba2d3f52160702dd49bf167a3f0c524c", kill_on_drop: false }`
[INFO] [stdout] 54ea8fd87dbfc32f0b5cad2113c35dbeba2d3f52160702dd49bf167a3f0c524c
[INFO] running `Command { std: "docker" "create" "-v" "/var/lib/crater-agent-workspace/builds/worker-4-tc1/target:/opt/rustwide/target:rw,Z" "-v" "/var/lib/crater-agent-workspace/builds/worker-4-tc1/source:/opt/rustwide/workdir:ro,Z" "-v" "/var/lib/crater-agent-workspace/cargo-home:/opt/rustwide/cargo-home:ro,Z" "-v" "/var/lib/crater-agent-workspace/rustup-home:/opt/rustwide/rustup-home:ro,Z" "-e" "SOURCE_DIR=/opt/rustwide/workdir" "-e" "CARGO_TARGET_DIR=/opt/rustwide/target" "-e" "CARGO_INCREMENTAL=0" "-e" "RUST_BACKTRACE=full" "-e" "RUSTFLAGS=--cap-lints=warn" "-e" "RUSTDOCFLAGS=--cap-lints=warn" "-e" "CARGO_HOME=/opt/rustwide/cargo-home" "-e" "RUSTUP_HOME=/opt/rustwide/rustup-home" "-w" "/opt/rustwide/workdir" "-m" "1610612736" "--user" "0:0" "--network" "none" "ghcr.io/rust-lang/crates-build-env/linux@sha256:5ff2268d62e97bff2cde7d5815dd6ed5b47097566f13b8d0ca110b04b60e07ed" "/opt/rustwide/cargo-home/bin/cargo" "+1.69.0" "test" "--frozen", kill_on_drop: false }`
[INFO] [stdout] 2a5ca944ea3d173e82169a2a5a67da6cc811992d0349638e5d0f70847a1840e1
[INFO] running `Command { std: "docker" "start" "-a" "2a5ca944ea3d173e82169a2a5a67da6cc811992d0349638e5d0f70847a1840e1", kill_on_drop: false }`
[INFO] [stderr]     Finished test [unoptimized + debuginfo] target(s) in 0.01s
[INFO] [stderr]      Running unittests src/lib.rs (/opt/rustwide/target/debug/deps/hooks_core-e34ee00d4d55a98e)
[INFO] [stdout] 
[INFO] [stdout] running 0 tests
[INFO] [stdout] 
[INFO] [stdout] test result: ok. 0 passed; 0 failed; 0 ignored; 0 measured; 0 filtered out; finished in 0.00s
[INFO] [stdout] 
[INFO] [stderr]    Doc-tests hooks-core
[INFO] [stdout] 
[INFO] [stdout] running 28 tests
[INFO] [stdout] test src/macros.rs - macros::hook_fn (line 144) - compile fail ... ok
[INFO] [stdout] test src/macros.rs - macros::hook_fn (line 94) - compile fail ... ok
[INFO] [stdout] test src/macros.rs - macros::hook_fn (line 72) ... FAILED
[INFO] [stdout] test src/macros.rs - macros::hook_fn (line 205) - compile fail ... ok
[INFO] [stdout] test src/macros.rs - macros::hook_fn (line 159) ... FAILED
[INFO] [stdout] test src/macros.rs - macros::hook_fn (line 43) ... FAILED
[INFO] [stdout] test src/macros.rs - macros::hook_fn (line 253) ... FAILED
[INFO] [stdout] test src/macros.rs - macros::hook_fn (line 112) ... FAILED
[INFO] [stdout] test src/macros.rs - macros::hook_fn (line 174) ... FAILED
[INFO] [stdout] test src/macros.rs - macros::hook_fn (line 221) - compile fail ... ok
[INFO] [stdout] test src/macros.rs - macros::hook_fn (line 241) - compile fail ... ok
[INFO] [stdout] test src/macros.rs - macros::impl_hook (line 383) - compile fail ... ok
[INFO] [stdout] test src/traits.rs - traits::Hook (line 101) ... FAILED
[INFO] [stdout] test src/traits.rs - traits::Hook (line 88) ... FAILED
[INFO] [stdout] test src/macros.rs - macros::transform_hook_fn_body_as_closure (line 283) ... FAILED
[INFO] [stdout] test src/macros.rs - macros::impl_hook (line 418) ... ok
[INFO] [stdout] test src/macros.rs - macros::hook_fn (line 18) ... ok
[INFO] [stdout] test src/macros.rs - macros::impl_hook (line 332) ... ok
[INFO] [stdout] test src/macros.rs - macros::impl_hook (line 428) ... ok
[INFO] [stdout] test src/macros.rs - macros::impl_hook (line 358) ... ok
[INFO] [stdout] test src/macros.rs - macros::impl_hook (line 394) ... ok
[INFO] [stdout] test src/macros.rs - macros::impl_hook (line 370) ... ok
[INFO] [stdout] test src/macros.rs - macros::impl_hook (line 497) ... ok
[INFO] [stdout] test src/macros.rs - macros::impl_hook (line 450) ... ok
[INFO] [stdout] test src/macros.rs - macros::impl_hook (line 476) ... ok
[INFO] [stdout] test src/macros.rs - macros::impl_hook (line 518) ... ok
[INFO] [stdout] test src/macros.rs - macros::hook_fn (line 194) ... ok
[INFO] [stderr] error: doctest failed, to rerun pass `--doc`
[INFO] [stdout] test src/macros.rs - macros::impl_hook (line 542) ... ok
[INFO] [stdout] 
[INFO] [stdout] failures:
[INFO] [stdout] 
[INFO] [stdout] ---- src/macros.rs - macros::hook_fn (line 72) stdout ----
[INFO] [stdout] error[E0463]: can't find crate for `hooks_dev`
[INFO] [stdout]  --> src/macros.rs:72:1
[INFO] [stdout]   |
[INFO] [stdout] 2 | extern crate hooks_dev as hooks;
[INFO] [stdout]   | ^^^^^^^^^^^^^^^^^^^^^^^^^^^^^^^^ can't find crate
[INFO] [stdout] 
[INFO] [stdout] error: cannot find macro `hook_fn` in this scope
[INFO] [stdout]  --> src/macros.rs:77:1
[INFO] [stdout]   |
[INFO] [stdout] 7 | hook_fn!(
[INFO] [stdout]   | ^^^^^^^
[INFO] [stdout]   |
[INFO] [stdout]   = help: consider importing this macro:
[INFO] [stdout]           hooks_core::hook_fn
[INFO] [stdout] 
[INFO] [stdout] error: aborting due to 2 previous errors
[INFO] [stdout] 
[INFO] [stdout] For more information about this error, try `rustc --explain E0463`.
[INFO] [stdout] Couldn't compile the test.
[INFO] [stdout] ---- src/macros.rs - macros::hook_fn (line 159) stdout ----
[INFO] [stdout] error[E0463]: can't find crate for `hooks_dev`
[INFO] [stdout]  --> src/macros.rs:159:1
[INFO] [stdout]   |
[INFO] [stdout] 2 | extern crate hooks_dev as hooks;
[INFO] [stdout]   | ^^^^^^^^^^^^^^^^^^^^^^^^^^^^^^^^ can't find crate
[INFO] [stdout] 
[INFO] [stdout] error: cannot find macro `hook_fn` in this scope
[INFO] [stdout]  --> src/macros.rs:162:1
[INFO] [stdout]   |
[INFO] [stdout] 5 | hook_fn!(
[INFO] [stdout]   | ^^^^^^^
[INFO] [stdout]   |
[INFO] [stdout]   = help: consider importing this macro:
[INFO] [stdout]           hooks_core::hook_fn
[INFO] [stdout] 
[INFO] [stdout] error: aborting due to 2 previous errors
[INFO] [stdout] 
[INFO] [stdout] For more information about this error, try `rustc --explain E0463`.
[INFO] [stdout] Couldn't compile the test.
[INFO] [stdout] ---- src/macros.rs - macros::hook_fn (line 43) stdout ----
[INFO] [stdout] error[E0463]: can't find crate for `hooks_dev`
[INFO] [stdout]  --> src/macros.rs:43:1
[INFO] [stdout]   |
[INFO] [stdout] 2 | extern crate hooks_dev as hooks;
[INFO] [stdout]   | ^^^^^^^^^^^^^^^^^^^^^^^^^^^^^^^^ can't find crate
[INFO] [stdout] 
[INFO] [stdout] error: cannot find macro `hook_fn` in this scope
[INFO] [stdout]  --> src/macros.rs:47:1
[INFO] [stdout]   |
[INFO] [stdout] 6 | hook_fn!(
[INFO] [stdout]   | ^^^^^^^
[INFO] [stdout]   |
[INFO] [stdout]   = help: consider importing this macro:
[INFO] [stdout]           hooks_core::hook_fn
[INFO] [stdout] 
[INFO] [stdout] error: aborting due to 2 previous errors
[INFO] [stdout] 
[INFO] [stdout] For more information about this error, try `rustc --explain E0463`.
[INFO] [stdout] Couldn't compile the test.
[INFO] [stdout] ---- src/macros.rs - macros::hook_fn (line 253) stdout ----
[INFO] [stdout] error[E0463]: can't find crate for `hooks_dev`
[INFO] [stdout]  --> src/macros.rs:253:1
[INFO] [stdout]   |
[INFO] [stdout] 2 | extern crate hooks_dev as hooks;
[INFO] [stdout]   | ^^^^^^^^^^^^^^^^^^^^^^^^^^^^^^^^ can't find crate
[INFO] [stdout] 
[INFO] [stdout] error: cannot determine resolution for the attribute macro `hook`
[INFO] [stdout]  --> src/macros.rs:257:3
[INFO] [stdout]   |
[INFO] [stdout] 6 | #[hook]
[INFO] [stdout]   |   ^^^^
[INFO] [stdout]   |
[INFO] [stdout]   = note: import resolution is stuck, try simplifying macro imports
[INFO] [stdout] 
[INFO] [stdout] error: aborting due to 2 previous errors
[INFO] [stdout] 
[INFO] [stdout] For more information about this error, try `rustc --explain E0463`.
[INFO] [stdout] Couldn't compile the test.
[INFO] [stdout] ---- src/macros.rs - macros::hook_fn (line 112) stdout ----
[INFO] [stdout] error[E0463]: can't find crate for `hooks_dev`
[INFO] [stdout]  --> src/macros.rs:112:1
[INFO] [stdout]   |
[INFO] [stdout] 2 | extern crate hooks_dev as hooks;
[INFO] [stdout]   | ^^^^^^^^^^^^^^^^^^^^^^^^^^^^^^^^ can't find crate
[INFO] [stdout] 
[INFO] [stdout] error: cannot find macro `hook_fn` in this scope
[INFO] [stdout]  --> src/macros.rs:115:1
[INFO] [stdout]   |
[INFO] [stdout] 5 | hook_fn!(
[INFO] [stdout]   | ^^^^^^^
[INFO] [stdout]   |
[INFO] [stdout]   = help: consider importing this macro:
[INFO] [stdout]           hooks_core::hook_fn
[INFO] [stdout] 
[INFO] [stdout] error: aborting due to 2 previous errors
[INFO] [stdout] 
[INFO] [stdout] For more information about this error, try `rustc --explain E0463`.
[INFO] [stdout] Couldn't compile the test.
[INFO] [stdout] ---- src/macros.rs - macros::hook_fn (line 174) stdout ----
[INFO] [stdout] error[E0463]: can't find crate for `hooks_dev`
[INFO] [stdout]  --> src/macros.rs:174:1
[INFO] [stdout]   |
[INFO] [stdout] 2 | extern crate hooks_dev as hooks;
[INFO] [stdout]   | ^^^^^^^^^^^^^^^^^^^^^^^^^^^^^^^^ can't find crate
[INFO] [stdout] 
[INFO] [stdout] error: cannot find attribute `hook` in this scope
[INFO] [stdout]  --> src/macros.rs:177:3
[INFO] [stdout]   |
[INFO] [stdout] 5 | #[hook]
[INFO] [stdout]   |   ^^^^
[INFO] [stdout] 
[INFO] [stdout] error[E0425]: cannot find function `use_shared_state` in this scope
[INFO] [stdout]  --> src/macros.rs:180:9
[INFO] [stdout]   |
[INFO] [stdout] 8 |         use_shared_state(0).get(),
[INFO] [stdout]   |         ^^^^^^^^^^^^^^^^ not found in this scope
[INFO] [stdout] 
[INFO] [stdout] error[E0425]: cannot find function `use_shared_state` in this scope
[INFO] [stdout]  --> src/macros.rs:181:9
[INFO] [stdout]   |
[INFO] [stdout] 9 |         use_shared_state(1).get(),
[INFO] [stdout]   |         ^^^^^^^^^^^^^^^^ not found in this scope
[INFO] [stdout] 
[INFO] [stdout] error: aborting due to 4 previous errors
[INFO] [stdout] 
[INFO] [stdout] Some errors have detailed explanations: E0425, E0463.
[INFO] [stdout] For more information about an error, try `rustc --explain E0425`.
[INFO] [stdout] Couldn't compile the test.
[INFO] [stdout] ---- src/traits.rs - traits::Hook (line 101) stdout ----
[INFO] [stdout] error[E0463]: can't find crate for `hooks_dev`
[INFO] [stdout]  --> src/traits.rs:101:1
[INFO] [stdout]   |
[INFO] [stdout] 2 | extern crate hooks_dev as hooks;
[INFO] [stdout]   | ^^^^^^^^^^^^^^^^^^^^^^^^^^^^^^^^ can't find crate
[INFO] [stdout] 
[INFO] [stdout] error: cannot determine resolution for the attribute macro `hook`
[INFO] [stdout]  --> src/traits.rs:105:3
[INFO] [stdout]   |
[INFO] [stdout] 6 | #[hook]
[INFO] [stdout]   |   ^^^^
[INFO] [stdout]   |
[INFO] [stdout]   = note: import resolution is stuck, try simplifying macro imports
[INFO] [stdout] 
[INFO] [stdout] error: aborting due to 2 previous errors
[INFO] [stdout] 
[INFO] [stdout] For more information about this error, try `rustc --explain E0463`.
[INFO] [stdout] Couldn't compile the test.
[INFO] [stdout] ---- src/traits.rs - traits::Hook (line 88) stdout ----
[INFO] [stdout] error[E0463]: can't find crate for `hooks_dev`
[INFO] [stdout]  --> src/traits.rs:88:1
[INFO] [stdout]   |
[INFO] [stdout] 2 | extern crate hooks_dev as hooks;
[INFO] [stdout]   | ^^^^^^^^^^^^^^^^^^^^^^^^^^^^^^^^ can't find crate
[INFO] [stdout] 
[INFO] [stdout] error: cannot determine resolution for the macro `hook_fn`
[INFO] [stdout]  --> src/traits.rs:91:1
[INFO] [stdout]   |
[INFO] [stdout] 5 | hook_fn![
[INFO] [stdout]   | ^^^^^^^
[INFO] [stdout]   |
[INFO] [stdout]   = note: import resolution is stuck, try simplifying macro imports
[INFO] [stdout] 
[INFO] [stdout] error: aborting due to 2 previous errors
[INFO] [stdout] 
[INFO] [stdout] For more information about this error, try `rustc --explain E0463`.
[INFO] [stdout] Couldn't compile the test.
[INFO] [stdout] ---- src/macros.rs - macros::transform_hook_fn_body_as_closure (line 283) stdout ----
[INFO] [stdout] error[E0463]: can't find crate for `hooks_dev`
[INFO] [stdout]  --> src/macros.rs:282:1
[INFO] [stdout]   |
[INFO] [stdout] 2 | extern crate hooks_dev as hooks;
[INFO] [stdout]   | ^^^^^^^^^^^^^^^^^^^^^^^^^^^^^^^^ can't find crate
[INFO] [stdout] 
[INFO] [stdout] error[E0425]: cannot find function `use_state` in this scope
[INFO] [stdout]   --> src/macros.rs:291:36
[INFO] [stdout]    |
[INFO] [stdout] 11 |         let (state, _updater) = h![use_state(3)];
[INFO] [stdout]    |                                    ^^^^^^^^^ not found in this scope
[INFO] [stdout] 
[INFO] [stdout] error: aborting due to 2 previous errors
[INFO] [stdout] 
[INFO] [stdout] Some errors have detailed explanations: E0425, E0463.
[INFO] [stdout] For more information about an error, try `rustc --explain E0425`.
[INFO] [stdout] Couldn't compile the test.
[INFO] [stdout] 
[INFO] [stdout] failures:
[INFO] [stdout]     src/macros.rs - macros::hook_fn (line 112)
[INFO] [stdout]     src/macros.rs - macros::hook_fn (line 159)
[INFO] [stdout]     src/macros.rs - macros::hook_fn (line 174)
[INFO] [stdout]     src/macros.rs - macros::hook_fn (line 253)
[INFO] [stdout]     src/macros.rs - macros::hook_fn (line 43)
[INFO] [stdout]     src/macros.rs - macros::hook_fn (line 72)
[INFO] [stdout]     src/macros.rs - macros::transform_hook_fn_body_as_closure (line 283)
[INFO] [stdout]     src/traits.rs - traits::Hook (line 101)
[INFO] [stdout]     src/traits.rs - traits::Hook (line 88)
[INFO] [stdout] 
[INFO] [stdout] test result: FAILED. 19 passed; 9 failed; 0 ignored; 0 measured; 0 filtered out; finished in 0.86s
[INFO] [stdout] 
[INFO] running `Command { std: "docker" "inspect" "2a5ca944ea3d173e82169a2a5a67da6cc811992d0349638e5d0f70847a1840e1", kill_on_drop: false }`
[INFO] running `Command { std: "docker" "rm" "-f" "2a5ca944ea3d173e82169a2a5a67da6cc811992d0349638e5d0f70847a1840e1", kill_on_drop: false }`
[INFO] [stdout] 2a5ca944ea3d173e82169a2a5a67da6cc811992d0349638e5d0f70847a1840e1
