[INFO] fetching crate home-config 0.6.0...
[INFO] testing home-config-0.6.0 against 1.69.0 for beta-1.70-1
[INFO] extracting crate home-config 0.6.0 into /workspace/builds/worker-5-tc1/source
[INFO] validating manifest of crates.io crate home-config 0.6.0 on toolchain 1.69.0
[INFO] running `Command { std: CARGO_HOME="/workspace/cargo-home" RUSTUP_HOME="/workspace/rustup-home" "/workspace/cargo-home/bin/cargo" "+1.69.0" "metadata" "--manifest-path" "Cargo.toml" "--no-deps", kill_on_drop: false }`
[INFO] started tweaking crates.io crate home-config 0.6.0
[INFO] finished tweaking crates.io crate home-config 0.6.0
[INFO] tweaked toml for crates.io crate home-config 0.6.0 written to /workspace/builds/worker-5-tc1/source/Cargo.toml
[INFO] running `Command { std: CARGO_HOME="/workspace/cargo-home" RUSTUP_HOME="/workspace/rustup-home" __CARGO_TEST_CHANNEL_OVERRIDE_DO_NOT_USE_THIS="nightly" "/workspace/cargo-home/bin/cargo" "+1.69.0" "generate-lockfile" "--manifest-path" "Cargo.toml" "-Zno-index-update", kill_on_drop: false }`
[INFO] running `Command { std: CARGO_HOME="/workspace/cargo-home" RUSTUP_HOME="/workspace/rustup-home" "/workspace/cargo-home/bin/cargo" "+1.69.0" "fetch" "--manifest-path" "Cargo.toml", kill_on_drop: false }`
[INFO] [stderr]  Downloading crates ...
[INFO] [stderr]   Downloaded hcl-rs v0.9.3
[INFO] [stderr]   Downloaded vecmap-rs v0.1.10
[INFO] running `Command { std: "docker" "create" "-v" "/var/lib/crater-agent-workspace/builds/worker-5-tc1/target:/opt/rustwide/target:rw,Z" "-v" "/var/lib/crater-agent-workspace/builds/worker-5-tc1/source:/opt/rustwide/workdir:ro,Z" "-v" "/var/lib/crater-agent-workspace/cargo-home:/opt/rustwide/cargo-home:ro,Z" "-v" "/var/lib/crater-agent-workspace/rustup-home:/opt/rustwide/rustup-home:ro,Z" "-e" "SOURCE_DIR=/opt/rustwide/workdir" "-e" "CARGO_TARGET_DIR=/opt/rustwide/target" "-e" "CARGO_HOME=/opt/rustwide/cargo-home" "-e" "RUSTUP_HOME=/opt/rustwide/rustup-home" "-w" "/opt/rustwide/workdir" "-m" "1610612736" "--user" "0:0" "--network" "none" "ghcr.io/rust-lang/crates-build-env/linux@sha256:5ff2268d62e97bff2cde7d5815dd6ed5b47097566f13b8d0ca110b04b60e07ed" "/opt/rustwide/cargo-home/bin/cargo" "+1.69.0" "metadata" "--no-deps" "--format-version=1", kill_on_drop: false }`
[INFO] [stdout] 73c6301ba7521401aeb0caf1e8ef0604bec9d368cfc7e0d09f6e376308676aaf
[INFO] running `Command { std: "docker" "start" "-a" "73c6301ba7521401aeb0caf1e8ef0604bec9d368cfc7e0d09f6e376308676aaf", kill_on_drop: false }`
[INFO] running `Command { std: "docker" "inspect" "73c6301ba7521401aeb0caf1e8ef0604bec9d368cfc7e0d09f6e376308676aaf", kill_on_drop: false }`
[INFO] running `Command { std: "docker" "rm" "-f" "73c6301ba7521401aeb0caf1e8ef0604bec9d368cfc7e0d09f6e376308676aaf", kill_on_drop: false }`
[INFO] [stdout] 73c6301ba7521401aeb0caf1e8ef0604bec9d368cfc7e0d09f6e376308676aaf
[INFO] running `Command { std: "docker" "create" "-v" "/var/lib/crater-agent-workspace/builds/worker-5-tc1/target:/opt/rustwide/target:rw,Z" "-v" "/var/lib/crater-agent-workspace/builds/worker-5-tc1/source:/opt/rustwide/workdir:ro,Z" "-v" "/var/lib/crater-agent-workspace/cargo-home:/opt/rustwide/cargo-home:ro,Z" "-v" "/var/lib/crater-agent-workspace/rustup-home:/opt/rustwide/rustup-home:ro,Z" "-e" "SOURCE_DIR=/opt/rustwide/workdir" "-e" "CARGO_TARGET_DIR=/opt/rustwide/target" "-e" "CARGO_INCREMENTAL=0" "-e" "RUST_BACKTRACE=full" "-e" "RUSTFLAGS=--cap-lints=warn" "-e" "RUSTDOCFLAGS=--cap-lints=warn" "-e" "CARGO_HOME=/opt/rustwide/cargo-home" "-e" "RUSTUP_HOME=/opt/rustwide/rustup-home" "-w" "/opt/rustwide/workdir" "-m" "1610612736" "--user" "0:0" "--network" "none" "ghcr.io/rust-lang/crates-build-env/linux@sha256:5ff2268d62e97bff2cde7d5815dd6ed5b47097566f13b8d0ca110b04b60e07ed" "/opt/rustwide/cargo-home/bin/cargo" "+1.69.0" "build" "--frozen" "--message-format=json", kill_on_drop: false }`
[INFO] [stdout] 87a56ded170e1bf32b4463d15f1744deb45a0fe33c6655971ba23b4c4ba5e844
[INFO] running `Command { std: "docker" "start" "-a" "87a56ded170e1bf32b4463d15f1744deb45a0fe33c6655971ba23b4c4ba5e844", kill_on_drop: false }`
[INFO] [stderr]    Compiling dirs-sys v0.3.7
[INFO] [stderr]    Compiling dirs v4.0.0
[INFO] [stderr]    Compiling home-config v0.6.0 (/opt/rustwide/workdir)
[INFO] [stderr]     Finished dev [unoptimized + debuginfo] target(s) in 0.75s
[INFO] running `Command { std: "docker" "inspect" "87a56ded170e1bf32b4463d15f1744deb45a0fe33c6655971ba23b4c4ba5e844", kill_on_drop: false }`
[INFO] running `Command { std: "docker" "rm" "-f" "87a56ded170e1bf32b4463d15f1744deb45a0fe33c6655971ba23b4c4ba5e844", kill_on_drop: false }`
[INFO] [stdout] 87a56ded170e1bf32b4463d15f1744deb45a0fe33c6655971ba23b4c4ba5e844
[INFO] running `Command { std: "docker" "create" "-v" "/var/lib/crater-agent-workspace/builds/worker-5-tc1/target:/opt/rustwide/target:rw,Z" "-v" "/var/lib/crater-agent-workspace/builds/worker-5-tc1/source:/opt/rustwide/workdir:ro,Z" "-v" "/var/lib/crater-agent-workspace/cargo-home:/opt/rustwide/cargo-home:ro,Z" "-v" "/var/lib/crater-agent-workspace/rustup-home:/opt/rustwide/rustup-home:ro,Z" "-e" "SOURCE_DIR=/opt/rustwide/workdir" "-e" "CARGO_TARGET_DIR=/opt/rustwide/target" "-e" "CARGO_INCREMENTAL=0" "-e" "RUST_BACKTRACE=full" "-e" "RUSTFLAGS=--cap-lints=warn" "-e" "RUSTDOCFLAGS=--cap-lints=warn" "-e" "CARGO_HOME=/opt/rustwide/cargo-home" "-e" "RUSTUP_HOME=/opt/rustwide/rustup-home" "-w" "/opt/rustwide/workdir" "-m" "1610612736" "--user" "0:0" "--network" "none" "ghcr.io/rust-lang/crates-build-env/linux@sha256:5ff2268d62e97bff2cde7d5815dd6ed5b47097566f13b8d0ca110b04b60e07ed" "/opt/rustwide/cargo-home/bin/cargo" "+1.69.0" "test" "--frozen" "--no-run" "--message-format=json", kill_on_drop: false }`
[INFO] [stdout] e440a0076adbd8adf36c27ade09dc08daeba8ab76275969735f3e209fbe84399
[INFO] running `Command { std: "docker" "start" "-a" "e440a0076adbd8adf36c27ade09dc08daeba8ab76275969735f3e209fbe84399", kill_on_drop: false }`
[INFO] [stderr]    Compiling home-config v0.6.0 (/opt/rustwide/workdir)
[INFO] [stderr]     Finished test [unoptimized + debuginfo] target(s) in 0.51s
[INFO] running `Command { std: "docker" "inspect" "e440a0076adbd8adf36c27ade09dc08daeba8ab76275969735f3e209fbe84399", kill_on_drop: false }`
[INFO] running `Command { std: "docker" "rm" "-f" "e440a0076adbd8adf36c27ade09dc08daeba8ab76275969735f3e209fbe84399", kill_on_drop: false }`
[INFO] [stdout] e440a0076adbd8adf36c27ade09dc08daeba8ab76275969735f3e209fbe84399
[INFO] running `Command { std: "docker" "create" "-v" "/var/lib/crater-agent-workspace/builds/worker-5-tc1/target:/opt/rustwide/target:rw,Z" "-v" "/var/lib/crater-agent-workspace/builds/worker-5-tc1/source:/opt/rustwide/workdir:ro,Z" "-v" "/var/lib/crater-agent-workspace/cargo-home:/opt/rustwide/cargo-home:ro,Z" "-v" "/var/lib/crater-agent-workspace/rustup-home:/opt/rustwide/rustup-home:ro,Z" "-e" "SOURCE_DIR=/opt/rustwide/workdir" "-e" "CARGO_TARGET_DIR=/opt/rustwide/target" "-e" "CARGO_INCREMENTAL=0" "-e" "RUST_BACKTRACE=full" "-e" "RUSTFLAGS=--cap-lints=warn" "-e" "RUSTDOCFLAGS=--cap-lints=warn" "-e" "CARGO_HOME=/opt/rustwide/cargo-home" "-e" "RUSTUP_HOME=/opt/rustwide/rustup-home" "-w" "/opt/rustwide/workdir" "-m" "1610612736" "--user" "0:0" "--network" "none" "ghcr.io/rust-lang/crates-build-env/linux@sha256:5ff2268d62e97bff2cde7d5815dd6ed5b47097566f13b8d0ca110b04b60e07ed" "/opt/rustwide/cargo-home/bin/cargo" "+1.69.0" "test" "--frozen", kill_on_drop: false }`
[INFO] [stdout] f30cff478bd80520ec033ba48a97d7911f79cefdb4b9961dbf091b2ec62ab45c
[INFO] running `Command { std: "docker" "start" "-a" "f30cff478bd80520ec033ba48a97d7911f79cefdb4b9961dbf091b2ec62ab45c", kill_on_drop: false }`
[INFO] [stderr]     Finished test [unoptimized + debuginfo] target(s) in 0.02s
[INFO] [stderr]      Running unittests src/lib.rs (/opt/rustwide/target/debug/deps/home_config-12a856bbda57ac93)
[INFO] [stdout] 
[INFO] [stdout] running 2 tests
[INFO] [stdout] test tests::test_content ... ok
[INFO] [stdout] test tests::test_delete ... ok
[INFO] [stdout] 
[INFO] [stdout] test result: ok. 2 passed; 0 failed; 0 ignored; 0 measured; 0 filtered out; finished in 0.01s
[INFO] [stdout] 
[INFO] [stderr]    Doc-tests home-config
[INFO] [stdout] 
[INFO] [stdout] running 2 tests
[INFO] [stdout] test src/lib.rs - (line 31) - compile ... FAILED
[INFO] [stdout] test src/lib.rs - (line 2) - compile ... ok
[INFO] [stdout] 
[INFO] [stdout] failures:
[INFO] [stdout] 
[INFO] [stdout] ---- src/lib.rs - (line 31) stdout ----
[INFO] [stdout] error[E0432]: unresolved import `serde`
[INFO] [stdout]  --> src/lib.rs:33:5
[INFO] [stdout]   |
[INFO] [stdout] 5 | use serde::{Deserialize, Serialize};
[INFO] [stdout]   |     ^^^^^ use of undeclared crate or module `serde`
[INFO] [stdout] 
[INFO] [stdout] error: cannot determine resolution for the derive macro `Serialize`
[INFO] [stdout]  --> src/lib.rs:35:10
[INFO] [stdout]   |
[INFO] [stdout] 7 | #[derive(Serialize, Deserialize, Default)]
[INFO] [stdout]   |          ^^^^^^^^^
[INFO] [stdout]   |
[INFO] [stdout]   = note: import resolution is stuck, try simplifying macro imports
[INFO] [stdout] 
[INFO] [stdout] error: cannot determine resolution for the derive macro `Deserialize`
[INFO] [stdout]  --> src/lib.rs:35:21
[INFO] [stdout]   |
[INFO] [stdout] 7 | #[derive(Serialize, Deserialize, Default)]
[INFO] [stdout]   |                     ^^^^^^^^^^^
[INFO] [stdout]   |
[INFO] [stdout]   = note: import resolution is stuck, try simplifying macro imports
[INFO] [stdout] 
[INFO] [stdout] error[E0599]: no method named `json` found for struct `HomeConfig` in the current scope
[INFO] [stdout]   --> src/lib.rs:47:21
[INFO] [stdout]    |
[INFO] [stdout] 19 | let people = config.json::<People>().unwrap();
[INFO] [stdout]    |                     ^^^^ method not found in `HomeConfig`
[INFO] [stdout] 
[INFO] [stdout] error[E0599]: no method named `save_json` found for struct `HomeConfig` in the current scope
[INFO] [stdout]   --> src/lib.rs:52:8
[INFO] [stdout]    |
[INFO] [stdout] 24 | config.save_json(&people).unwrap();
[INFO] [stdout]    |        ^^^^^^^^^ method not found in `HomeConfig`
[INFO] [stdout] 
[INFO] [stdout] error: aborting due to 5 previous errors
[INFO] [stdout] 
[INFO] [stdout] Some errors have detailed explanations: E0432, E0599.
[INFO] [stdout] For more information about an error, try `rustc --explain E0432`.
[INFO] [stdout] Couldn't compile the test.
[INFO] [stdout] 
[INFO] [stdout] failures:
[INFO] [stdout]     src/lib.rs - (line 31)
[INFO] [stdout] 
[INFO] [stdout] test result: FAILED. 1 passed; 1 failed; 0 ignored; 0 measured; 0 filtered out; finished in 0.09s
[INFO] [stdout] 
[INFO] [stderr] error: doctest failed, to rerun pass `--doc`
[INFO] running `Command { std: "docker" "inspect" "f30cff478bd80520ec033ba48a97d7911f79cefdb4b9961dbf091b2ec62ab45c", kill_on_drop: false }`
[INFO] running `Command { std: "docker" "rm" "-f" "f30cff478bd80520ec033ba48a97d7911f79cefdb4b9961dbf091b2ec62ab45c", kill_on_drop: false }`
[INFO] [stdout] f30cff478bd80520ec033ba48a97d7911f79cefdb4b9961dbf091b2ec62ab45c
