[INFO] fetching crate holochain_p2p 0.2.0...
[INFO] testing holochain_p2p-0.2.0 against 1.69.0 for beta-1.70-1
[INFO] extracting crate holochain_p2p 0.2.0 into /workspace/builds/worker-7-tc1/source
[INFO] validating manifest of crates.io crate holochain_p2p 0.2.0 on toolchain 1.69.0
[INFO] running `Command { std: CARGO_HOME="/workspace/cargo-home" RUSTUP_HOME="/workspace/rustup-home" "/workspace/cargo-home/bin/cargo" "+1.69.0" "metadata" "--manifest-path" "Cargo.toml" "--no-deps", kill_on_drop: false }`
[INFO] started tweaking crates.io crate holochain_p2p 0.2.0
[INFO] finished tweaking crates.io crate holochain_p2p 0.2.0
[INFO] tweaked toml for crates.io crate holochain_p2p 0.2.0 written to /workspace/builds/worker-7-tc1/source/Cargo.toml
[INFO] running `Command { std: CARGO_HOME="/workspace/cargo-home" RUSTUP_HOME="/workspace/rustup-home" __CARGO_TEST_CHANNEL_OVERRIDE_DO_NOT_USE_THIS="nightly" "/workspace/cargo-home/bin/cargo" "+1.69.0" "generate-lockfile" "--manifest-path" "Cargo.toml" "-Zno-index-update", kill_on_drop: false }`
[INFO] running `Command { std: CARGO_HOME="/workspace/cargo-home" RUSTUP_HOME="/workspace/rustup-home" "/workspace/cargo-home/bin/cargo" "+1.69.0" "fetch" "--manifest-path" "Cargo.toml", kill_on_drop: false }`
[INFO] [stderr]  Downloading crates ...
[INFO] [stderr]   Downloaded kitsune_p2p_types v0.2.0
[INFO] [stderr]   Downloaded arbitrary v1.3.0
[INFO] [stderr]   Downloaded trilean v1.1.0
[INFO] [stderr]   Downloaded intervallum v1.4.0
[INFO] [stderr]   Downloaded statrs v0.15.0
[INFO] [stderr]   Downloaded enum-iterator-derive v0.7.0
[INFO] [stderr]   Downloaded quinn-udp v0.1.4
[INFO] [stderr]   Downloaded if-addrs v0.8.0
[INFO] [stderr]   Downloaded mdns v3.0.0
[INFO] [stderr]   Downloaded human-repr v1.1.0
[INFO] [stderr]   Downloaded kitsune_p2p_fetch v0.2.0
[INFO] [stderr]   Downloaded bloomfilter v1.0.9
[INFO] [stderr]   Downloaded holochain_util v0.2.0
[INFO] [stderr]   Downloaded contrafact v0.1.0-dev.1
[INFO] [stderr]   Downloaded owning_ref v0.2.4
[INFO] [stderr]   Downloaded lair_keystore v0.2.4
[INFO] [stderr]   Downloaded automap v0.1.0
[INFO] [stderr]   Downloaded hc_seed_bundle v0.1.6
[INFO] [stderr]   Downloaded one_err v0.0.8
[INFO] [stderr]   Downloaded sodoken v0.0.9
[INFO] [stderr]   Downloaded derive_arbitrary v1.3.0
[INFO] [stderr]   Downloaded rusqlite v0.29.0
[INFO] [stderr]   Downloaded holochain_keystore v0.2.0
[INFO] [stderr]   Downloaded lair_keystore_api v0.2.4
[INFO] [stderr]   Downloaded holochain_serialized_bytes_derive v0.0.51
[INFO] [stderr]   Downloaded loupe v0.1.3
[INFO] [stderr]   Downloaded wasmer-types v2.3.0
[INFO] [stderr]   Downloaded test-fuzz-internal v3.0.4
[INFO] [stderr]   Downloaded test-fuzz-runtime v3.0.4
[INFO] [stderr]   Downloaded holo_hash v0.2.0
[INFO] [stderr]   Downloaded rpassword v7.2.0
[INFO] [stderr]   Downloaded rtoolbox v0.0.1
[INFO] [stderr]   Downloaded parking_lot_core v0.2.14
[INFO] [stderr]   Downloaded cranelift-codegen-meta v0.82.3
[INFO] [stderr]   Downloaded wasmer-compiler-cranelift v2.3.0
[INFO] [stderr]   Downloaded holochain_integrity_types v0.2.0
[INFO] [stderr]   Downloaded bimap v0.6.3
[INFO] [stderr]   Downloaded wasmer-object v2.3.0
[INFO] [stderr]   Downloaded toolchain_find v0.2.0
[INFO] [stderr]   Downloaded wasmer v2.3.0
[INFO] [stderr]   Downloaded parking_lot v0.3.8
[INFO] [stderr]   Downloaded must_future v0.1.2
[INFO] [stderr]   Downloaded windows-sys v0.33.0
[INFO] [stderr]   Downloaded tx5-core v0.0.1-alpha.5
[INFO] [stderr]   Downloaded kitsune_p2p_dht_arc v0.2.0
[INFO] [stderr]   Downloaded wasmer-engine-universal v2.3.0
[INFO] [stderr]   Downloaded wasmer-compiler v2.3.0
[INFO] [stderr]   Downloaded libsodium-sys-stable v1.19.27
[INFO] [stderr]   Downloaded kitsune_p2p_block v0.2.0
[INFO] [stderr]   Downloaded wasmer-artifact v2.3.0
[INFO] [stderr]   Downloaded regalloc v0.0.34
[INFO] [stderr]   Downloaded tx5 v0.0.1-alpha.13
[INFO] [stderr]   Downloaded inferno v0.11.15
[INFO] [stderr]   Downloaded zip v0.6.4
[INFO] [stderr]   Downloaded bitflags v2.2.1
[INFO] [stderr]   Downloaded tx5-signal v0.0.1-alpha.7
[INFO] [stderr]   Downloaded cranelift-codegen v0.82.3
[INFO] [stderr]   Downloaded tx5-go-pion-sys v0.0.1-alpha.10
[INFO] [stderr]   Downloaded libsqlite3-sys v0.26.0
[INFO] [stderr]   Downloaded kitsune_p2p_dht v0.2.0
[INFO] [stderr]   Downloaded fixt v0.2.0
[INFO] [stderr]   Downloaded kitsune_p2p_timestamp v0.2.0
[INFO] [stderr]   Downloaded cranelift-frontend v0.82.3
[INFO] [stderr]   Downloaded subtle-encoding v0.5.1
[INFO] [stderr]   Downloaded test-fuzz-macro v3.0.4
[INFO] [stderr]   Downloaded cranelift-entity v0.82.3
[INFO] [stderr]   Downloaded wasmer-derive v2.3.0
[INFO] [stderr]   Downloaded wasmer-engine-universal-artifact v2.3.0
[INFO] [stderr]   Downloaded wast v57.0.0
[INFO] [stderr]   Downloaded async-stream-impl v0.2.1
[INFO] [stderr]   Downloaded dns-parser v0.8.0
[INFO] [stderr]   Downloaded unzip-n v0.1.2
[INFO] [stderr]   Downloaded cranelift-codegen-shared v0.82.3
[INFO] [stderr]   Downloaded object v0.28.4
[INFO] [stderr]   Downloaded wasmparser v0.83.0
[INFO] [stderr]   Downloaded wasm-encoder v0.26.0
[INFO] [stderr]   Downloaded wat v1.0.63
[INFO] [stderr]   Downloaded loupe-derive v0.1.3
[INFO] [stderr]   Downloaded wasmer-vm v2.3.0
[INFO] [stderr]   Downloaded test-fuzz v3.0.4
[INFO] [stderr]   Downloaded cranelift-bforest v0.82.3
[INFO] [stderr]   Downloaded wasmer-engine-dylib v2.3.0
[INFO] [stderr]   Downloaded num-format v0.4.4
[INFO] [stderr]   Downloaded holochain_zome_types v0.2.0
[INFO] [stderr]   Downloaded hashbrown v0.8.2
[INFO] [stderr]   Downloaded wasmer-engine v2.3.0
[INFO] [stderr]   Downloaded holochain_wasmer_common v0.0.84
[INFO] [stderr]   Downloaded holochain_serialized_bytes v0.0.51
[INFO] [stderr]   Downloaded kitsune_p2p v0.2.0
[INFO] [stderr]   Downloaded str_stack v0.1.0
[INFO] [stderr]   Downloaded kitsune_p2p_bin_data v0.2.0
[INFO] [stderr]   Downloaded minisign-verify v0.2.1
[INFO] [stderr]   Downloaded url2 v0.0.6
[INFO] [stderr]   Downloaded nanoid v0.3.0
[INFO] [stderr]   Downloaded sysinfo v0.27.8
[INFO] [stderr]   Downloaded holochain_sqlite v0.2.0
[INFO] [stderr]   Downloaded isotest v0.1.0
[INFO] [stderr]   Downloaded enumset_derive v0.6.1
[INFO] [stderr]   Downloaded async-stream v0.2.1
[INFO] [stderr]   Downloaded libloading v0.8.0
[INFO] [stderr]   Downloaded tx5-go-pion v0.0.1-alpha.8
[INFO] [stderr]   Downloaded ghost_actor v0.3.0-alpha.5
[INFO] [stderr]   Downloaded lru v0.10.0
[INFO] [stderr]   Downloaded yasna v0.5.2
[INFO] [stderr]   Downloaded rcgen v0.10.0
[INFO] [stderr]   Downloaded shrinkwraprs v0.3.0
[INFO] [stderr]   Downloaded ntapi v0.4.1
[INFO] [stderr]   Downloaded sqlformat v0.2.1
[INFO] [stderr]   Downloaded sysinfo v0.28.4
[INFO] [stderr]   Downloaded chashmap v2.2.0
[INFO] [stderr]   Downloaded page_size v0.4.2
[INFO] [stderr]   Downloaded r2d2_sqlite_neonphog v0.1.0
[INFO] [stderr]   Downloaded holochain_wasmer_host v0.0.84
[INFO] [stderr]   Downloaded mr_bundle v0.2.0
[INFO] [stderr]   Downloaded wasmer-middlewares v2.3.0
[INFO] [stderr]   Downloaded holochain_types v0.2.0
[INFO] [stderr]   Downloaded corosensei v0.1.3
[INFO] [stderr]   Downloaded enumset v1.0.12
[INFO] [stderr]   Downloaded nonzero_ext v0.2.0
[INFO] [stderr]   Downloaded quanta v0.4.1
[INFO] [stderr]   Downloaded governor v0.3.2
[INFO] [stderr]   Downloaded if-addrs v0.7.0
[INFO] [stderr]   Downloaded libmdns v0.7.4
[INFO] [stderr]   Downloaded err-derive v0.2.4
[INFO] [stderr]   Downloaded kitsune_p2p_mdns v0.2.0
[INFO] [stderr]   Downloaded kitsune_p2p_proxy v0.2.0
[INFO] [stderr]   Downloaded kitsune_p2p_transport_quic v0.2.0
[INFO] [stderr]   Downloaded ouroboros_macro v0.15.6
[INFO] [stderr]   Downloaded ouroboros v0.15.6
[INFO] [stderr]   Downloaded rand-utf8 v0.0.1
[INFO] [stderr]   Downloaded holochain_trace v0.2.0
[INFO] [stderr]   Downloaded enum-iterator v0.7.0
[INFO] [stderr]   Downloaded gcollections v1.5.0
[INFO] running `Command { std: "docker" "create" "-v" "/var/lib/crater-agent-workspace/builds/worker-7-tc1/target:/opt/rustwide/target:rw,Z" "-v" "/var/lib/crater-agent-workspace/builds/worker-7-tc1/source:/opt/rustwide/workdir:ro,Z" "-v" "/var/lib/crater-agent-workspace/cargo-home:/opt/rustwide/cargo-home:ro,Z" "-v" "/var/lib/crater-agent-workspace/rustup-home:/opt/rustwide/rustup-home:ro,Z" "-e" "SOURCE_DIR=/opt/rustwide/workdir" "-e" "CARGO_TARGET_DIR=/opt/rustwide/target" "-e" "CARGO_HOME=/opt/rustwide/cargo-home" "-e" "RUSTUP_HOME=/opt/rustwide/rustup-home" "-w" "/opt/rustwide/workdir" "-m" "1610612736" "--user" "0:0" "--network" "none" "ghcr.io/rust-lang/crates-build-env/linux@sha256:5ff2268d62e97bff2cde7d5815dd6ed5b47097566f13b8d0ca110b04b60e07ed" "/opt/rustwide/cargo-home/bin/cargo" "+1.69.0" "metadata" "--no-deps" "--format-version=1", kill_on_drop: false }`
[INFO] [stdout] e1da2595f2cb8d79a6860c74fa7da24f1cd037a7c3039b66ad2714f5c426b51e
[INFO] running `Command { std: "docker" "start" "-a" "e1da2595f2cb8d79a6860c74fa7da24f1cd037a7c3039b66ad2714f5c426b51e", kill_on_drop: false }`
[INFO] running `Command { std: "docker" "inspect" "e1da2595f2cb8d79a6860c74fa7da24f1cd037a7c3039b66ad2714f5c426b51e", kill_on_drop: false }`
[INFO] running `Command { std: "docker" "rm" "-f" "e1da2595f2cb8d79a6860c74fa7da24f1cd037a7c3039b66ad2714f5c426b51e", kill_on_drop: false }`
[INFO] [stdout] e1da2595f2cb8d79a6860c74fa7da24f1cd037a7c3039b66ad2714f5c426b51e
[INFO] running `Command { std: "docker" "create" "-v" "/var/lib/crater-agent-workspace/builds/worker-7-tc1/target:/opt/rustwide/target:rw,Z" "-v" "/var/lib/crater-agent-workspace/builds/worker-7-tc1/source:/opt/rustwide/workdir:ro,Z" "-v" "/var/lib/crater-agent-workspace/cargo-home:/opt/rustwide/cargo-home:ro,Z" "-v" "/var/lib/crater-agent-workspace/rustup-home:/opt/rustwide/rustup-home:ro,Z" "-e" "SOURCE_DIR=/opt/rustwide/workdir" "-e" "CARGO_TARGET_DIR=/opt/rustwide/target" "-e" "CARGO_INCREMENTAL=0" "-e" "RUST_BACKTRACE=full" "-e" "RUSTFLAGS=--cap-lints=warn" "-e" "RUSTDOCFLAGS=--cap-lints=warn" "-e" "CARGO_HOME=/opt/rustwide/cargo-home" "-e" "RUSTUP_HOME=/opt/rustwide/rustup-home" "-w" "/opt/rustwide/workdir" "-m" "1610612736" "--user" "0:0" "--network" "none" "ghcr.io/rust-lang/crates-build-env/linux@sha256:5ff2268d62e97bff2cde7d5815dd6ed5b47097566f13b8d0ca110b04b60e07ed" "/opt/rustwide/cargo-home/bin/cargo" "+1.69.0" "build" "--frozen" "--message-format=json", kill_on_drop: false }`
[INFO] [stdout] 7983587a0018715d3e391fa95e422f6d2347666255ed4951687e3f9d77c4437a
[INFO] running `Command { std: "docker" "start" "-a" "7983587a0018715d3e391fa95e422f6d2347666255ed4951687e3f9d77c4437a", kill_on_drop: false }`
[INFO] [stderr]    Compiling proc-macro2 v1.0.56
[INFO] [stderr]    Compiling quote v1.0.26
[INFO] [stderr]    Compiling unicode-ident v1.0.8
[INFO] [stderr]    Compiling syn v1.0.109
[INFO] [stderr]    Compiling once_cell v1.17.1
[INFO] [stderr]    Compiling serde_derive v1.0.160
[INFO] [stderr]    Compiling serde v1.0.160
[INFO] [stderr]    Compiling memchr v2.5.0
[INFO] [stderr]    Compiling cc v1.0.79
[INFO] [stderr]    Compiling ahash v0.7.6
[INFO] [stderr]    Compiling pin-project-lite v0.2.9
[INFO] [stderr]    Compiling value-bag v1.0.0-alpha.9
[INFO] [stderr]    Compiling log v0.4.17
[INFO] [stderr]    Compiling scopeguard v1.1.0
[INFO] [stderr]    Compiling indexmap v1.9.3
[INFO] [stderr]    Compiling itoa v1.0.6
[INFO] [stderr]    Compiling thiserror v1.0.40
[INFO] [stderr]    Compiling num-traits v0.2.15
[INFO] [stderr]    Compiling slab v0.4.8
[INFO] [stderr]    Compiling hashbrown v0.12.3
[INFO] [stderr]    Compiling syn v2.0.15
[INFO] [stderr]    Compiling libc v0.2.142
[INFO] [stderr]    Compiling futures-core v0.3.28
[INFO] [stderr]    Compiling ryu v1.0.13
[INFO] [stderr]    Compiling num_cpus v1.15.0
[INFO] [stderr]    Compiling futures-task v0.3.28
[INFO] [stderr]    Compiling crc32fast v1.3.2
[INFO] [stderr]    Compiling tracing-core v0.1.30
[INFO] [stderr]    Compiling serde_json v1.0.96
[INFO] [stderr]    Compiling futures-io v0.3.28
[INFO] [stderr]    Compiling lock_api v0.4.9
[INFO] [stderr]    Compiling bytes v1.4.0
[INFO] [stderr]    Compiling paste v1.0.12
[INFO] [stderr]    Compiling futures-sink v0.3.28
[INFO] [stderr]    Compiling tokio v1.28.0
[INFO] [stderr]    Compiling crossbeam-utils v0.8.15
[INFO] [stderr]    Compiling futures-channel v0.3.28
[INFO] [stderr]    Compiling futures-util v0.3.28
[INFO] [stderr]    Compiling parking_lot v0.12.1
[INFO] [stderr]    Compiling socket2 v0.4.9
[INFO] [stderr]    Compiling base64 v0.13.1
[INFO] [stderr]    Compiling ident_case v1.0.1
[INFO] [stderr]    Compiling signal-hook-registry v1.4.1
[INFO] [stderr]    Compiling rustversion v1.0.12
[INFO] [stderr]    Compiling adler v1.0.2
[INFO] [stderr]    Compiling typenum v1.16.0
[INFO] [stderr]    Compiling rand v0.8.5
[INFO] [stderr]    Compiling ring v0.16.20
[INFO] [stderr]    Compiling io-lifetimes v1.0.10
[INFO] [stderr]    Compiling rustix v0.37.18
[INFO] [stderr]    Compiling aho-corasick v1.0.1
[INFO] [stderr]    Compiling tinyvec_macros v0.1.1
[INFO] [stderr]    Compiling regex-syntax v0.7.1
[INFO] [stderr]    Compiling tinyvec v1.6.0
[INFO] [stderr]    Compiling num-integer v0.1.45
[INFO] [stderr]    Compiling generic-array v0.14.7
[INFO] [stderr]    Compiling fallible-iterator v0.2.0
[INFO] [stderr]    Compiling either v1.8.1
[INFO] [stderr]    Compiling percent-encoding v2.2.0
[INFO] [stderr]    Compiling proc-macro-error-attr v1.0.4
[INFO] [stderr]    Compiling form_urlencoded v1.1.0
[INFO] [stderr]    Compiling unicode-normalization v0.1.22
[INFO] [stderr]    Compiling darling_core v0.14.4
[INFO] [stderr]    Compiling regex v1.8.1
[INFO] [stderr]    Compiling backtrace v0.3.67
[INFO] [stderr]    Compiling memoffset v0.8.0
[INFO] [stderr]    Compiling gimli v0.27.2
[INFO] [stderr]    Compiling rle-decode-fast v1.0.3
[INFO] [stderr]    Compiling unicode-bidi v0.3.13
[INFO] [stderr]    Compiling thiserror-impl v1.0.40
[INFO] [stderr]    Compiling ctor v0.1.26
[INFO] [stderr]    Compiling tracing-attributes v0.1.24
[INFO] [stderr]    Compiling futures-macro v0.3.28
[INFO] [stderr]    Compiling tokio-macros v2.1.0
[INFO] [stderr]    Compiling mio v0.8.6
[INFO] [stderr]    Compiling addr2line v0.19.0
[INFO] [stderr]    Compiling darling_macro v0.14.4
[INFO] [stderr]    Compiling ptr_meta_derive v0.1.4
[INFO] [stderr]    Compiling tracing v0.1.37
[INFO] [stderr]    Compiling idna v0.3.0
[INFO] [stderr]    Compiling libflate_lz77 v1.2.0
[INFO] [stderr]    Compiling proc-macro-error v1.0.4
[INFO] [stderr]    Compiling miniz_oxide v0.6.2
[INFO] [stderr]    Compiling rmp v0.8.11
[INFO] [stderr]    Compiling xattr v0.2.3
[INFO] [stderr]    Compiling filetime v0.2.21
[INFO] [stderr]    Compiling object v0.30.3
[INFO] [stderr]    Compiling crossbeam-epoch v0.9.14
[INFO] [stderr]    Compiling bytecheck v0.6.10
[INFO] [stderr]    Compiling adler32 v1.2.0
[INFO] [stderr]    Compiling rustc-demangle v0.1.23
[INFO] [stderr]    Compiling time-core v0.1.0
[INFO] [stderr]    Compiling libflate v1.3.0
[INFO] [stderr]    Compiling tar v0.4.38
[INFO] [stderr]    Compiling darling v0.14.4
[INFO] [stderr]    Compiling ptr_meta v0.1.4
[INFO] [stderr]    Compiling bytecheck_derive v0.6.10
[INFO] [stderr]    Compiling crypto-common v0.1.6
[INFO] [stderr]    Compiling block-buffer v0.10.4
[INFO] [stderr]    Compiling futures-executor v0.3.28
[INFO] [stderr]    Compiling crossbeam-channel v0.5.8
[INFO] [stderr]    Compiling futures v0.3.28
[INFO] [stderr]    Compiling rend v0.4.0
[INFO] [stderr]    Compiling winnow v0.4.4
[INFO] [stderr]    Compiling minisign-verify v0.2.1
[INFO] [stderr]    Compiling simdutf8 v0.1.4
[INFO] [stderr]    Compiling target-lexicon v0.12.7
[INFO] [stderr]    Compiling digest v0.10.6
[INFO] [stderr]    Compiling vcpkg v0.2.15
[INFO] [stderr]    Compiling rkyv v0.7.41
[INFO] [stderr]    Compiling serde_bytes v0.11.9
[INFO] [stderr]    Compiling toml_datetime v0.6.1
[INFO] [stderr]    Compiling serde_spanned v0.6.1
[INFO] [stderr]    Compiling url v2.3.1
[INFO] [stderr]    Compiling libsodium-sys-stable v1.19.27
[INFO] [stderr]    Compiling rayon-core v1.11.0
[INFO] [stderr]    Compiling cpufeatures v0.2.7
[INFO] [stderr]    Compiling convert_case v0.4.0
[INFO] [stderr]    Compiling libsqlite3-sys v0.26.0
[INFO] [stderr]    Compiling derive_more v0.99.17
[INFO] [stderr]    Compiling crossbeam-deque v0.8.3
[INFO] [stderr]    Compiling rkyv_derive v0.7.41
[INFO] [stderr]    Compiling enum-iterator-derive v0.7.0
[INFO] [stderr]    Compiling derive_arbitrary v1.3.0
[INFO] [stderr]    Compiling loupe-derive v0.1.3
[INFO] [stderr]    Compiling enum-iterator v0.7.0
[INFO] [stderr]    Compiling loupe v0.1.3
[INFO] [stderr]    Compiling arbitrary v1.3.0
[INFO] [stderr]    Compiling enumset_derive v0.6.1
[INFO] [stderr]    Compiling more-asserts v0.2.2
[INFO] [stderr]    Compiling rayon v1.7.0
[INFO] [stderr]    Compiling bit-vec v0.6.3
[INFO] [stderr]    Compiling enumset v1.0.12
[INFO] [stderr]    Compiling hashlink v0.8.1
[INFO] [stderr]    Compiling autocfg v0.1.8
[INFO] [stderr]    Compiling bitflags v2.2.1
[INFO] [stderr]    Compiling dunce v1.0.4
[INFO] [stderr]    Compiling unsafe-libyaml v0.2.8
[INFO] [stderr]    Compiling rand_core v0.4.2
[INFO] [stderr]    Compiling fallible-streaming-iterator v0.1.9
[INFO] [stderr]    Compiling wasmparser v0.83.0
[INFO] [stderr]    Compiling zeroize v1.6.0
[INFO] [stderr]    Compiling pem v1.1.1
[INFO] [stderr]    Compiling ahash v0.8.3
[INFO] [stderr]    Compiling unicode-width v0.1.10
[INFO] [stderr]    Compiling wasmer-types v2.3.0
[INFO] [stderr]    Compiling rustls v0.20.8
[INFO] [stderr]    Compiling bit-set v0.5.3
[INFO] [stderr]    Compiling toml v0.5.11
[INFO] [stderr]    Compiling webpki v0.22.0
[INFO] [stderr]    Compiling sct v0.7.0
[INFO] [stderr]    Compiling time v0.3.20
[INFO] [stderr]    Compiling num-bigint v0.4.3
[INFO] [stderr]    Compiling trilean v1.1.0
[INFO] [stderr]    Compiling semver v1.0.17
[INFO] [stderr]    Compiling camino v1.1.4
[INFO] [stderr]    Compiling gcollections v1.5.0
[INFO] [stderr]    Compiling lair_keystore_api v0.2.4
[INFO] [stderr]    Compiling wasmer-compiler v2.3.0
[INFO] [stderr]    Compiling rmp-serde v0.15.5
[INFO] [stderr]    Compiling num-rational v0.4.1
[INFO] [stderr]    Compiling corosensei v0.1.3
[INFO] [stderr]    Compiling cranelift-codegen-shared v0.82.3
[INFO] [stderr]    Compiling cranelift-codegen-meta v0.82.3
[INFO] [stderr]    Compiling intervallum v1.4.0
[INFO] [stderr]    Compiling wasmer-artifact v2.3.0
[INFO] [stderr]    Compiling rand_core v0.3.1
[INFO] [stderr]    Compiling tokio-util v0.7.8
[INFO] [stderr]    Compiling cargo-platform v0.1.2
[INFO] [stderr]    Compiling num-complex v0.4.3
[INFO] [stderr]    Compiling rusqlite v0.29.0
[INFO] [stderr]    Compiling time v0.1.45
[INFO] [stderr]    Compiling iana-time-zone v0.1.56
[INFO] [stderr]    Compiling cfg-if v0.1.10
[INFO] [stderr]    Compiling leb128 v0.2.5
[INFO] [stderr]    Compiling base64 v0.21.0
[INFO] [stderr]    Compiling chrono v0.4.24
[INFO] [stderr]    Compiling yasna v0.5.2
[INFO] [stderr]    Compiling serde_yaml v0.9.21
[INFO] [stderr]    Compiling cranelift-codegen v0.82.3
[INFO] [stderr]    Compiling kitsune_p2p_dht_arc v0.2.0
[INFO] [stderr]    Compiling one_err v0.0.8
[INFO] [stderr]    Compiling region v3.0.0
[INFO] [stderr]    Compiling atty v0.2.14
[INFO] [stderr]    Compiling matrixmultiply v0.3.4
[INFO] [stderr]    Compiling stable_deref_trait v1.2.0
[INFO] [stderr]    Compiling cranelift-entity v0.82.3
[INFO] [stderr]    Compiling unicode-segmentation v1.10.1
[INFO] [stderr]    Compiling rustc-hash v1.1.0
[INFO] [stderr]    Compiling utf8parse v0.2.1
[INFO] [stderr]    Compiling test-fuzz-internal v3.0.4
[INFO] [stderr]    Compiling ucd-trie v0.1.5
[INFO] [stderr]    Compiling anstyle-parse v0.2.0
[INFO] [stderr]    Compiling regalloc v0.0.34
[INFO] [stderr]    Compiling cranelift-bforest v0.82.3
[INFO] [stderr]    Compiling heck v0.3.3
[INFO] [stderr]    Compiling pest v2.6.0
[INFO] [stderr]    Compiling gimli v0.26.2
[INFO] [stderr]    Compiling wasmer-vm v2.3.0
[INFO] [stderr]    Compiling hashbrown v0.13.2
[INFO] [stderr]    Compiling rand_pcg v0.1.2
[INFO] [stderr]    Compiling rand_chacha v0.1.1
[INFO] [stderr]    Compiling toml_edit v0.19.8
[INFO] [stderr]    Compiling rmpv v1.0.0
[INFO] [stderr]    Compiling rmp-serde v1.1.1
[INFO] [stderr]    Compiling itertools v0.8.2
[INFO] [stderr]    Compiling strum_macros v0.24.3
[INFO] [stderr]    Compiling must_future v0.1.2
[INFO] [stderr]    Compiling is-terminal v0.4.7
[INFO] [stderr]    Compiling http v0.2.9
[INFO] [stderr]    Compiling approx v0.5.1
[INFO] [stderr]    Compiling openssl-sys v0.9.87
[INFO] [stderr]    Compiling hashbrown v0.11.2
[INFO] [stderr]    Compiling memmap2 v0.5.10
[INFO] [stderr]    Compiling httparse v1.8.0
[INFO] [stderr]    Compiling colorchoice v1.0.0
[INFO] [stderr]    Compiling event-listener v2.5.3
[INFO] [stderr]    Compiling rawpointer v0.2.1
[INFO] [stderr]    Compiling anstyle v1.0.0
[INFO] [stderr]    Compiling anstyle-query v1.0.0
[INFO] [stderr]    Compiling anstream v0.3.1
[INFO] [stderr]    Compiling regex-automata v0.1.10
[INFO] [stderr]    Compiling wasmer-engine v2.3.0
[INFO] [stderr]    Compiling object v0.28.4
[INFO] [stderr]    Compiling simba v0.5.1
[INFO] [stderr]    Compiling shrinkwraprs v0.3.0
[INFO] [stderr]    Compiling toml v0.7.3
[INFO] [stderr]    Compiling semver-parser v0.10.2
[INFO] [stderr]    Compiling lru v0.10.0
[INFO] [stderr]    Compiling kitsune_p2p_timestamp v0.2.0
[INFO] [stderr]    Compiling rcgen v0.10.0
[INFO] [stderr]    Compiling rustls-pemfile v1.0.2
[INFO] [stderr]    Compiling wasm-encoder v0.26.0
[INFO] [stderr]    Compiling rand v0.6.5
[INFO] [stderr]    Compiling nalgebra-macros v0.1.0
[INFO] [stderr]    Compiling rand_distr v0.4.3
[INFO] [stderr]    Compiling nanoid v0.4.0
[INFO] [stderr]    Compiling miniz_oxide v0.7.1
[INFO] [stderr]    Compiling concurrent-queue v2.2.0
[INFO] [stderr]    Compiling same-file v1.0.6
[INFO] [stderr]    Compiling waker-fn v1.1.0
[INFO] [stderr]    Compiling arrayvec v0.7.2
[INFO] [stderr]    Compiling wasmer-compiler-cranelift v2.3.0
[INFO] [stderr]    Compiling overload v0.1.1
[INFO] [stderr]    Compiling parking_lot_core v0.8.6
[INFO] [stderr]    Compiling parking v2.1.0
[INFO] [stderr]    Compiling clap_lex v0.4.1
[INFO] [stderr]    Compiling futures-lite v1.13.0
[INFO] [stderr]    Compiling clap_builder v4.2.5
[INFO] [stderr]    Compiling nu-ansi-term v0.46.0
[INFO] [stderr]    Compiling walkdir v2.3.3
[INFO] [stderr]    Compiling wast v57.0.0
[INFO] [stderr]    Compiling rustls-native-certs v0.6.2
[INFO] [stderr]    Compiling wasmer-object v2.3.0
[INFO] [stderr]    Compiling nalgebra v0.27.1
[INFO] [stderr]    Compiling semver v0.11.0
[INFO] [stderr]    Compiling matchers v0.1.0
[INFO] [stderr]    Compiling async-lock v2.7.0
[INFO] [stderr]    Compiling cargo_metadata v0.15.4
[INFO] [stderr]    Compiling rand_xorshift v0.1.1
[INFO] [stderr]    Compiling rand_hc v0.1.0
[INFO] [stderr]    Compiling rand_isaac v0.1.1
[INFO] [stderr]    Compiling wasmer-engine-universal-artifact v2.3.0
[INFO] [stderr]    Compiling rand_os v0.1.3
[INFO] [stderr]    Compiling cranelift-frontend v0.82.3
[INFO] [stderr]    Compiling rand_jitter v0.1.4
[INFO] [stderr]    Compiling tempfile v3.5.0
[INFO] [stderr]    Compiling tracing-serde v0.1.3
[INFO] [stderr]    Compiling serde-transcode v1.1.1
[INFO] [stderr]    Compiling clap_derive v4.2.0
[INFO] [stderr]    Compiling tracing-log v0.1.3
[INFO] [stderr]    Compiling pin-project-internal v1.0.12
[INFO] [stderr]    Compiling holochain_serialized_bytes_derive v0.0.51
[INFO] [stderr]    Compiling which v4.4.0
[INFO] [stderr]    Compiling sharded-slab v0.1.4
[INFO] [stderr]    Compiling thread_local v1.1.7
[INFO] [stderr]    Compiling instant v0.1.12
[INFO] [stderr]    Compiling polling v2.8.0
[INFO] [stderr]    Compiling libloading v0.7.4
[INFO] [stderr]    Compiling test-fuzz-runtime v3.0.4
[INFO] [stderr]    Compiling arrayref v0.3.7
[INFO] [stderr]    Compiling home v0.5.5
[INFO] [stderr]    Compiling test-fuzz-macro v3.0.4
[INFO] [stderr]    Compiling bytemuck v1.13.1
[INFO] [stderr]    Compiling minimal-lexical v0.2.1
[INFO] [stderr]    Compiling rgb v0.8.36
[INFO] [stderr]    Compiling nom v7.1.3
[INFO] [stderr]    Compiling clap v4.2.5
[INFO] [stderr]    Compiling toolchain_find v0.2.0
[INFO] [stderr]    Compiling wasmer-engine-dylib v2.3.0
[INFO] [stderr]    Compiling pin-project v1.0.12
[INFO] [stderr]    Compiling tracing-subscriber v0.3.17
[INFO] [stderr]    Compiling holochain_serialized_bytes v0.0.51
[INFO] [stderr]    Compiling statrs v0.15.0
[INFO] [stderr]    Compiling wat v1.0.63
[INFO] [stderr]    Compiling wasmer-engine-universal v2.3.0
[INFO] [stderr]    Compiling num-format v0.4.4
[INFO] [stderr]    Compiling kitsune_p2p_bin_data v0.2.0
[INFO] [stderr]    Compiling colored v1.9.3
[INFO] [stderr]    Compiling sha-1 v0.10.1
[INFO] [stderr]    Compiling bincode v1.3.3
[INFO] [stderr]    Compiling itertools v0.10.5
[INFO] [stderr]    Compiling wasmer-derive v2.3.0
[INFO] [stderr]    Compiling env_logger v0.10.0
[INFO] [stderr]    Compiling unzip-n v0.1.2
[INFO] [stderr]    Compiling derivative v2.2.0
[INFO] [stderr]    Compiling Inflector v0.11.4
[INFO] [stderr]    Compiling dashmap v5.4.0
[INFO] [stderr]    Compiling getrandom v0.2.9
[INFO] [stderr]    Compiling parking_lot_core v0.9.7
[INFO] [stderr]    Compiling subprocess v0.2.9
[INFO] [stderr]    Compiling quick-xml v0.26.0
[INFO] [stderr]    Compiling async-io v1.13.0
[INFO] [stderr]    Compiling foreign-types-shared v0.1.1
[INFO] [stderr]    Compiling diff v0.1.13
[INFO] [stderr]    Compiling unicode_categories v0.1.1
[INFO] [stderr]    Compiling hex v0.4.3
[INFO] [stderr]    Compiling openssl v0.10.52
[INFO] [stderr]    Compiling test-fuzz v3.0.4
[INFO] [stderr]    Compiling str_stack v0.1.0
[INFO] [stderr]    Compiling if_chain v1.0.2
[INFO] [stderr]    Compiling inferno v0.11.15
[INFO] [stderr]    Compiling foreign-types v0.3.2
[INFO] [stderr]    Compiling kitsune_p2p_dht v0.2.0
[INFO] [stderr]    Compiling rand_core v0.6.4
[INFO] [stderr]    Compiling wasmer v2.3.0
[INFO] [stderr]    Compiling kitsune_p2p_block v0.2.0
[INFO] [stderr]    Compiling nanoid v0.3.0
[INFO] [stderr]    Compiling parking_lot v0.11.2
[INFO] [stderr]    Compiling tracing-futures v0.2.5
[INFO] [stderr]    Compiling flate2 v1.0.26
[INFO] [stderr]    Compiling parking_lot_core v0.7.3
[INFO] [stderr]    Compiling tokio-stream v0.1.14
[INFO] [stderr]    Compiling sha2 v0.10.6
[INFO] [stderr]    Compiling openssl-macros v0.1.1
[INFO] [stderr]    Compiling sodoken v0.0.9
[INFO] [stderr]    Compiling lock_api v0.3.4
[INFO] [stderr]    Compiling arrayvec v0.5.2
[INFO] [stderr]    Compiling signal-hook v0.3.15
[INFO] [stderr]    Compiling tx5-core v0.0.1-alpha.5
[INFO] [stderr]    Compiling strsim v0.9.3
[INFO] [stderr]    Compiling native-tls v0.2.11
[INFO] [stderr]    Compiling constant_time_eq v0.1.5
[INFO] [stderr]    Compiling unicode-xid v0.2.4
[INFO] [stderr]    Compiling hc_seed_bundle v0.1.6
[INFO] [stderr]    Compiling async-task v4.4.0
[INFO] [stderr]    Compiling darling_core v0.10.2
[INFO] [stderr]    Compiling synstructure v0.12.6
[INFO] [stderr]    Compiling blake2b_simd v0.5.11
[INFO] [stderr]    Compiling parking_lot v0.10.2
[INFO] [stderr]    Compiling zip v0.6.4
[INFO] [stderr]    Compiling ghost_actor v0.3.0-alpha.5
[INFO] [stderr]    Compiling holochain_trace v0.2.0
[INFO] [stderr]    Compiling rand_chacha v0.3.1
[INFO] [stderr]    Compiling async-channel v1.8.0
[INFO] [stderr]    Compiling strum_macros v0.18.0
[INFO] [stderr]    Compiling sysinfo v0.27.8
[INFO] [stderr]    Compiling textwrap v0.11.0
[INFO] [stderr]    Compiling url2 v0.0.6
[INFO] [stderr]    Compiling rustls-pemfile v0.2.1
[INFO] [stderr]    Compiling fxhash v0.2.1
[INFO] [stderr]    Compiling lru v0.8.1
[INFO] [stderr]    Compiling num-iter v0.1.43
[INFO] [stderr]    Compiling async-process v1.7.0
[INFO] [stderr]    Compiling maybe-uninit v2.0.0
[INFO] [stderr]    Compiling atomic-waker v1.1.1
[INFO] [stderr]    Compiling try-lock v0.2.4
[INFO] [stderr]    Compiling strum v0.18.0
[INFO] [stderr]    Compiling clap v2.34.0
[INFO] [stderr]    Compiling want v0.3.0
[INFO] [stderr]    Compiling fixt v0.2.0
[INFO] [stderr]    Compiling blocking v1.3.1
[INFO] [stderr]    Compiling quinn-proto v0.8.4
[INFO] [stderr]    Compiling kitsune_p2p_types v0.2.0
[INFO] [stderr]    Compiling darling_macro v0.10.2
[INFO] [stderr]    Compiling tx5-go-pion-sys v0.0.1-alpha.10
[INFO] [stderr]    Compiling holochain_wasmer_common v0.0.84
[INFO] [stderr]    Compiling async-executor v1.5.1
[INFO] [stderr]    Compiling ouroboros_macro v0.15.6
[INFO] [stderr]    Compiling http-body v0.4.5
[INFO] [stderr]    Compiling h2 v0.3.18
[INFO] [stderr]    Compiling structopt-derive v0.4.18
[INFO] [stderr]    Compiling sha1 v0.10.5
[INFO] [stderr]    Compiling err-derive v0.2.4
[INFO] [stderr]    Compiling dirs-sys v0.4.0
[INFO] [stderr]    Compiling hashbrown v0.8.2
[INFO] [stderr]    Compiling aliasable v0.1.3
[INFO] [stderr]    Compiling anyhow v1.0.71
[INFO] [stderr]    Compiling utf-8 v0.7.6
[INFO] [stderr]    Compiling tower-service v0.3.2
[INFO] [stderr]    Compiling protobuf v2.28.0
[INFO] [stderr]    Compiling tungstenite v0.18.0
[INFO] [stderr]    Compiling structopt v0.3.26
[INFO] [stderr]    Compiling ouroboros v0.15.6
[INFO] [stderr]    Compiling dirs v5.0.0
[INFO] [stderr]    Compiling async-global-executor v2.3.1
[INFO] [stderr]    Compiling quinn-udp v0.1.4
[INFO] [stderr]    Compiling darling v0.10.2
[INFO] [stderr]    Compiling tokio-native-tls v0.3.1
[INFO] [stderr]    Compiling proc-macro-crate v1.3.1
[INFO] [stderr]    Compiling hyper v0.14.26
[INFO] [stderr]    Compiling tokio-rustls v0.23.4
[INFO] [stderr]    Compiling kv-log-macro v1.0.7
[INFO] [stderr]    Compiling async-stream-impl v0.2.1
[INFO] [stderr]    Compiling async-attributes v1.1.2
[INFO] [stderr]    Compiling libloading v0.8.0
[INFO] [stderr]    Compiling prometheus v0.13.3
[INFO] [stderr]    Compiling match_cfg v0.1.0
[INFO] [stderr]    Compiling derive_builder v0.9.0
[INFO] [stderr]    Compiling yansi v0.5.1
[INFO] [stderr]    Compiling ahash v0.3.8
[INFO] [stderr]    Compiling constant_time_eq v0.2.5
[INFO] [stderr]    Compiling async-std v1.12.0
[INFO] [stderr]    Compiling async-stream v0.2.1
[INFO] [stderr]    Compiling blake2b_simd v1.0.1
[INFO] [stderr]    Compiling pretty_assertions v1.3.0
[INFO] [stderr]    Compiling hostname v0.3.1
[INFO] [stderr]    Compiling dns-parser v0.8.0
[INFO] [stderr]    Compiling num_enum_derive v0.5.11
[INFO] [stderr]    Compiling tokio-tungstenite v0.18.0
[INFO] [stderr]    Compiling smallvec v0.6.14
[INFO] [stderr]    Compiling num v0.4.0
[INFO] [stderr]    Compiling derive_builder_core v0.9.0
[INFO] [stderr]    Compiling quinn v0.8.5
[INFO] [stderr]    Compiling hyper-tls v0.5.0
[INFO] [stderr]    Compiling holo_hash v0.2.0
[INFO] [stderr]    Compiling sqlformat v0.2.1
[INFO] [stderr]    Compiling rcgen v0.9.3
[INFO] [stderr]    Compiling net2 v0.2.38
[INFO] [stderr]    Compiling nix v0.23.2
[INFO] [stderr]    Compiling serde_urlencoded v0.7.1
[INFO] [stderr]    Compiling multimap v0.8.3
[INFO] [stderr]    Compiling darling_core v0.13.4
[INFO] [stderr]    Compiling rand-utf8 v0.0.1
[INFO] [stderr]    Compiling rand v0.4.6
[INFO] [stderr]    Compiling if-addrs v0.7.0
[INFO] [stderr]    Compiling if-addrs v0.8.0
[INFO] [stderr]    Compiling socket2 v0.5.2
[INFO] [stderr]    Compiling encoding_rs v0.8.32
[INFO] [stderr]    Compiling mime v0.3.17
[INFO] [stderr]    Compiling subtle v2.5.0
[INFO] [stderr]    Compiling failure_derive v0.1.8
[INFO] [stderr]    Compiling ipnet v2.7.2
[INFO] [stderr]    Compiling holochain_integrity_types v0.2.0
[INFO] [stderr]    Compiling reqwest v0.11.17
[INFO] [stderr]    Compiling darling_macro v0.13.4
[INFO] [stderr]    Compiling libmdns v0.7.4
[INFO] [stderr]    Compiling tx5-signal v0.0.1-alpha.7
[INFO] [stderr]    Compiling parking_lot_core v0.2.14
[INFO] [stderr]    Compiling tx5-go-pion v0.0.1-alpha.8
[INFO] [stderr]    Compiling kitsune_p2p_transport_quic v0.2.0
[INFO] [stderr]    Compiling mdns v3.0.0
[INFO] [stderr]    Compiling contrafact v0.1.0-dev.1
[INFO] [stderr]    Compiling num_enum v0.5.11
[INFO] [stderr]    Compiling no-std-compat v0.4.1
[INFO] [stderr]    Compiling sqlformat v0.1.8
[INFO] [stderr]    Compiling pretty_assertions v0.7.2
[INFO] [stderr]    Compiling subtle-encoding v0.5.1
[INFO] [stderr]    Compiling siphasher v0.3.10
[INFO] [stderr]    Compiling webpki v0.21.4
[INFO] [stderr]    Compiling scheduled-thread-pool v0.2.7
[INFO] [stderr]    Compiling dashmap v4.0.2
[INFO] [stderr]    Compiling quanta v0.4.1
[INFO] [stderr]    Compiling thread-id v3.3.0
[INFO] [stderr]    Compiling lair_keystore v0.2.4
[INFO] [stderr]    Compiling rtoolbox v0.0.1
[INFO] [stderr]    Compiling predicates-core v1.0.6
[INFO] [stderr]    Compiling nonzero_ext v0.2.0
[INFO] [stderr]    Compiling human-repr v1.1.0
[INFO] [stderr]    Compiling linked-hash-map v0.5.6
[INFO] [stderr]    Compiling owning_ref v0.2.4
[INFO] [stderr]    Compiling futures-timer v3.0.2
[INFO] [stderr]    Compiling async-trait v0.1.68
[INFO] [stderr]    Compiling kitsune_p2p_fetch v0.2.0
[INFO] [stderr]    Compiling parking_lot v0.3.8
[INFO] [stderr]    Compiling holochain_sqlite v0.2.0
[INFO] [stderr]    Compiling governor v0.3.2
[INFO] [stderr]    Compiling rpassword v7.2.0
[INFO] [stderr]    Compiling kitsune_p2p_proxy v0.2.0
[INFO] [stderr]    Compiling r2d2 v0.8.10
[INFO] [stderr]    Compiling bloomfilter v1.0.9
[INFO] [stderr]    Compiling holochain_zome_types v0.2.0
[INFO] [stderr]    Compiling kitsune_p2p_mdns v0.2.0
[INFO] [stderr]    Compiling tx5 v0.0.1-alpha.13
[INFO] [stderr]    Compiling darling v0.13.4
[INFO] [stderr]    Compiling holochain_util v0.2.0
[INFO] [stderr]    Compiling sysinfo v0.28.4
[INFO] [stderr]    Compiling float-cmp v0.9.0
[INFO] [stderr]    Compiling difflib v0.4.0
[INFO] [stderr]    Compiling termtree v0.4.1
[INFO] [stderr]    Compiling normalize-line-endings v0.3.0
[INFO] [stderr]    Compiling predicates-tree v1.0.9
[INFO] [stderr]    Compiling predicates v2.1.5
[INFO] [stderr]    Compiling failure v0.1.8
[INFO] [stderr]    Compiling kitsune_p2p v0.2.0
[INFO] [stderr]    Compiling serde_with_macros v1.5.2
[INFO] [stderr]    Compiling r2d2_sqlite_neonphog v0.1.0
[INFO] [stderr]    Compiling chashmap v2.2.0
[INFO] [stderr]    Compiling mockall_derive v0.11.4
[INFO] [stderr]    Compiling page_size v0.4.2
[INFO] [stderr]    Compiling downcast v0.11.0
[INFO] [stderr]    Compiling bimap v0.6.3
[INFO] [stderr]    Compiling fragile v2.0.0
[INFO] [stderr]    Compiling serde_with v1.14.0
[INFO] [stderr]    Compiling holochain_wasmer_host v0.0.84
[INFO] [stderr]    Compiling mr_bundle v0.2.0
[INFO] [stderr]    Compiling wasmer-middlewares v2.3.0
[INFO] [stderr]    Compiling automap v0.1.0
[INFO] [stderr]    Compiling holochain_keystore v0.2.0
[INFO] [stderr]    Compiling isotest v0.1.0
[INFO] [stderr]    Compiling mockall v0.11.4
[INFO] [stderr]    Compiling holochain_types v0.2.0
[INFO] [stderr]    Compiling holochain_p2p v0.2.0 (/opt/rustwide/workdir)
[INFO] [stderr]     Finished dev [unoptimized + debuginfo] target(s) in 6m 12s
[INFO] [stderr] warning: the following packages contain code that will be rejected by a future version of Rust: nalgebra v0.27.1
[INFO] [stderr] note: to see what the problems were, use the option `--future-incompat-report`, or run `cargo report future-incompatibilities --id 1`
[INFO] running `Command { std: "docker" "inspect" "7983587a0018715d3e391fa95e422f6d2347666255ed4951687e3f9d77c4437a", kill_on_drop: false }`
[INFO] running `Command { std: "docker" "rm" "-f" "7983587a0018715d3e391fa95e422f6d2347666255ed4951687e3f9d77c4437a", kill_on_drop: false }`
[INFO] [stdout] 7983587a0018715d3e391fa95e422f6d2347666255ed4951687e3f9d77c4437a
[INFO] running `Command { std: "docker" "create" "-v" "/var/lib/crater-agent-workspace/builds/worker-7-tc1/target:/opt/rustwide/target:rw,Z" "-v" "/var/lib/crater-agent-workspace/builds/worker-7-tc1/source:/opt/rustwide/workdir:ro,Z" "-v" "/var/lib/crater-agent-workspace/cargo-home:/opt/rustwide/cargo-home:ro,Z" "-v" "/var/lib/crater-agent-workspace/rustup-home:/opt/rustwide/rustup-home:ro,Z" "-e" "SOURCE_DIR=/opt/rustwide/workdir" "-e" "CARGO_TARGET_DIR=/opt/rustwide/target" "-e" "CARGO_INCREMENTAL=0" "-e" "RUST_BACKTRACE=full" "-e" "RUSTFLAGS=--cap-lints=warn" "-e" "RUSTDOCFLAGS=--cap-lints=warn" "-e" "CARGO_HOME=/opt/rustwide/cargo-home" "-e" "RUSTUP_HOME=/opt/rustwide/rustup-home" "-w" "/opt/rustwide/workdir" "-m" "1610612736" "--user" "0:0" "--network" "none" "ghcr.io/rust-lang/crates-build-env/linux@sha256:5ff2268d62e97bff2cde7d5815dd6ed5b47097566f13b8d0ca110b04b60e07ed" "/opt/rustwide/cargo-home/bin/cargo" "+1.69.0" "test" "--frozen" "--no-run" "--message-format=json", kill_on_drop: false }`
[INFO] [stdout] 7cc2b15b3be66e38369893327b449e2679ea6f5eeccf2bbe7a334af3b23194f0
[INFO] running `Command { std: "docker" "start" "-a" "7cc2b15b3be66e38369893327b449e2679ea6f5eeccf2bbe7a334af3b23194f0", kill_on_drop: false }`
[INFO] [stderr]    Compiling holochain_p2p v0.2.0 (/opt/rustwide/workdir)
[INFO] [stdout] error[E0433]: failed to resolve: could not find `HostStub` in `kitsune_p2p`
[INFO] [stdout]    --> src/test.rs:266:26
[INFO] [stdout]     |
[INFO] [stdout] 266 |             kitsune_p2p::HostStub::new(),
[INFO] [stdout]     |                          ^^^^^^^^ could not find `HostStub` in `kitsune_p2p`
[INFO] [stdout] 
[INFO] [stdout] 
[INFO] [stdout] error[E0433]: failed to resolve: could not find `HostStub` in `kitsune_p2p`
[INFO] [stdout]    --> src/test.rs:348:26
[INFO] [stdout]     |
[INFO] [stdout] 348 |             kitsune_p2p::HostStub::new(),
[INFO] [stdout]     |                          ^^^^^^^^ could not find `HostStub` in `kitsune_p2p`
[INFO] [stdout] 
[INFO] [stdout] 
[INFO] [stdout] error[E0433]: failed to resolve: could not find `HostStub` in `kitsune_p2p`
[INFO] [stdout]    --> src/test.rs:500:77
[INFO] [stdout]     |
[INFO] [stdout] 500 |         let (p2p, mut evt) = spawn_holochain_p2p(config, cert, kitsune_p2p::HostStub::new())
[INFO] [stdout]     |                                                                             ^^^^^^^^ could not find `HostStub` in `kitsune_p2p`
[INFO] [stdout] 
[INFO] [stdout] 
[INFO] [stdout] error[E0433]: failed to resolve: could not find `HostStub` in `kitsune_p2p`
[INFO] [stdout]    --> src/test.rs:597:26
[INFO] [stdout]     |
[INFO] [stdout] 597 |             kitsune_p2p::HostStub::new(),
[INFO] [stdout]     |                          ^^^^^^^^ could not find `HostStub` in `kitsune_p2p`
[INFO] [stdout] 
[INFO] [stdout] 
[INFO] [stdout] error[E0433]: failed to resolve: use of undeclared type `HostStub`
[INFO] [stdout]    --> src/test.rs:405:13
[INFO] [stdout]     |
[INFO] [stdout] 405 |             HostStub::with_check_op_data(Box::new(move |space, list, ctx| {
[INFO] [stdout]     |             ^^^^^^^^ use of undeclared type `HostStub`
[INFO] [stdout] 
[INFO] [stdout] 
[INFO] [stdout] warning: unused import: `kitsune_p2p`
[INFO] [stdout]    --> src/test.rs:234:9
[INFO] [stdout]     |
[INFO] [stdout] 234 |     use kitsune_p2p::*;
[INFO] [stdout]     |         ^^^^^^^^^^^
[INFO] [stdout]     |
[INFO] [stdout]     = note: `#[warn(unused_imports)]` on by default
[INFO] [stdout] 
[INFO] [stdout] 
[INFO] [stdout] error: aborting due to 5 previous errors; 1 warning emitted
[INFO] [stdout] 
[INFO] [stdout] 
[INFO] [stdout] For more information about this error, try `rustc --explain E0433`.
[INFO] [stdout] 
[INFO] [stderr] error: could not compile `holochain_p2p` due to 6 previous errors; 1 warning emitted
[INFO] running `Command { std: "docker" "inspect" "7cc2b15b3be66e38369893327b449e2679ea6f5eeccf2bbe7a334af3b23194f0", kill_on_drop: false }`
[INFO] running `Command { std: "docker" "rm" "-f" "7cc2b15b3be66e38369893327b449e2679ea6f5eeccf2bbe7a334af3b23194f0", kill_on_drop: false }`
[INFO] [stdout] 7cc2b15b3be66e38369893327b449e2679ea6f5eeccf2bbe7a334af3b23194f0
