[INFO] fetching crate holochain_integrity_types 0.2.0...
[INFO] testing holochain_integrity_types-0.2.0 against 1.69.0 for beta-1.70-1
[INFO] extracting crate holochain_integrity_types 0.2.0 into /workspace/builds/worker-4-tc1/source
[INFO] validating manifest of crates.io crate holochain_integrity_types 0.2.0 on toolchain 1.69.0
[INFO] running `Command { std: CARGO_HOME="/workspace/cargo-home" RUSTUP_HOME="/workspace/rustup-home" "/workspace/cargo-home/bin/cargo" "+1.69.0" "metadata" "--manifest-path" "Cargo.toml" "--no-deps", kill_on_drop: false }`
[INFO] started tweaking crates.io crate holochain_integrity_types 0.2.0
[INFO] finished tweaking crates.io crate holochain_integrity_types 0.2.0
[INFO] tweaked toml for crates.io crate holochain_integrity_types 0.2.0 written to /workspace/builds/worker-4-tc1/source/Cargo.toml
[INFO] running `Command { std: CARGO_HOME="/workspace/cargo-home" RUSTUP_HOME="/workspace/rustup-home" __CARGO_TEST_CHANNEL_OVERRIDE_DO_NOT_USE_THIS="nightly" "/workspace/cargo-home/bin/cargo" "+1.69.0" "generate-lockfile" "--manifest-path" "Cargo.toml" "-Zno-index-update", kill_on_drop: false }`
[INFO] running `Command { std: CARGO_HOME="/workspace/cargo-home" RUSTUP_HOME="/workspace/rustup-home" "/workspace/cargo-home/bin/cargo" "+1.69.0" "fetch" "--manifest-path" "Cargo.toml", kill_on_drop: false }`
[INFO] [stderr]  Downloading crates ...
[INFO] [stderr]   Downloaded unzip-n v0.1.2
[INFO] [stderr]   Downloaded toolchain_find v0.2.0
[INFO] [stderr]   Downloaded subprocess v0.2.9
[INFO] [stderr]   Downloaded holochain_serialized_bytes v0.0.51
[INFO] [stderr]   Downloaded serde-transcode v1.1.1
[INFO] [stderr]   Downloaded test-fuzz-runtime v3.0.4
[INFO] [stderr]   Downloaded holochain_serialized_bytes_derive v0.0.51
[INFO] [stderr]   Downloaded wast v57.0.0
[INFO] [stderr]   Downloaded test-fuzz v3.0.4
[INFO] [stderr]   Downloaded test-fuzz-internal v3.0.4
[INFO] [stderr]   Downloaded test-fuzz-macro v3.0.4
[INFO] [stderr]   Downloaded wasm-encoder v0.26.0
[INFO] [stderr]   Downloaded wat v1.0.63
[INFO] [stderr]   Downloaded fixt v0.2.0
[INFO] [stderr]   Downloaded gcollections v1.5.0
[INFO] [stderr]   Downloaded trilean v1.1.0
[INFO] [stderr]   Downloaded intervallum v1.4.0
[INFO] [stderr]   Downloaded holochain_wasmer_common v0.0.84
[INFO] [stderr]   Downloaded must_future v0.1.2
[INFO] [stderr]   Downloaded kitsune_p2p_timestamp v0.2.0
[INFO] [stderr]   Downloaded kitsune_p2p_dht_arc v0.2.0
[INFO] [stderr]   Downloaded holo_hash v0.2.0
[INFO] running `Command { std: "docker" "create" "-v" "/var/lib/crater-agent-workspace/builds/worker-4-tc1/target:/opt/rustwide/target:rw,Z" "-v" "/var/lib/crater-agent-workspace/builds/worker-4-tc1/source:/opt/rustwide/workdir:ro,Z" "-v" "/var/lib/crater-agent-workspace/cargo-home:/opt/rustwide/cargo-home:ro,Z" "-v" "/var/lib/crater-agent-workspace/rustup-home:/opt/rustwide/rustup-home:ro,Z" "-e" "SOURCE_DIR=/opt/rustwide/workdir" "-e" "CARGO_TARGET_DIR=/opt/rustwide/target" "-e" "CARGO_HOME=/opt/rustwide/cargo-home" "-e" "RUSTUP_HOME=/opt/rustwide/rustup-home" "-w" "/opt/rustwide/workdir" "-m" "1610612736" "--user" "0:0" "--network" "none" "ghcr.io/rust-lang/crates-build-env/linux@sha256:5ff2268d62e97bff2cde7d5815dd6ed5b47097566f13b8d0ca110b04b60e07ed" "/opt/rustwide/cargo-home/bin/cargo" "+1.69.0" "metadata" "--no-deps" "--format-version=1", kill_on_drop: false }`
[INFO] [stdout] a2bd9fe89e3272e5bb064a9fc2d6dd42ca6ec205b5681ca6895b85d1a82a6a5d
[INFO] running `Command { std: "docker" "start" "-a" "a2bd9fe89e3272e5bb064a9fc2d6dd42ca6ec205b5681ca6895b85d1a82a6a5d", kill_on_drop: false }`
[INFO] running `Command { std: "docker" "inspect" "a2bd9fe89e3272e5bb064a9fc2d6dd42ca6ec205b5681ca6895b85d1a82a6a5d", kill_on_drop: false }`
[INFO] running `Command { std: "docker" "rm" "-f" "a2bd9fe89e3272e5bb064a9fc2d6dd42ca6ec205b5681ca6895b85d1a82a6a5d", kill_on_drop: false }`
[INFO] [stdout] a2bd9fe89e3272e5bb064a9fc2d6dd42ca6ec205b5681ca6895b85d1a82a6a5d
[INFO] running `Command { std: "docker" "create" "-v" "/var/lib/crater-agent-workspace/builds/worker-4-tc1/target:/opt/rustwide/target:rw,Z" "-v" "/var/lib/crater-agent-workspace/builds/worker-4-tc1/source:/opt/rustwide/workdir:ro,Z" "-v" "/var/lib/crater-agent-workspace/cargo-home:/opt/rustwide/cargo-home:ro,Z" "-v" "/var/lib/crater-agent-workspace/rustup-home:/opt/rustwide/rustup-home:ro,Z" "-e" "SOURCE_DIR=/opt/rustwide/workdir" "-e" "CARGO_TARGET_DIR=/opt/rustwide/target" "-e" "CARGO_INCREMENTAL=0" "-e" "RUST_BACKTRACE=full" "-e" "RUSTFLAGS=--cap-lints=warn" "-e" "RUSTDOCFLAGS=--cap-lints=warn" "-e" "CARGO_HOME=/opt/rustwide/cargo-home" "-e" "RUSTUP_HOME=/opt/rustwide/rustup-home" "-w" "/opt/rustwide/workdir" "-m" "1610612736" "--user" "0:0" "--network" "none" "ghcr.io/rust-lang/crates-build-env/linux@sha256:5ff2268d62e97bff2cde7d5815dd6ed5b47097566f13b8d0ca110b04b60e07ed" "/opt/rustwide/cargo-home/bin/cargo" "+1.69.0" "build" "--frozen" "--message-format=json", kill_on_drop: false }`
[INFO] [stdout] b82390f0f8548b8d222a4ed218338e99ab8aeb361f1a4d140cc776c7a9416375
[INFO] running `Command { std: "docker" "start" "-a" "b82390f0f8548b8d222a4ed218338e99ab8aeb361f1a4d140cc776c7a9416375", kill_on_drop: false }`
[INFO] [stderr]    Compiling proc-macro2 v1.0.56
[INFO] [stderr]    Compiling unicode-ident v1.0.8
[INFO] [stderr]    Compiling syn v1.0.109
[INFO] [stderr]    Compiling quote v1.0.26
[INFO] [stderr]    Compiling serde v1.0.160
[INFO] [stderr]    Compiling ahash v0.7.6
[INFO] [stderr]    Compiling getrandom v0.2.9
[INFO] [stderr]    Compiling indexmap v1.9.3
[INFO] [stderr]    Compiling rustversion v1.0.12
[INFO] [stderr]    Compiling fnv v1.0.7
[INFO] [stderr]    Compiling ident_case v1.0.1
[INFO] [stderr]    Compiling strsim v0.10.0
[INFO] [stderr]    Compiling bytecheck v0.6.10
[INFO] [stderr]    Compiling simdutf8 v0.1.4
[INFO] [stderr]    Compiling target-lexicon v0.12.7
[INFO] [stderr]    Compiling rend v0.4.0
[INFO] [stderr]    Compiling hashbrown v0.12.3
[INFO] [stderr]    Compiling backtrace v0.3.67
[INFO] [stderr]    Compiling smallvec v1.10.0
[INFO] [stderr]    Compiling syn v2.0.15
[INFO] [stderr]    Compiling rkyv v0.7.41
[INFO] [stderr]    Compiling gimli v0.27.2
[INFO] [stderr]    Compiling miniz_oxide v0.6.2
[INFO] [stderr]    Compiling object v0.30.3
[INFO] [stderr]    Compiling rustc-demangle v0.1.23
[INFO] [stderr]    Compiling num-traits v0.2.15
[INFO] [stderr]    Compiling more-asserts v0.2.2
[INFO] [stderr]    Compiling scopeguard v1.1.0
[INFO] [stderr]    Compiling camino v1.1.4
[INFO] [stderr]    Compiling wasmparser v0.83.0
[INFO] [stderr]    Compiling semver v1.0.17
[INFO] [stderr]    Compiling crossbeam-utils v0.8.15
[INFO] [stderr]    Compiling memoffset v0.8.0
[INFO] [stderr]    Compiling generic-array v0.14.7
[INFO] [stderr]    Compiling crossbeam-epoch v0.9.14
[INFO] [stderr]    Compiling corosensei v0.1.3
[INFO] [stderr]    Compiling addr2line v0.19.0
[INFO] [stderr]    Compiling memoffset v0.6.5
[INFO] [stderr]    Compiling serde_json v1.0.96
[INFO] [stderr]    Compiling cranelift-codegen-shared v0.82.3
[INFO] [stderr]    Compiling cranelift-codegen-meta v0.82.3
[INFO] [stderr]    Compiling leb128 v0.2.5
[INFO] [stderr]    Compiling test-fuzz-internal v3.0.4
[INFO] [stderr]    Compiling crc32fast v1.3.2
[INFO] [stderr]    Compiling ucd-trie v0.1.5
[INFO] [stderr]    Compiling io-lifetimes v1.0.10
[INFO] [stderr]    Compiling darling_core v0.14.4
[INFO] [stderr]    Compiling region v3.0.0
[INFO] [stderr]    Compiling paste v1.0.12
[INFO] [stderr]    Compiling fallible-iterator v0.2.0
[INFO] [stderr]    Compiling rustix v0.37.18
[INFO] [stderr]    Compiling rayon-core v1.11.0
[INFO] [stderr]    Compiling rustc-hash v1.1.0
[INFO] [stderr]    Compiling libc v0.2.142
[INFO] [stderr]    Compiling cranelift-entity v0.82.3
[INFO] [stderr]    Compiling stable_deref_trait v1.2.0
[INFO] [stderr]    Compiling regalloc v0.0.34
[INFO] [stderr]    Compiling cranelift-bforest v0.82.3
[INFO] [stderr]    Compiling crossbeam-deque v0.8.3
[INFO] [stderr]    Compiling block-buffer v0.10.4
[INFO] [stderr]    Compiling serde_derive v1.0.160
[INFO] [stderr]    Compiling thiserror-impl v1.0.40
[INFO] [stderr]    Compiling tracing-attributes v0.1.24
[INFO] [stderr]    Compiling crypto-common v0.1.6
[INFO] [stderr]    Compiling crossbeam-channel v0.5.8
[INFO] [stderr]    Compiling cranelift-codegen v0.82.3
[INFO] [stderr]    Compiling hashbrown v0.11.2
[INFO] [stderr]    Compiling aho-corasick v1.0.1
[INFO] [stderr]    Compiling memmap2 v0.5.10
[INFO] [stderr]    Compiling ptr_meta_derive v0.1.4
[INFO] [stderr]    Compiling darling_macro v0.14.4
[INFO] [stderr]    Compiling bytecheck_derive v0.6.10
[INFO] [stderr]    Compiling thiserror v1.0.40
[INFO] [stderr]    Compiling ptr_meta v0.1.4
[INFO] [stderr]    Compiling loupe-derive v0.1.3
[INFO] [stderr]    Compiling rkyv_derive v0.7.41
[INFO] [stderr]    Compiling enum-iterator-derive v0.7.0
[INFO] [stderr]    Compiling darling v0.14.4
[INFO] [stderr]    Compiling enumset_derive v0.6.1
[INFO] [stderr]    Compiling enum-iterator v0.7.0
[INFO] [stderr]    Compiling pest v2.6.0
[INFO] [stderr]    Compiling strum_macros v0.24.3
[INFO] [stderr]    Compiling num-integer v0.1.45
[INFO] [stderr]    Compiling enumset v1.0.12
[INFO] [stderr]    Compiling same-file v1.0.6
[INFO] [stderr]    Compiling tracing v0.1.37
[INFO] [stderr]    Compiling semver-parser v0.10.2
[INFO] [stderr]    Compiling walkdir v2.3.3
[INFO] [stderr]    Compiling semver v0.11.0
[INFO] [stderr]    Compiling regex v1.8.1
[INFO] [stderr]    Compiling digest v0.10.6
[INFO] [stderr]    Compiling proc-macro-error-attr v1.0.4
[INFO] [stderr]    Compiling wasm-encoder v0.26.0
[INFO] [stderr]    Compiling byteorder v1.4.3
[INFO] [stderr]    Compiling cargo-platform v0.1.2
[INFO] [stderr]    Compiling wasmer-compiler-cranelift v2.3.0
[INFO] [stderr]    Compiling serde_bytes v0.11.9
[INFO] [stderr]    Compiling fastrand v1.9.0
[INFO] [stderr]    Compiling cpufeatures v0.2.7
[INFO] [stderr]    Compiling loupe v0.1.3
[INFO] [stderr]    Compiling gimli v0.26.2
[INFO] [stderr]    Compiling cargo_metadata v0.15.4
[INFO] [stderr]    Compiling object v0.28.4
[INFO] [stderr]    Compiling test-fuzz-macro v3.0.4
[INFO] [stderr]    Compiling wasmer-types v2.3.0
[INFO] [stderr]    Compiling bit-vec v0.6.3
[INFO] [stderr]    Compiling test-fuzz-runtime v3.0.4
[INFO] [stderr]    Compiling home v0.5.5
[INFO] [stderr]    Compiling toolchain_find v0.2.0
[INFO] [stderr]    Compiling bit-set v0.5.3
[INFO] [stderr]    Compiling wast v57.0.0
[INFO] [stderr]    Compiling sha-1 v0.10.1
[INFO] [stderr]    Compiling tempfile v3.5.0
[INFO] [stderr]    Compiling bincode v1.3.3
[INFO] [stderr]    Compiling rmp v0.8.11
[INFO] [stderr]    Compiling proc-macro-error v1.0.4
[INFO] [stderr]    Compiling subprocess v0.2.9
[INFO] [stderr]    Compiling wasmer-compiler v2.3.0
[INFO] [stderr]    Compiling rayon v1.7.0
[INFO] [stderr]    Compiling unzip-n v0.1.2
[INFO] [stderr]    Compiling which v4.4.0
[INFO] [stderr]    Compiling libloading v0.7.4
[INFO] [stderr]    Compiling wasmer-artifact v2.3.0
[INFO] [stderr]    Compiling wasmer-vm v2.3.0
[INFO] [stderr]    Compiling wasmer-engine-universal-artifact v2.3.0
[INFO] [stderr]    Compiling wasmer-object v2.3.0
[INFO] [stderr]    Compiling trilean v1.1.0
[INFO] [stderr]    Compiling convert_case v0.4.0
[INFO] [stderr]    Compiling wasmer-engine v2.3.0
[INFO] [stderr]    Compiling test-fuzz v3.0.4
[INFO] [stderr]    Compiling if_chain v1.0.2
[INFO] [stderr]    Compiling hex v0.4.3
[INFO] [stderr]    Compiling derive_more v0.99.17
[INFO] [stderr]    Compiling wasmer-engine-dylib v2.3.0
[INFO] [stderr]    Compiling wat v1.0.63
[INFO] [stderr]    Compiling wasmer-engine-universal v2.3.0
[INFO] [stderr]    Compiling gcollections v1.5.0
[INFO] [stderr]    Compiling wasmer-derive v2.3.0
[INFO] [stderr]    Compiling rmp-serde v0.15.5
[INFO] [stderr]    Compiling serde-transcode v1.1.1
[INFO] [stderr]    Compiling holochain_serialized_bytes_derive v0.0.51
[INFO] [stderr]    Compiling intervallum v1.4.0
[INFO] [stderr]    Compiling subtle v2.5.0
[INFO] [stderr]    Compiling holochain_serialized_bytes v0.0.51
[INFO] [stderr]    Compiling kitsune_p2p_dht_arc v0.2.0
[INFO] [stderr]    Compiling kitsune_p2p_timestamp v0.2.0
[INFO] [stderr]    Compiling cranelift-frontend v0.82.3
[INFO] [stderr]    Compiling wasmer v2.3.0
[INFO] [stderr]    Compiling holochain_wasmer_common v0.0.84
[INFO] [stderr]    Compiling holo_hash v0.2.0
[INFO] [stderr]    Compiling holochain_integrity_types v0.2.0 (/opt/rustwide/workdir)
[INFO] [stderr]     Finished dev [unoptimized + debuginfo] target(s) in 1m 34s
[INFO] running `Command { std: "docker" "inspect" "b82390f0f8548b8d222a4ed218338e99ab8aeb361f1a4d140cc776c7a9416375", kill_on_drop: false }`
[INFO] running `Command { std: "docker" "rm" "-f" "b82390f0f8548b8d222a4ed218338e99ab8aeb361f1a4d140cc776c7a9416375", kill_on_drop: false }`
[INFO] [stdout] b82390f0f8548b8d222a4ed218338e99ab8aeb361f1a4d140cc776c7a9416375
[INFO] running `Command { std: "docker" "create" "-v" "/var/lib/crater-agent-workspace/builds/worker-4-tc1/target:/opt/rustwide/target:rw,Z" "-v" "/var/lib/crater-agent-workspace/builds/worker-4-tc1/source:/opt/rustwide/workdir:ro,Z" "-v" "/var/lib/crater-agent-workspace/cargo-home:/opt/rustwide/cargo-home:ro,Z" "-v" "/var/lib/crater-agent-workspace/rustup-home:/opt/rustwide/rustup-home:ro,Z" "-e" "SOURCE_DIR=/opt/rustwide/workdir" "-e" "CARGO_TARGET_DIR=/opt/rustwide/target" "-e" "CARGO_INCREMENTAL=0" "-e" "RUST_BACKTRACE=full" "-e" "RUSTFLAGS=--cap-lints=warn" "-e" "RUSTDOCFLAGS=--cap-lints=warn" "-e" "CARGO_HOME=/opt/rustwide/cargo-home" "-e" "RUSTUP_HOME=/opt/rustwide/rustup-home" "-w" "/opt/rustwide/workdir" "-m" "1610612736" "--user" "0:0" "--network" "none" "ghcr.io/rust-lang/crates-build-env/linux@sha256:5ff2268d62e97bff2cde7d5815dd6ed5b47097566f13b8d0ca110b04b60e07ed" "/opt/rustwide/cargo-home/bin/cargo" "+1.69.0" "test" "--frozen" "--no-run" "--message-format=json", kill_on_drop: false }`
[INFO] [stdout] 1d493a61b62d2d85ce9b489158dfe4d0ad89bc7099890d14eeb61d6285601292
[INFO] running `Command { std: "docker" "start" "-a" "1d493a61b62d2d85ce9b489158dfe4d0ad89bc7099890d14eeb61d6285601292", kill_on_drop: false }`
[INFO] [stderr]    Compiling holochain_integrity_types v0.2.0 (/opt/rustwide/workdir)
[INFO] [stdout] error[E0432]: unresolved import `arbitrary`
[INFO] [stdout]    --> src/countersigning.rs:647:9
[INFO] [stdout]     |
[INFO] [stdout] 647 |     use arbitrary::Arbitrary;
[INFO] [stdout]     |         ^^^^^^^^^ use of undeclared crate or module `arbitrary`
[INFO] [stdout] 
[INFO] [stdout] 
[INFO] [stdout] error[E0433]: failed to resolve: use of undeclared crate or module `arbitrary`
[INFO] [stdout]    --> src/countersigning.rs:651:21
[INFO] [stdout]     |
[INFO] [stdout] 651 |         let mut u = arbitrary::Unstructured::new(&[0; 1000]);
[INFO] [stdout]     |                     ^^^^^^^^^ use of undeclared crate or module `arbitrary`
[INFO] [stdout] 
[INFO] [stdout] 
[INFO] [stdout] error[E0433]: failed to resolve: use of undeclared crate or module `arbitrary`
[INFO] [stdout]    --> src/countersigning.rs:691:21
[INFO] [stdout]     |
[INFO] [stdout] 691 |         let mut u = arbitrary::Unstructured::new(&[0; 1000]);
[INFO] [stdout]     |                     ^^^^^^^^^ use of undeclared crate or module `arbitrary`
[INFO] [stdout] 
[INFO] [stdout] 
[INFO] [stdout] error[E0433]: failed to resolve: use of undeclared crate or module `arbitrary`
[INFO] [stdout]    --> src/countersigning.rs:699:22
[INFO] [stdout]     |
[INFO] [stdout] 699 |         let mut uk = arbitrary::Unstructured::new(&data);
[INFO] [stdout]     |                      ^^^^^^^^^ use of undeclared crate or module `arbitrary`
[INFO] [stdout] 
[INFO] [stdout] 
[INFO] [stdout] error[E0433]: failed to resolve: use of undeclared crate or module `arbitrary`
[INFO] [stdout]    --> src/countersigning.rs:750:21
[INFO] [stdout]     |
[INFO] [stdout] 750 |         let mut u = arbitrary::Unstructured::new(&[0; 1000]);
[INFO] [stdout]     |                     ^^^^^^^^^ use of undeclared crate or module `arbitrary`
[INFO] [stdout] 
[INFO] [stdout] 
[INFO] [stdout] error[E0433]: failed to resolve: use of undeclared crate or module `arbitrary`
[INFO] [stdout]    --> src/countersigning.rs:757:22
[INFO] [stdout]     |
[INFO] [stdout] 757 |         let mut uk = arbitrary::Unstructured::new(&data);
[INFO] [stdout]     |                      ^^^^^^^^^ use of undeclared crate or module `arbitrary`
[INFO] [stdout] 
[INFO] [stdout] 
[INFO] [stdout] error[E0433]: failed to resolve: use of undeclared crate or module `arbitrary`
[INFO] [stdout]    --> src/countersigning.rs:800:21
[INFO] [stdout]     |
[INFO] [stdout] 800 |         let mut u = arbitrary::Unstructured::new(&[0; 1000]);
[INFO] [stdout]     |                     ^^^^^^^^^ use of undeclared crate or module `arbitrary`
[INFO] [stdout] 
[INFO] [stdout] 
[INFO] [stdout] error[E0433]: failed to resolve: use of undeclared crate or module `arbitrary`
[INFO] [stdout]    --> src/countersigning.rs:829:21
[INFO] [stdout]     |
[INFO] [stdout] 829 |         let mut u = arbitrary::Unstructured::new(&[0; 1000]);
[INFO] [stdout]     |                     ^^^^^^^^^ use of undeclared crate or module `arbitrary`
[INFO] [stdout] 
[INFO] [stdout] 
[INFO] [stdout] error[E0433]: failed to resolve: use of undeclared crate or module `arbitrary`
[INFO] [stdout]    --> src/countersigning.rs:833:22
[INFO] [stdout]     |
[INFO] [stdout] 833 |         let mut uk = arbitrary::Unstructured::new(&data);
[INFO] [stdout]     |                      ^^^^^^^^^ use of undeclared crate or module `arbitrary`
[INFO] [stdout] 
[INFO] [stdout] 
[INFO] [stdout] error[E0433]: failed to resolve: use of undeclared crate or module `arbitrary`
[INFO] [stdout]    --> src/countersigning.rs:859:21
[INFO] [stdout]     |
[INFO] [stdout] 859 |         let mut u = arbitrary::Unstructured::new(&[0; 1000]);
[INFO] [stdout]     |                     ^^^^^^^^^ use of undeclared crate or module `arbitrary`
[INFO] [stdout] 
[INFO] [stdout] 
[INFO] [stdout] error[E0599]: no function or associated item named `arbitrary` found for struct `countersigning::CounterSigningSessionTimes` in the current scope
[INFO] [stdout]    --> src/countersigning.rs:652:61
[INFO] [stdout]     |
[INFO] [stdout] 32  | pub struct CounterSigningSessionTimes {
[INFO] [stdout]     | ------------------------------------- function or associated item `arbitrary` not found for this struct
[INFO] [stdout] ...
[INFO] [stdout] 652 |         let mut session_times = CounterSigningSessionTimes::arbitrary(&mut u).unwrap();
[INFO] [stdout]     |                                                             ^^^^^^^^^ function or associated item not found in `CounterSigningSessionTimes`
[INFO] [stdout] 
[INFO] [stdout] 
[INFO] [stdout] error[E0599]: no function or associated item named `arbitrary` found for struct `PreflightRequest` in the current scope
[INFO] [stdout]    --> src/countersigning.rs:692:55
[INFO] [stdout]     |
[INFO] [stdout] 112 | pub struct PreflightRequest {
[INFO] [stdout]     | --------------------------- function or associated item `arbitrary` not found for this struct
[INFO] [stdout] ...
[INFO] [stdout] 692 |         let mut preflight_request = PreflightRequest::arbitrary(&mut u).unwrap();
[INFO] [stdout]     |                                                       ^^^^^^^^^ function or associated item not found in `PreflightRequest`
[INFO] [stdout] 
[INFO] [stdout] 
[INFO] [stdout] error[E0599]: no function or associated item named `arbitrary` found for struct `HoloHash` in the current scope
[INFO] [stdout]    --> src/countersigning.rs:700:34
[INFO] [stdout]     |
[INFO] [stdout] 700 |         let alice = AgentPubKey::arbitrary(&mut uk).unwrap();
[INFO] [stdout]     |                                  ^^^^^^^^^ function or associated item not found in `HoloHash<Agent>`
[INFO] [stdout] 
[INFO] [stdout] 
[INFO] [stdout] error[E0599]: no function or associated item named `arbitrary` found for struct `PreflightRequest` in the current scope
[INFO] [stdout]    --> src/countersigning.rs:751:55
[INFO] [stdout]     |
[INFO] [stdout] 112 | pub struct PreflightRequest {
[INFO] [stdout]     | --------------------------- function or associated item `arbitrary` not found for this struct
[INFO] [stdout] ...
[INFO] [stdout] 751 |         let mut preflight_request = PreflightRequest::arbitrary(&mut u).unwrap();
[INFO] [stdout]     |                                                       ^^^^^^^^^ function or associated item not found in `PreflightRequest`
[INFO] [stdout] 
[INFO] [stdout] 
[INFO] [stdout] error[E0599]: no function or associated item named `arbitrary` found for struct `HoloHash` in the current scope
[INFO] [stdout]    --> src/countersigning.rs:758:34
[INFO] [stdout]     |
[INFO] [stdout] 758 |         let alice = AgentPubKey::arbitrary(&mut uk).unwrap();
[INFO] [stdout]     |                                  ^^^^^^^^^ function or associated item not found in `HoloHash<Agent>`
[INFO] [stdout] 
[INFO] [stdout] 
[INFO] [stdout] error[E0599]: no function or associated item named `arbitrary` found for struct `HoloHash` in the current scope
[INFO] [stdout]    --> src/countersigning.rs:759:32
[INFO] [stdout]     |
[INFO] [stdout] 759 |         let bob = AgentPubKey::arbitrary(&mut uk).unwrap();
[INFO] [stdout]     |                                ^^^^^^^^^ function or associated item not found in `HoloHash<Agent>`
[INFO] [stdout] 
[INFO] [stdout] 
[INFO] [stdout] error[E0599]: no function or associated item named `arbitrary` found for struct `PreflightRequest` in the current scope
[INFO] [stdout]    --> src/countersigning.rs:801:55
[INFO] [stdout]     |
[INFO] [stdout] 112 | pub struct PreflightRequest {
[INFO] [stdout]     | --------------------------- function or associated item `arbitrary` not found for this struct
[INFO] [stdout] ...
[INFO] [stdout] 801 |         let mut preflight_request = PreflightRequest::arbitrary(&mut u).unwrap();
[INFO] [stdout]     |                                                       ^^^^^^^^^ function or associated item not found in `PreflightRequest`
[INFO] [stdout] 
[INFO] [stdout] 
[INFO] [stdout] error[E0599]: no function or associated item named `arbitrary` found for struct `HoloHash` in the current scope
[INFO] [stdout]    --> src/countersigning.rs:810:34
[INFO] [stdout]     |
[INFO] [stdout] 810 |         let alice = AgentPubKey::arbitrary(&mut u).unwrap();
[INFO] [stdout]     |                                  ^^^^^^^^^ function or associated item not found in `HoloHash<Agent>`
[INFO] [stdout] 
[INFO] [stdout] 
[INFO] [stdout] error[E0599]: no function or associated item named `arbitrary` found for struct `HoloHash` in the current scope
[INFO] [stdout]    --> src/countersigning.rs:821:32
[INFO] [stdout]     |
[INFO] [stdout] 821 |         let bob = AgentPubKey::arbitrary(&mut u).unwrap();
[INFO] [stdout]     |                                ^^^^^^^^^ function or associated item not found in `HoloHash<Agent>`
[INFO] [stdout] 
[INFO] [stdout] 
[INFO] [stdout] error[E0599]: no function or associated item named `arbitrary` found for struct `PreflightRequest` in the current scope
[INFO] [stdout]    --> src/countersigning.rs:830:55
[INFO] [stdout]     |
[INFO] [stdout] 112 | pub struct PreflightRequest {
[INFO] [stdout]     | --------------------------- function or associated item `arbitrary` not found for this struct
[INFO] [stdout] ...
[INFO] [stdout] 830 |         let mut preflight_request = PreflightRequest::arbitrary(&mut u).unwrap();
[INFO] [stdout]     |                                                       ^^^^^^^^^ function or associated item not found in `PreflightRequest`
[INFO] [stdout] 
[INFO] [stdout] 
[INFO] [stdout] error[E0599]: no function or associated item named `arbitrary` found for struct `HoloHash` in the current scope
[INFO] [stdout]    --> src/countersigning.rs:834:34
[INFO] [stdout]     |
[INFO] [stdout] 834 |         let alice = AgentPubKey::arbitrary(&mut uk).unwrap();
[INFO] [stdout]     |                                  ^^^^^^^^^ function or associated item not found in `HoloHash<Agent>`
[INFO] [stdout] 
[INFO] [stdout] 
[INFO] [stdout] error[E0599]: no function or associated item named `arbitrary` found for struct `HoloHash` in the current scope
[INFO] [stdout]    --> src/countersigning.rs:835:32
[INFO] [stdout]     |
[INFO] [stdout] 835 |         let bob = AgentPubKey::arbitrary(&mut uk).unwrap();
[INFO] [stdout]     |                                ^^^^^^^^^ function or associated item not found in `HoloHash<Agent>`
[INFO] [stdout] 
[INFO] [stdout] 
[INFO] [stdout] error[E0599]: no function or associated item named `arbitrary` found for struct `countersigning::CounterSigningSessionData` in the current scope
[INFO] [stdout]    --> src/countersigning.rs:860:59
[INFO] [stdout]     |
[INFO] [stdout] 480 | pub struct CounterSigningSessionData {
[INFO] [stdout]     | ------------------------------------ function or associated item `arbitrary` not found for this struct
[INFO] [stdout] ...
[INFO] [stdout] 860 |         let mut session_data = CounterSigningSessionData::arbitrary(&mut u).unwrap();
[INFO] [stdout]     |                                                           ^^^^^^^^^ function or associated item not found in `CounterSigningSessionData`
[INFO] [stdout] 
[INFO] [stdout] 
[INFO] [stdout] error[E0599]: no function or associated item named `arbitrary` found for struct `HoloHash` in the current scope
[INFO] [stdout]    --> src/countersigning.rs:862:34
[INFO] [stdout]     |
[INFO] [stdout] 862 |         let alice = AgentPubKey::arbitrary(&mut u).unwrap();
[INFO] [stdout]     |                                  ^^^^^^^^^ function or associated item not found in `HoloHash<Agent>`
[INFO] [stdout] 
[INFO] [stdout] 
[INFO] [stdout] error[E0599]: no function or associated item named `arbitrary` found for struct `HoloHash` in the current scope
[INFO] [stdout]    --> src/countersigning.rs:863:32
[INFO] [stdout]     |
[INFO] [stdout] 863 |         let bob = AgentPubKey::arbitrary(&mut u).unwrap();
[INFO] [stdout]     |                                ^^^^^^^^^ function or associated item not found in `HoloHash<Agent>`
[INFO] [stdout] 
[INFO] [stdout] 
[INFO] [stdout] error[E0599]: no function or associated item named `arbitrary` found for struct `countersigning::CounterSigningAgentState` in the current scope
[INFO] [stdout]    --> src/countersigning.rs:887:53
[INFO] [stdout]     |
[INFO] [stdout] 349 | pub struct CounterSigningAgentState {
[INFO] [stdout]     | ----------------------------------- function or associated item `arbitrary` not found for this struct
[INFO] [stdout] ...
[INFO] [stdout] 887 |         let alice_state = CounterSigningAgentState::arbitrary(&mut u).unwrap();
[INFO] [stdout]     |                                                     ^^^^^^^^^ function or associated item not found in `CounterSigningAgentState`
[INFO] [stdout] 
[INFO] [stdout] 
[INFO] [stdout] error[E0599]: no function or associated item named `arbitrary` found for struct `signature::Signature` in the current scope
[INFO] [stdout]    --> src/countersigning.rs:888:42
[INFO] [stdout]     |
[INFO] [stdout] 888 |         let alice_signature = Signature::arbitrary(&mut u).unwrap();
[INFO] [stdout]     |                                          ^^^^^^^^^ function or associated item not found in `Signature`
[INFO] [stdout]     |
[INFO] [stdout]    ::: src/signature.rs:14:1
[INFO] [stdout]     |
[INFO] [stdout] 14  | pub struct Signature(pub [u8; SIGNATURE_BYTES]);
[INFO] [stdout]     | -------------------- function or associated item `arbitrary` not found for this struct
[INFO] [stdout] 
[INFO] [stdout] 
[INFO] [stdout] error[E0599]: no function or associated item named `arbitrary` found for struct `countersigning::CounterSigningAgentState` in the current scope
[INFO] [stdout]    --> src/countersigning.rs:889:55
[INFO] [stdout]     |
[INFO] [stdout] 349 | pub struct CounterSigningAgentState {
[INFO] [stdout]     | ----------------------------------- function or associated item `arbitrary` not found for this struct
[INFO] [stdout] ...
[INFO] [stdout] 889 |         let mut bob_state = CounterSigningAgentState::arbitrary(&mut u).unwrap();
[INFO] [stdout]     |                                                       ^^^^^^^^^ function or associated item not found in `CounterSigningAgentState`
[INFO] [stdout] 
[INFO] [stdout] 
[INFO] [stdout] error[E0599]: no function or associated item named `arbitrary` found for struct `signature::Signature` in the current scope
[INFO] [stdout]    --> src/countersigning.rs:890:40
[INFO] [stdout]     |
[INFO] [stdout] 890 |         let bob_signature = Signature::arbitrary(&mut u).unwrap();
[INFO] [stdout]     |                                        ^^^^^^^^^ function or associated item not found in `Signature`
[INFO] [stdout]     |
[INFO] [stdout]    ::: src/signature.rs:14:1
[INFO] [stdout]     |
[INFO] [stdout] 14  | pub struct Signature(pub [u8; SIGNATURE_BYTES]);
[INFO] [stdout]     | -------------------- function or associated item `arbitrary` not found for this struct
[INFO] [stdout] 
[INFO] [stdout] 
[INFO] [stdout] error: aborting due to 29 previous errors
[INFO] [stdout] 
[INFO] [stdout] 
[INFO] [stdout] Some errors have detailed explanations: E0432, E0433, E0599.
[INFO] [stdout] 
[INFO] [stdout] For more information about an error, try `rustc --explain E0432`.
[INFO] [stdout] 
[INFO] [stderr] error: could not compile `holochain_integrity_types` due to 30 previous errors
[INFO] running `Command { std: "docker" "inspect" "1d493a61b62d2d85ce9b489158dfe4d0ad89bc7099890d14eeb61d6285601292", kill_on_drop: false }`
[INFO] running `Command { std: "docker" "rm" "-f" "1d493a61b62d2d85ce9b489158dfe4d0ad89bc7099890d14eeb61d6285601292", kill_on_drop: false }`
[INFO] [stdout] 1d493a61b62d2d85ce9b489158dfe4d0ad89bc7099890d14eeb61d6285601292
