[INFO] fetching crate holium-macro 1.0.0...
[INFO] testing holium-macro-1.0.0 against 1.69.0 for beta-1.70-1
[INFO] extracting crate holium-macro 1.0.0 into /workspace/builds/worker-4-tc1/source
[INFO] validating manifest of crates.io crate holium-macro 1.0.0 on toolchain 1.69.0
[INFO] running `Command { std: CARGO_HOME="/workspace/cargo-home" RUSTUP_HOME="/workspace/rustup-home" "/workspace/cargo-home/bin/cargo" "+1.69.0" "metadata" "--manifest-path" "Cargo.toml" "--no-deps", kill_on_drop: false }`
[INFO] started tweaking crates.io crate holium-macro 1.0.0
[INFO] finished tweaking crates.io crate holium-macro 1.0.0
[INFO] tweaked toml for crates.io crate holium-macro 1.0.0 written to /workspace/builds/worker-4-tc1/source/Cargo.toml
[INFO] running `Command { std: CARGO_HOME="/workspace/cargo-home" RUSTUP_HOME="/workspace/rustup-home" __CARGO_TEST_CHANNEL_OVERRIDE_DO_NOT_USE_THIS="nightly" "/workspace/cargo-home/bin/cargo" "+1.69.0" "generate-lockfile" "--manifest-path" "Cargo.toml" "-Zno-index-update", kill_on_drop: false }`
[INFO] [stderr]     Blocking waiting for file lock on package cache
[INFO] running `Command { std: CARGO_HOME="/workspace/cargo-home" RUSTUP_HOME="/workspace/rustup-home" "/workspace/cargo-home/bin/cargo" "+1.69.0" "fetch" "--manifest-path" "Cargo.toml", kill_on_drop: false }`
[INFO] [stderr]  Downloading crates ...
[INFO] [stderr]   Downloaded holium-macro-support v1.0.0
[INFO] running `Command { std: "docker" "create" "-v" "/var/lib/crater-agent-workspace/builds/worker-4-tc1/target:/opt/rustwide/target:rw,Z" "-v" "/var/lib/crater-agent-workspace/builds/worker-4-tc1/source:/opt/rustwide/workdir:ro,Z" "-v" "/var/lib/crater-agent-workspace/cargo-home:/opt/rustwide/cargo-home:ro,Z" "-v" "/var/lib/crater-agent-workspace/rustup-home:/opt/rustwide/rustup-home:ro,Z" "-e" "SOURCE_DIR=/opt/rustwide/workdir" "-e" "CARGO_TARGET_DIR=/opt/rustwide/target" "-e" "CARGO_HOME=/opt/rustwide/cargo-home" "-e" "RUSTUP_HOME=/opt/rustwide/rustup-home" "-w" "/opt/rustwide/workdir" "-m" "1610612736" "--user" "0:0" "--network" "none" "ghcr.io/rust-lang/crates-build-env/linux@sha256:5ff2268d62e97bff2cde7d5815dd6ed5b47097566f13b8d0ca110b04b60e07ed" "/opt/rustwide/cargo-home/bin/cargo" "+1.69.0" "metadata" "--no-deps" "--format-version=1", kill_on_drop: false }`
[INFO] [stdout] e9d21a759f652e0c23f8f71c8646b6b8d945523e9a59b7332dc3851ab7abe07c
[INFO] running `Command { std: "docker" "start" "-a" "e9d21a759f652e0c23f8f71c8646b6b8d945523e9a59b7332dc3851ab7abe07c", kill_on_drop: false }`
[INFO] running `Command { std: "docker" "inspect" "e9d21a759f652e0c23f8f71c8646b6b8d945523e9a59b7332dc3851ab7abe07c", kill_on_drop: false }`
[INFO] running `Command { std: "docker" "rm" "-f" "e9d21a759f652e0c23f8f71c8646b6b8d945523e9a59b7332dc3851ab7abe07c", kill_on_drop: false }`
[INFO] [stdout] e9d21a759f652e0c23f8f71c8646b6b8d945523e9a59b7332dc3851ab7abe07c
[INFO] running `Command { std: "docker" "create" "-v" "/var/lib/crater-agent-workspace/builds/worker-4-tc1/target:/opt/rustwide/target:rw,Z" "-v" "/var/lib/crater-agent-workspace/builds/worker-4-tc1/source:/opt/rustwide/workdir:ro,Z" "-v" "/var/lib/crater-agent-workspace/cargo-home:/opt/rustwide/cargo-home:ro,Z" "-v" "/var/lib/crater-agent-workspace/rustup-home:/opt/rustwide/rustup-home:ro,Z" "-e" "SOURCE_DIR=/opt/rustwide/workdir" "-e" "CARGO_TARGET_DIR=/opt/rustwide/target" "-e" "CARGO_INCREMENTAL=0" "-e" "RUST_BACKTRACE=full" "-e" "RUSTFLAGS=--cap-lints=warn" "-e" "RUSTDOCFLAGS=--cap-lints=warn" "-e" "CARGO_HOME=/opt/rustwide/cargo-home" "-e" "RUSTUP_HOME=/opt/rustwide/rustup-home" "-w" "/opt/rustwide/workdir" "-m" "1610612736" "--user" "0:0" "--network" "none" "ghcr.io/rust-lang/crates-build-env/linux@sha256:5ff2268d62e97bff2cde7d5815dd6ed5b47097566f13b8d0ca110b04b60e07ed" "/opt/rustwide/cargo-home/bin/cargo" "+1.69.0" "build" "--frozen" "--message-format=json", kill_on_drop: false }`
[INFO] [stdout] 04bc61090b16e663b7dd5a07be8aa0295a3e15dca14bc6b77671dbe62270861b
[INFO] running `Command { std: "docker" "start" "-a" "04bc61090b16e663b7dd5a07be8aa0295a3e15dca14bc6b77671dbe62270861b", kill_on_drop: false }`
[INFO] [stderr]    Compiling proc-macro2 v1.0.56
[INFO] [stderr]    Compiling unicode-ident v1.0.8
[INFO] [stderr]    Compiling quote v1.0.26
[INFO] [stderr]    Compiling log v0.4.17
[INFO] [stderr]    Compiling syn v1.0.109
[INFO] [stderr]    Compiling cfg-if v1.0.0
[INFO] [stderr]    Compiling serde_derive v1.0.160
[INFO] [stderr]    Compiling serde v1.0.160
[INFO] [stderr]    Compiling lazy_static v1.4.0
[INFO] [stderr]    Compiling syn v2.0.15
[INFO] [stderr]    Compiling holium-backend v1.0.0
[INFO] [stderr]    Compiling holium-macro-support v1.0.0
[INFO] [stderr]    Compiling holium-macro v1.0.0 (/opt/rustwide/workdir)
[INFO] [stderr]     Finished dev [unoptimized + debuginfo] target(s) in 10.31s
[INFO] running `Command { std: "docker" "inspect" "04bc61090b16e663b7dd5a07be8aa0295a3e15dca14bc6b77671dbe62270861b", kill_on_drop: false }`
[INFO] running `Command { std: "docker" "rm" "-f" "04bc61090b16e663b7dd5a07be8aa0295a3e15dca14bc6b77671dbe62270861b", kill_on_drop: false }`
[INFO] [stdout] 04bc61090b16e663b7dd5a07be8aa0295a3e15dca14bc6b77671dbe62270861b
[INFO] running `Command { std: "docker" "create" "-v" "/var/lib/crater-agent-workspace/builds/worker-4-tc1/target:/opt/rustwide/target:rw,Z" "-v" "/var/lib/crater-agent-workspace/builds/worker-4-tc1/source:/opt/rustwide/workdir:ro,Z" "-v" "/var/lib/crater-agent-workspace/cargo-home:/opt/rustwide/cargo-home:ro,Z" "-v" "/var/lib/crater-agent-workspace/rustup-home:/opt/rustwide/rustup-home:ro,Z" "-e" "SOURCE_DIR=/opt/rustwide/workdir" "-e" "CARGO_TARGET_DIR=/opt/rustwide/target" "-e" "CARGO_INCREMENTAL=0" "-e" "RUST_BACKTRACE=full" "-e" "RUSTFLAGS=--cap-lints=warn" "-e" "RUSTDOCFLAGS=--cap-lints=warn" "-e" "CARGO_HOME=/opt/rustwide/cargo-home" "-e" "RUSTUP_HOME=/opt/rustwide/rustup-home" "-w" "/opt/rustwide/workdir" "-m" "1610612736" "--user" "0:0" "--network" "none" "ghcr.io/rust-lang/crates-build-env/linux@sha256:5ff2268d62e97bff2cde7d5815dd6ed5b47097566f13b8d0ca110b04b60e07ed" "/opt/rustwide/cargo-home/bin/cargo" "+1.69.0" "test" "--frozen" "--no-run" "--message-format=json", kill_on_drop: false }`
[INFO] [stdout] 01534fedce5fa0ac80840a241ee71ef0176f9e3dc7c772d4cfbf7e7ce63f2b20
[INFO] running `Command { std: "docker" "start" "-a" "01534fedce5fa0ac80840a241ee71ef0176f9e3dc7c772d4cfbf7e7ce63f2b20", kill_on_drop: false }`
[INFO] [stderr]     Blocking waiting for file lock on package cache
[INFO] [stderr]    Compiling proc-macro2 v1.0.56
[INFO] [stderr]    Compiling unicode-ident v1.0.8
[INFO] [stderr]    Compiling cfg-if v1.0.0
[INFO] [stderr]    Compiling quote v1.0.26
[INFO] [stderr]    Compiling serde v1.0.160
[INFO] [stderr]    Compiling log v0.4.17
[INFO] [stderr]    Compiling syn v1.0.109
[INFO] [stderr]    Compiling serde_json v1.0.96
[INFO] [stderr]    Compiling itoa v1.0.6
[INFO] [stderr]    Compiling ryu v1.0.13
[INFO] [stderr]    Compiling trybuild v1.0.80
[INFO] [stderr]    Compiling glob v0.3.1
[INFO] [stderr]    Compiling once_cell v1.17.1
[INFO] [stderr]    Compiling termcolor v1.2.0
[INFO] [stderr]    Compiling syn v2.0.15
[INFO] [stderr]    Compiling serde_derive v1.0.160
[INFO] [stderr]    Compiling holium-backend v1.0.0
[INFO] [stderr]    Compiling holium-macro-support v1.0.0
[INFO] [stderr]    Compiling basic-toml v0.1.2
[INFO] [stderr]    Compiling holium-macro v1.0.0 (/opt/rustwide/workdir)
[INFO] [stderr]     Finished test [unoptimized + debuginfo] target(s) in 23.83s
[INFO] running `Command { std: "docker" "inspect" "01534fedce5fa0ac80840a241ee71ef0176f9e3dc7c772d4cfbf7e7ce63f2b20", kill_on_drop: false }`
[INFO] running `Command { std: "docker" "rm" "-f" "01534fedce5fa0ac80840a241ee71ef0176f9e3dc7c772d4cfbf7e7ce63f2b20", kill_on_drop: false }`
[INFO] [stdout] 01534fedce5fa0ac80840a241ee71ef0176f9e3dc7c772d4cfbf7e7ce63f2b20
[INFO] running `Command { std: "docker" "create" "-v" "/var/lib/crater-agent-workspace/builds/worker-4-tc1/target:/opt/rustwide/target:rw,Z" "-v" "/var/lib/crater-agent-workspace/builds/worker-4-tc1/source:/opt/rustwide/workdir:ro,Z" "-v" "/var/lib/crater-agent-workspace/cargo-home:/opt/rustwide/cargo-home:ro,Z" "-v" "/var/lib/crater-agent-workspace/rustup-home:/opt/rustwide/rustup-home:ro,Z" "-e" "SOURCE_DIR=/opt/rustwide/workdir" "-e" "CARGO_TARGET_DIR=/opt/rustwide/target" "-e" "CARGO_INCREMENTAL=0" "-e" "RUST_BACKTRACE=full" "-e" "RUSTFLAGS=--cap-lints=warn" "-e" "RUSTDOCFLAGS=--cap-lints=warn" "-e" "CARGO_HOME=/opt/rustwide/cargo-home" "-e" "RUSTUP_HOME=/opt/rustwide/rustup-home" "-w" "/opt/rustwide/workdir" "-m" "1610612736" "--user" "0:0" "--network" "none" "ghcr.io/rust-lang/crates-build-env/linux@sha256:5ff2268d62e97bff2cde7d5815dd6ed5b47097566f13b8d0ca110b04b60e07ed" "/opt/rustwide/cargo-home/bin/cargo" "+1.69.0" "test" "--frozen", kill_on_drop: false }`
[INFO] [stdout] dddb1aa30e538a63f2ffccc2f7f614f3dcb63f3ea3d90c3434e8fbac0d1de93a
[INFO] running `Command { std: "docker" "start" "-a" "dddb1aa30e538a63f2ffccc2f7f614f3dcb63f3ea3d90c3434e8fbac0d1de93a", kill_on_drop: false }`
[INFO] [stderr]     Finished test [unoptimized + debuginfo] target(s) in 0.04s
[INFO] [stderr]      Running unittests src/lib.rs (/opt/rustwide/target/debug/deps/holium_macro-4e69287100f30fae)
[INFO] [stdout] 
[INFO] [stderr]      Running tests/proc-macro.rs (/opt/rustwide/target/debug/deps/proc_macro-7241d388becd07c0)
[INFO] [stdout] running 0 tests
[INFO] [stdout] 
[INFO] [stdout] test result: ok. 0 passed; 0 failed; 0 ignored; 0 measured; 0 filtered out; finished in 0.00s
[INFO] [stdout] 
[INFO] [stdout] 
[INFO] [stdout] running 1 test
[INFO] [stderr]    Compiling proc-macro2 v1.0.56
[INFO] [stderr]    Compiling quote v1.0.26
[INFO] [stderr]    Compiling unicode-ident v1.0.8
[INFO] [stderr]    Compiling log v0.4.17
[INFO] [stderr]    Compiling syn v1.0.109
[INFO] [stderr]    Compiling serde v1.0.160
[INFO] [stderr]    Compiling serde_derive v1.0.160
[INFO] [stderr]    Compiling cfg-if v1.0.0
[INFO] [stderr]    Compiling lazy_static v1.4.0
[INFO] [stderr]    Compiling syn v2.0.15
[INFO] [stderr]     Checking holium-backend v1.0.0
[INFO] [stderr]     Checking holium-macro-support v1.0.0
[INFO] [stderr]    Compiling holium-macro v1.0.0 (/opt/rustwide/workdir)
[INFO] [stderr]     Checking holium-macro-tests v0.0.0 (/opt/rustwide/target/tests/trybuild/holium-macro)
[INFO] [stderr]     Finished dev [unoptimized + debuginfo] target(s) in 25.85s
[INFO] [stderr] 
[INFO] [stderr] 
[INFO] [stderr] test tests/proc-macro-tests/export.rs ... mismatch
[INFO] [stderr] 
[INFO] [stderr] EXPECTED:
[INFO] [stderr] ┈┈┈┈┈┈┈┈┈┈┈┈┈┈┈┈┈┈┈┈┈┈┈┈┈┈┈┈┈┈┈┈┈┈┈┈┈┈┈┈┈┈┈┈┈┈┈┈┈┈┈┈┈┈┈┈┈┈┈┈
[INFO] [stderr] error: can't #[holium_bindgen] functions with lifetime or type parameters
[INFO] [stderr]   --> tests/proc-macro-tests/export.rs:90:13
[INFO] [stderr]    |
[INFO] [stderr] 90 | pub fn fail3<'a>(x: &'a GoodStruct, y: &'a GoodStruct) -> &'a GoodStruct {
[INFO] [stderr]    |             ^^^^
[INFO] [stderr] 
[INFO] [stderr] error: can't #[holium_bindgen] functions with lifetime or type parameters
[INFO] [stderr]   --> tests/proc-macro-tests/export.rs:97:13
[INFO] [stderr]    |
[INFO] [stderr] 97 | pub fn fail4<T>(x: T) -> T {
[INFO] [stderr]    |             ^^^
[INFO] [stderr] 
[INFO] [stderr] error[E0277]: the trait bound `BadStructNoMacro: Serialize` is not satisfied
[INFO] [stderr]    --> tests/proc-macro-tests/export.rs:74:1
[INFO] [stderr]     |
[INFO] [stderr] 74  | #[holium_bindgen]
[INFO] [stderr]     | ^^^^^^^^^^^^^^^^^ the trait `Serialize` is not implemented for `BadStructNoMacro`
[INFO] [stderr]     |
[INFO] [stderr]     = note: required because of the requirements on the impl of `Serialize` for `Vec<BadStructNoMacro>`
[INFO] [stderr] note: required by a bound in `to_value`
[INFO] [stderr]    --> $CARGO/serde_cbor-0.11.2/src/value/ser.rs
[INFO] [stderr]     |
[INFO] [stderr]     |     T: Serialize,
[INFO] [stderr]     |        ^^^^^^^^^ required by this bound in `to_value`
[INFO] [stderr]     = note: this error originates in the macro `vec` (in Nightly builds, run with -Z macro-backtrace for more info)
[INFO] [stderr] 
[INFO] [stderr] error[E0599]: no function or associated item named `generate_node` found for struct `BadStructNoMacro` in the current scope
[INFO] [stderr]   --> tests/proc-macro-tests/export.rs:74:1
[INFO] [stderr]    |
[INFO] [stderr] 70 | struct BadStructNoMacro {
[INFO] [stderr]    | ----------------------- function or associated item `generate_node` not found for this
[INFO] [stderr] ...
[INFO] [stderr] 74 | #[holium_bindgen]
[INFO] [stderr]    | ^^^^^^^^^^^^^^^^^ function or associated item not found in `BadStructNoMacro`
[INFO] [stderr]    |
[INFO] [stderr]    = help: items from traits can only be used if the trait is implemented and in scope
[INFO] [stderr]    = note: the following trait defines an item `generate_node`, perhaps you need to implement it:
[INFO] [stderr]            candidate #1: `holium_rs_sdk::GenerateNode`
[INFO] [stderr]    = note: this error originates in the attribute macro `holium_bindgen` (in Nightly builds, run with -Z macro-backtrace for more info)
[INFO] [stderr] 
[INFO] [stderr] error[E0277]: the trait bound `BadStructNoMacro: Serialize` is not satisfied
[INFO] [stderr]     --> tests/proc-macro-tests/export.rs:74:1
[INFO] [stderr]      |
[INFO] [stderr] 74   | #[holium_bindgen]
[INFO] [stderr]      | ^^^^^^^^^^^^^^^^^ the trait `Serialize` is not implemented for `BadStructNoMacro`
[INFO] [stderr]      |
[INFO] [stderr] note: required by `_::_serde::ser::SerializeStruct::serialize_field`
[INFO] [stderr]     --> $CARGO/serde-1.0.130/src/ser/mod.rs
[INFO] [stderr]      |
[INFO] [stderr]      | /     fn serialize_field<T: ?Sized>(
[INFO] [stderr]      | |         &mut self,
[INFO] [stderr]      | |         key: &'static str,
[INFO] [stderr]      | |         value: &T,
[INFO] [stderr]      | |     ) -> Result<(), Self::Error>
[INFO] [stderr]      | |     where
[INFO] [stderr]      | |         T: Serialize;
[INFO] [stderr]      | |_____________________^
[INFO] [stderr]      = note: this error originates in the derive macro `holium_rs_sdk::internal::serde::Serialize` (in Nightly builds, run with -Z macro-backtrace for more info)
[INFO] [stderr] 
[INFO] [stderr] error[E0277]: the trait bound `BadStructNoMacro: Deserialize<'_>` is not satisfied
[INFO] [stderr]     --> tests/proc-macro-tests/export.rs:74:1
[INFO] [stderr]      |
[INFO] [stderr] 74   | #[holium_bindgen]
[INFO] [stderr]      | ^^^^^^^^^^^^^^^^^ the trait `Deserialize<'_>` is not implemented for `BadStructNoMacro`
[INFO] [stderr]      |
[INFO] [stderr] note: required by `next_element`
[INFO] [stderr]     --> $CARGO/serde-1.0.130/src/de/mod.rs
[INFO] [stderr]      |
[INFO] [stderr]      | /     fn next_element<T>(&mut self) -> Result<Option<T>, Self::Error>
[INFO] [stderr]      | |     where
[INFO] [stderr]      | |         T: Deserialize<'de>,
[INFO] [stderr]      | |____________________________^
[INFO] [stderr]      = note: this error originates in the attribute macro `holium_bindgen` (in Nightly builds, run with -Z macro-backtrace for more info)
[INFO] [stderr] 
[INFO] [stderr] error[E0277]: the trait bound `BadStructNoMacro: Deserialize<'_>` is not satisfied
[INFO] [stderr]     --> tests/proc-macro-tests/export.rs:74:1
[INFO] [stderr]      |
[INFO] [stderr] 74   | #[holium_bindgen]
[INFO] [stderr]      | ^^^^^^^^^^^^^^^^^ the trait `Deserialize<'_>` is not implemented for `BadStructNoMacro`
[INFO] [stderr]      |
[INFO] [stderr] note: required by `next_value`
[INFO] [stderr]     --> $CARGO/serde-1.0.130/src/de/mod.rs
[INFO] [stderr]      |
[INFO] [stderr]      | /     fn next_value<V>(&mut self) -> Result<V, Self::Error>
[INFO] [stderr]      | |     where
[INFO] [stderr]      | |         V: Deserialize<'de>,
[INFO] [stderr]      | |____________________________^
[INFO] [stderr]      = note: this error originates in the attribute macro `holium_bindgen` (in Nightly builds, run with -Z macro-backtrace for more info)
[INFO] [stderr] 
[INFO] [stderr] error[E0599]: no function or associated item named `generate_node` found for struct `BadStructOnlySerde` in the current scope
[INFO] [stderr]   --> tests/proc-macro-tests/export.rs:84:1
[INFO] [stderr]    |
[INFO] [stderr] 80 | struct BadStructOnlySerde {
[INFO] [stderr]    | ------------------------- function or associated item `generate_node` not found for this
[INFO] [stderr] ...
[INFO] [stderr] 84 | #[holium_bindgen]
[INFO] [stderr]    | ^^^^^^^^^^^^^^^^^ function or associated item not found in `BadStructOnlySerde`
[INFO] [stderr]    |
[INFO] [stderr]    = help: items from traits can only be used if the trait is implemented and in scope
[INFO] [stderr]    = note: the following trait defines an item `generate_node`, perhaps you need to implement it:
[INFO] [stderr]            candidate #1: `holium_rs_sdk::GenerateNode`
[INFO] [stderr]    = note: this error originates in the attribute macro `holium_bindgen` (in Nightly builds, run with -Z macro-backtrace for more info)
[INFO] [stderr] ┈┈┈┈┈┈┈┈┈┈┈┈┈┈┈┈┈┈┈┈┈┈┈┈┈┈┈┈┈┈┈┈┈┈┈┈┈┈┈┈┈┈┈┈┈┈┈┈┈┈┈┈┈┈┈┈┈┈┈┈
[INFO] [stderr] 
[INFO] [stderr] ACTUAL OUTPUT:
[INFO] [stderr] ┈┈┈┈┈┈┈┈┈┈┈┈┈┈┈┈┈┈┈┈┈┈┈┈┈┈┈┈┈┈┈┈┈┈┈┈┈┈┈┈┈┈┈┈┈┈┈┈┈┈┈┈┈┈┈┈┈┈┈┈
[INFO] [stderr] error[E0432]: unresolved import `holium_rs_sdk`
[INFO] [stderr]  --> tests/proc-macro-tests/export.rs:2:5
[INFO] [stderr]   |
[INFO] [stderr] 2 | use holium_rs_sdk::*;
[INFO] [stderr]   |     ^^^^^^^^^^^^^ use of undeclared crate or module `holium_rs_sdk`
[INFO] [stderr] 
[INFO] [stderr] error: cannot find attribute `holium_bindgen` in this scope
[INFO] [stderr]  --> tests/proc-macro-tests/export.rs:5:3
[INFO] [stderr]   |
[INFO] [stderr] 5 | #[holium_bindgen]
[INFO] [stderr]   |   ^^^^^^^^^^^^^^
[INFO] [stderr]   |
[INFO] [stderr]   = help: consider importing this attribute macro:
[INFO] [stderr]           holium_macro::holium_bindgen
[INFO] [stderr] 
[INFO] [stderr] error: cannot find attribute `holium_bindgen` in this scope
[INFO] [stderr]   --> tests/proc-macro-tests/export.rs:10:3
[INFO] [stderr]    |
[INFO] [stderr] 10 | #[holium_bindgen]
[INFO] [stderr]    |   ^^^^^^^^^^^^^^
[INFO] [stderr]    |
[INFO] [stderr]    = help: consider importing this attribute macro:
[INFO] [stderr]            holium_macro::holium_bindgen
[INFO] [stderr] 
[INFO] [stderr] error: cannot find attribute `holium_bindgen` in this scope
[INFO] [stderr]   --> tests/proc-macro-tests/export.rs:13:3
[INFO] [stderr]    |
[INFO] [stderr] 13 | #[holium_bindgen]
[INFO] [stderr]    |   ^^^^^^^^^^^^^^
[INFO] [stderr]    |
[INFO] [stderr]    = help: consider importing this attribute macro:
[INFO] [stderr]            holium_macro::holium_bindgen
[INFO] [stderr] 
[INFO] [stderr] error: cannot find attribute `holium_bindgen` in this scope
[INFO] [stderr]   --> tests/proc-macro-tests/export.rs:18:3
[INFO] [stderr]    |
[INFO] [stderr] 18 | #[holium_bindgen]
[INFO] [stderr]    |   ^^^^^^^^^^^^^^
[INFO] [stderr]    |
[INFO] [stderr]    = help: consider importing this attribute macro:
[INFO] [stderr]            holium_macro::holium_bindgen
[INFO] [stderr] 
[INFO] [stderr] error: cannot find attribute `holium_bindgen` in this scope
[INFO] [stderr]   --> tests/proc-macro-tests/export.rs:23:3
[INFO] [stderr]    |
[INFO] [stderr] 23 | #[holium_bindgen]
[INFO] [stderr]    |   ^^^^^^^^^^^^^^
[INFO] [stderr]    |
[INFO] [stderr]    = help: consider importing this attribute macro:
[INFO] [stderr]            holium_macro::holium_bindgen
[INFO] [stderr] 
[INFO] [stderr] error: cannot find attribute `holium_bindgen` in this scope
[INFO] [stderr]   --> tests/proc-macro-tests/export.rs:28:3
[INFO] [stderr]    |
[INFO] [stderr] 28 | #[holium_bindgen]
[INFO] [stderr]    |   ^^^^^^^^^^^^^^
[INFO] [stderr]    |
[INFO] [stderr]    = help: consider importing this attribute macro:
[INFO] [stderr]            holium_macro::holium_bindgen
[INFO] [stderr] 
[INFO] [stderr] error: cannot find attribute `holium_bindgen` in this scope
[INFO] [stderr]   --> tests/proc-macro-tests/export.rs:33:3
[INFO] [stderr]    |
[INFO] [stderr] 33 | #[holium_bindgen]
[INFO] [stderr]    |   ^^^^^^^^^^^^^^
[INFO] [stderr]    |
[INFO] [stderr]    = help: consider importing this attribute macro:
[INFO] [stderr]            holium_macro::holium_bindgen
[INFO] [stderr] 
[INFO] [stderr] error: cannot find attribute `holium_bindgen` in this scope
[INFO] [stderr]   --> tests/proc-macro-tests/export.rs:38:3
[INFO] [stderr]    |
[INFO] [stderr] 38 | #[holium_bindgen]
[INFO] [stderr]    |   ^^^^^^^^^^^^^^
[INFO] [stderr]    |
[INFO] [stderr]    = help: consider importing this attribute macro:
[INFO] [stderr]            holium_macro::holium_bindgen
[INFO] [stderr] 
[INFO] [stderr] error: cannot find attribute `holium_bindgen` in this scope
[INFO] [stderr]   --> tests/proc-macro-tests/export.rs:45:3
[INFO] [stderr]    |
[INFO] [stderr] 45 | #[holium_bindgen]
[INFO] [stderr]    |   ^^^^^^^^^^^^^^
[INFO] [stderr]    |
[INFO] [stderr]    = help: consider importing this attribute macro:
[INFO] [stderr]            holium_macro::holium_bindgen
[INFO] [stderr] 
[INFO] [stderr] error: cannot find attribute `holium_bindgen` in this scope
[INFO] [stderr]   --> tests/proc-macro-tests/export.rs:53:3
[INFO] [stderr]    |
[INFO] [stderr] 53 | #[holium_bindgen]
[INFO] [stderr]    |   ^^^^^^^^^^^^^^
[INFO] [stderr]    |
[INFO] [stderr]    = help: consider importing this attribute macro:
[INFO] [stderr]            holium_macro::holium_bindgen
[INFO] [stderr] 
[INFO] [stderr] error: cannot find attribute `holium_bindgen` in this scope
[INFO] [stderr]   --> tests/proc-macro-tests/export.rs:60:3
[INFO] [stderr]    |
[INFO] [stderr] 60 | #[holium_bindgen]
[INFO] [stderr]    |   ^^^^^^^^^^^^^^
[INFO] [stderr]    |
[INFO] [stderr]    = help: consider importing this attribute macro:
[INFO] [stderr]            holium_macro::holium_bindgen
[INFO] [stderr] 
[INFO] [stderr] error: cannot find attribute `holium_bindgen` in this scope
[INFO] [stderr]   --> tests/proc-macro-tests/export.rs:65:3
[INFO] [stderr]    |
[INFO] [stderr] 65 | #[holium_bindgen]
[INFO] [stderr]    |   ^^^^^^^^^^^^^^
[INFO] [stderr]    |
[INFO] [stderr]    = help: consider importing this attribute macro:
[INFO] [stderr]            holium_macro::holium_bindgen
[INFO] [stderr] 
[INFO] [stderr] error: cannot find attribute `holium_bindgen` in this scope
[INFO] [stderr]   --> tests/proc-macro-tests/export.rs:74:3
[INFO] [stderr]    |
[INFO] [stderr] 74 | #[holium_bindgen]
[INFO] [stderr]    |   ^^^^^^^^^^^^^^
[INFO] [stderr]    |
[INFO] [stderr]    = help: consider importing this attribute macro:
[INFO] [stderr]            holium_macro::holium_bindgen
[INFO] [stderr] 
[INFO] [stderr] error: cannot find attribute `holium_bindgen` in this scope
[INFO] [stderr]   --> tests/proc-macro-tests/export.rs:84:3
[INFO] [stderr]    |
[INFO] [stderr] 84 | #[holium_bindgen]
[INFO] [stderr]    |   ^^^^^^^^^^^^^^
[INFO] [stderr]    |
[INFO] [stderr]    = help: consider importing this attribute macro:
[INFO] [stderr]            holium_macro::holium_bindgen
[INFO] [stderr] 
[INFO] [stderr] error: cannot find attribute `holium_bindgen` in this scope
[INFO] [stderr]   --> tests/proc-macro-tests/export.rs:89:3
[INFO] [stderr]    |
[INFO] [stderr] 89 | #[holium_bindgen]
[INFO] [stderr]    |   ^^^^^^^^^^^^^^
[INFO] [stderr]    |
[INFO] [stderr]    = help: consider importing this attribute macro:
[INFO] [stderr]            holium_macro::holium_bindgen
[INFO] [stderr] 
[INFO] [stderr] error: cannot find attribute `holium_bindgen` in this scope
[INFO] [stderr]   --> tests/proc-macro-tests/export.rs:96:3
[INFO] [stderr]    |
[INFO] [stderr] 96 | #[holium_bindgen]
[INFO] [stderr]    |   ^^^^^^^^^^^^^^
[INFO] [stderr]    |
[INFO] [stderr]    = help: consider importing this attribute macro:
[INFO] [stderr]            holium_macro::holium_bindgen
[INFO] [stderr] 
[INFO] [stderr] error[E0308]: mismatched types
[INFO] [stderr]   --> tests/proc-macro-tests/export.rs:91:5
[INFO] [stderr]    |
[INFO] [stderr] 90 |   pub fn fail3<'a>(x: &'a GoodStruct, y: &'a GoodStruct) -> &'a GoodStruct {
[INFO] [stderr]    |                                                             -------------- expected `&'a GoodStruct` because of return type
[INFO] [stderr] 91 | /     GoodStruct {
[INFO] [stderr] 92 | |         number: x.number + y.number,
[INFO] [stderr] 93 | |     }
[INFO] [stderr]    | |_____^ expected `&GoodStruct`, found `GoodStruct`
[INFO] [stderr]    |
[INFO] [stderr] help: consider borrowing here
[INFO] [stderr]    |
[INFO] [stderr] 91 ~     &GoodStruct {
[INFO] [stderr] 92 +         number: x.number + y.number,
[INFO] [stderr] 93 +     }
[INFO] [stderr]    |
[INFO] [stderr] ┈┈┈┈┈┈┈┈┈┈┈┈┈┈┈┈┈┈┈┈┈┈┈┈┈┈┈┈┈┈┈┈┈┈┈┈┈┈┈┈┈┈┈┈┈┈┈┈┈┈┈┈┈┈┈┈┈┈┈┈
[INFO] [stderr] note: If the actual output is the correct output you can bless it by rerunning
[INFO] [stderr]       your test with the environment variable TRYBUILD=overwrite
[INFO] [stderr] 
[INFO] [stderr] 
[INFO] [stderr] 
[INFO] [stdout] test proc_macro ... FAILED
[INFO] [stdout] 
[INFO] [stdout] failures:
[INFO] [stdout] 
[INFO] [stdout] ---- proc_macro stdout ----
[INFO] [stdout] thread 'proc_macro' panicked at '1 of 1 tests failed', /opt/rustwide/cargo-home/registry/src/github.com-1ecc6299db9ec823/trybuild-1.0.80/src/run.rs:101:13
[INFO] [stdout] stack backtrace:
[INFO] [stdout]    0:     0x557d427124ca - std::backtrace_rs::backtrace::libunwind::trace::ha9053a9a07ca49cb
[INFO] [stdout]                                at /rustc/84c898d65adf2f39a5a98507f1fe0ce10a2b8dbc/library/std/src/../../backtrace/src/backtrace/libunwind.rs:93:5
[INFO] [stdout]    1:     0x557d427124ca - std::backtrace_rs::backtrace::trace_unsynchronized::h9c2852a457ad564e
[INFO] [stdout]                                at /rustc/84c898d65adf2f39a5a98507f1fe0ce10a2b8dbc/library/std/src/../../backtrace/src/backtrace/mod.rs:66:5
[INFO] [stdout]    2:     0x557d427124ca - std::sys_common::backtrace::_print_fmt::h457936fbfaa0070f
[INFO] [stdout]                                at /rustc/84c898d65adf2f39a5a98507f1fe0ce10a2b8dbc/library/std/src/sys_common/backtrace.rs:65:5
[INFO] [stdout]    3:     0x557d427124ca - <std::sys_common::backtrace::_print::DisplayBacktrace as core::fmt::Display>::fmt::h5779d7bf7f70cb0c
[INFO] [stdout]                                at /rustc/84c898d65adf2f39a5a98507f1fe0ce10a2b8dbc/library/std/src/sys_common/backtrace.rs:44:22
[INFO] [stdout]    4:     0x557d4273816e - core::fmt::write::h5a4baaff1bcd3eb5
[INFO] [stdout]                                at /rustc/84c898d65adf2f39a5a98507f1fe0ce10a2b8dbc/library/core/src/fmt/mod.rs:1232:17
[INFO] [stdout]    5:     0x557d4270eb15 - std::io::Write::write_fmt::h478f79c628ef31d1
[INFO] [stdout]                                at /rustc/84c898d65adf2f39a5a98507f1fe0ce10a2b8dbc/library/std/src/io/mod.rs:1684:15
[INFO] [stdout]    6:     0x557d42712295 - std::sys_common::backtrace::_print::h5fcdc36060f177e8
[INFO] [stdout]                                at /rustc/84c898d65adf2f39a5a98507f1fe0ce10a2b8dbc/library/std/src/sys_common/backtrace.rs:47:5
[INFO] [stdout]    7:     0x557d42712295 - std::sys_common::backtrace::print::h54ca9458b876c8bf
[INFO] [stdout]                                at /rustc/84c898d65adf2f39a5a98507f1fe0ce10a2b8dbc/library/std/src/sys_common/backtrace.rs:34:9
[INFO] [stdout]    8:     0x557d4271405f - std::panicking::default_hook::{{closure}}::hbe471161c7664ed6
[INFO] [stdout]                                at /rustc/84c898d65adf2f39a5a98507f1fe0ce10a2b8dbc/library/std/src/panicking.rs:271:22
[INFO] [stdout]    9:     0x557d42713d1f - std::panicking::default_hook::ha3500da57aa4ac4f
[INFO] [stdout]                                at /rustc/84c898d65adf2f39a5a98507f1fe0ce10a2b8dbc/library/std/src/panicking.rs:287:9
[INFO] [stdout]   10:     0x557d426e4ae7 - <alloc::boxed::Box<F,A> as core::ops::function::Fn<Args>>::call::hdf1b89dd137ece34
[INFO] [stdout]                                at /rustc/84c898d65adf2f39a5a98507f1fe0ce10a2b8dbc/library/alloc/src/boxed.rs:2001:9
[INFO] [stdout]   11:     0x557d426e4ae7 - test::test_main::{{closure}}::h9081a79f20e75698
[INFO] [stdout]                                at /rustc/84c898d65adf2f39a5a98507f1fe0ce10a2b8dbc/library/test/src/lib.rs:135:21
[INFO] [stdout]   12:     0x557d4271478d - <alloc::boxed::Box<F,A> as core::ops::function::Fn<Args>>::call::h6507bddc3eebb4a5
[INFO] [stdout]                                at /rustc/84c898d65adf2f39a5a98507f1fe0ce10a2b8dbc/library/alloc/src/boxed.rs:2001:9
[INFO] [stdout]   13:     0x557d4271478d - std::panicking::rust_panic_with_hook::h50c09d000dc561d2
[INFO] [stdout]                                at /rustc/84c898d65adf2f39a5a98507f1fe0ce10a2b8dbc/library/std/src/panicking.rs:696:13
[INFO] [stdout]   14:     0x557d42714509 - std::panicking::begin_panic_handler::{{closure}}::h9e2b2176e00e0d9c
[INFO] [stdout]                                at /rustc/84c898d65adf2f39a5a98507f1fe0ce10a2b8dbc/library/std/src/panicking.rs:583:13
[INFO] [stdout]   15:     0x557d42712936 - std::sys_common::backtrace::__rust_end_short_backtrace::h5739b8e512c09d02
[INFO] [stdout]                                at /rustc/84c898d65adf2f39a5a98507f1fe0ce10a2b8dbc/library/std/src/sys_common/backtrace.rs:150:18
[INFO] [stdout]   16:     0x557d42714212 - rust_begin_unwind
[INFO] [stdout]                                at /rustc/84c898d65adf2f39a5a98507f1fe0ce10a2b8dbc/library/std/src/panicking.rs:579:5
[INFO] [stdout]   17:     0x557d424aae53 - core::panicking::panic_fmt::hf33a1475b4dc5c3e
[INFO] [stdout]                                at /rustc/84c898d65adf2f39a5a98507f1fe0ce10a2b8dbc/library/core/src/panicking.rs:64:14
[INFO] [stdout]   18:     0x557d4250efdf - trybuild::run::<impl trybuild::Runner>::run::h76f4aaddfe1ee461
[INFO] [stdout]                                at /opt/rustwide/cargo-home/registry/src/github.com-1ecc6299db9ec823/trybuild-1.0.80/src/run.rs:101:13
[INFO] [stdout]   19:     0x557d425147ba - <trybuild::TestCases as core::ops::drop::Drop>::drop::h4da07576014f74ae
[INFO] [stdout]                                at /opt/rustwide/cargo-home/registry/src/github.com-1ecc6299db9ec823/trybuild-1.0.80/src/lib.rs:315:13
[INFO] [stdout]   20:     0x557d424abda7 - core::ptr::drop_in_place<trybuild::TestCases>::h342999d42bcd2d7e
[INFO] [stdout]                                at /rustc/84c898d65adf2f39a5a98507f1fe0ce10a2b8dbc/library/core/src/ptr/mod.rs:490:1
[INFO] [stdout]   21:     0x557d424ac643 - proc_macro::proc_macro::h9e9791df8cd75bc3
[INFO] [stdout]                                at /opt/rustwide/workdir/tests/proc-macro.rs:5:1
[INFO] [stdout]   22:     0x557d424ac5d7 - proc_macro::proc_macro::{{closure}}::he20ba098765b49fe
[INFO] [stdout]                                at /opt/rustwide/workdir/tests/proc-macro.rs:2:17
[INFO] [stdout]   23:     0x557d424abd55 - core::ops::function::FnOnce::call_once::hc1266a1daa45c65f
[INFO] [stdout]                                at /rustc/84c898d65adf2f39a5a98507f1fe0ce10a2b8dbc/library/core/src/ops/function.rs:250:5
[INFO] [stdout]   24:     0x557d426e9ecf - core::ops::function::FnOnce::call_once::h7d969581be7d0075
[INFO] [stdout]                                at /rustc/84c898d65adf2f39a5a98507f1fe0ce10a2b8dbc/library/core/src/ops/function.rs:250:5
[INFO] [stdout]   25:     0x557d426e9ecf - test::__rust_begin_short_backtrace::hca25a52684e56655
[INFO] [stdout]                                at /rustc/84c898d65adf2f39a5a98507f1fe0ce10a2b8dbc/library/test/src/lib.rs:656:18
[INFO] [stdout]   26:     0x557d426bb4ec - test::run_test::{{closure}}::ha8ac744c4af1a4bb
[INFO] [stdout]                                at /rustc/84c898d65adf2f39a5a98507f1fe0ce10a2b8dbc/library/test/src/lib.rs:647:30
[INFO] [stdout]   27:     0x557d426bb4ec - core::ops::function::FnOnce::call_once{{vtable.shim}}::h7b411a9ed45bdecf
[INFO] [stdout]                                at /rustc/84c898d65adf2f39a5a98507f1fe0ce10a2b8dbc/library/core/src/ops/function.rs:250:5
[INFO] [stdout]   28:     0x557d426e8e96 - <alloc::boxed::Box<F,A> as core::ops::function::FnOnce<Args>>::call_once::hd05328869a8ed200
[INFO] [stdout]                                at /rustc/84c898d65adf2f39a5a98507f1fe0ce10a2b8dbc/library/alloc/src/boxed.rs:1987:9
[INFO] [stdout]   29:     0x557d426e8e96 - <core::panic::unwind_safe::AssertUnwindSafe<F> as core::ops::function::FnOnce<()>>::call_once::h0c601ce20bd5b2be
[INFO] [stdout]                                at /rustc/84c898d65adf2f39a5a98507f1fe0ce10a2b8dbc/library/core/src/panic/unwind_safe.rs:271:9
[INFO] [stdout]   30:     0x557d426e8e96 - std::panicking::try::do_call::ha4be5c164fe30854
[INFO] [stdout]                                at /rustc/84c898d65adf2f39a5a98507f1fe0ce10a2b8dbc/library/std/src/panicking.rs:487:40
[INFO] [stdout]   31:     0x557d426e8e96 - std::panicking::try::h604546f3609af05f
[INFO] [stdout]                                at /rustc/84c898d65adf2f39a5a98507f1fe0ce10a2b8dbc/library/std/src/panicking.rs:451:19
[INFO] [stdout]   32:     0x557d426e8e96 - std::panic::catch_unwind::h5bfa8afe44c9c2f9
[INFO] [stdout]                                at /rustc/84c898d65adf2f39a5a98507f1fe0ce10a2b8dbc/library/std/src/panic.rs:140:14
[INFO] [stdout]   33:     0x557d426e8e96 - test::run_test_in_process::hd50dee55dd63e6aa
[INFO] [stdout]                                at /rustc/84c898d65adf2f39a5a98507f1fe0ce10a2b8dbc/library/test/src/lib.rs:679:27
[INFO] [stdout]   34:     0x557d426e8e96 - test::run_test::run_test_inner::{{closure}}::h4aa0f433aa85cea8
[INFO] [stdout]                                at /rustc/84c898d65adf2f39a5a98507f1fe0ce10a2b8dbc/library/test/src/lib.rs:573:39
[INFO] [stdout]   35:     0x557d426b5b61 - test::run_test::run_test_inner::{{closure}}::had56431adf24b4d6
[INFO] [stdout]                                at /rustc/84c898d65adf2f39a5a98507f1fe0ce10a2b8dbc/library/test/src/lib.rs:600:37
[INFO] [stdout]   36:     0x557d426b5b61 - std::sys_common::backtrace::__rust_begin_short_backtrace::ha8d9890e0c73bf13
[INFO] [stdout]                                at /rustc/84c898d65adf2f39a5a98507f1fe0ce10a2b8dbc/library/std/src/sys_common/backtrace.rs:134:18
[INFO] [stdout]   37:     0x557d426bb57b - std::thread::Builder::spawn_unchecked_::{{closure}}::{{closure}}::h251832bcb4a95327
[INFO] [stdout]                                at /rustc/84c898d65adf2f39a5a98507f1fe0ce10a2b8dbc/library/std/src/thread/mod.rs:560:17
[INFO] [stdout]   38:     0x557d426bb57b - <core::panic::unwind_safe::AssertUnwindSafe<F> as core::ops::function::FnOnce<()>>::call_once::h8fdff598fa414831
[INFO] [stdout]                                at /rustc/84c898d65adf2f39a5a98507f1fe0ce10a2b8dbc/library/core/src/panic/unwind_safe.rs:271:9
[INFO] [stdout]   39:     0x557d426bb57b - std::panicking::try::do_call::h455dd2f7764a950f
[INFO] [stdout]                                at /rustc/84c898d65adf2f39a5a98507f1fe0ce10a2b8dbc/library/std/src/panicking.rs:487:40
[INFO] [stdout]   40:     0x557d426bb57b - std::panicking::try::had6f23b7b73ae72a
[INFO] [stdout]                                at /rustc/84c898d65adf2f39a5a98507f1fe0ce10a2b8dbc/library/std/src/panicking.rs:451:19
[INFO] [stdout]   41:     0x557d426bb57b - std::panic::catch_unwind::ha6a5ca3915b4dad0
[INFO] [stdout]                                at /rustc/84c898d65adf2f39a5a98507f1fe0ce10a2b8dbc/library/std/src/panic.rs:140:14
[INFO] [stdout]   42:     0x557d426bb57b - std::thread::Builder::spawn_unchecked_::{{closure}}::h883b72ef75da6231
[INFO] [stdout]                                at /rustc/84c898d65adf2f39a5a98507f1fe0ce10a2b8dbc/library/std/src/thread/mod.rs:559:30
[INFO] [stdout]   43:     0x557d426bb57b - core::ops::function::FnOnce::call_once{{vtable.shim}}::hb7dff73dc8bd2ccb
[INFO] [stdout]                                at /rustc/84c898d65adf2f39a5a98507f1fe0ce10a2b8dbc/library/core/src/ops/function.rs:250:5
[INFO] [stdout]   44:     0x557d427199f3 - <alloc::boxed::Box<F,A> as core::ops::function::FnOnce<Args>>::call_once::h39990b24eedef2ab
[INFO] [stdout]                                at /rustc/84c898d65adf2f39a5a98507f1fe0ce10a2b8dbc/library/alloc/src/boxed.rs:1987:9
[INFO] [stdout]   45:     0x557d427199f3 - <alloc::boxed::Box<F,A> as core::ops::function::FnOnce<Args>>::call_once::h01a027258444143b
[INFO] [stdout]                                at /rustc/84c898d65adf2f39a5a98507f1fe0ce10a2b8dbc/library/alloc/src/boxed.rs:1987:9
[INFO] [stdout]   46:     0x557d427199f3 - std::sys::unix::thread::Thread::new::thread_start::ha4f1cdd9c25884ba
[INFO] [stdout]                                at /rustc/84c898d65adf2f39a5a98507f1fe0ce10a2b8dbc/library/std/src/sys/unix/thread.rs:108:17
[INFO] [stdout]   47:     0x7ffb97ca8b43 - <unknown>
[INFO] [stdout]   48:     0x7ffb97d39bb4 - __clone
[INFO] [stdout]   49:                0x0 - <unknown>
[INFO] [stdout] 
[INFO] [stdout] 
[INFO] [stdout] failures:
[INFO] [stdout]     proc_macro
[INFO] [stdout] 
[INFO] [stdout] test result: FAILED. 0 passed; 1 failed; 0 ignored; 0 measured; 0 filtered out; finished in 26.30s
[INFO] [stdout] 
[INFO] [stderr] error: test failed, to rerun pass `--test proc-macro`
[INFO] running `Command { std: "docker" "inspect" "dddb1aa30e538a63f2ffccc2f7f614f3dcb63f3ea3d90c3434e8fbac0d1de93a", kill_on_drop: false }`
[INFO] running `Command { std: "docker" "rm" "-f" "dddb1aa30e538a63f2ffccc2f7f614f3dcb63f3ea3d90c3434e8fbac0d1de93a", kill_on_drop: false }`
[INFO] [stdout] dddb1aa30e538a63f2ffccc2f7f614f3dcb63f3ea3d90c3434e8fbac0d1de93a
