[INFO] fetching crate hobo_core 0.2.1...
[INFO] testing hobo_core-0.2.1 against 1.69.0 for beta-1.70-1
[INFO] extracting crate hobo_core 0.2.1 into /workspace/builds/worker-2-tc1/source
[INFO] validating manifest of crates.io crate hobo_core 0.2.1 on toolchain 1.69.0
[INFO] running `Command { std: CARGO_HOME="/workspace/cargo-home" RUSTUP_HOME="/workspace/rustup-home" "/workspace/cargo-home/bin/cargo" "+1.69.0" "metadata" "--manifest-path" "Cargo.toml" "--no-deps", kill_on_drop: false }`
[INFO] started tweaking crates.io crate hobo_core 0.2.1
[INFO] finished tweaking crates.io crate hobo_core 0.2.1
[INFO] tweaked toml for crates.io crate hobo_core 0.2.1 written to /workspace/builds/worker-2-tc1/source/Cargo.toml
[INFO] running `Command { std: CARGO_HOME="/workspace/cargo-home" RUSTUP_HOME="/workspace/rustup-home" __CARGO_TEST_CHANNEL_OVERRIDE_DO_NOT_USE_THIS="nightly" "/workspace/cargo-home/bin/cargo" "+1.69.0" "generate-lockfile" "--manifest-path" "Cargo.toml" "-Zno-index-update", kill_on_drop: false }`
[INFO] running `Command { std: CARGO_HOME="/workspace/cargo-home" RUSTUP_HOME="/workspace/rustup-home" "/workspace/cargo-home/bin/cargo" "+1.69.0" "fetch" "--manifest-path" "Cargo.toml", kill_on_drop: false }`
[INFO] [stderr]  Downloading crates ...
[INFO] [stderr]   Downloaded shrinkwraprs v0.3.0
[INFO] [stderr]   Downloaded extend v1.2.0
[INFO] [stderr]   Downloaded proc-quote-impl v0.3.2
[INFO] [stderr]   Downloaded proc-quote v0.4.0
[INFO] [stderr]   Downloaded gensym v0.1.0
[INFO] [stderr]   Downloaded as-any v0.2.1
[INFO] [stderr]   Downloaded stats_alloc v0.1.10
[INFO] [stderr]   Downloaded futures-signals v0.3.32
[INFO] [stderr]   Downloaded hobo_css_macros v0.2.1
[INFO] [stderr]   Downloaded sugars v3.0.1
[INFO] [stderr]   Downloaded hobo_derive v0.2.1
[INFO] [stderr]   Downloaded hobo_css v0.2.1
[INFO] running `Command { std: "docker" "create" "-v" "/var/lib/crater-agent-workspace/builds/worker-2-tc1/target:/opt/rustwide/target:rw,Z" "-v" "/var/lib/crater-agent-workspace/builds/worker-2-tc1/source:/opt/rustwide/workdir:ro,Z" "-v" "/var/lib/crater-agent-workspace/cargo-home:/opt/rustwide/cargo-home:ro,Z" "-v" "/var/lib/crater-agent-workspace/rustup-home:/opt/rustwide/rustup-home:ro,Z" "-e" "SOURCE_DIR=/opt/rustwide/workdir" "-e" "CARGO_TARGET_DIR=/opt/rustwide/target" "-e" "CARGO_HOME=/opt/rustwide/cargo-home" "-e" "RUSTUP_HOME=/opt/rustwide/rustup-home" "-w" "/opt/rustwide/workdir" "-m" "1610612736" "--user" "0:0" "--network" "none" "ghcr.io/rust-lang/crates-build-env/linux@sha256:5ff2268d62e97bff2cde7d5815dd6ed5b47097566f13b8d0ca110b04b60e07ed" "/opt/rustwide/cargo-home/bin/cargo" "+1.69.0" "metadata" "--no-deps" "--format-version=1", kill_on_drop: false }`
[INFO] [stdout] f4c8b5befd0dcb18dc808097beeca3b2e05de6f6d47086e6c4ea2b654b274828
[INFO] running `Command { std: "docker" "start" "-a" "f4c8b5befd0dcb18dc808097beeca3b2e05de6f6d47086e6c4ea2b654b274828", kill_on_drop: false }`
[INFO] running `Command { std: "docker" "inspect" "f4c8b5befd0dcb18dc808097beeca3b2e05de6f6d47086e6c4ea2b654b274828", kill_on_drop: false }`
[INFO] running `Command { std: "docker" "rm" "-f" "f4c8b5befd0dcb18dc808097beeca3b2e05de6f6d47086e6c4ea2b654b274828", kill_on_drop: false }`
[INFO] [stdout] f4c8b5befd0dcb18dc808097beeca3b2e05de6f6d47086e6c4ea2b654b274828
[INFO] running `Command { std: "docker" "create" "-v" "/var/lib/crater-agent-workspace/builds/worker-2-tc1/target:/opt/rustwide/target:rw,Z" "-v" "/var/lib/crater-agent-workspace/builds/worker-2-tc1/source:/opt/rustwide/workdir:ro,Z" "-v" "/var/lib/crater-agent-workspace/cargo-home:/opt/rustwide/cargo-home:ro,Z" "-v" "/var/lib/crater-agent-workspace/rustup-home:/opt/rustwide/rustup-home:ro,Z" "-e" "SOURCE_DIR=/opt/rustwide/workdir" "-e" "CARGO_TARGET_DIR=/opt/rustwide/target" "-e" "CARGO_INCREMENTAL=0" "-e" "RUST_BACKTRACE=full" "-e" "RUSTFLAGS=--cap-lints=warn" "-e" "RUSTDOCFLAGS=--cap-lints=warn" "-e" "CARGO_HOME=/opt/rustwide/cargo-home" "-e" "RUSTUP_HOME=/opt/rustwide/rustup-home" "-w" "/opt/rustwide/workdir" "-m" "1610612736" "--user" "0:0" "--network" "none" "ghcr.io/rust-lang/crates-build-env/linux@sha256:5ff2268d62e97bff2cde7d5815dd6ed5b47097566f13b8d0ca110b04b60e07ed" "/opt/rustwide/cargo-home/bin/cargo" "+1.69.0" "build" "--frozen" "--message-format=json", kill_on_drop: false }`
[INFO] [stdout] 56af000988f5236a9173a0c95a498fd08df5f56a545242e6c2e72ec8cbfe6fdd
[INFO] running `Command { std: "docker" "start" "-a" "56af000988f5236a9173a0c95a498fd08df5f56a545242e6c2e72ec8cbfe6fdd", kill_on_drop: false }`
[INFO] [stderr]     Blocking waiting for file lock on package cache
[INFO] [stderr]    Compiling syn v1.0.109
[INFO] [stderr]    Compiling rand_core v0.4.2
[INFO] [stderr]    Compiling wasm-bindgen-shared v0.2.84
[INFO] [stderr]    Compiling proc-macro-hack v0.5.20+deprecated
[INFO] [stderr]    Compiling bumpalo v3.12.1
[INFO] [stderr]    Compiling autocfg v0.1.8
[INFO] [stderr]    Compiling libc v0.2.142
[INFO] [stderr]    Compiling serde_json v1.0.96
[INFO] [stderr]    Compiling proc-macro2 v0.4.30
[INFO] [stderr]    Compiling indexmap v1.9.3
[INFO] [stderr]    Compiling hashbrown v0.12.3
[INFO] [stderr]    Compiling syn v2.0.15
[INFO] [stderr]    Compiling rustversion v1.0.12
[INFO] [stderr]    Compiling either v1.8.1
[INFO] [stderr]    Compiling unicode-segmentation v1.10.1
[INFO] [stderr]    Compiling unicode-xid v0.1.0
[INFO] [stderr]    Compiling winnow v0.4.4
[INFO] [stderr]    Compiling rand_pcg v0.1.2
[INFO] [stderr]    Compiling rand_chacha v0.1.1
[INFO] [stderr]    Compiling rand_core v0.3.1
[INFO] [stderr]    Compiling rand v0.6.5
[INFO] [stderr]    Compiling toml_datetime v0.6.1
[INFO] [stderr]    Compiling wasm-bindgen v0.2.84
[INFO] [stderr]    Compiling heck v0.3.3
[INFO] [stderr]    Compiling rand_hc v0.1.0
[INFO] [stderr]    Compiling rand_isaac v0.1.1
[INFO] [stderr]    Compiling rand_xorshift v0.1.1
[INFO] [stderr]    Compiling rand_jitter v0.1.4
[INFO] [stderr]    Compiling syn v0.15.44
[INFO] [stderr]    Compiling futures-util v0.3.28
[INFO] [stderr]    Compiling futures-channel v0.3.28
[INFO] [stderr]    Compiling itertools v0.10.5
[INFO] [stderr]    Compiling rand_os v0.1.3
[INFO] [stderr]    Compiling slotmap v1.0.6
[INFO] [stderr]    Compiling ordered-float v2.10.0
[INFO] [stderr]    Compiling itertools v0.8.2
[INFO] [stderr]    Compiling discard v1.0.4
[INFO] [stderr]    Compiling quote v0.6.13
[INFO] [stderr]    Compiling stable_deref_trait v1.2.0
[INFO] [stderr]    Compiling bitflags v1.3.2
[INFO] [stderr]    Compiling xmlparser v0.13.5
[INFO] [stderr]    Compiling owning_ref v0.4.1
[INFO] [stderr]    Compiling sugars v3.0.1
[INFO] [stderr]    Compiling as-any v0.2.1
[INFO] [stderr]    Compiling roxmltree v0.14.1
[INFO] [stderr]    Compiling proc-quote-impl v0.3.2
[INFO] [stderr]    Compiling uuid v0.7.4
[INFO] [stderr]    Compiling toml_edit v0.19.8
[INFO] [stderr]    Compiling proc-macro-crate v1.3.1
[INFO] [stderr]    Compiling gensym v0.1.0
[INFO] [stderr]    Compiling serde_derive v1.0.160
[INFO] [stderr]    Compiling futures-macro v0.3.28
[INFO] [stderr]    Compiling extend v1.2.0
[INFO] [stderr]    Compiling wasm-bindgen-backend v0.2.84
[INFO] [stderr]    Compiling proc-macro-error v1.0.4
[INFO] [stderr]    Compiling derive_utils v0.11.2
[INFO] [stderr]    Compiling proc-quote v0.4.0
[INFO] [stderr]    Compiling wasm-bindgen-macro-support v0.2.84
[INFO] [stderr]    Compiling strum_macros v0.23.1
[INFO] [stderr]    Compiling pin-project-internal v1.0.12
[INFO] [stderr]    Compiling smart-default v0.6.0
[INFO] [stderr]    Compiling hobo_css_macros v0.2.1
[INFO] [stderr]    Compiling hobo_derive v0.2.1
[INFO] [stderr]    Compiling shrinkwraprs v0.3.0
[INFO] [stderr]    Compiling wasm-bindgen-macro v0.2.84
[INFO] [stderr]    Compiling pin-project v1.0.12
[INFO] [stderr]    Compiling strum v0.23.0
[INFO] [stderr]    Compiling hobo_css v0.2.1
[INFO] [stderr]    Compiling serde v1.0.160
[INFO] [stderr]    Compiling futures-signals v0.3.32
[INFO] [stderr]    Compiling js-sys v0.3.61
[INFO] [stderr]    Compiling web-sys v0.3.61
[INFO] [stderr]    Compiling wasm-bindgen-futures v0.4.34
[INFO] [stderr]    Compiling hobo_core v0.2.1 (/opt/rustwide/workdir)
[INFO] [stderr]     Finished dev [unoptimized + debuginfo] target(s) in 59.27s
[INFO] running `Command { std: "docker" "inspect" "56af000988f5236a9173a0c95a498fd08df5f56a545242e6c2e72ec8cbfe6fdd", kill_on_drop: false }`
[INFO] running `Command { std: "docker" "rm" "-f" "56af000988f5236a9173a0c95a498fd08df5f56a545242e6c2e72ec8cbfe6fdd", kill_on_drop: false }`
[INFO] [stdout] 56af000988f5236a9173a0c95a498fd08df5f56a545242e6c2e72ec8cbfe6fdd
[INFO] running `Command { std: "docker" "create" "-v" "/var/lib/crater-agent-workspace/builds/worker-2-tc1/target:/opt/rustwide/target:rw,Z" "-v" "/var/lib/crater-agent-workspace/builds/worker-2-tc1/source:/opt/rustwide/workdir:ro,Z" "-v" "/var/lib/crater-agent-workspace/cargo-home:/opt/rustwide/cargo-home:ro,Z" "-v" "/var/lib/crater-agent-workspace/rustup-home:/opt/rustwide/rustup-home:ro,Z" "-e" "SOURCE_DIR=/opt/rustwide/workdir" "-e" "CARGO_TARGET_DIR=/opt/rustwide/target" "-e" "CARGO_INCREMENTAL=0" "-e" "RUST_BACKTRACE=full" "-e" "RUSTFLAGS=--cap-lints=warn" "-e" "RUSTDOCFLAGS=--cap-lints=warn" "-e" "CARGO_HOME=/opt/rustwide/cargo-home" "-e" "RUSTUP_HOME=/opt/rustwide/rustup-home" "-w" "/opt/rustwide/workdir" "-m" "1610612736" "--user" "0:0" "--network" "none" "ghcr.io/rust-lang/crates-build-env/linux@sha256:5ff2268d62e97bff2cde7d5815dd6ed5b47097566f13b8d0ca110b04b60e07ed" "/opt/rustwide/cargo-home/bin/cargo" "+1.69.0" "test" "--frozen" "--no-run" "--message-format=json", kill_on_drop: false }`
[INFO] [stdout] 428abaedf2f9c78e2e9bd836092162e0e1f636da4374083e855e0856ea2b4182
[INFO] running `Command { std: "docker" "start" "-a" "428abaedf2f9c78e2e9bd836092162e0e1f636da4374083e855e0856ea2b4182", kill_on_drop: false }`
[INFO] [stderr]    Compiling console_error_panic_hook v0.1.7
[INFO] [stderr]    Compiling wasm-bindgen-test-macro v0.3.34
[INFO] [stderr]    Compiling scoped-tls v1.0.1
[INFO] [stderr]    Compiling stats_alloc v0.1.10
[INFO] [stderr]    Compiling console_log v0.2.2
[INFO] [stderr]    Compiling wasm-bindgen-test v0.3.34
[INFO] [stderr]    Compiling hobo_core v0.2.1 (/opt/rustwide/workdir)
[INFO] [stderr]     Finished test [unoptimized + debuginfo] target(s) in 6.17s
[INFO] running `Command { std: "docker" "inspect" "428abaedf2f9c78e2e9bd836092162e0e1f636da4374083e855e0856ea2b4182", kill_on_drop: false }`
[INFO] running `Command { std: "docker" "rm" "-f" "428abaedf2f9c78e2e9bd836092162e0e1f636da4374083e855e0856ea2b4182", kill_on_drop: false }`
[INFO] [stdout] 428abaedf2f9c78e2e9bd836092162e0e1f636da4374083e855e0856ea2b4182
[INFO] running `Command { std: "docker" "create" "-v" "/var/lib/crater-agent-workspace/builds/worker-2-tc1/target:/opt/rustwide/target:rw,Z" "-v" "/var/lib/crater-agent-workspace/builds/worker-2-tc1/source:/opt/rustwide/workdir:ro,Z" "-v" "/var/lib/crater-agent-workspace/cargo-home:/opt/rustwide/cargo-home:ro,Z" "-v" "/var/lib/crater-agent-workspace/rustup-home:/opt/rustwide/rustup-home:ro,Z" "-e" "SOURCE_DIR=/opt/rustwide/workdir" "-e" "CARGO_TARGET_DIR=/opt/rustwide/target" "-e" "CARGO_INCREMENTAL=0" "-e" "RUST_BACKTRACE=full" "-e" "RUSTFLAGS=--cap-lints=warn" "-e" "RUSTDOCFLAGS=--cap-lints=warn" "-e" "CARGO_HOME=/opt/rustwide/cargo-home" "-e" "RUSTUP_HOME=/opt/rustwide/rustup-home" "-w" "/opt/rustwide/workdir" "-m" "1610612736" "--user" "0:0" "--network" "none" "ghcr.io/rust-lang/crates-build-env/linux@sha256:5ff2268d62e97bff2cde7d5815dd6ed5b47097566f13b8d0ca110b04b60e07ed" "/opt/rustwide/cargo-home/bin/cargo" "+1.69.0" "test" "--frozen", kill_on_drop: false }`
[INFO] [stdout] ff77936d22ed1ed5b594c21e224b5f5064eeb31b4bc9080dc84b3d823871d84d
[INFO] running `Command { std: "docker" "start" "-a" "ff77936d22ed1ed5b594c21e224b5f5064eeb31b4bc9080dc84b3d823871d84d", kill_on_drop: false }`
[INFO] [stderr]     Finished test [unoptimized + debuginfo] target(s) in 0.12s
[INFO] [stderr]      Running unittests src/lib.rs (/opt/rustwide/target/debug/deps/hobo_core-b69a2796b663c8f0)
[INFO] [stdout] 
[INFO] [stdout] running 172 tests
[INFO] [stdout] test components::audio_has_selector ... ok
[INFO] [stdout] test components::br_has_selector ... ok
[INFO] [stdout] test components::b_has_selector ... ok
[INFO] [stdout] test components::bdi_has_selector ... ok
[INFO] [stdout] test components::base_has_selector ... ok
[INFO] [stdout] test components::aside_has_selector ... ok
[INFO] [stdout] test components::blockquote_has_selector ... ok
[INFO] [stdout] test components::address_has_selector ... ok
[INFO] [stdout] test components::button_has_selector ... ok
[INFO] [stdout] test components::animateMotion_has_selector ... ok
[INFO] [stdout] test components::article_has_selector ... ok
[INFO] [stdout] test components::bdo_has_selector ... ok
[INFO] [stdout] test components::area_has_selector ... ok
[INFO] [stdout] test components::body_has_selector ... ok
[INFO] [stdout] test components::animateTransform_has_selector ... ok
[INFO] [stdout] test components::abbr_has_selector ... ok
[INFO] [stdout] test components::animate_has_selector ... ok
[INFO] [stdout] test components::caption_has_selector ... ok
[INFO] [stdout] test components::datalist_has_selector ... ok
[INFO] [stdout] test components::defs_has_selector ... ok
[INFO] [stdout] test components::circle_has_selector ... ok
[INFO] [stdout] test components::data_has_selector ... ok
[INFO] [stdout] test components::dd_has_selector ... ok
[INFO] [stdout] test components::desc_has_selector ... ok
[INFO] [stdout] test components::col_has_selector ... ok
[INFO] [stdout] test components::code_has_selector ... ok
[INFO] [stdout] test components::a_has_selector ... ok
[INFO] [stdout] test components::cite_has_selector ... ok
[INFO] [stdout] test components::del_has_selector ... ok
[INFO] [stdout] test components::clipPath_has_selector ... ok
[INFO] [stdout] test components::dt_has_selector ... ok
[INFO] [stdout] test components::feComponentTransfer_has_selector ... ok
[INFO] [stdout] test components::feConvolveMatrix_has_selector ... ok
[INFO] [stdout] test components::feComposite_has_selector ... ok
[INFO] [stdout] test components::embed_has_selector ... ok
[INFO] [stdout] test components::dl_has_selector ... ok
[INFO] [stdout] test components::em_has_selector ... ok
[INFO] [stdout] test components::dfn_has_selector ... ok
[INFO] [stdout] test components::dialog_has_selector ... ok
[INFO] [stdout] test components::ellipse_has_selector ... ok
[INFO] [stdout] test components::colgroup_has_selector ... ok
[INFO] [stdout] test components::canvas_has_selector ... ok
[INFO] [stdout] test components::div_has_selector ... ok
[INFO] [stdout] test components::feColorMatrix_has_selector ... ok
[INFO] [stdout] test components::details_has_selector ... ok
[INFO] [stdout] test components::feBlend_has_selector ... ok
[INFO] [stdout] test components::feDiffuseLighting_has_selector ... ok
[INFO] [stdout] test components::feDisplacementMap_has_selector ... ok
[INFO] [stdout] test components::feFuncA_has_selector ... ok
[INFO] [stdout] test components::feDropShadow_has_selector ... ok
[INFO] [stdout] test components::feFuncR_has_selector ... ok
[INFO] [stdout] test components::feMergeNode_has_selector ... ok
[INFO] [stdout] test components::feMerge_has_selector ... ok
[INFO] [stdout] test components::feFlood_has_selector ... ok
[INFO] [stdout] test components::feImage_has_selector ... ok
[INFO] [stdout] test components::feDistantLight_has_selector ... ok
[INFO] [stdout] test components::feFuncB_has_selector ... ok
[INFO] [stdout] test components::feGaussianBlur_has_selector ... ok
[INFO] [stdout] test components::feFuncG_has_selector ... ok
[INFO] [stdout] test components::fePointLight_has_selector ... ok
[INFO] [stdout] test components::feSpecularLighting_has_selector ... ok
[INFO] [stdout] test components::feSpotLight_has_selector ... ok
[INFO] [stdout] test components::filter_has_selector ... ok
[INFO] [stdout] test components::footer_has_selector ... ok
[INFO] [stdout] test components::foreignObject_has_selector ... ok
[INFO] [stdout] test components::feTurbulence_has_selector ... ok
[INFO] [stdout] test components::feTile_has_selector ... ok
[INFO] [stdout] test components::figcaption_has_selector ... ok
[INFO] [stdout] test components::figure_has_selector ... ok
[INFO] [stdout] test components::fieldset_has_selector ... ok
[INFO] [stdout] test components::feOffset_has_selector ... ok
[INFO] [stdout] test components::g_has_selector ... ok
[INFO] [stdout] test components::form_has_selector ... ok
[INFO] [stdout] test components::h6_has_selector ... ok
[INFO] [stdout] test components::head_has_selector ... ok
[INFO] [stdout] test components::h3_has_selector ... ok
[INFO] [stdout] test components::h4_has_selector ... ok
[INFO] [stdout] test components::h1_has_selector ... ok
[INFO] [stdout] test components::h5_has_selector ... ok
[INFO] [stdout] test components::h2_has_selector ... ok
[INFO] [stdout] test components::header_has_selector ... ok
[INFO] [stdout] test components::html_has_selector ... ok
[INFO] [stdout] test components::hr_has_selector ... ok
[INFO] [stdout] test components::i_has_selector ... ok
[INFO] [stdout] test components::feMorphology_has_selector ... ok
[INFO] [stdout] test components::link_has_selector ... ok
[INFO] [stdout] test components::label_has_selector ... ok
[INFO] [stdout] test components::main_has_selector ... ok
[INFO] [stdout] test components::ins_has_selector ... ok
[INFO] [stdout] test components::kbd_has_selector ... ok
[INFO] [stdout] test components::img_has_selector ... ok
[INFO] [stdout] test components::line_has_selector ... ok
[INFO] [stdout] test components::linearGradient_has_selector ... ok
[INFO] [stdout] test components::iframe_has_selector ... ok
[INFO] [stdout] test components::li_has_selector ... ok
[INFO] [stdout] test components::image_has_selector ... ok
[INFO] [stdout] test components::metadata_has_selector ... ok
[INFO] [stdout] test components::marker_has_selector ... ok
[INFO] [stdout] test components::noscript_has_selector ... ok
[INFO] [stdout] test components::mpath_has_selector ... ok
[INFO] [stdout] test components::map_has_selector ... ok
[INFO] [stdout] test components::nav_has_selector ... ok
[INFO] [stdout] test components::menu_has_selector ... ok
[INFO] [stdout] test components::meta_has_selector ... ok
[INFO] [stdout] test components::object_has_selector ... ok
[INFO] [stdout] test components::meter_has_selector ... ok
[INFO] [stdout] test components::legend_has_selector ... ok
[INFO] [stdout] test components::mask_has_selector ... ok
[INFO] [stdout] test components::mark_has_selector ... ok
[INFO] [stdout] test components::input_has_selector ... ok
[INFO] [stdout] test components::pattern_has_selector ... ok
[INFO] [stdout] test components::optgroup_has_selector ... ok
[INFO] [stdout] test components::polygon_has_selector ... ok
[INFO] [stdout] test components::picture_has_selector ... ok
[INFO] [stdout] test components::q_has_selector ... ok
[INFO] [stdout] test components::radialGradient_has_selector ... ok
[INFO] [stdout] test components::option_has_selector ... ok
[INFO] [stdout] test components::progress_has_selector ... ok
[INFO] [stdout] test components::param_has_selector ... ok
[INFO] [stdout] test components::path_has_selector ... ok
[INFO] [stdout] test components::ol_has_selector ... ok
[INFO] [stdout] test components::polyline_has_selector ... ok
[INFO] [stdout] test components::output_has_selector ... ok
[INFO] [stdout] test components::pre_has_selector ... ok
[INFO] [stdout] test components::p_has_selector ... ok
[INFO] [stdout] test components::span_has_selector ... ok
[INFO] [stdout] test components::stop_has_selector ... ok
[INFO] [stdout] test components::rt_has_selector ... ok
[INFO] [stdout] test components::strong_has_selector ... ok
[INFO] [stdout] test components::script_has_selector ... ok
[INFO] [stdout] test components::section_has_selector ... ok
[INFO] [stdout] test components::rb_has_selector ... ok
[INFO] [stdout] test components::rect_has_selector ... ok
[INFO] [stdout] test components::select_has_selector ... ok
[INFO] [stdout] test components::rp_has_selector ... ok
[INFO] [stdout] test components::ruby_has_selector ... ok
[INFO] [stdout] test components::samp_has_selector ... ok
[INFO] [stdout] test components::s_has_selector ... ok
[INFO] [stdout] test components::rtc_has_selector ... ok
[INFO] [stdout] test components::slot_has_selector ... ok
[INFO] [stdout] test components::small_has_selector ... ok
[INFO] [stdout] test components::source_has_selector ... ok
[INFO] [stdout] test components::svg_has_selector ... ok
[INFO] [stdout] test components::style_has_selector ... ok
[INFO] [stdout] test components::switch_has_selector ... ok
[INFO] [stdout] test components::tbody_has_selector ... ok
[INFO] [stdout] test components::symbol_has_selector ... ok
[INFO] [stdout] test components::td_has_selector ... ok
[INFO] [stdout] test components::template_has_selector ... ok
[INFO] [stdout] test components::sub_has_selector ... ok
[INFO] [stdout] test components::summary_has_selector ... ok
[INFO] [stdout] test components::table_has_selector ... ok
[INFO] [stdout] test components::sup_has_selector ... ok
[INFO] [stdout] test components::set_has_selector ... ok
[INFO] [stdout] test components::textPath_has_selector ... ok
[INFO] [stdout] test components::textarea_has_selector ... ok
[INFO] [stdout] test components::tfoot_has_selector ... ok
[INFO] [stdout] test components::thead_has_selector ... ok
[INFO] [stdout] test components::th_has_selector ... ok
[INFO] [stdout] test components::tr_has_selector ... ok
[INFO] [stdout] test components::track_has_selector ... ok
[INFO] [stdout] test components::tspan_has_selector ... ok
[INFO] [stdout] test components::u_has_selector ... ok
[INFO] [stdout] test components::ul_has_selector ... ok
[INFO] [stdout] test components::use_has_selector ... ok
[INFO] [stdout] test components::var_has_selector ... ok
[INFO] [stdout] test components::text_has_selector ... ok
[INFO] [stdout] test components::video_has_selector ... ok
[INFO] [stdout] test components::wbr_has_selector ... ok
[INFO] [stdout] test components::time_has_selector ... ok
[INFO] [stdout] test components::view_has_selector ... ok
[INFO] [stdout] test components::title_has_selector ... ok
[INFO] [stdout] 
[INFO] [stdout] test result: ok. 172 passed; 0 failed; 0 ignored; 0 measured; 0 filtered out; finished in 0.16s
[INFO] [stdout] 
[INFO] [stderr]      Running tests/leak_check.rs (/opt/rustwide/target/debug/deps/leak_check-5668f45347cf82c4)
[INFO] [stdout] 
[INFO] [stdout] running 0 tests
[INFO] [stdout] 
[INFO] [stdout] test result: ok. 0 passed; 0 failed; 0 ignored; 0 measured; 0 filtered out; finished in 0.00s
[INFO] [stdout] 
[INFO] [stderr]    Doc-tests hobo_core
[INFO] [stdout] 
[INFO] [stdout] running 2 tests
[INFO] [stdout] test src/query.rs - query (line 15) ... FAILED
[INFO] [stdout] test src/query.rs - query (line 4) ... FAILED
[INFO] [stdout] 
[INFO] [stdout] failures:
[INFO] [stdout] 
[INFO] [stdout] ---- src/query.rs - query (line 15) stdout ----
[INFO] [stdout] error[E0433]: failed to resolve: use of undeclared crate or module `hobo`
[INFO] [stdout]   --> src/query.rs:23:20
[INFO] [stdout]    |
[INFO] [stdout] 10 | for frobnicator in hobo::find::<&mut Frobnicator>() {
[INFO] [stdout]    |                    ^^^^ use of undeclared crate or module `hobo`
[INFO] [stdout] 
[INFO] [stdout] error: aborting due to previous error
[INFO] [stdout] 
[INFO] [stdout] For more information about this error, try `rustc --explain E0433`.
[INFO] [stdout] Couldn't compile the test.
[INFO] [stdout] ---- src/query.rs - query (line 4) stdout ----
[INFO] [stdout] error[E0412]: cannot find type `Entity` in this scope
[INFO] [stdout]  --> src/query.rs:10:37
[INFO] [stdout]   |
[INFO] [stdout] 8 | let (entity, _) = hobo::find_one::<(Entity, With<Foo>)>();
[INFO] [stdout]   |                                     ^^^^^^ not found in this scope
[INFO] [stdout]   |
[INFO] [stdout] help: consider importing this struct
[INFO] [stdout]   |
[INFO] [stdout] 2 | use hobo_core::prelude::Entity;
[INFO] [stdout]   |
[INFO] [stdout] 
[INFO] [stdout] error[E0412]: cannot find type `With` in this scope
[INFO] [stdout]  --> src/query.rs:10:45
[INFO] [stdout]   |
[INFO] [stdout] 8 | let (entity, _) = hobo::find_one::<(Entity, With<Foo>)>();
[INFO] [stdout]   |                                             ^^^^ not found in this scope
[INFO] [stdout]   |
[INFO] [stdout] help: consider importing this struct
[INFO] [stdout]   |
[INFO] [stdout] 2 | use hobo_core::query::With;
[INFO] [stdout]   |
[INFO] [stdout] 
[INFO] [stdout] error[E0425]: cannot find function, tuple struct or tuple variant `SomeElement` in this scope
[INFO] [stdout]  --> src/query.rs:11:15
[INFO] [stdout]   |
[INFO] [stdout] 9 | let element = SomeElement(entity);
[INFO] [stdout]   |               ^^^^^^^^^^^ not found in this scope
[INFO] [stdout]   |
[INFO] [stdout] help: consider importing this tuple struct
[INFO] [stdout]   |
[INFO] [stdout] 2 | use hobo_core::SomeElement;
[INFO] [stdout]   |
[INFO] [stdout] 
[INFO] [stdout] error[E0433]: failed to resolve: use of undeclared crate or module `hobo`
[INFO] [stdout]  --> src/query.rs:10:19
[INFO] [stdout]   |
[INFO] [stdout] 8 | let (entity, _) = hobo::find_one::<(Entity, With<Foo>)>();
[INFO] [stdout]   |                   ^^^^ use of undeclared crate or module `hobo`
[INFO] [stdout] 
[INFO] [stdout] error: aborting due to 4 previous errors
[INFO] [stdout] 
[INFO] [stdout] Some errors have detailed explanations: E0412, E0425, E0433.
[INFO] [stdout] For more information about an error, try `rustc --explain E0412`.
[INFO] [stdout] Couldn't compile the test.
[INFO] [stdout] 
[INFO] [stdout] failures:
[INFO] [stdout]     src/query.rs - query (line 15)
[INFO] [stdout]     src/query.rs - query (line 4)
[INFO] [stdout] 
[INFO] [stdout] test result: FAILED. 0 passed; 2 failed; 0 ignored; 0 measured; 0 filtered out; finished in 0.11s
[INFO] [stdout] 
[INFO] [stderr] error: doctest failed, to rerun pass `--doc`
[INFO] running `Command { std: "docker" "inspect" "ff77936d22ed1ed5b594c21e224b5f5064eeb31b4bc9080dc84b3d823871d84d", kill_on_drop: false }`
[INFO] running `Command { std: "docker" "rm" "-f" "ff77936d22ed1ed5b594c21e224b5f5064eeb31b4bc9080dc84b3d823871d84d", kill_on_drop: false }`
[INFO] [stdout] ff77936d22ed1ed5b594c21e224b5f5064eeb31b4bc9080dc84b3d823871d84d
