[INFO] fetching crate hm11 0.2.1...
[INFO] testing hm11-0.2.1 against 1.69.0 for beta-1.70-1
[INFO] extracting crate hm11 0.2.1 into /workspace/builds/worker-3-tc1/source
[INFO] validating manifest of crates.io crate hm11 0.2.1 on toolchain 1.69.0
[INFO] running `Command { std: CARGO_HOME="/workspace/cargo-home" RUSTUP_HOME="/workspace/rustup-home" "/workspace/cargo-home/bin/cargo" "+1.69.0" "metadata" "--manifest-path" "Cargo.toml" "--no-deps", kill_on_drop: false }`
[INFO] removed /workspace/builds/worker-3-tc1/source/.cargo/config
[INFO] started tweaking crates.io crate hm11 0.2.1
[INFO] finished tweaking crates.io crate hm11 0.2.1
[INFO] tweaked toml for crates.io crate hm11 0.2.1 written to /workspace/builds/worker-3-tc1/source/Cargo.toml
[INFO] running `Command { std: CARGO_HOME="/workspace/cargo-home" RUSTUP_HOME="/workspace/rustup-home" __CARGO_TEST_CHANNEL_OVERRIDE_DO_NOT_USE_THIS="nightly" "/workspace/cargo-home/bin/cargo" "+1.69.0" "generate-lockfile" "--manifest-path" "Cargo.toml" "-Zno-index-update", kill_on_drop: false }`
[INFO] running `Command { std: CARGO_HOME="/workspace/cargo-home" RUSTUP_HOME="/workspace/rustup-home" "/workspace/cargo-home/bin/cargo" "+1.69.0" "fetch" "--manifest-path" "Cargo.toml", kill_on_drop: false }`
[INFO] [stderr]     Blocking waiting for file lock on package cache
[INFO] [stderr]  Downloading crates ...
[INFO] [stderr]   Downloaded aligned v0.2.0
[INFO] [stderr]   Downloaded cortex-m v0.5.11
[INFO] [stderr]   Downloaded cortex-m v0.6.7
[INFO] [stderr]   Downloaded panic-semihosting v0.5.6
[INFO] [stderr]   Downloaded aligned v0.3.5
[INFO] [stderr]   Downloaded cortex-m-rt-macros v0.6.15
[INFO] [stderr]   Downloaded r0 v0.2.2
[INFO] [stderr]   Downloaded heapless v0.4.4
[INFO] [stderr]   Downloaded generic-array v0.11.2
[INFO] [stderr]   Downloaded cortex-m-semihosting v0.3.7
[INFO] [stderr]   Downloaded cortex-m-rt v0.6.15
[INFO] [stderr]   Downloaded stm32l4xx-hal v0.3.6
[INFO] [stderr]   Downloaded stm32l4 v0.6.0
[INFO] running `Command { std: "docker" "create" "-v" "/var/lib/crater-agent-workspace/builds/worker-3-tc1/target:/opt/rustwide/target:rw,Z" "-v" "/var/lib/crater-agent-workspace/builds/worker-3-tc1/source:/opt/rustwide/workdir:ro,Z" "-v" "/var/lib/crater-agent-workspace/cargo-home:/opt/rustwide/cargo-home:ro,Z" "-v" "/var/lib/crater-agent-workspace/rustup-home:/opt/rustwide/rustup-home:ro,Z" "-e" "SOURCE_DIR=/opt/rustwide/workdir" "-e" "CARGO_TARGET_DIR=/opt/rustwide/target" "-e" "CARGO_HOME=/opt/rustwide/cargo-home" "-e" "RUSTUP_HOME=/opt/rustwide/rustup-home" "-w" "/opt/rustwide/workdir" "-m" "1610612736" "--user" "0:0" "--network" "none" "ghcr.io/rust-lang/crates-build-env/linux@sha256:5ff2268d62e97bff2cde7d5815dd6ed5b47097566f13b8d0ca110b04b60e07ed" "/opt/rustwide/cargo-home/bin/cargo" "+1.69.0" "metadata" "--no-deps" "--format-version=1", kill_on_drop: false }`
[INFO] [stdout] 13b0f2b0153673ba8816c04c071b5160a688a323c81296b3a24fe0a3a6fc6b23
[INFO] running `Command { std: "docker" "start" "-a" "13b0f2b0153673ba8816c04c071b5160a688a323c81296b3a24fe0a3a6fc6b23", kill_on_drop: false }`
[INFO] running `Command { std: "docker" "inspect" "13b0f2b0153673ba8816c04c071b5160a688a323c81296b3a24fe0a3a6fc6b23", kill_on_drop: false }`
[INFO] running `Command { std: "docker" "rm" "-f" "13b0f2b0153673ba8816c04c071b5160a688a323c81296b3a24fe0a3a6fc6b23", kill_on_drop: false }`
[INFO] [stdout] 13b0f2b0153673ba8816c04c071b5160a688a323c81296b3a24fe0a3a6fc6b23
[INFO] running `Command { std: "docker" "create" "-v" "/var/lib/crater-agent-workspace/builds/worker-3-tc1/target:/opt/rustwide/target:rw,Z" "-v" "/var/lib/crater-agent-workspace/builds/worker-3-tc1/source:/opt/rustwide/workdir:ro,Z" "-v" "/var/lib/crater-agent-workspace/cargo-home:/opt/rustwide/cargo-home:ro,Z" "-v" "/var/lib/crater-agent-workspace/rustup-home:/opt/rustwide/rustup-home:ro,Z" "-e" "SOURCE_DIR=/opt/rustwide/workdir" "-e" "CARGO_TARGET_DIR=/opt/rustwide/target" "-e" "CARGO_INCREMENTAL=0" "-e" "RUST_BACKTRACE=full" "-e" "RUSTFLAGS=--cap-lints=warn" "-e" "RUSTDOCFLAGS=--cap-lints=warn" "-e" "CARGO_HOME=/opt/rustwide/cargo-home" "-e" "RUSTUP_HOME=/opt/rustwide/rustup-home" "-w" "/opt/rustwide/workdir" "-m" "1610612736" "--user" "0:0" "--network" "none" "ghcr.io/rust-lang/crates-build-env/linux@sha256:5ff2268d62e97bff2cde7d5815dd6ed5b47097566f13b8d0ca110b04b60e07ed" "/opt/rustwide/cargo-home/bin/cargo" "+1.69.0" "build" "--frozen" "--message-format=json", kill_on_drop: false }`
[INFO] [stdout] 44325a9899d4c01aeb81ea93bdad81859a69a135839be1765c812b1a69b1e8e8
[INFO] running `Command { std: "docker" "start" "-a" "44325a9899d4c01aeb81ea93bdad81859a69a135839be1765c812b1a69b1e8e8", kill_on_drop: false }`
[INFO] [stderr]    Compiling typenum v1.16.0
[INFO] [stderr]    Compiling version_check v0.9.4
[INFO] [stderr]    Compiling heapless v0.4.4
[INFO] [stderr]    Compiling stable_deref_trait v1.2.0
[INFO] [stderr]    Compiling nb v1.1.0
[INFO] [stderr]    Compiling byteorder v1.4.3
[INFO] [stderr]    Compiling void v1.0.2
[INFO] [stderr]    Compiling nb v0.1.3
[INFO] [stderr]    Compiling embedded-hal v0.2.7
[INFO] [stderr]    Compiling hash32 v0.1.1
[INFO] [stderr]    Compiling generic-array v0.14.7
[INFO] [stderr]    Compiling generic-array v0.12.4
[INFO] [stderr]    Compiling generic-array v0.13.3
[INFO] [stderr]    Compiling generic-array v0.11.2
[INFO] [stderr]    Compiling as-slice v0.1.5
[INFO] [stderr]    Compiling hm11 v0.2.1 (/opt/rustwide/workdir)
[INFO] [stderr]     Finished dev [unoptimized + debuginfo] target(s) in 4.06s
[INFO] running `Command { std: "docker" "inspect" "44325a9899d4c01aeb81ea93bdad81859a69a135839be1765c812b1a69b1e8e8", kill_on_drop: false }`
[INFO] running `Command { std: "docker" "rm" "-f" "44325a9899d4c01aeb81ea93bdad81859a69a135839be1765c812b1a69b1e8e8", kill_on_drop: false }`
[INFO] [stdout] 44325a9899d4c01aeb81ea93bdad81859a69a135839be1765c812b1a69b1e8e8
[INFO] running `Command { std: "docker" "create" "-v" "/var/lib/crater-agent-workspace/builds/worker-3-tc1/target:/opt/rustwide/target:rw,Z" "-v" "/var/lib/crater-agent-workspace/builds/worker-3-tc1/source:/opt/rustwide/workdir:ro,Z" "-v" "/var/lib/crater-agent-workspace/cargo-home:/opt/rustwide/cargo-home:ro,Z" "-v" "/var/lib/crater-agent-workspace/rustup-home:/opt/rustwide/rustup-home:ro,Z" "-e" "SOURCE_DIR=/opt/rustwide/workdir" "-e" "CARGO_TARGET_DIR=/opt/rustwide/target" "-e" "CARGO_INCREMENTAL=0" "-e" "RUST_BACKTRACE=full" "-e" "RUSTFLAGS=--cap-lints=warn" "-e" "RUSTDOCFLAGS=--cap-lints=warn" "-e" "CARGO_HOME=/opt/rustwide/cargo-home" "-e" "RUSTUP_HOME=/opt/rustwide/rustup-home" "-w" "/opt/rustwide/workdir" "-m" "1610612736" "--user" "0:0" "--network" "none" "ghcr.io/rust-lang/crates-build-env/linux@sha256:5ff2268d62e97bff2cde7d5815dd6ed5b47097566f13b8d0ca110b04b60e07ed" "/opt/rustwide/cargo-home/bin/cargo" "+1.69.0" "test" "--frozen" "--no-run" "--message-format=json", kill_on_drop: false }`
[INFO] [stdout] bcc39227b9f926e8f304a3c200b94233123b2e88a17b6a880310cc344a94b809
[INFO] running `Command { std: "docker" "start" "-a" "bcc39227b9f926e8f304a3c200b94233123b2e88a17b6a880310cc344a94b809", kill_on_drop: false }`
[INFO] [stderr]    Compiling semver-parser v0.7.0
[INFO] [stderr]    Compiling cortex-m v0.7.7
[INFO] [stderr]    Compiling vcell v0.1.3
[INFO] [stderr]    Compiling semver v1.0.17
[INFO] [stderr]    Compiling bitfield v0.13.2
[INFO] [stderr]    Compiling syn v1.0.109
[INFO] [stderr]    Compiling cortex-m-rt v0.6.15
[INFO] [stderr]    Compiling cortex-m v0.6.7
[INFO] [stderr]    Compiling volatile-register v0.2.1
[INFO] [stderr]    Compiling aligned v0.3.5
[INFO] [stderr]    Compiling semver v0.9.0
[INFO] [stderr]    Compiling cortex-m v0.5.11
[INFO] [stderr]    Compiling cortex-m-semihosting v0.3.7
[INFO] [stderr]    Compiling aligned v0.2.0
[INFO] [stderr]    Compiling stm32l4 v0.6.0
[INFO] [stderr]    Compiling r0 v0.2.2
[INFO] [stderr]    Compiling rustc_version v0.2.3
[INFO] [stderr]    Compiling rustc_version v0.4.0
[INFO] [stderr]    Compiling bare-metal v0.2.5
[INFO] [stderr]    Compiling cast v0.2.7
[INFO] [stderr]    Compiling panic-semihosting v0.5.6
[INFO] [stderr]    Compiling cortex-m-rt-macros v0.6.15
[INFO] [stderr]    Compiling stm32l4xx-hal v0.3.6
[INFO] [stderr]    Compiling hm11 v0.2.1 (/opt/rustwide/workdir)
[INFO] [stdout] error: linking with `cc` failed: exit status: 1
[INFO] [stdout]   |
[INFO] [stdout]   = note: LC_ALL="C" PATH="/opt/rustwide/rustup-home/toolchains/1.69.0-x86_64-unknown-linux-gnu/lib/rustlib/x86_64-unknown-linux-gnu/bin:/opt/rustwide/cargo-home/bin:/usr/local/sbin:/usr/local/bin:/usr/sbin:/usr/bin:/sbin:/bin" VSLANG="1033" "cc" "-m64" "/tmp/rustcsRG2ZK/symbols.o" "/opt/rustwide/target/debug/examples/with_delay-f70c628a299c3de1.with_delay.b9428dd9-cgu.0.rcgu.o" "/opt/rustwide/target/debug/examples/with_delay-f70c628a299c3de1.22re8ce74g6not5z.rcgu.o" "-Wl,--as-needed" "-L" "/opt/rustwide/target/debug/deps" "-L" "/opt/rustwide/target/debug/build/cortex-m-rt-8c05e07f8ccd8128/out" "-L" "/opt/rustwide/target/debug/build/stm32l4-c840fa0f23024253/out" "-L" "/opt/rustwide/rustup-home/toolchains/1.69.0-x86_64-unknown-linux-gnu/lib/rustlib/x86_64-unknown-linux-gnu/lib" "-Wl,-Bstatic" "/opt/rustwide/target/debug/deps/libstm32l4xx_hal-6b01ccf92d141b96.rlib" "/opt/rustwide/target/debug/deps/libcast-a87fa967fc24644b.rlib" "/opt/rustwide/target/debug/deps/libstm32l4-fe497291e94c01d6.rlib" "/opt/rustwide/target/debug/deps/libhm11-cd6c45791f469b2a.rlib" "/opt/rustwide/target/debug/deps/libheapless-09bec2a42f0befbc.rlib" "/opt/rustwide/target/debug/deps/libhash32-06f8f98f148db722.rlib" "/opt/rustwide/target/debug/deps/libbyteorder-22713a8b57967f57.rlib" "/opt/rustwide/target/debug/deps/libgeneric_array-e3b2f1de06680134.rlib" "/opt/rustwide/target/debug/deps/libpanic_semihosting-352fa9527dc31cd4.rlib" "/opt/rustwide/rustup-home/toolchains/1.69.0-x86_64-unknown-linux-gnu/lib/rustlib/x86_64-unknown-linux-gnu/lib/libstd-89bc084783fdc439.rlib" "/opt/rustwide/rustup-home/toolchains/1.69.0-x86_64-unknown-linux-gnu/lib/rustlib/x86_64-unknown-linux-gnu/lib/libpanic_unwind-8bee4b287d4367c1.rlib" "/opt/rustwide/rustup-home/toolchains/1.69.0-x86_64-unknown-linux-gnu/lib/rustlib/x86_64-unknown-linux-gnu/lib/libobject-d61707aed80694c0.rlib" "/opt/rustwide/rustup-home/toolchains/1.69.0-x86_64-unknown-linux-gnu/lib/rustlib/x86_64-unknown-linux-gnu/lib/libmemchr-d85366256f22345b.rlib" "/opt/rustwide/rustup-home/toolchains/1.69.0-x86_64-unknown-linux-gnu/lib/rustlib/x86_64-unknown-linux-gnu/lib/libaddr2line-96069b86b8a8cae9.rlib" "/opt/rustwide/rustup-home/toolchains/1.69.0-x86_64-unknown-linux-gnu/lib/rustlib/x86_64-unknown-linux-gnu/lib/libgimli-d19d53abf68dfa6c.rlib" "/opt/rustwide/rustup-home/toolchains/1.69.0-x86_64-unknown-linux-gnu/lib/rustlib/x86_64-unknown-linux-gnu/lib/librustc_demangle-787cbccd19d64ac6.rlib" "/opt/rustwide/rustup-home/toolchains/1.69.0-x86_64-unknown-linux-gnu/lib/rustlib/x86_64-unknown-linux-gnu/lib/libstd_detect-b3837a36b830e0d0.rlib" "/opt/rustwide/rustup-home/toolchains/1.69.0-x86_64-unknown-linux-gnu/lib/rustlib/x86_64-unknown-linux-gnu/lib/libhashbrown-e3deb0e7e3f04966.rlib" "/opt/rustwide/rustup-home/toolchains/1.69.0-x86_64-unknown-linux-gnu/lib/rustlib/x86_64-unknown-linux-gnu/lib/libminiz_oxide-dabbb79c9815def4.rlib" "/opt/rustwide/rustup-home/toolchains/1.69.0-x86_64-unknown-linux-gnu/lib/rustlib/x86_64-unknown-linux-gnu/lib/libadler-305b01f34c9409f2.rlib" "/opt/rustwide/rustup-home/toolchains/1.69.0-x86_64-unknown-linux-gnu/lib/rustlib/x86_64-unknown-linux-gnu/lib/librustc_std_workspace_alloc-f833521df6074e73.rlib" "/opt/rustwide/rustup-home/toolchains/1.69.0-x86_64-unknown-linux-gnu/lib/rustlib/x86_64-unknown-linux-gnu/lib/libunwind-9ac333113350d171.rlib" "/opt/rustwide/rustup-home/toolchains/1.69.0-x86_64-unknown-linux-gnu/lib/rustlib/x86_64-unknown-linux-gnu/lib/libcfg_if-1c126114322d0eee.rlib" "/opt/rustwide/rustup-home/toolchains/1.69.0-x86_64-unknown-linux-gnu/lib/rustlib/x86_64-unknown-linux-gnu/lib/liblibc-bad9164fdeeecf92.rlib" "/opt/rustwide/rustup-home/toolchains/1.69.0-x86_64-unknown-linux-gnu/lib/rustlib/x86_64-unknown-linux-gnu/lib/liballoc-f9374b1e480fa681.rlib" "/opt/rustwide/target/debug/deps/libcortex_m_rt-b8846a97606bba72.rlib" "/opt/rustwide/target/debug/deps/libr0-3ce19ceb002a77c9.rlib" "/opt/rustwide/target/debug/deps/libcortex_m-8d299dc9f4999a01.rlib" "/opt/rustwide/target/debug/deps/libcortex_m-9f1208d0482558b4.rlib" "/opt/rustwide/target/debug/deps/libcortex_m-e3363a55c509c732.rlib" "/opt/rustwide/target/debug/deps/libembedded_hal-f58fb784130f3c26.rlib" "/opt/rustwide/target/debug/deps/libvoid-434bb7492da81e19.rlib" "/opt/rustwide/target/debug/deps/libnb-6a699e0a2744e003.rlib" "/opt/rustwide/target/debug/deps/libnb-c83173006fd9309d.rlib" "/opt/rustwide/target/debug/deps/libaligned-18333e2cb3dd689a.rlib" "/opt/rustwide/target/debug/deps/libas_slice-d52a7d7c0f8bbbdb.rlib" "/opt/rustwide/target/debug/deps/libstable_deref_trait-d2edb2bc9250a252.rlib" "/opt/rustwide/target/debug/deps/libgeneric_array-e2978b16832c8dd3.rlib" "/opt/rustwide/target/debug/deps/libgeneric_array-63f291ff6711ec64.rlib" "/opt/rustwide/target/debug/deps/libgeneric_array-b0c358ccfbbee131.rlib" "/opt/rustwide/target/debug/deps/libtypenum-f532bda3629afb25.rlib" "/opt/rustwide/target/debug/deps/libvolatile_register-fc6ea769c333367f.rlib" "/opt/rustwide/target/debug/deps/libvcell-5259108138afaed0.rlib" "/opt/rustwide/target/debug/deps/libbare_metal-6da90ac0c5b128e9.rlib" "/opt/rustwide/target/debug/deps/libaligned-82150ee4092e9a26.rlib" "/opt/rustwide/rustup-home/toolchains/1.69.0-x86_64-unknown-linux-gnu/lib/rustlib/x86_64-unknown-linux-gnu/lib/librustc_std_workspace_core-207f06e41d9603af.rlib" "/opt/rustwide/rustup-home/toolchains/1.69.0-x86_64-unknown-linux-gnu/lib/rustlib/x86_64-unknown-linux-gnu/lib/libcore-7e2768e66e984e85.rlib" "/opt/rustwide/rustup-home/toolchains/1.69.0-x86_64-unknown-linux-gnu/lib/rustlib/x86_64-unknown-linux-gnu/lib/libcompiler_builtins-957b4aff41f8cd46.rlib" "-Wl,-Bdynamic" "-lgcc_s" "-lutil" "-lrt" "-lpthread" "-lm" "-ldl" "-lc" "-Wl,--eh-frame-hdr" "-Wl,-z,noexecstack" "-L" "/opt/rustwide/rustup-home/toolchains/1.69.0-x86_64-unknown-linux-gnu/lib/rustlib/x86_64-unknown-linux-gnu/lib" "-o" "/opt/rustwide/target/debug/examples/with_delay-f70c628a299c3de1" "-Wl,--gc-sections" "-pie" "-Wl,-z,relro,-z,now" "-nodefaultlibs"
[INFO] [stdout]   = note: /usr/bin/ld: /opt/rustwide/target/debug/examples/with_delay-f70c628a299c3de1.with_delay.b9428dd9-cgu.0.rcgu.o: in function `cortex_m::register::primask::read':
[INFO] [stdout]           /opt/rustwide/cargo-home/registry/src/github.com-1ecc6299db9ec823/cortex-m-0.7.7/src/register/primask.rs:29: undefined reference to `__primask_r'
[INFO] [stdout]           /usr/bin/ld: /opt/rustwide/target/debug/examples/with_delay-f70c628a299c3de1.with_delay.b9428dd9-cgu.0.rcgu.o: in function `cortex_m::interrupt::enable':
[INFO] [stdout]           /opt/rustwide/cargo-home/registry/src/github.com-1ecc6299db9ec823/cortex-m-0.7.7/src/interrupt.rs:48: undefined reference to `__cpsie'
[INFO] [stdout]           /usr/bin/ld: /opt/rustwide/target/debug/examples/with_delay-f70c628a299c3de1.with_delay.b9428dd9-cgu.0.rcgu.o: in function `cortex_m::interrupt::disable':
[INFO] [stdout]           /opt/rustwide/cargo-home/registry/src/github.com-1ecc6299db9ec823/cortex-m-0.7.7/src/interrupt.rs:38: undefined reference to `__cpsid'
[INFO] [stdout]           /usr/bin/ld: /opt/rustwide/target/debug/examples/with_delay-f70c628a299c3de1.with_delay.b9428dd9-cgu.0.rcgu.o: in function `cortex_m::asm::bkpt':
[INFO] [stdout]           /opt/rustwide/cargo-home/registry/src/github.com-1ecc6299db9ec823/cortex-m-0.7.7/src/asm.rs:15: undefined reference to `__bkpt'
[INFO] [stdout]           collect2: error: ld returned 1 exit status
[INFO] [stdout]           
[INFO] [stdout]   = note: some `extern` functions couldn't be found; some native libraries may need to be installed or have their path specified
[INFO] [stdout]   = note: use the `-l` flag to specify native libraries to link
[INFO] [stdout]   = note: use the `cargo:rustc-link-lib` directive to specify the native libraries to link with Cargo (see https://doc.rust-lang.org/cargo/reference/build-scripts.html#cargorustc-link-libkindname)
[INFO] [stdout] 
[INFO] [stdout] 
[INFO] [stdout] error: aborting due to previous error
[INFO] [stdout] 
[INFO] [stdout] 
[INFO] [stderr] error: could not compile `hm11` due to 2 previous errors
[INFO] [stderr] warning: build failed, waiting for other jobs to finish...
[INFO] [stdout] error: linking with `cc` failed: exit status: 1
[INFO] [stdout]   |
[INFO] [stdout]   = note: LC_ALL="C" PATH="/opt/rustwide/rustup-home/toolchains/1.69.0-x86_64-unknown-linux-gnu/lib/rustlib/x86_64-unknown-linux-gnu/bin:/opt/rustwide/cargo-home/bin:/usr/local/sbin:/usr/local/bin:/usr/sbin:/usr/bin:/sbin:/bin" VSLANG="1033" "cc" "-m64" "/tmp/rustcnvDTbo/symbols.o" "/opt/rustwide/target/debug/examples/mode-77ba8e58a8cc3fc8.mode.ed0cfbc5-cgu.0.rcgu.o" "/opt/rustwide/target/debug/examples/mode-77ba8e58a8cc3fc8.3pgj79j3bld4yboe.rcgu.o" "-Wl,--as-needed" "-L" "/opt/rustwide/target/debug/deps" "-L" "/opt/rustwide/target/debug/build/cortex-m-rt-8c05e07f8ccd8128/out" "-L" "/opt/rustwide/target/debug/build/stm32l4-c840fa0f23024253/out" "-L" "/opt/rustwide/rustup-home/toolchains/1.69.0-x86_64-unknown-linux-gnu/lib/rustlib/x86_64-unknown-linux-gnu/lib" "-Wl,-Bstatic" "/opt/rustwide/target/debug/deps/libstm32l4xx_hal-6b01ccf92d141b96.rlib" "/opt/rustwide/target/debug/deps/libcast-a87fa967fc24644b.rlib" "/opt/rustwide/target/debug/deps/libstm32l4-fe497291e94c01d6.rlib" "/opt/rustwide/target/debug/deps/libhm11-cd6c45791f469b2a.rlib" "/opt/rustwide/target/debug/deps/libheapless-09bec2a42f0befbc.rlib" "/opt/rustwide/target/debug/deps/libhash32-06f8f98f148db722.rlib" "/opt/rustwide/target/debug/deps/libbyteorder-22713a8b57967f57.rlib" "/opt/rustwide/target/debug/deps/libgeneric_array-e3b2f1de06680134.rlib" "/opt/rustwide/target/debug/deps/libpanic_semihosting-352fa9527dc31cd4.rlib" "/opt/rustwide/rustup-home/toolchains/1.69.0-x86_64-unknown-linux-gnu/lib/rustlib/x86_64-unknown-linux-gnu/lib/libstd-89bc084783fdc439.rlib" "/opt/rustwide/rustup-home/toolchains/1.69.0-x86_64-unknown-linux-gnu/lib/rustlib/x86_64-unknown-linux-gnu/lib/libpanic_unwind-8bee4b287d4367c1.rlib" "/opt/rustwide/rustup-home/toolchains/1.69.0-x86_64-unknown-linux-gnu/lib/rustlib/x86_64-unknown-linux-gnu/lib/libobject-d61707aed80694c0.rlib" "/opt/rustwide/rustup-home/toolchains/1.69.0-x86_64-unknown-linux-gnu/lib/rustlib/x86_64-unknown-linux-gnu/lib/libmemchr-d85366256f22345b.rlib" "/opt/rustwide/rustup-home/toolchains/1.69.0-x86_64-unknown-linux-gnu/lib/rustlib/x86_64-unknown-linux-gnu/lib/libaddr2line-96069b86b8a8cae9.rlib" "/opt/rustwide/rustup-home/toolchains/1.69.0-x86_64-unknown-linux-gnu/lib/rustlib/x86_64-unknown-linux-gnu/lib/libgimli-d19d53abf68dfa6c.rlib" "/opt/rustwide/rustup-home/toolchains/1.69.0-x86_64-unknown-linux-gnu/lib/rustlib/x86_64-unknown-linux-gnu/lib/librustc_demangle-787cbccd19d64ac6.rlib" "/opt/rustwide/rustup-home/toolchains/1.69.0-x86_64-unknown-linux-gnu/lib/rustlib/x86_64-unknown-linux-gnu/lib/libstd_detect-b3837a36b830e0d0.rlib" "/opt/rustwide/rustup-home/toolchains/1.69.0-x86_64-unknown-linux-gnu/lib/rustlib/x86_64-unknown-linux-gnu/lib/libhashbrown-e3deb0e7e3f04966.rlib" "/opt/rustwide/rustup-home/toolchains/1.69.0-x86_64-unknown-linux-gnu/lib/rustlib/x86_64-unknown-linux-gnu/lib/libminiz_oxide-dabbb79c9815def4.rlib" "/opt/rustwide/rustup-home/toolchains/1.69.0-x86_64-unknown-linux-gnu/lib/rustlib/x86_64-unknown-linux-gnu/lib/libadler-305b01f34c9409f2.rlib" "/opt/rustwide/rustup-home/toolchains/1.69.0-x86_64-unknown-linux-gnu/lib/rustlib/x86_64-unknown-linux-gnu/lib/librustc_std_workspace_alloc-f833521df6074e73.rlib" "/opt/rustwide/rustup-home/toolchains/1.69.0-x86_64-unknown-linux-gnu/lib/rustlib/x86_64-unknown-linux-gnu/lib/libunwind-9ac333113350d171.rlib" "/opt/rustwide/rustup-home/toolchains/1.69.0-x86_64-unknown-linux-gnu/lib/rustlib/x86_64-unknown-linux-gnu/lib/libcfg_if-1c126114322d0eee.rlib" "/opt/rustwide/rustup-home/toolchains/1.69.0-x86_64-unknown-linux-gnu/lib/rustlib/x86_64-unknown-linux-gnu/lib/liblibc-bad9164fdeeecf92.rlib" "/opt/rustwide/rustup-home/toolchains/1.69.0-x86_64-unknown-linux-gnu/lib/rustlib/x86_64-unknown-linux-gnu/lib/liballoc-f9374b1e480fa681.rlib" "/opt/rustwide/target/debug/deps/libcortex_m_rt-b8846a97606bba72.rlib" "/opt/rustwide/target/debug/deps/libr0-3ce19ceb002a77c9.rlib" "/opt/rustwide/target/debug/deps/libcortex_m-8d299dc9f4999a01.rlib" "/opt/rustwide/target/debug/deps/libcortex_m-9f1208d0482558b4.rlib" "/opt/rustwide/target/debug/deps/libcortex_m-e3363a55c509c732.rlib" "/opt/rustwide/target/debug/deps/libembedded_hal-f58fb784130f3c26.rlib" "/opt/rustwide/target/debug/deps/libvoid-434bb7492da81e19.rlib" "/opt/rustwide/target/debug/deps/libnb-6a699e0a2744e003.rlib" "/opt/rustwide/target/debug/deps/libnb-c83173006fd9309d.rlib" "/opt/rustwide/target/debug/deps/libaligned-18333e2cb3dd689a.rlib" "/opt/rustwide/target/debug/deps/libas_slice-d52a7d7c0f8bbbdb.rlib" "/opt/rustwide/target/debug/deps/libstable_deref_trait-d2edb2bc9250a252.rlib" "/opt/rustwide/target/debug/deps/libgeneric_array-e2978b16832c8dd3.rlib" "/opt/rustwide/target/debug/deps/libgeneric_array-63f291ff6711ec64.rlib" "/opt/rustwide/target/debug/deps/libgeneric_array-b0c358ccfbbee131.rlib" "/opt/rustwide/target/debug/deps/libtypenum-f532bda3629afb25.rlib" "/opt/rustwide/target/debug/deps/libvolatile_register-fc6ea769c333367f.rlib" "/opt/rustwide/target/debug/deps/libvcell-5259108138afaed0.rlib" "/opt/rustwide/target/debug/deps/libbare_metal-6da90ac0c5b128e9.rlib" "/opt/rustwide/target/debug/deps/libaligned-82150ee4092e9a26.rlib" "/opt/rustwide/rustup-home/toolchains/1.69.0-x86_64-unknown-linux-gnu/lib/rustlib/x86_64-unknown-linux-gnu/lib/librustc_std_workspace_core-207f06e41d9603af.rlib" "/opt/rustwide/rustup-home/toolchains/1.69.0-x86_64-unknown-linux-gnu/lib/rustlib/x86_64-unknown-linux-gnu/lib/libcore-7e2768e66e984e85.rlib" "/opt/rustwide/rustup-home/toolchains/1.69.0-x86_64-unknown-linux-gnu/lib/rustlib/x86_64-unknown-linux-gnu/lib/libcompiler_builtins-957b4aff41f8cd46.rlib" "-Wl,-Bdynamic" "-lgcc_s" "-lutil" "-lrt" "-lpthread" "-lm" "-ldl" "-lc" "-Wl,--eh-frame-hdr" "-Wl,-z,noexecstack" "-L" "/opt/rustwide/rustup-home/toolchains/1.69.0-x86_64-unknown-linux-gnu/lib/rustlib/x86_64-unknown-linux-gnu/lib" "-o" "/opt/rustwide/target/debug/examples/mode-77ba8e58a8cc3fc8" "-Wl,--gc-sections" "-pie" "-Wl,-z,relro,-z,now" "-nodefaultlibs"
[INFO] [stdout]   = note: /usr/bin/ld: /opt/rustwide/target/debug/examples/mode-77ba8e58a8cc3fc8.mode.ed0cfbc5-cgu.0.rcgu.o: in function `cortex_m::register::primask::read':
[INFO] [stdout]           /opt/rustwide/cargo-home/registry/src/github.com-1ecc6299db9ec823/cortex-m-0.7.7/src/register/primask.rs:29: undefined reference to `__primask_r'
[INFO] [stdout]           /usr/bin/ld: /opt/rustwide/target/debug/examples/mode-77ba8e58a8cc3fc8.mode.ed0cfbc5-cgu.0.rcgu.o: in function `cortex_m::interrupt::enable':
[INFO] [stdout]           /opt/rustwide/cargo-home/registry/src/github.com-1ecc6299db9ec823/cortex-m-0.7.7/src/interrupt.rs:48: undefined reference to `__cpsie'
[INFO] [stdout]           /usr/bin/ld: /opt/rustwide/target/debug/examples/mode-77ba8e58a8cc3fc8.mode.ed0cfbc5-cgu.0.rcgu.o: in function `cortex_m::interrupt::disable':
[INFO] [stdout]           /opt/rustwide/cargo-home/registry/src/github.com-1ecc6299db9ec823/cortex-m-0.7.7/src/interrupt.rs:38: undefined reference to `__cpsid'
[INFO] [stdout]           /usr/bin/ld: /opt/rustwide/target/debug/examples/mode-77ba8e58a8cc3fc8.mode.ed0cfbc5-cgu.0.rcgu.o: in function `cortex_m::asm::bkpt':
[INFO] [stdout]           /opt/rustwide/cargo-home/registry/src/github.com-1ecc6299db9ec823/cortex-m-0.7.7/src/asm.rs:15: undefined reference to `__bkpt'
[INFO] [stdout]           collect2: error: ld returned 1 exit status
[INFO] [stdout]           
[INFO] [stdout]   = note: some `extern` functions couldn't be found; some native libraries may need to be installed or have their path specified
[INFO] [stdout]   = note: use the `-l` flag to specify native libraries to link
[INFO] [stdout]   = note: use the `cargo:rustc-link-lib` directive to specify the native libraries to link with Cargo (see https://doc.rust-lang.org/cargo/reference/build-scripts.html#cargorustc-link-libkindname)
[INFO] [stdout] 
[INFO] [stdout] 
[INFO] [stdout] error: aborting due to previous error
[INFO] [stdout] 
[INFO] [stdout] 
[INFO] [stderr] error: could not compile `hm11` due to 2 previous errors
[INFO] [stderr] error: could not compile `hm11` due to 2 previous errors
[INFO] [stdout] error: linking with `cc` failed: exit status: 1
[INFO] [stdout]   |
[INFO] [stdout]   = note: LC_ALL="C" PATH="/opt/rustwide/rustup-home/toolchains/1.69.0-x86_64-unknown-linux-gnu/lib/rustlib/x86_64-unknown-linux-gnu/bin:/opt/rustwide/cargo-home/bin:/usr/local/sbin:/usr/local/bin:/usr/sbin:/usr/bin:/sbin:/bin" VSLANG="1033" "cc" "-m64" "/tmp/rustce9puuz/symbols.o" "/opt/rustwide/target/debug/examples/ok-879cf9e6063739ba.ok.9d096917-cgu.0.rcgu.o" "/opt/rustwide/target/debug/examples/ok-879cf9e6063739ba.53wclvd3h061uiif.rcgu.o" "-Wl,--as-needed" "-L" "/opt/rustwide/target/debug/deps" "-L" "/opt/rustwide/target/debug/build/cortex-m-rt-8c05e07f8ccd8128/out" "-L" "/opt/rustwide/target/debug/build/stm32l4-c840fa0f23024253/out" "-L" "/opt/rustwide/rustup-home/toolchains/1.69.0-x86_64-unknown-linux-gnu/lib/rustlib/x86_64-unknown-linux-gnu/lib" "-Wl,-Bstatic" "/opt/rustwide/target/debug/deps/libstm32l4xx_hal-6b01ccf92d141b96.rlib" "/opt/rustwide/target/debug/deps/libcast-a87fa967fc24644b.rlib" "/opt/rustwide/target/debug/deps/libstm32l4-fe497291e94c01d6.rlib" "/opt/rustwide/target/debug/deps/libhm11-cd6c45791f469b2a.rlib" "/opt/rustwide/target/debug/deps/libheapless-09bec2a42f0befbc.rlib" "/opt/rustwide/target/debug/deps/libhash32-06f8f98f148db722.rlib" "/opt/rustwide/target/debug/deps/libbyteorder-22713a8b57967f57.rlib" "/opt/rustwide/target/debug/deps/libgeneric_array-e3b2f1de06680134.rlib" "/opt/rustwide/target/debug/deps/libpanic_semihosting-352fa9527dc31cd4.rlib" "/opt/rustwide/rustup-home/toolchains/1.69.0-x86_64-unknown-linux-gnu/lib/rustlib/x86_64-unknown-linux-gnu/lib/libstd-89bc084783fdc439.rlib" "/opt/rustwide/rustup-home/toolchains/1.69.0-x86_64-unknown-linux-gnu/lib/rustlib/x86_64-unknown-linux-gnu/lib/libpanic_unwind-8bee4b287d4367c1.rlib" "/opt/rustwide/rustup-home/toolchains/1.69.0-x86_64-unknown-linux-gnu/lib/rustlib/x86_64-unknown-linux-gnu/lib/libobject-d61707aed80694c0.rlib" "/opt/rustwide/rustup-home/toolchains/1.69.0-x86_64-unknown-linux-gnu/lib/rustlib/x86_64-unknown-linux-gnu/lib/libmemchr-d85366256f22345b.rlib" "/opt/rustwide/rustup-home/toolchains/1.69.0-x86_64-unknown-linux-gnu/lib/rustlib/x86_64-unknown-linux-gnu/lib/libaddr2line-96069b86b8a8cae9.rlib" "/opt/rustwide/rustup-home/toolchains/1.69.0-x86_64-unknown-linux-gnu/lib/rustlib/x86_64-unknown-linux-gnu/lib/libgimli-d19d53abf68dfa6c.rlib" "/opt/rustwide/rustup-home/toolchains/1.69.0-x86_64-unknown-linux-gnu/lib/rustlib/x86_64-unknown-linux-gnu/lib/librustc_demangle-787cbccd19d64ac6.rlib" "/opt/rustwide/rustup-home/toolchains/1.69.0-x86_64-unknown-linux-gnu/lib/rustlib/x86_64-unknown-linux-gnu/lib/libstd_detect-b3837a36b830e0d0.rlib" "/opt/rustwide/rustup-home/toolchains/1.69.0-x86_64-unknown-linux-gnu/lib/rustlib/x86_64-unknown-linux-gnu/lib/libhashbrown-e3deb0e7e3f04966.rlib" "/opt/rustwide/rustup-home/toolchains/1.69.0-x86_64-unknown-linux-gnu/lib/rustlib/x86_64-unknown-linux-gnu/lib/libminiz_oxide-dabbb79c9815def4.rlib" "/opt/rustwide/rustup-home/toolchains/1.69.0-x86_64-unknown-linux-gnu/lib/rustlib/x86_64-unknown-linux-gnu/lib/libadler-305b01f34c9409f2.rlib" "/opt/rustwide/rustup-home/toolchains/1.69.0-x86_64-unknown-linux-gnu/lib/rustlib/x86_64-unknown-linux-gnu/lib/librustc_std_workspace_alloc-f833521df6074e73.rlib" "/opt/rustwide/rustup-home/toolchains/1.69.0-x86_64-unknown-linux-gnu/lib/rustlib/x86_64-unknown-linux-gnu/lib/libunwind-9ac333113350d171.rlib" "/opt/rustwide/rustup-home/toolchains/1.69.0-x86_64-unknown-linux-gnu/lib/rustlib/x86_64-unknown-linux-gnu/lib/libcfg_if-1c126114322d0eee.rlib" "/opt/rustwide/rustup-home/toolchains/1.69.0-x86_64-unknown-linux-gnu/lib/rustlib/x86_64-unknown-linux-gnu/lib/liblibc-bad9164fdeeecf92.rlib" "/opt/rustwide/rustup-home/toolchains/1.69.0-x86_64-unknown-linux-gnu/lib/rustlib/x86_64-unknown-linux-gnu/lib/liballoc-f9374b1e480fa681.rlib" "/opt/rustwide/target/debug/deps/libcortex_m_rt-b8846a97606bba72.rlib" "/opt/rustwide/target/debug/deps/libr0-3ce19ceb002a77c9.rlib" "/opt/rustwide/target/debug/deps/libcortex_m-8d299dc9f4999a01.rlib" "/opt/rustwide/target/debug/deps/libcortex_m-9f1208d0482558b4.rlib" "/opt/rustwide/target/debug/deps/libcortex_m-e3363a55c509c732.rlib" "/opt/rustwide/target/debug/deps/libembedded_hal-f58fb784130f3c26.rlib" "/opt/rustwide/target/debug/deps/libvoid-434bb7492da81e19.rlib" "/opt/rustwide/target/debug/deps/libnb-6a699e0a2744e003.rlib" "/opt/rustwide/target/debug/deps/libnb-c83173006fd9309d.rlib" "/opt/rustwide/target/debug/deps/libaligned-18333e2cb3dd689a.rlib" "/opt/rustwide/target/debug/deps/libas_slice-d52a7d7c0f8bbbdb.rlib" "/opt/rustwide/target/debug/deps/libstable_deref_trait-d2edb2bc9250a252.rlib" "/opt/rustwide/target/debug/deps/libgeneric_array-e2978b16832c8dd3.rlib" "/opt/rustwide/target/debug/deps/libgeneric_array-63f291ff6711ec64.rlib" "/opt/rustwide/target/debug/deps/libgeneric_array-b0c358ccfbbee131.rlib" "/opt/rustwide/target/debug/deps/libtypenum-f532bda3629afb25.rlib" "/opt/rustwide/target/debug/deps/libvolatile_register-fc6ea769c333367f.rlib" "/opt/rustwide/target/debug/deps/libvcell-5259108138afaed0.rlib" "/opt/rustwide/target/debug/deps/libbare_metal-6da90ac0c5b128e9.rlib" "/opt/rustwide/target/debug/deps/libaligned-82150ee4092e9a26.rlib" "/opt/rustwide/rustup-home/toolchains/1.69.0-x86_64-unknown-linux-gnu/lib/rustlib/x86_64-unknown-linux-gnu/lib/librustc_std_workspace_core-207f06e41d9603af.rlib" "/opt/rustwide/rustup-home/toolchains/1.69.0-x86_64-unknown-linux-gnu/lib/rustlib/x86_64-unknown-linux-gnu/lib/libcore-7e2768e66e984e85.rlib" "/opt/rustwide/rustup-home/toolchains/1.69.0-x86_64-unknown-linux-gnu/lib/rustlib/x86_64-unknown-linux-gnu/lib/libcompiler_builtins-957b4aff41f8cd46.rlib" "-Wl,-Bdynamic" "-lgcc_s" "-lutil" "-lrt" "-lpthread" "-lm" "-ldl" "-lc" "-Wl,--eh-frame-hdr" "-Wl,-z,noexecstack" "-L" "/opt/rustwide/rustup-home/toolchains/1.69.0-x86_64-unknown-linux-gnu/lib/rustlib/x86_64-unknown-linux-gnu/lib" "-o" "/opt/rustwide/target/debug/examples/ok-879cf9e6063739ba" "-Wl,--gc-sections" "-pie" "-Wl,-z,relro,-z,now" "-nodefaultlibs"
[INFO] [stdout]   = note: /usr/bin/ld: /opt/rustwide/target/debug/examples/ok-879cf9e6063739ba.ok.9d096917-cgu.0.rcgu.o: in function `cortex_m::register::primask::read':
[INFO] [stdout]           /opt/rustwide/cargo-home/registry/src/github.com-1ecc6299db9ec823/cortex-m-0.7.7/src/register/primask.rs:29: undefined reference to `__primask_r'
[INFO] [stdout]           /usr/bin/ld: /opt/rustwide/target/debug/examples/ok-879cf9e6063739ba.ok.9d096917-cgu.0.rcgu.o: in function `cortex_m::interrupt::enable':
[INFO] [stdout]           /opt/rustwide/cargo-home/registry/src/github.com-1ecc6299db9ec823/cortex-m-0.7.7/src/interrupt.rs:48: undefined reference to `__cpsie'
[INFO] [stdout]           /usr/bin/ld: /opt/rustwide/target/debug/examples/ok-879cf9e6063739ba.ok.9d096917-cgu.0.rcgu.o: in function `cortex_m::interrupt::disable':
[INFO] [stdout]           /opt/rustwide/cargo-home/registry/src/github.com-1ecc6299db9ec823/cortex-m-0.7.7/src/interrupt.rs:38: undefined reference to `__cpsid'
[INFO] [stdout]           /usr/bin/ld: /opt/rustwide/target/debug/examples/ok-879cf9e6063739ba.ok.9d096917-cgu.0.rcgu.o: in function `cortex_m::asm::bkpt':
[INFO] [stdout]           /opt/rustwide/cargo-home/registry/src/github.com-1ecc6299db9ec823/cortex-m-0.7.7/src/asm.rs:15: undefined reference to `__bkpt'
[INFO] [stdout]           collect2: error: ld returned 1 exit status
[INFO] [stdout]           
[INFO] [stdout]   = note: some `extern` functions couldn't be found; some native libraries may need to be installed or have their path specified
[INFO] [stdout]   = note: use the `-l` flag to specify native libraries to link
[INFO] [stdout]   = note: use the `cargo:rustc-link-lib` directive to specify the native libraries to link with Cargo (see https://doc.rust-lang.org/cargo/reference/build-scripts.html#cargorustc-link-libkindname)
[INFO] [stdout] 
[INFO] [stdout] 
[INFO] [stdout] error: aborting due to previous error
[INFO] [stdout] 
[INFO] [stdout] 
[INFO] [stderr] error: could not compile `hm11` due to 2 previous errors
[INFO] [stdout] error: linking with `cc` failed: exit status: 1
[INFO] [stdout]   |
[INFO] [stdout]   = note: LC_ALL="C" PATH="/opt/rustwide/rustup-home/toolchains/1.69.0-x86_64-unknown-linux-gnu/lib/rustlib/x86_64-unknown-linux-gnu/bin:/opt/rustwide/cargo-home/bin:/usr/local/sbin:/usr/local/bin:/usr/sbin:/usr/bin:/sbin:/bin" VSLANG="1033" "cc" "-m64" "/tmp/rustcdpAZBz/symbols.o" "/opt/rustwide/target/debug/examples/sleep-a1880b20d3811c09.sleep.108b0cc4-cgu.0.rcgu.o" "/opt/rustwide/target/debug/examples/sleep-a1880b20d3811c09.2gj5iohu70umurho.rcgu.o" "-Wl,--as-needed" "-L" "/opt/rustwide/target/debug/deps" "-L" "/opt/rustwide/target/debug/build/cortex-m-rt-8c05e07f8ccd8128/out" "-L" "/opt/rustwide/target/debug/build/stm32l4-c840fa0f23024253/out" "-L" "/opt/rustwide/rustup-home/toolchains/1.69.0-x86_64-unknown-linux-gnu/lib/rustlib/x86_64-unknown-linux-gnu/lib" "-Wl,-Bstatic" "/opt/rustwide/target/debug/deps/libstm32l4xx_hal-6b01ccf92d141b96.rlib" "/opt/rustwide/target/debug/deps/libcast-a87fa967fc24644b.rlib" "/opt/rustwide/target/debug/deps/libstm32l4-fe497291e94c01d6.rlib" "/opt/rustwide/target/debug/deps/libhm11-cd6c45791f469b2a.rlib" "/opt/rustwide/target/debug/deps/libheapless-09bec2a42f0befbc.rlib" "/opt/rustwide/target/debug/deps/libhash32-06f8f98f148db722.rlib" "/opt/rustwide/target/debug/deps/libbyteorder-22713a8b57967f57.rlib" "/opt/rustwide/target/debug/deps/libgeneric_array-e3b2f1de06680134.rlib" "/opt/rustwide/target/debug/deps/libpanic_semihosting-352fa9527dc31cd4.rlib" "/opt/rustwide/rustup-home/toolchains/1.69.0-x86_64-unknown-linux-gnu/lib/rustlib/x86_64-unknown-linux-gnu/lib/libstd-89bc084783fdc439.rlib" "/opt/rustwide/rustup-home/toolchains/1.69.0-x86_64-unknown-linux-gnu/lib/rustlib/x86_64-unknown-linux-gnu/lib/libpanic_unwind-8bee4b287d4367c1.rlib" "/opt/rustwide/rustup-home/toolchains/1.69.0-x86_64-unknown-linux-gnu/lib/rustlib/x86_64-unknown-linux-gnu/lib/libobject-d61707aed80694c0.rlib" "/opt/rustwide/rustup-home/toolchains/1.69.0-x86_64-unknown-linux-gnu/lib/rustlib/x86_64-unknown-linux-gnu/lib/libmemchr-d85366256f22345b.rlib" "/opt/rustwide/rustup-home/toolchains/1.69.0-x86_64-unknown-linux-gnu/lib/rustlib/x86_64-unknown-linux-gnu/lib/libaddr2line-96069b86b8a8cae9.rlib" "/opt/rustwide/rustup-home/toolchains/1.69.0-x86_64-unknown-linux-gnu/lib/rustlib/x86_64-unknown-linux-gnu/lib/libgimli-d19d53abf68dfa6c.rlib" "/opt/rustwide/rustup-home/toolchains/1.69.0-x86_64-unknown-linux-gnu/lib/rustlib/x86_64-unknown-linux-gnu/lib/librustc_demangle-787cbccd19d64ac6.rlib" "/opt/rustwide/rustup-home/toolchains/1.69.0-x86_64-unknown-linux-gnu/lib/rustlib/x86_64-unknown-linux-gnu/lib/libstd_detect-b3837a36b830e0d0.rlib" "/opt/rustwide/rustup-home/toolchains/1.69.0-x86_64-unknown-linux-gnu/lib/rustlib/x86_64-unknown-linux-gnu/lib/libhashbrown-e3deb0e7e3f04966.rlib" "/opt/rustwide/rustup-home/toolchains/1.69.0-x86_64-unknown-linux-gnu/lib/rustlib/x86_64-unknown-linux-gnu/lib/libminiz_oxide-dabbb79c9815def4.rlib" "/opt/rustwide/rustup-home/toolchains/1.69.0-x86_64-unknown-linux-gnu/lib/rustlib/x86_64-unknown-linux-gnu/lib/libadler-305b01f34c9409f2.rlib" "/opt/rustwide/rustup-home/toolchains/1.69.0-x86_64-unknown-linux-gnu/lib/rustlib/x86_64-unknown-linux-gnu/lib/librustc_std_workspace_alloc-f833521df6074e73.rlib" "/opt/rustwide/rustup-home/toolchains/1.69.0-x86_64-unknown-linux-gnu/lib/rustlib/x86_64-unknown-linux-gnu/lib/libunwind-9ac333113350d171.rlib" "/opt/rustwide/rustup-home/toolchains/1.69.0-x86_64-unknown-linux-gnu/lib/rustlib/x86_64-unknown-linux-gnu/lib/libcfg_if-1c126114322d0eee.rlib" "/opt/rustwide/rustup-home/toolchains/1.69.0-x86_64-unknown-linux-gnu/lib/rustlib/x86_64-unknown-linux-gnu/lib/liblibc-bad9164fdeeecf92.rlib" "/opt/rustwide/rustup-home/toolchains/1.69.0-x86_64-unknown-linux-gnu/lib/rustlib/x86_64-unknown-linux-gnu/lib/liballoc-f9374b1e480fa681.rlib" "/opt/rustwide/target/debug/deps/libcortex_m_rt-b8846a97606bba72.rlib" "/opt/rustwide/target/debug/deps/libr0-3ce19ceb002a77c9.rlib" "/opt/rustwide/target/debug/deps/libcortex_m-8d299dc9f4999a01.rlib" "/opt/rustwide/target/debug/deps/libcortex_m-9f1208d0482558b4.rlib" "/opt/rustwide/target/debug/deps/libcortex_m-e3363a55c509c732.rlib" "/opt/rustwide/target/debug/deps/libembedded_hal-f58fb784130f3c26.rlib" "/opt/rustwide/target/debug/deps/libvoid-434bb7492da81e19.rlib" "/opt/rustwide/target/debug/deps/libnb-6a699e0a2744e003.rlib" "/opt/rustwide/target/debug/deps/libnb-c83173006fd9309d.rlib" "/opt/rustwide/target/debug/deps/libaligned-18333e2cb3dd689a.rlib" "/opt/rustwide/target/debug/deps/libas_slice-d52a7d7c0f8bbbdb.rlib" "/opt/rustwide/target/debug/deps/libstable_deref_trait-d2edb2bc9250a252.rlib" "/opt/rustwide/target/debug/deps/libgeneric_array-e2978b16832c8dd3.rlib" "/opt/rustwide/target/debug/deps/libgeneric_array-63f291ff6711ec64.rlib" "/opt/rustwide/target/debug/deps/libgeneric_array-b0c358ccfbbee131.rlib" "/opt/rustwide/target/debug/deps/libtypenum-f532bda3629afb25.rlib" "/opt/rustwide/target/debug/deps/libvolatile_register-fc6ea769c333367f.rlib" "/opt/rustwide/target/debug/deps/libvcell-5259108138afaed0.rlib" "/opt/rustwide/target/debug/deps/libbare_metal-6da90ac0c5b128e9.rlib" "/opt/rustwide/target/debug/deps/libaligned-82150ee4092e9a26.rlib" "/opt/rustwide/rustup-home/toolchains/1.69.0-x86_64-unknown-linux-gnu/lib/rustlib/x86_64-unknown-linux-gnu/lib/librustc_std_workspace_core-207f06e41d9603af.rlib" "/opt/rustwide/rustup-home/toolchains/1.69.0-x86_64-unknown-linux-gnu/lib/rustlib/x86_64-unknown-linux-gnu/lib/libcore-7e2768e66e984e85.rlib" "/opt/rustwide/rustup-home/toolchains/1.69.0-x86_64-unknown-linux-gnu/lib/rustlib/x86_64-unknown-linux-gnu/lib/libcompiler_builtins-957b4aff41f8cd46.rlib" "-Wl,-Bdynamic" "-lgcc_s" "-lutil" "-lrt" "-lpthread" "-lm" "-ldl" "-lc" "-Wl,--eh-frame-hdr" "-Wl,-z,noexecstack" "-L" "/opt/rustwide/rustup-home/toolchains/1.69.0-x86_64-unknown-linux-gnu/lib/rustlib/x86_64-unknown-linux-gnu/lib" "-o" "/opt/rustwide/target/debug/examples/sleep-a1880b20d3811c09" "-Wl,--gc-sections" "-pie" "-Wl,-z,relro,-z,now" "-nodefaultlibs"
[INFO] [stdout]   = note: /usr/bin/ld: /opt/rustwide/target/debug/examples/sleep-a1880b20d3811c09.sleep.108b0cc4-cgu.0.rcgu.o: in function `cortex_m::register::primask::read':
[INFO] [stdout]           /opt/rustwide/cargo-home/registry/src/github.com-1ecc6299db9ec823/cortex-m-0.7.7/src/register/primask.rs:29: undefined reference to `__primask_r'
[INFO] [stdout]           /usr/bin/ld: /opt/rustwide/target/debug/examples/sleep-a1880b20d3811c09.sleep.108b0cc4-cgu.0.rcgu.o: in function `cortex_m::interrupt::enable':
[INFO] [stdout]           /opt/rustwide/cargo-home/registry/src/github.com-1ecc6299db9ec823/cortex-m-0.7.7/src/interrupt.rs:48: undefined reference to `__cpsie'
[INFO] [stdout]           /usr/bin/ld: /opt/rustwide/target/debug/examples/sleep-a1880b20d3811c09.sleep.108b0cc4-cgu.0.rcgu.o: in function `cortex_m::interrupt::disable':
[INFO] [stdout]           /opt/rustwide/cargo-home/registry/src/github.com-1ecc6299db9ec823/cortex-m-0.7.7/src/interrupt.rs:38: undefined reference to `__cpsid'
[INFO] [stdout]           /usr/bin/ld: /opt/rustwide/target/debug/examples/sleep-a1880b20d3811c09.sleep.108b0cc4-cgu.0.rcgu.o: in function `cortex_m::asm::bkpt':
[INFO] [stdout]           /opt/rustwide/cargo-home/registry/src/github.com-1ecc6299db9ec823/cortex-m-0.7.7/src/asm.rs:15: undefined reference to `__bkpt'
[INFO] [stdout]           collect2: error: ld returned 1 exit status
[INFO] [stdout]           
[INFO] [stdout]   = note: some `extern` functions couldn't be found; some native libraries may need to be installed or have their path specified
[INFO] [stdout]   = note: use the `-l` flag to specify native libraries to link
[INFO] [stdout]   = note: use the `cargo:rustc-link-lib` directive to specify the native libraries to link with Cargo (see https://doc.rust-lang.org/cargo/reference/build-scripts.html#cargorustc-link-libkindname)
[INFO] [stdout] 
[INFO] [stdout] 
[INFO] [stdout] error: aborting due to previous error
[INFO] [stdout] 
[INFO] [stdout] 
[INFO] [stdout] error: linking with `cc` failed: exit status: 1
[INFO] [stdout]   |
[INFO] [stdout]   = note: LC_ALL="C" PATH="/opt/rustwide/rustup-home/toolchains/1.69.0-x86_64-unknown-linux-gnu/lib/rustlib/x86_64-unknown-linux-gnu/bin:/opt/rustwide/cargo-home/bin:/usr/local/sbin:/usr/local/bin:/usr/sbin:/usr/bin:/sbin:/bin" VSLANG="1033" "cc" "-m64" "/tmp/rustciwiKEo/symbols.o" "/opt/rustwide/target/debug/examples/baud-955e665e257e2bb5.baud.0a05f792-cgu.0.rcgu.o" "/opt/rustwide/target/debug/examples/baud-955e665e257e2bb5.h5tlr0hsbyhxamw.rcgu.o" "-Wl,--as-needed" "-L" "/opt/rustwide/target/debug/deps" "-L" "/opt/rustwide/target/debug/build/cortex-m-rt-8c05e07f8ccd8128/out" "-L" "/opt/rustwide/target/debug/build/stm32l4-c840fa0f23024253/out" "-L" "/opt/rustwide/rustup-home/toolchains/1.69.0-x86_64-unknown-linux-gnu/lib/rustlib/x86_64-unknown-linux-gnu/lib" "-Wl,-Bstatic" "/opt/rustwide/target/debug/deps/libstm32l4xx_hal-6b01ccf92d141b96.rlib" "/opt/rustwide/target/debug/deps/libcast-a87fa967fc24644b.rlib" "/opt/rustwide/target/debug/deps/libstm32l4-fe497291e94c01d6.rlib" "/opt/rustwide/target/debug/deps/libhm11-cd6c45791f469b2a.rlib" "/opt/rustwide/target/debug/deps/libheapless-09bec2a42f0befbc.rlib" "/opt/rustwide/target/debug/deps/libhash32-06f8f98f148db722.rlib" "/opt/rustwide/target/debug/deps/libbyteorder-22713a8b57967f57.rlib" "/opt/rustwide/target/debug/deps/libgeneric_array-e3b2f1de06680134.rlib" "/opt/rustwide/target/debug/deps/libpanic_semihosting-352fa9527dc31cd4.rlib" "/opt/rustwide/rustup-home/toolchains/1.69.0-x86_64-unknown-linux-gnu/lib/rustlib/x86_64-unknown-linux-gnu/lib/libstd-89bc084783fdc439.rlib" "/opt/rustwide/rustup-home/toolchains/1.69.0-x86_64-unknown-linux-gnu/lib/rustlib/x86_64-unknown-linux-gnu/lib/libpanic_unwind-8bee4b287d4367c1.rlib" "/opt/rustwide/rustup-home/toolchains/1.69.0-x86_64-unknown-linux-gnu/lib/rustlib/x86_64-unknown-linux-gnu/lib/libobject-d61707aed80694c0.rlib" "/opt/rustwide/rustup-home/toolchains/1.69.0-x86_64-unknown-linux-gnu/lib/rustlib/x86_64-unknown-linux-gnu/lib/libmemchr-d85366256f22345b.rlib" "/opt/rustwide/rustup-home/toolchains/1.69.0-x86_64-unknown-linux-gnu/lib/rustlib/x86_64-unknown-linux-gnu/lib/libaddr2line-96069b86b8a8cae9.rlib" "/opt/rustwide/rustup-home/toolchains/1.69.0-x86_64-unknown-linux-gnu/lib/rustlib/x86_64-unknown-linux-gnu/lib/libgimli-d19d53abf68dfa6c.rlib" "/opt/rustwide/rustup-home/toolchains/1.69.0-x86_64-unknown-linux-gnu/lib/rustlib/x86_64-unknown-linux-gnu/lib/librustc_demangle-787cbccd19d64ac6.rlib" "/opt/rustwide/rustup-home/toolchains/1.69.0-x86_64-unknown-linux-gnu/lib/rustlib/x86_64-unknown-linux-gnu/lib/libstd_detect-b3837a36b830e0d0.rlib" "/opt/rustwide/rustup-home/toolchains/1.69.0-x86_64-unknown-linux-gnu/lib/rustlib/x86_64-unknown-linux-gnu/lib/libhashbrown-e3deb0e7e3f04966.rlib" "/opt/rustwide/rustup-home/toolchains/1.69.0-x86_64-unknown-linux-gnu/lib/rustlib/x86_64-unknown-linux-gnu/lib/libminiz_oxide-dabbb79c9815def4.rlib" "/opt/rustwide/rustup-home/toolchains/1.69.0-x86_64-unknown-linux-gnu/lib/rustlib/x86_64-unknown-linux-gnu/lib/libadler-305b01f34c9409f2.rlib" "/opt/rustwide/rustup-home/toolchains/1.69.0-x86_64-unknown-linux-gnu/lib/rustlib/x86_64-unknown-linux-gnu/lib/librustc_std_workspace_alloc-f833521df6074e73.rlib" "/opt/rustwide/rustup-home/toolchains/1.69.0-x86_64-unknown-linux-gnu/lib/rustlib/x86_64-unknown-linux-gnu/lib/libunwind-9ac333113350d171.rlib" "/opt/rustwide/rustup-home/toolchains/1.69.0-x86_64-unknown-linux-gnu/lib/rustlib/x86_64-unknown-linux-gnu/lib/libcfg_if-1c126114322d0eee.rlib" "/opt/rustwide/rustup-home/toolchains/1.69.0-x86_64-unknown-linux-gnu/lib/rustlib/x86_64-unknown-linux-gnu/lib/liblibc-bad9164fdeeecf92.rlib" "/opt/rustwide/rustup-home/toolchains/1.69.0-x86_64-unknown-linux-gnu/lib/rustlib/x86_64-unknown-linux-gnu/lib/liballoc-f9374b1e480fa681.rlib" "/opt/rustwide/target/debug/deps/libcortex_m_rt-b8846a97606bba72.rlib" "/opt/rustwide/target/debug/deps/libr0-3ce19ceb002a77c9.rlib" "/opt/rustwide/target/debug/deps/libcortex_m-8d299dc9f4999a01.rlib" "/opt/rustwide/target/debug/deps/libcortex_m-9f1208d0482558b4.rlib" "/opt/rustwide/target/debug/deps/libcortex_m-e3363a55c509c732.rlib" "/opt/rustwide/target/debug/deps/libembedded_hal-f58fb784130f3c26.rlib" "/opt/rustwide/target/debug/deps/libvoid-434bb7492da81e19.rlib" "/opt/rustwide/target/debug/deps/libnb-6a699e0a2744e003.rlib" "/opt/rustwide/target/debug/deps/libnb-c83173006fd9309d.rlib" "/opt/rustwide/target/debug/deps/libaligned-18333e2cb3dd689a.rlib" "/opt/rustwide/target/debug/deps/libas_slice-d52a7d7c0f8bbbdb.rlib" "/opt/rustwide/target/debug/deps/libstable_deref_trait-d2edb2bc9250a252.rlib" "/opt/rustwide/target/debug/deps/libgeneric_array-e2978b16832c8dd3.rlib" "/opt/rustwide/target/debug/deps/libgeneric_array-63f291ff6711ec64.rlib" "/opt/rustwide/target/debug/deps/libgeneric_array-b0c358ccfbbee131.rlib" "/opt/rustwide/target/debug/deps/libtypenum-f532bda3629afb25.rlib" "/opt/rustwide/target/debug/deps/libvolatile_register-fc6ea769c333367f.rlib" "/opt/rustwide/target/debug/deps/libvcell-5259108138afaed0.rlib" "/opt/rustwide/target/debug/deps/libbare_metal-6da90ac0c5b128e9.rlib" "/opt/rustwide/target/debug/deps/libaligned-82150ee4092e9a26.rlib" "/opt/rustwide/rustup-home/toolchains/1.69.0-x86_64-unknown-linux-gnu/lib/rustlib/x86_64-unknown-linux-gnu/lib/librustc_std_workspace_core-207f06e41d9603af.rlib" "/opt/rustwide/rustup-home/toolchains/1.69.0-x86_64-unknown-linux-gnu/lib/rustlib/x86_64-unknown-linux-gnu/lib/libcore-7e2768e66e984e85.rlib" "/opt/rustwide/rustup-home/toolchains/1.69.0-x86_64-unknown-linux-gnu/lib/rustlib/x86_64-unknown-linux-gnu/lib/libcompiler_builtins-957b4aff41f8cd46.rlib" "-Wl,-Bdynamic" "-lgcc_s" "-lutil" "-lrt" "-lpthread" "-lm" "-ldl" "-lc" "-Wl,--eh-frame-hdr" "-Wl,-z,noexecstack" "-L" "/opt/rustwide/rustup-home/toolchains/1.69.0-x86_64-unknown-linux-gnu/lib/rustlib/x86_64-unknown-linux-gnu/lib" "-o" "/opt/rustwide/target/debug/examples/baud-955e665e257e2bb5" "-Wl,--gc-sections" "-pie" "-Wl,-z,relro,-z,now" "-nodefaultlibs"
[INFO] [stdout]   = note: /usr/bin/ld: /opt/rustwide/target/debug/examples/baud-955e665e257e2bb5.baud.0a05f792-cgu.0.rcgu.o: in function `cortex_m::register::primask::read':
[INFO] [stdout]           /opt/rustwide/cargo-home/registry/src/github.com-1ecc6299db9ec823/cortex-m-0.7.7/src/register/primask.rs:29: undefined reference to `__primask_r'
[INFO] [stdout]           /usr/bin/ld: /opt/rustwide/target/debug/examples/baud-955e665e257e2bb5.baud.0a05f792-cgu.0.rcgu.o: in function `cortex_m::interrupt::enable':
[INFO] [stdout]           /opt/rustwide/cargo-home/registry/src/github.com-1ecc6299db9ec823/cortex-m-0.7.7/src/interrupt.rs:48: undefined reference to `__cpsie'
[INFO] [stdout]           /usr/bin/ld: /opt/rustwide/target/debug/examples/baud-955e665e257e2bb5.baud.0a05f792-cgu.0.rcgu.o: in function `cortex_m::interrupt::disable':
[INFO] [stdout]           /opt/rustwide/cargo-home/registry/src/github.com-1ecc6299db9ec823/cortex-m-0.7.7/src/interrupt.rs:38: undefined reference to `__cpsid'
[INFO] [stdout]           /usr/bin/ld: /opt/rustwide/target/debug/examples/baud-955e665e257e2bb5.baud.0a05f792-cgu.0.rcgu.o: in function `cortex_m::asm::bkpt':
[INFO] [stdout]           /opt/rustwide/cargo-home/registry/src/github.com-1ecc6299db9ec823/cortex-m-0.7.7/src/asm.rs:15: undefined reference to `__bkpt'
[INFO] [stdout]           collect2: error: ld returned 1 exit status
[INFO] [stdout]           
[INFO] [stdout]   = note: some `extern` functions couldn't be found; some native libraries may need to be installed or have their path specified
[INFO] [stdout]   = note: use the `-l` flag to specify native libraries to link
[INFO] [stdout]   = note: use the `cargo:rustc-link-lib` directive to specify the native libraries to link with Cargo (see https://doc.rust-lang.org/cargo/reference/build-scripts.html#cargorustc-link-libkindname)
[INFO] [stdout] 
[INFO] [stdout] 
[INFO] [stdout] error: aborting due to previous error
[INFO] [stdout] 
[INFO] [stdout] 
[INFO] [stderr] error: could not compile `hm11` due to 2 previous errors
[INFO] running `Command { std: "docker" "inspect" "bcc39227b9f926e8f304a3c200b94233123b2e88a17b6a880310cc344a94b809", kill_on_drop: false }`
[INFO] running `Command { std: "docker" "rm" "-f" "bcc39227b9f926e8f304a3c200b94233123b2e88a17b6a880310cc344a94b809", kill_on_drop: false }`
[INFO] [stdout] bcc39227b9f926e8f304a3c200b94233123b2e88a17b6a880310cc344a94b809
