[INFO] fetching crate hirola 0.2.0...
[INFO] testing hirola-0.2.0 against 1.69.0 for beta-1.70-1
[INFO] extracting crate hirola 0.2.0 into /workspace/builds/worker-0-tc1/source
[INFO] validating manifest of crates.io crate hirola 0.2.0 on toolchain 1.69.0
[INFO] running `Command { std: CARGO_HOME="/workspace/cargo-home" RUSTUP_HOME="/workspace/rustup-home" "/workspace/cargo-home/bin/cargo" "+1.69.0" "metadata" "--manifest-path" "Cargo.toml" "--no-deps", kill_on_drop: false }`
[INFO] started tweaking crates.io crate hirola 0.2.0
[INFO] finished tweaking crates.io crate hirola 0.2.0
[INFO] tweaked toml for crates.io crate hirola 0.2.0 written to /workspace/builds/worker-0-tc1/source/Cargo.toml
[INFO] running `Command { std: CARGO_HOME="/workspace/cargo-home" RUSTUP_HOME="/workspace/rustup-home" __CARGO_TEST_CHANNEL_OVERRIDE_DO_NOT_USE_THIS="nightly" "/workspace/cargo-home/bin/cargo" "+1.69.0" "generate-lockfile" "--manifest-path" "Cargo.toml" "-Zno-index-update", kill_on_drop: false }`
[INFO] running `Command { std: CARGO_HOME="/workspace/cargo-home" RUSTUP_HOME="/workspace/rustup-home" "/workspace/cargo-home/bin/cargo" "+1.69.0" "fetch" "--manifest-path" "Cargo.toml", kill_on_drop: false }`
[INFO] [stderr]  Downloading crates ...
[INFO] [stderr]   Downloaded validator_derive v0.10.1
[INFO] [stderr]   Downloaded validator v0.10.1
[INFO] [stderr]   Downloaded matchit v0.6.0
[INFO] [stderr]   Downloaded anymap v1.0.0-beta.2
[INFO] [stderr]   Downloaded document-features v0.2.7
[INFO] [stderr]   Downloaded syn-rsx v0.8.1
[INFO] [stderr]   Downloaded html-escape v0.2.13
[INFO] [stderr]   Downloaded hirola-macros v0.2.0
[INFO] [stderr]   Downloaded hirola-form v0.2.0
[INFO] [stderr]   Downloaded hirola-core v0.2.0
[INFO] running `Command { std: "docker" "create" "-v" "/var/lib/crater-agent-workspace/builds/worker-0-tc1/target:/opt/rustwide/target:rw,Z" "-v" "/var/lib/crater-agent-workspace/builds/worker-0-tc1/source:/opt/rustwide/workdir:ro,Z" "-v" "/var/lib/crater-agent-workspace/cargo-home:/opt/rustwide/cargo-home:ro,Z" "-v" "/var/lib/crater-agent-workspace/rustup-home:/opt/rustwide/rustup-home:ro,Z" "-e" "SOURCE_DIR=/opt/rustwide/workdir" "-e" "CARGO_TARGET_DIR=/opt/rustwide/target" "-e" "CARGO_HOME=/opt/rustwide/cargo-home" "-e" "RUSTUP_HOME=/opt/rustwide/rustup-home" "-w" "/opt/rustwide/workdir" "-m" "1610612736" "--user" "0:0" "--network" "none" "ghcr.io/rust-lang/crates-build-env/linux@sha256:5ff2268d62e97bff2cde7d5815dd6ed5b47097566f13b8d0ca110b04b60e07ed" "/opt/rustwide/cargo-home/bin/cargo" "+1.69.0" "metadata" "--no-deps" "--format-version=1", kill_on_drop: false }`
[INFO] [stdout] eb765487516a2d3a3cc452b66d3e0aef42e3a2fa87a6c2cb4a30b8acbc373080
[INFO] running `Command { std: "docker" "start" "-a" "eb765487516a2d3a3cc452b66d3e0aef42e3a2fa87a6c2cb4a30b8acbc373080", kill_on_drop: false }`
[INFO] running `Command { std: "docker" "inspect" "eb765487516a2d3a3cc452b66d3e0aef42e3a2fa87a6c2cb4a30b8acbc373080", kill_on_drop: false }`
[INFO] running `Command { std: "docker" "rm" "-f" "eb765487516a2d3a3cc452b66d3e0aef42e3a2fa87a6c2cb4a30b8acbc373080", kill_on_drop: false }`
[INFO] [stdout] eb765487516a2d3a3cc452b66d3e0aef42e3a2fa87a6c2cb4a30b8acbc373080
[INFO] running `Command { std: "docker" "create" "-v" "/var/lib/crater-agent-workspace/builds/worker-0-tc1/target:/opt/rustwide/target:rw,Z" "-v" "/var/lib/crater-agent-workspace/builds/worker-0-tc1/source:/opt/rustwide/workdir:ro,Z" "-v" "/var/lib/crater-agent-workspace/cargo-home:/opt/rustwide/cargo-home:ro,Z" "-v" "/var/lib/crater-agent-workspace/rustup-home:/opt/rustwide/rustup-home:ro,Z" "-e" "SOURCE_DIR=/opt/rustwide/workdir" "-e" "CARGO_TARGET_DIR=/opt/rustwide/target" "-e" "CARGO_INCREMENTAL=0" "-e" "RUST_BACKTRACE=full" "-e" "RUSTFLAGS=--cap-lints=warn" "-e" "RUSTDOCFLAGS=--cap-lints=warn" "-e" "CARGO_HOME=/opt/rustwide/cargo-home" "-e" "RUSTUP_HOME=/opt/rustwide/rustup-home" "-w" "/opt/rustwide/workdir" "-m" "1610612736" "--user" "0:0" "--network" "none" "ghcr.io/rust-lang/crates-build-env/linux@sha256:5ff2268d62e97bff2cde7d5815dd6ed5b47097566f13b8d0ca110b04b60e07ed" "/opt/rustwide/cargo-home/bin/cargo" "+1.69.0" "build" "--frozen" "--message-format=json", kill_on_drop: false }`
[INFO] [stdout] fbf48c77d14e095a582e9e895393dfff1ca52dd34b074097e156923d995ee184
[INFO] running `Command { std: "docker" "start" "-a" "fbf48c77d14e095a582e9e895393dfff1ca52dd34b074097e156923d995ee184", kill_on_drop: false }`
[INFO] [stderr]    Compiling wasm-bindgen-shared v0.2.84
[INFO] [stderr]    Compiling bumpalo v3.12.1
[INFO] [stderr]    Compiling wasm-bindgen v0.2.84
[INFO] [stderr]    Compiling syn v1.0.109
[INFO] [stderr]    Compiling proc-macro-hack v0.5.20+deprecated
[INFO] [stderr]    Compiling proc-macro-error-attr v1.0.4
[INFO] [stderr]    Compiling ref-cast v1.0.16
[INFO] [stderr]    Compiling ref-cast-impl v1.0.16
[INFO] [stderr]    Compiling thiserror-impl v1.0.40
[INFO] [stderr]    Compiling thiserror v1.0.40
[INFO] [stderr]    Compiling wasm-bindgen-backend v0.2.84
[INFO] [stderr]    Compiling syn-rsx v0.8.1
[INFO] [stderr]    Compiling proc-macro-error v1.0.4
[INFO] [stderr]    Compiling hirola-macros v0.2.0
[INFO] [stderr]    Compiling wasm-bindgen-macro-support v0.2.84
[INFO] [stderr]    Compiling wasm-bindgen-macro v0.2.84
[INFO] [stderr]    Compiling js-sys v0.3.61
[INFO] [stderr]    Compiling web-sys v0.3.61
[INFO] [stderr]    Compiling hirola-core v0.2.0
[INFO] [stderr]    Compiling hirola v0.2.0 (/opt/rustwide/workdir)
[INFO] [stderr]     Finished dev [unoptimized + debuginfo] target(s) in 9.26s
[INFO] running `Command { std: "docker" "inspect" "fbf48c77d14e095a582e9e895393dfff1ca52dd34b074097e156923d995ee184", kill_on_drop: false }`
[INFO] running `Command { std: "docker" "rm" "-f" "fbf48c77d14e095a582e9e895393dfff1ca52dd34b074097e156923d995ee184", kill_on_drop: false }`
[INFO] [stdout] fbf48c77d14e095a582e9e895393dfff1ca52dd34b074097e156923d995ee184
[INFO] running `Command { std: "docker" "create" "-v" "/var/lib/crater-agent-workspace/builds/worker-0-tc1/target:/opt/rustwide/target:rw,Z" "-v" "/var/lib/crater-agent-workspace/builds/worker-0-tc1/source:/opt/rustwide/workdir:ro,Z" "-v" "/var/lib/crater-agent-workspace/cargo-home:/opt/rustwide/cargo-home:ro,Z" "-v" "/var/lib/crater-agent-workspace/rustup-home:/opt/rustwide/rustup-home:ro,Z" "-e" "SOURCE_DIR=/opt/rustwide/workdir" "-e" "CARGO_TARGET_DIR=/opt/rustwide/target" "-e" "CARGO_INCREMENTAL=0" "-e" "RUST_BACKTRACE=full" "-e" "RUSTFLAGS=--cap-lints=warn" "-e" "RUSTDOCFLAGS=--cap-lints=warn" "-e" "CARGO_HOME=/opt/rustwide/cargo-home" "-e" "RUSTUP_HOME=/opt/rustwide/rustup-home" "-w" "/opt/rustwide/workdir" "-m" "1610612736" "--user" "0:0" "--network" "none" "ghcr.io/rust-lang/crates-build-env/linux@sha256:5ff2268d62e97bff2cde7d5815dd6ed5b47097566f13b8d0ca110b04b60e07ed" "/opt/rustwide/cargo-home/bin/cargo" "+1.69.0" "test" "--frozen" "--no-run" "--message-format=json", kill_on_drop: false }`
[INFO] [stdout] ca13c05b0872e6fd3527fcae1cefe2e020d3ea736a586a7502c21c1caee1edd5
[INFO] running `Command { std: "docker" "start" "-a" "ca13c05b0872e6fd3527fcae1cefe2e020d3ea736a586a7502c21c1caee1edd5", kill_on_drop: false }`
[INFO] [stderr]    Compiling wasm-bindgen-test-macro v0.3.34
[INFO] [stderr]    Compiling console_error_panic_hook v0.1.7
[INFO] [stderr]    Compiling scoped-tls v1.0.1
[INFO] [stderr]    Compiling wasm-bindgen-futures v0.4.34
[INFO] [stderr]    Compiling wasm-bindgen-test v0.3.34
[INFO] [stderr]    Compiling hirola v0.2.0 (/opt/rustwide/workdir)
[INFO] [stdout] error[E0412]: cannot find type `Router` in this scope
[INFO] [stdout]   --> tests/browser.rs:32:22
[INFO] [stdout]    |
[INFO] [stdout] 32 |         let router: &Router = app.data().unwrap();
[INFO] [stdout]    |                      ^^^^^^ not found in this scope
[INFO] [stdout] 
[INFO] [stdout] 
[INFO] [stdout] error[E0412]: cannot find type `Router` in this scope
[INFO] [stdout]   --> tests/browser.rs:58:22
[INFO] [stdout]    |
[INFO] [stdout] 58 |         let router: &Router = app.data().unwrap();
[INFO] [stdout]    |                      ^^^^^^ not found in this scope
[INFO] [stdout] 
[INFO] [stdout] 
[INFO] [stdout] error[E0599]: no method named `render_to_string` found for struct `hirola::prelude::HirolaApp` in the current scope
[INFO] [stdout]   --> tests/browser.rs:16:19
[INFO] [stdout]    |
[INFO] [stdout] 16 |     let res = app.render_to_string(test_app);
[INFO] [stdout]    |                   ^^^^^^^^^^^^^^^^ method not found in `HirolaApp`
[INFO] [stdout] 
[INFO] [stdout] 
[INFO] [stdout] error[E0433]: failed to resolve: use of undeclared type `Router`
[INFO] [stdout]   --> tests/browser.rs:23:22
[INFO] [stdout]    |
[INFO] [stdout] 23 |     let mut router = Router::new();
[INFO] [stdout]    |                      ^^^^^^ use of undeclared type `Router`
[INFO] [stdout] 
[INFO] [stdout] 
[INFO] [stdout] error[E0599]: no method named `extend` found for struct `hirola::prelude::HirolaApp` in the current scope
[INFO] [stdout]   --> tests/browser.rs:29:9
[INFO] [stdout]    |
[INFO] [stdout] 29 |     app.extend(router);
[INFO] [stdout]    |         ^^^^^^ method not found in `HirolaApp`
[INFO] [stdout] 
[INFO] [stdout] 
[INFO] [stdout] error[E0599]: no method named `render_to_string` found for struct `hirola::prelude::HirolaApp` in the current scope
[INFO] [stdout]   --> tests/browser.rs:36:19
[INFO] [stdout]    |
[INFO] [stdout] 36 |     let res = app.render_to_string(test_app);
[INFO] [stdout]    |                   ^^^^^^^^^^^^^^^^ method not found in `HirolaApp`
[INFO] [stdout] 
[INFO] [stdout] 
[INFO] [stdout] error[E0599]: no method named `data` found for reference `&hirola::prelude::HirolaApp` in the current scope
[INFO] [stdout]   --> tests/browser.rs:32:35
[INFO] [stdout]    |
[INFO] [stdout] 32 |         let router: &Router = app.data().unwrap();
[INFO] [stdout]    |                                   ^^^^ method not found in `&HirolaApp`
[INFO] [stdout] 
[INFO] [stdout] 
[INFO] [stdout] error[E0433]: failed to resolve: use of undeclared type `Router`
[INFO] [stdout]   --> tests/browser.rs:43:22
[INFO] [stdout]    |
[INFO] [stdout] 43 |     let mut router = Router::new();
[INFO] [stdout]    |                      ^^^^^^ use of undeclared type `Router`
[INFO] [stdout] 
[INFO] [stdout] 
[INFO] [stdout] error[E0599]: no method named `extend` found for struct `hirola::prelude::HirolaApp` in the current scope
[INFO] [stdout]   --> tests/browser.rs:55:9
[INFO] [stdout]    |
[INFO] [stdout] 55 |     app.extend(router.clone());
[INFO] [stdout]    |         ^^^^^^ method not found in `HirolaApp`
[INFO] [stdout] 
[INFO] [stdout] 
[INFO] [stdout] error[E0599]: no method named `render_to_string` found for struct `hirola::prelude::HirolaApp` in the current scope
[INFO] [stdout]   --> tests/browser.rs:63:19
[INFO] [stdout]    |
[INFO] [stdout] 63 |     let res = app.render_to_string(test_app);
[INFO] [stdout]    |                   ^^^^^^^^^^^^^^^^ method not found in `HirolaApp`
[INFO] [stdout] 
[INFO] [stdout] 
[INFO] [stdout] error[E0599]: no method named `data` found for reference `&hirola::prelude::HirolaApp` in the current scope
[INFO] [stdout]   --> tests/browser.rs:58:35
[INFO] [stdout]    |
[INFO] [stdout] 58 |         let router: &Router = app.data().unwrap();
[INFO] [stdout]    |                                   ^^^^ method not found in `&HirolaApp`
[INFO] [stdout] 
[INFO] [stdout] 
[INFO] [stdout] error: aborting due to 11 previous errors
[INFO] [stdout] 
[INFO] [stdout] 
[INFO] [stdout] Some errors have detailed explanations: E0412, E0433, E0599.
[INFO] [stdout] 
[INFO] [stdout] For more information about an error, try `rustc --explain E0412`.
[INFO] [stdout] 
[INFO] [stderr] error: could not compile `hirola` due to 12 previous errors
[INFO] [stderr] warning: build failed, waiting for other jobs to finish...
[INFO] running `Command { std: "docker" "inspect" "ca13c05b0872e6fd3527fcae1cefe2e020d3ea736a586a7502c21c1caee1edd5", kill_on_drop: false }`
[INFO] running `Command { std: "docker" "rm" "-f" "ca13c05b0872e6fd3527fcae1cefe2e020d3ea736a586a7502c21c1caee1edd5", kill_on_drop: false }`
[INFO] [stdout] ca13c05b0872e6fd3527fcae1cefe2e020d3ea736a586a7502c21c1caee1edd5
