[INFO] fetching crate high_mem_utils 0.2.7...
[INFO] testing high_mem_utils-0.2.7 against 1.69.0 for beta-1.70-1
[INFO] extracting crate high_mem_utils 0.2.7 into /workspace/builds/worker-1-tc1/source
[INFO] validating manifest of crates.io crate high_mem_utils 0.2.7 on toolchain 1.69.0
[INFO] running `Command { std: CARGO_HOME="/workspace/cargo-home" RUSTUP_HOME="/workspace/rustup-home" "/workspace/cargo-home/bin/cargo" "+1.69.0" "metadata" "--manifest-path" "Cargo.toml" "--no-deps", kill_on_drop: false }`
[INFO] started tweaking crates.io crate high_mem_utils 0.2.7
[INFO] finished tweaking crates.io crate high_mem_utils 0.2.7
[INFO] tweaked toml for crates.io crate high_mem_utils 0.2.7 written to /workspace/builds/worker-1-tc1/source/Cargo.toml
[INFO] running `Command { std: CARGO_HOME="/workspace/cargo-home" RUSTUP_HOME="/workspace/rustup-home" __CARGO_TEST_CHANNEL_OVERRIDE_DO_NOT_USE_THIS="nightly" "/workspace/cargo-home/bin/cargo" "+1.69.0" "generate-lockfile" "--manifest-path" "Cargo.toml" "-Zno-index-update", kill_on_drop: false }`
[INFO] running `Command { std: CARGO_HOME="/workspace/cargo-home" RUSTUP_HOME="/workspace/rustup-home" "/workspace/cargo-home/bin/cargo" "+1.69.0" "fetch" "--manifest-path" "Cargo.toml", kill_on_drop: false }`
[INFO] running `Command { std: "docker" "create" "-v" "/var/lib/crater-agent-workspace/builds/worker-1-tc1/target:/opt/rustwide/target:rw,Z" "-v" "/var/lib/crater-agent-workspace/builds/worker-1-tc1/source:/opt/rustwide/workdir:ro,Z" "-v" "/var/lib/crater-agent-workspace/cargo-home:/opt/rustwide/cargo-home:ro,Z" "-v" "/var/lib/crater-agent-workspace/rustup-home:/opt/rustwide/rustup-home:ro,Z" "-e" "SOURCE_DIR=/opt/rustwide/workdir" "-e" "CARGO_TARGET_DIR=/opt/rustwide/target" "-e" "CARGO_HOME=/opt/rustwide/cargo-home" "-e" "RUSTUP_HOME=/opt/rustwide/rustup-home" "-w" "/opt/rustwide/workdir" "-m" "1610612736" "--user" "0:0" "--network" "none" "ghcr.io/rust-lang/crates-build-env/linux@sha256:5ff2268d62e97bff2cde7d5815dd6ed5b47097566f13b8d0ca110b04b60e07ed" "/opt/rustwide/cargo-home/bin/cargo" "+1.69.0" "metadata" "--no-deps" "--format-version=1", kill_on_drop: false }`
[INFO] [stdout] b62d5ac00dd9a88bd0c727d4c2aff0f19fcc2c73c9235edb12eb38b9cd85ef49
[INFO] running `Command { std: "docker" "start" "-a" "b62d5ac00dd9a88bd0c727d4c2aff0f19fcc2c73c9235edb12eb38b9cd85ef49", kill_on_drop: false }`
[INFO] running `Command { std: "docker" "inspect" "b62d5ac00dd9a88bd0c727d4c2aff0f19fcc2c73c9235edb12eb38b9cd85ef49", kill_on_drop: false }`
[INFO] running `Command { std: "docker" "rm" "-f" "b62d5ac00dd9a88bd0c727d4c2aff0f19fcc2c73c9235edb12eb38b9cd85ef49", kill_on_drop: false }`
[INFO] [stdout] b62d5ac00dd9a88bd0c727d4c2aff0f19fcc2c73c9235edb12eb38b9cd85ef49
[INFO] running `Command { std: "docker" "create" "-v" "/var/lib/crater-agent-workspace/builds/worker-1-tc1/target:/opt/rustwide/target:rw,Z" "-v" "/var/lib/crater-agent-workspace/builds/worker-1-tc1/source:/opt/rustwide/workdir:ro,Z" "-v" "/var/lib/crater-agent-workspace/cargo-home:/opt/rustwide/cargo-home:ro,Z" "-v" "/var/lib/crater-agent-workspace/rustup-home:/opt/rustwide/rustup-home:ro,Z" "-e" "SOURCE_DIR=/opt/rustwide/workdir" "-e" "CARGO_TARGET_DIR=/opt/rustwide/target" "-e" "CARGO_INCREMENTAL=0" "-e" "RUST_BACKTRACE=full" "-e" "RUSTFLAGS=--cap-lints=warn" "-e" "RUSTDOCFLAGS=--cap-lints=warn" "-e" "CARGO_HOME=/opt/rustwide/cargo-home" "-e" "RUSTUP_HOME=/opt/rustwide/rustup-home" "-w" "/opt/rustwide/workdir" "-m" "1610612736" "--user" "0:0" "--network" "none" "ghcr.io/rust-lang/crates-build-env/linux@sha256:5ff2268d62e97bff2cde7d5815dd6ed5b47097566f13b8d0ca110b04b60e07ed" "/opt/rustwide/cargo-home/bin/cargo" "+1.69.0" "build" "--frozen" "--message-format=json", kill_on_drop: false }`
[INFO] [stdout] 20fbdadde65c37737710b348f6b3be33f185136d9902bcced7b7df6b12a905fb
[INFO] running `Command { std: "docker" "start" "-a" "20fbdadde65c37737710b348f6b3be33f185136d9902bcced7b7df6b12a905fb", kill_on_drop: false }`
[INFO] [stderr]    Compiling fixed_len_str v0.2.9
[INFO] [stderr]    Compiling syn_str v0.1.58
[INFO] [stderr]    Compiling fast_new_type v0.1.7
[INFO] [stderr]    Compiling high_mem_utils v0.2.7 (/opt/rustwide/workdir)
[INFO] [stdout] error[E0557]: feature has been removed
[INFO] [stdout]  --> src/lib.rs:2:22
[INFO] [stdout]   |
[INFO] [stdout] 2 | #![feature(vec_leak, untagged_unions, const_fn, const_fn_union)]
[INFO] [stdout]   |                      ^^^^^^^^^^^^^^^ feature has been removed
[INFO] [stdout]   |
[INFO] [stdout]   = note: unions with `Copy` and `ManuallyDrop` fields are stable; there is no intent to stabilize more
[INFO] [stdout] 
[INFO] [stdout] 
[INFO] [stdout] error[E0557]: feature has been removed
[INFO] [stdout]  --> src/lib.rs:2:39
[INFO] [stdout]   |
[INFO] [stdout] 2 | #![feature(vec_leak, untagged_unions, const_fn, const_fn_union)]
[INFO] [stdout]   |                                       ^^^^^^^^ feature has been removed
[INFO] [stdout]   |
[INFO] [stdout]   = note: split into finer-grained feature gates
[INFO] [stdout] 
[INFO] [stdout] 
[INFO] [stdout] error[E0554]: `#![feature]` may not be used on the stable release channel
[INFO] [stdout]  --> src/lib.rs:2:1
[INFO] [stdout]   |
[INFO] [stdout] 2 | #![feature(vec_leak, untagged_unions, const_fn, const_fn_union)]
[INFO] [stdout]   | ^^^^^^^^^^^^^^^^^^^^^^^^^^^^^^^^^^^^^^^^^^^^^^^^^^^^^^^^^^^^^^^^
[INFO] [stdout]   |
[INFO] [stdout]   = help: the feature `const_fn_union` has been stable since `1.56.0` and no longer requires an attribute to enable
[INFO] [stdout] 
[INFO] [stdout] 
[INFO] [stdout] warning: the feature `const_fn_union` has been stable since 1.56.0 and no longer requires an attribute to enable
[INFO] [stdout]  --> src/lib.rs:2:49
[INFO] [stdout]   |
[INFO] [stdout] 2 | #![feature(vec_leak, untagged_unions, const_fn, const_fn_union)]
[INFO] [stdout]   |                                                 ^^^^^^^^^^^^^^
[INFO] [stdout]   |
[INFO] [stdout]   = note: `#[warn(stable_features)]` on by default
[INFO] [stdout] 
[INFO] [stdout] 
[INFO] [stdout] error[E0554]: `#![feature]` may not be used on the stable release channel
[INFO] [stdout]  --> src/lib.rs:2:12
[INFO] [stdout]   |
[INFO] [stdout] 2 | #![feature(vec_leak, untagged_unions, const_fn, const_fn_union)]
[INFO] [stdout]   |            ^^^^^^^^
[INFO] [stdout] 
[INFO] [stdout] 
[INFO] [stdout] warning: the feature `vec_leak` has been stable since 1.47.0 and no longer requires an attribute to enable
[INFO] [stdout]  --> src/lib.rs:2:12
[INFO] [stdout]   |
[INFO] [stdout] 2 | #![feature(vec_leak, untagged_unions, const_fn, const_fn_union)]
[INFO] [stdout]   |            ^^^^^^^^
[INFO] [stdout] 
[INFO] [stdout] 
[INFO] [stdout] error: aborting due to 4 previous errors; 2 warnings emitted
[INFO] [stdout] 
[INFO] [stdout] 
[INFO] [stdout] Some errors have detailed explanations: E0554, E0557.
[INFO] [stdout] 
[INFO] [stdout] For more information about an error, try `rustc --explain E0554`.
[INFO] [stdout] 
[INFO] [stderr] error: could not compile `high_mem_utils` due to 5 previous errors; 2 warnings emitted
[INFO] running `Command { std: "docker" "inspect" "20fbdadde65c37737710b348f6b3be33f185136d9902bcced7b7df6b12a905fb", kill_on_drop: false }`
[INFO] running `Command { std: "docker" "rm" "-f" "20fbdadde65c37737710b348f6b3be33f185136d9902bcced7b7df6b12a905fb", kill_on_drop: false }`
[INFO] [stdout] 20fbdadde65c37737710b348f6b3be33f185136d9902bcced7b7df6b12a905fb
