[INFO] fetching crate hifitime 3.8.0...
[INFO] testing hifitime-3.8.0 against 1.69.0 for beta-1.70-1
[INFO] extracting crate hifitime 3.8.0 into /workspace/builds/worker-0-tc1/source
[INFO] validating manifest of crates.io crate hifitime 3.8.0 on toolchain 1.69.0
[INFO] running `Command { std: CARGO_HOME="/workspace/cargo-home" RUSTUP_HOME="/workspace/rustup-home" "/workspace/cargo-home/bin/cargo" "+1.69.0" "metadata" "--manifest-path" "Cargo.toml" "--no-deps", kill_on_drop: false }`
[INFO] started tweaking crates.io crate hifitime 3.8.0
[INFO] finished tweaking crates.io crate hifitime 3.8.0
[INFO] tweaked toml for crates.io crate hifitime 3.8.0 written to /workspace/builds/worker-0-tc1/source/Cargo.toml
[INFO] running `Command { std: CARGO_HOME="/workspace/cargo-home" RUSTUP_HOME="/workspace/rustup-home" __CARGO_TEST_CHANNEL_OVERRIDE_DO_NOT_USE_THIS="nightly" "/workspace/cargo-home/bin/cargo" "+1.69.0" "generate-lockfile" "--manifest-path" "Cargo.toml" "-Zno-index-update", kill_on_drop: false }`
[INFO] running `Command { std: CARGO_HOME="/workspace/cargo-home" RUSTUP_HOME="/workspace/rustup-home" "/workspace/cargo-home/bin/cargo" "+1.69.0" "fetch" "--manifest-path" "Cargo.toml", kill_on_drop: false }`
[INFO] [stderr]  Downloading crates ...
[INFO] [stderr]   Downloaded iai v0.1.1
[INFO] [stderr]   Downloaded tabled_derive v0.5.0
[INFO] [stderr]   Downloaded der_derive v0.6.1
[INFO] [stderr]   Downloaded tabled v0.10.0
[INFO] [stderr]   Downloaded papergrid v0.7.1
[INFO] running `Command { std: "docker" "create" "-v" "/var/lib/crater-agent-workspace/builds/worker-0-tc1/target:/opt/rustwide/target:rw,Z" "-v" "/var/lib/crater-agent-workspace/builds/worker-0-tc1/source:/opt/rustwide/workdir:ro,Z" "-v" "/var/lib/crater-agent-workspace/cargo-home:/opt/rustwide/cargo-home:ro,Z" "-v" "/var/lib/crater-agent-workspace/rustup-home:/opt/rustwide/rustup-home:ro,Z" "-e" "SOURCE_DIR=/opt/rustwide/workdir" "-e" "CARGO_TARGET_DIR=/opt/rustwide/target" "-e" "CARGO_HOME=/opt/rustwide/cargo-home" "-e" "RUSTUP_HOME=/opt/rustwide/rustup-home" "-w" "/opt/rustwide/workdir" "-m" "1610612736" "--user" "0:0" "--network" "none" "ghcr.io/rust-lang/crates-build-env/linux@sha256:5ff2268d62e97bff2cde7d5815dd6ed5b47097566f13b8d0ca110b04b60e07ed" "/opt/rustwide/cargo-home/bin/cargo" "+1.69.0" "metadata" "--no-deps" "--format-version=1", kill_on_drop: false }`
[INFO] [stdout] eea9f306a4d9d90e356e55ff03af21199127beae5875f7b314e31adcc621a653
[INFO] running `Command { std: "docker" "start" "-a" "eea9f306a4d9d90e356e55ff03af21199127beae5875f7b314e31adcc621a653", kill_on_drop: false }`
[INFO] running `Command { std: "docker" "inspect" "eea9f306a4d9d90e356e55ff03af21199127beae5875f7b314e31adcc621a653", kill_on_drop: false }`
[INFO] running `Command { std: "docker" "rm" "-f" "eea9f306a4d9d90e356e55ff03af21199127beae5875f7b314e31adcc621a653", kill_on_drop: false }`
[INFO] [stdout] eea9f306a4d9d90e356e55ff03af21199127beae5875f7b314e31adcc621a653
[INFO] running `Command { std: "docker" "create" "-v" "/var/lib/crater-agent-workspace/builds/worker-0-tc1/target:/opt/rustwide/target:rw,Z" "-v" "/var/lib/crater-agent-workspace/builds/worker-0-tc1/source:/opt/rustwide/workdir:ro,Z" "-v" "/var/lib/crater-agent-workspace/cargo-home:/opt/rustwide/cargo-home:ro,Z" "-v" "/var/lib/crater-agent-workspace/rustup-home:/opt/rustwide/rustup-home:ro,Z" "-e" "SOURCE_DIR=/opt/rustwide/workdir" "-e" "CARGO_TARGET_DIR=/opt/rustwide/target" "-e" "CARGO_INCREMENTAL=0" "-e" "RUST_BACKTRACE=full" "-e" "RUSTFLAGS=--cap-lints=warn" "-e" "RUSTDOCFLAGS=--cap-lints=warn" "-e" "CARGO_HOME=/opt/rustwide/cargo-home" "-e" "RUSTUP_HOME=/opt/rustwide/rustup-home" "-w" "/opt/rustwide/workdir" "-m" "1610612736" "--user" "0:0" "--network" "none" "ghcr.io/rust-lang/crates-build-env/linux@sha256:5ff2268d62e97bff2cde7d5815dd6ed5b47097566f13b8d0ca110b04b60e07ed" "/opt/rustwide/cargo-home/bin/cargo" "+1.69.0" "build" "--frozen" "--message-format=json", kill_on_drop: false }`
[INFO] [stdout] bdd029337d464e73a11fe61ca86dd2cf1fef6f349454a98149994d03ed247e7a
[INFO] running `Command { std: "docker" "start" "-a" "bdd029337d464e73a11fe61ca86dd2cf1fef6f349454a98149994d03ed247e7a", kill_on_drop: false }`
[INFO] [stderr]    Compiling static_assertions v1.1.0
[INFO] [stderr]    Compiling libm v0.2.6
[INFO] [stderr]    Compiling serde v1.0.160
[INFO] [stderr]    Compiling num-traits v0.2.15
[INFO] [stderr]    Compiling lexical-util v0.8.5
[INFO] [stderr]    Compiling lexical-parse-integer v0.8.6
[INFO] [stderr]    Compiling lexical-parse-float v0.8.5
[INFO] [stderr]    Compiling lexical-core v0.8.5
[INFO] [stderr]    Compiling hifitime v3.8.0 (/opt/rustwide/workdir)
[INFO] [stderr]     Finished dev [unoptimized + debuginfo] target(s) in 3.70s
[INFO] running `Command { std: "docker" "inspect" "bdd029337d464e73a11fe61ca86dd2cf1fef6f349454a98149994d03ed247e7a", kill_on_drop: false }`
[INFO] running `Command { std: "docker" "rm" "-f" "bdd029337d464e73a11fe61ca86dd2cf1fef6f349454a98149994d03ed247e7a", kill_on_drop: false }`
[INFO] [stdout] bdd029337d464e73a11fe61ca86dd2cf1fef6f349454a98149994d03ed247e7a
[INFO] running `Command { std: "docker" "create" "-v" "/var/lib/crater-agent-workspace/builds/worker-0-tc1/target:/opt/rustwide/target:rw,Z" "-v" "/var/lib/crater-agent-workspace/builds/worker-0-tc1/source:/opt/rustwide/workdir:ro,Z" "-v" "/var/lib/crater-agent-workspace/cargo-home:/opt/rustwide/cargo-home:ro,Z" "-v" "/var/lib/crater-agent-workspace/rustup-home:/opt/rustwide/rustup-home:ro,Z" "-e" "SOURCE_DIR=/opt/rustwide/workdir" "-e" "CARGO_TARGET_DIR=/opt/rustwide/target" "-e" "CARGO_INCREMENTAL=0" "-e" "RUST_BACKTRACE=full" "-e" "RUSTFLAGS=--cap-lints=warn" "-e" "RUSTDOCFLAGS=--cap-lints=warn" "-e" "CARGO_HOME=/opt/rustwide/cargo-home" "-e" "RUSTUP_HOME=/opt/rustwide/rustup-home" "-w" "/opt/rustwide/workdir" "-m" "1610612736" "--user" "0:0" "--network" "none" "ghcr.io/rust-lang/crates-build-env/linux@sha256:5ff2268d62e97bff2cde7d5815dd6ed5b47097566f13b8d0ca110b04b60e07ed" "/opt/rustwide/cargo-home/bin/cargo" "+1.69.0" "test" "--frozen" "--no-run" "--message-format=json", kill_on_drop: false }`
[INFO] [stdout] 2a3cb2a1693bbceaa03b0322ad679274b7b6f28b6d3e57469f31953ca38474a6
[INFO] running `Command { std: "docker" "start" "-a" "2a3cb2a1693bbceaa03b0322ad679274b7b6f28b6d3e57469f31953ca38474a6", kill_on_drop: false }`
[INFO] [stderr]    Compiling crossbeam-utils v0.8.15
[INFO] [stderr]    Compiling memoffset v0.8.0
[INFO] [stderr]    Compiling crossbeam-epoch v0.9.14
[INFO] [stderr]    Compiling num-traits v0.2.15
[INFO] [stderr]    Compiling indexmap v1.9.3
[INFO] [stderr]    Compiling either v1.8.1
[INFO] [stderr]    Compiling rayon-core v1.11.0
[INFO] [stderr]    Compiling plotters-backend v0.3.4
[INFO] [stderr]    Compiling half v1.8.2
[INFO] [stderr]    Compiling os_str_bytes v6.5.0
[INFO] [stderr]    Compiling ciborium-io v0.2.0
[INFO] [stderr]    Compiling num_cpus v1.15.0
[INFO] [stderr]    Compiling hashbrown v0.12.3
[INFO] [stderr]    Compiling textwrap v0.16.0
[INFO] [stderr]    Compiling same-file v1.0.6
[INFO] [stderr]    Compiling cast v0.3.0
[INFO] [stderr]    Compiling regex-syntax v0.7.1
[INFO] [stderr]    Compiling clap_lex v0.2.4
[INFO] [stderr]    Compiling itertools v0.10.5
[INFO] [stderr]    Compiling walkdir v2.3.3
[INFO] [stderr]    Compiling tinytemplate v1.2.1
[INFO] [stderr]    Compiling atty v0.2.14
[INFO] [stderr]    Compiling ciborium-ll v0.2.0
[INFO] [stderr]    Compiling plotters-svg v0.3.3
[INFO] [stderr]    Compiling oorandom v11.1.3
[INFO] [stderr]    Compiling anes v0.1.6
[INFO] [stderr]    Compiling iai v0.1.1
[INFO] [stderr]    Compiling ciborium v0.2.0
[INFO] [stderr]    Compiling crossbeam-channel v0.5.8
[INFO] [stderr]    Compiling clap v3.2.25
[INFO] [stderr]    Compiling crossbeam-deque v0.8.3
[INFO] [stderr]    Compiling regex v1.8.1
[INFO] [stderr]    Compiling plotters v0.3.4
[INFO] [stderr]    Compiling hifitime v3.8.0 (/opt/rustwide/workdir)
[INFO] [stderr]    Compiling criterion-plot v0.5.0
[INFO] [stderr]    Compiling rayon v1.7.0
[INFO] [stderr]    Compiling criterion v0.4.0
[INFO] [stdout] warning: unused import: `core::str::FromStr`
[INFO] [stdout]  --> tests/ut1.rs:1:5
[INFO] [stdout]   |
[INFO] [stdout] 1 | use core::str::FromStr;
[INFO] [stdout]   |     ^^^^^^^^^^^^^^^^^^
[INFO] [stdout]   |
[INFO] [stdout]   = note: `#[warn(unused_imports)]` on by default
[INFO] [stdout] 
[INFO] [stdout] 
[INFO] [stdout] warning: unused import: `hifitime::Epoch`
[INFO] [stdout]  --> tests/ut1.rs:3:5
[INFO] [stdout]   |
[INFO] [stdout] 3 | use hifitime::Epoch;
[INFO] [stdout]   |     ^^^^^^^^^^^^^^^
[INFO] [stdout] 
[INFO] [stdout] 
[INFO] [stdout] warning: 2 warnings emitted
[INFO] [stdout] 
[INFO] [stdout] 
[INFO] [stderr]     Finished test [unoptimized + debuginfo] target(s) in 8.98s
[INFO] running `Command { std: "docker" "inspect" "2a3cb2a1693bbceaa03b0322ad679274b7b6f28b6d3e57469f31953ca38474a6", kill_on_drop: false }`
[INFO] running `Command { std: "docker" "rm" "-f" "2a3cb2a1693bbceaa03b0322ad679274b7b6f28b6d3e57469f31953ca38474a6", kill_on_drop: false }`
[INFO] [stdout] 2a3cb2a1693bbceaa03b0322ad679274b7b6f28b6d3e57469f31953ca38474a6
[INFO] running `Command { std: "docker" "create" "-v" "/var/lib/crater-agent-workspace/builds/worker-0-tc1/target:/opt/rustwide/target:rw,Z" "-v" "/var/lib/crater-agent-workspace/builds/worker-0-tc1/source:/opt/rustwide/workdir:ro,Z" "-v" "/var/lib/crater-agent-workspace/cargo-home:/opt/rustwide/cargo-home:ro,Z" "-v" "/var/lib/crater-agent-workspace/rustup-home:/opt/rustwide/rustup-home:ro,Z" "-e" "SOURCE_DIR=/opt/rustwide/workdir" "-e" "CARGO_TARGET_DIR=/opt/rustwide/target" "-e" "CARGO_INCREMENTAL=0" "-e" "RUST_BACKTRACE=full" "-e" "RUSTFLAGS=--cap-lints=warn" "-e" "RUSTDOCFLAGS=--cap-lints=warn" "-e" "CARGO_HOME=/opt/rustwide/cargo-home" "-e" "RUSTUP_HOME=/opt/rustwide/rustup-home" "-w" "/opt/rustwide/workdir" "-m" "1610612736" "--user" "0:0" "--network" "none" "ghcr.io/rust-lang/crates-build-env/linux@sha256:5ff2268d62e97bff2cde7d5815dd6ed5b47097566f13b8d0ca110b04b60e07ed" "/opt/rustwide/cargo-home/bin/cargo" "+1.69.0" "test" "--frozen", kill_on_drop: false }`
[INFO] [stdout] 829b42daaca3655d316cfabbee5e59a49ad8e969cbb3a0c3c02cab2c90ee30fc
[INFO] running `Command { std: "docker" "start" "-a" "829b42daaca3655d316cfabbee5e59a49ad8e969cbb3a0c3c02cab2c90ee30fc", kill_on_drop: false }`
[INFO] [stderr] warning: unused import: `core::str::FromStr`
[INFO] [stderr]  --> tests/ut1.rs:1:5
[INFO] [stderr]   |
[INFO] [stderr] 1 | use core::str::FromStr;
[INFO] [stderr]   |     ^^^^^^^^^^^^^^^^^^
[INFO] [stderr]   |
[INFO] [stderr]   = note: `#[warn(unused_imports)]` on by default
[INFO] [stderr] 
[INFO] [stderr] warning: unused import: `hifitime::Epoch`
[INFO] [stderr]  --> tests/ut1.rs:3:5
[INFO] [stderr]   |
[INFO] [stderr] 3 | use hifitime::Epoch;
[INFO] [stderr]   |     ^^^^^^^^^^^^^^^
[INFO] [stderr] 
[INFO] [stderr] warning: `hifitime` (test "ut1") generated 2 warnings (run `cargo fix --test "ut1"` to apply 2 suggestions)
[INFO] [stderr]     Finished test [unoptimized + debuginfo] target(s) in 0.08s
[INFO] [stderr]      Running unittests src/lib.rs (/opt/rustwide/target/debug/deps/hifitime-d8e547b59e33ceb2)
[INFO] [stdout] 
[INFO] [stdout] running 18 tests
[INFO] [stdout] test duration::test_bounds ... ok
[INFO] [stdout] test duration::test_serdes ... ok
[INFO] [stdout] test efmt::format::epoch_format_from_str ... ok
[INFO] [stdout] test epoch::cumulative_days_for_month ... ok
[INFO] [stdout] test epoch::leap_year ... ok
[INFO] [stdout] test epoch::test_serdes ... ok
[INFO] [stdout] test errors::tests::enum_eq ... ok
[INFO] [stdout] test timescale::test_serdes ... ok
[INFO] [stdout] test timescale::test_ts ... ok
[INFO] [stdout] test timeunits::test_unit_conversion ... ok
[INFO] [stdout] test weekday::test_iso_weekday ... ok
[INFO] [stdout] test weekday::test_wrapping ... ok
[INFO] [stdout] test duration::formal_duration_seconds ... ok
[INFO] [stdout] test timeseries::tests::gh131_regression ... ok
[INFO] [stdout] test timeseries::tests::test_timeseries ... ok
[INFO] [stdout] test epoch::div_rem_f64_test ... ok
[INFO] [stdout] test epoch::test_days_tdb_j2000 ... ok
[INFO] [stdout] test epoch::formal_epoch_reciprocity_tdb ... ok
[INFO] [stdout] 
[INFO] [stdout] test result: ok. 18 passed; 0 failed; 0 ignored; 0 measured; 0 filtered out; finished in 0.00s
[INFO] [stdout] 
[INFO] [stderr]      Running tests/duration.rs (/opt/rustwide/target/debug/deps/duration-5d27e31329f8dd9e)
[INFO] [stdout] 
[INFO] [stdout] running 15 tests
[INFO] [stdout] test duration_enum_orq ... ok
[INFO] [stdout] test duration_enum_eq ... ok
[INFO] [stdout] test duration_floor_ceil_round ... ok
[INFO] [stdout] test duration_from_str ... ok
[INFO] [stdout] test duration_format ... ok
[INFO] [stdout] test duration_recip ... ok
[INFO] [stdout] test freq_mul ... ok
[INFO] [stdout] test std_time_duration ... ok
[INFO] [stdout] test test_decompose ... ok
[INFO] [stdout] test test_extremes ... ok
[INFO] [stdout] test test_min_max ... ok
[INFO] [stdout] test test_neg ... ok
[INFO] [stdout] test test_ops ... ok
[INFO] [stdout] test test_ops_near_bounds ... ok
[INFO] [stdout] test time_unit ... ok
[INFO] [stdout] 
[INFO] [stdout] test result: ok. 15 passed; 0 failed; 0 ignored; 0 measured; 0 filtered out; finished in 0.00s
[INFO] [stdout] 
[INFO] [stderr]      Running tests/efmt.rs (/opt/rustwide/target/debug/deps/efmt-73f200bade362eca)
[INFO] [stdout] 
[INFO] [stdout] running 2 tests
[INFO] [stdout] test epoch_parse_with_format ... ok
[INFO] [stdout] test epoch_format_rfc2822 ... ok
[INFO] [stdout] 
[INFO] [stdout] test result: ok. 2 passed; 0 failed; 0 ignored; 0 measured; 0 filtered out; finished in 0.00s
[INFO] [stdout] 
[INFO] [stderr]      Running tests/epoch.rs (/opt/rustwide/target/debug/deps/epoch-6226d156ae141877)
[INFO] [stdout] 
[INFO] [stdout] running 42 tests
[INFO] [stdout] test beidou_time_scale ... ok
[INFO] [stdout] test datetime_invalid_dates ... ok
[INFO] [stdout] test galileo_time_scale ... ok
[INFO] [stdout] test gpst ... ok
[INFO] [stdout] test julian_epoch ... ok
[INFO] [stdout] test ops ... ok
[INFO] [stdout] test naif_spice_et_tdb_verification ... ok
[INFO] [stdout] test regression_test_gh_85 ... ok
[INFO] [stdout] test regression_test_gh_145 ... ok
[INFO] [stdout] test test_add_f64_seconds ... ok
[INFO] [stdout] test test_add_durations_over_leap_seconds ... ok
[INFO] [stdout] test test_const_ops ... ok
[INFO] [stdout] test test_from_str_tdb ... ok
[INFO] [stdout] test test_from_str ... ok
[INFO] [stdout] test test_floor_ceil_round ... ok
[INFO] [stdout] test test_day_of_year ... ok
[INFO] [stdout] test test_get_time ... ok
[INFO] [stdout] test spice_et_tdb ... ok
[INFO] [stdout] test test_minmax ... ok
[INFO] [stdout] test test_epoch_formatter ... ok
[INFO] [stdout] test test_ord ... ok
[INFO] [stdout] test test_range ... ok
[INFO] [stdout] test test_leap_seconds_iers ... ok
[INFO] [stdout] test test_start_of_week ... ok
[INFO] [stdout] test test_rfc3339 ... ok
[INFO] [stdout] test test_utc_str ... ok
[INFO] [stdout] test unix ... ok
[INFO] [stdout] test test_format ... ok
[INFO] [stdout] test test_weekday ... ok
[INFO] [stdout] test test_time_of_week ... ok
[INFO] [stdout] test utc_epochs ... ok
[INFO] [stdout] test test_timescale_recip ... ok
[INFO] [stdout] test utc_tai ... ok
[INFO] [stdout] test from_infinite_jde_et_days - should panic ... ok
[INFO] [stdout] test from_infinite_jde_tai_days - should panic ... ok
[INFO] [stdout] test from_infinite_jde_tdb_days - should panic ... ok
[INFO] [stdout] test from_infinite_mjd_utc_days - should panic ... ok
[INFO] [stdout] test from_infinite_mjd_tai_days - should panic ... ok
[INFO] [stdout] test from_infinite_tai_days - should panic ... ok
[INFO] [stdout] test from_infinite_tdb_seconds - should panic ... ok
[INFO] [stdout] test from_infinite_tai_seconds - should panic ... ok
[INFO] [stdout] test test_leap_seconds_file ... FAILED
[INFO] [stdout] 
[INFO] [stdout] failures:
[INFO] [stdout] 
[INFO] [stdout] ---- test_leap_seconds_file stdout ----
[INFO] [stdout] thread 'test_leap_seconds_file' panicked at 'called `Result::unwrap()` on an `Err` value: ParseError(IOError(NotFound))', tests/epoch.rs:1834:73
[INFO] [stdout] stack backtrace:
[INFO] [stdout]    0:     0x555dcacca33a - std::backtrace_rs::backtrace::libunwind::trace::ha9053a9a07ca49cb
[INFO] [stdout]                                at /rustc/84c898d65adf2f39a5a98507f1fe0ce10a2b8dbc/library/std/src/../../backtrace/src/backtrace/libunwind.rs:93:5
[INFO] [stdout]    1:     0x555dcacca33a - std::backtrace_rs::backtrace::trace_unsynchronized::h9c2852a457ad564e
[INFO] [stdout]                                at /rustc/84c898d65adf2f39a5a98507f1fe0ce10a2b8dbc/library/std/src/../../backtrace/src/backtrace/mod.rs:66:5
[INFO] [stdout]    2:     0x555dcacca33a - std::sys_common::backtrace::_print_fmt::h457936fbfaa0070f
[INFO] [stdout]                                at /rustc/84c898d65adf2f39a5a98507f1fe0ce10a2b8dbc/library/std/src/sys_common/backtrace.rs:65:5
[INFO] [stdout]    3:     0x555dcacca33a - <std::sys_common::backtrace::_print::DisplayBacktrace as core::fmt::Display>::fmt::h5779d7bf7f70cb0c
[INFO] [stdout]                                at /rustc/84c898d65adf2f39a5a98507f1fe0ce10a2b8dbc/library/std/src/sys_common/backtrace.rs:44:22
[INFO] [stdout]    4:     0x555dcacede6e - core::fmt::write::h5a4baaff1bcd3eb5
[INFO] [stdout]                                at /rustc/84c898d65adf2f39a5a98507f1fe0ce10a2b8dbc/library/core/src/fmt/mod.rs:1232:17
[INFO] [stdout]    5:     0x555dcacc77b5 - std::io::Write::write_fmt::h478f79c628ef31d1
[INFO] [stdout]                                at /rustc/84c898d65adf2f39a5a98507f1fe0ce10a2b8dbc/library/std/src/io/mod.rs:1684:15
[INFO] [stdout]    6:     0x555dcacca105 - std::sys_common::backtrace::_print::h5fcdc36060f177e8
[INFO] [stdout]                                at /rustc/84c898d65adf2f39a5a98507f1fe0ce10a2b8dbc/library/std/src/sys_common/backtrace.rs:47:5
[INFO] [stdout]    7:     0x555dcacca105 - std::sys_common::backtrace::print::h54ca9458b876c8bf
[INFO] [stdout]                                at /rustc/84c898d65adf2f39a5a98507f1fe0ce10a2b8dbc/library/std/src/sys_common/backtrace.rs:34:9
[INFO] [stdout]    8:     0x555dcaccbecf - std::panicking::default_hook::{{closure}}::hbe471161c7664ed6
[INFO] [stdout]                                at /rustc/84c898d65adf2f39a5a98507f1fe0ce10a2b8dbc/library/std/src/panicking.rs:271:22
[INFO] [stdout]    9:     0x555dcaccbb8f - std::panicking::default_hook::ha3500da57aa4ac4f
[INFO] [stdout]                                at /rustc/84c898d65adf2f39a5a98507f1fe0ce10a2b8dbc/library/std/src/panicking.rs:287:9
[INFO] [stdout]   10:     0x555dcac5d777 - <alloc::boxed::Box<F,A> as core::ops::function::Fn<Args>>::call::hdf1b89dd137ece34
[INFO] [stdout]                                at /rustc/84c898d65adf2f39a5a98507f1fe0ce10a2b8dbc/library/alloc/src/boxed.rs:2001:9
[INFO] [stdout]   11:     0x555dcac5d777 - test::test_main::{{closure}}::h9081a79f20e75698
[INFO] [stdout]                                at /rustc/84c898d65adf2f39a5a98507f1fe0ce10a2b8dbc/library/test/src/lib.rs:135:21
[INFO] [stdout]   12:     0x555dcaccc5fd - <alloc::boxed::Box<F,A> as core::ops::function::Fn<Args>>::call::h6507bddc3eebb4a5
[INFO] [stdout]                                at /rustc/84c898d65adf2f39a5a98507f1fe0ce10a2b8dbc/library/alloc/src/boxed.rs:2001:9
[INFO] [stdout]   13:     0x555dcaccc5fd - std::panicking::rust_panic_with_hook::h50c09d000dc561d2
[INFO] [stdout]                                at /rustc/84c898d65adf2f39a5a98507f1fe0ce10a2b8dbc/library/std/src/panicking.rs:696:13
[INFO] [stdout]   14:     0x555dcaccc379 - std::panicking::begin_panic_handler::{{closure}}::h9e2b2176e00e0d9c
[INFO] [stdout]                                at /rustc/84c898d65adf2f39a5a98507f1fe0ce10a2b8dbc/library/std/src/panicking.rs:583:13
[INFO] [stdout]   15:     0x555dcacca7a6 - std::sys_common::backtrace::__rust_end_short_backtrace::h5739b8e512c09d02
[INFO] [stdout]                                at /rustc/84c898d65adf2f39a5a98507f1fe0ce10a2b8dbc/library/std/src/sys_common/backtrace.rs:150:18
[INFO] [stdout]   16:     0x555dcaccc082 - rust_begin_unwind
[INFO] [stdout]                                at /rustc/84c898d65adf2f39a5a98507f1fe0ce10a2b8dbc/library/std/src/panicking.rs:579:5
[INFO] [stdout]   17:     0x555dcac0ab83 - core::panicking::panic_fmt::hf33a1475b4dc5c3e
[INFO] [stdout]                                at /rustc/84c898d65adf2f39a5a98507f1fe0ce10a2b8dbc/library/core/src/panicking.rs:64:14
[INFO] [stdout]   18:     0x555dcac0afd3 - core::result::unwrap_failed::hdff5465d74574b44
[INFO] [stdout]                                at /rustc/84c898d65adf2f39a5a98507f1fe0ce10a2b8dbc/library/core/src/result.rs:1750:5
[INFO] [stdout]   19:     0x555dcac290fc - core::result::Result<T,E>::unwrap::hc6735a2320c621c0
[INFO] [stdout]                                at /rustc/84c898d65adf2f39a5a98507f1fe0ce10a2b8dbc/library/core/src/result.rs:1090:23
[INFO] [stdout]   20:     0x555dcac263e2 - epoch::test_leap_seconds_file::h6446f66a40aedb82
[INFO] [stdout]                                at /opt/rustwide/workdir/tests/epoch.rs:1834:20
[INFO] [stdout]   21:     0x555dcac26387 - epoch::test_leap_seconds_file::{{closure}}::hd92581e5a5a7dd3d
[INFO] [stdout]                                at /opt/rustwide/workdir/tests/epoch.rs:1831:29
[INFO] [stdout]   22:     0x555dcac2c6b5 - core::ops::function::FnOnce::call_once::h99d5d80c38f1594e
[INFO] [stdout]                                at /rustc/84c898d65adf2f39a5a98507f1fe0ce10a2b8dbc/library/core/src/ops/function.rs:250:5
[INFO] [stdout]   23:     0x555dcac62b5f - core::ops::function::FnOnce::call_once::h7d969581be7d0075
[INFO] [stdout]                                at /rustc/84c898d65adf2f39a5a98507f1fe0ce10a2b8dbc/library/core/src/ops/function.rs:250:5
[INFO] [stdout]   24:     0x555dcac62b5f - test::__rust_begin_short_backtrace::hca25a52684e56655
[INFO] [stdout]                                at /rustc/84c898d65adf2f39a5a98507f1fe0ce10a2b8dbc/library/test/src/lib.rs:656:18
[INFO] [stdout]   25:     0x555dcac3417c - test::run_test::{{closure}}::ha8ac744c4af1a4bb
[INFO] [stdout]                                at /rustc/84c898d65adf2f39a5a98507f1fe0ce10a2b8dbc/library/test/src/lib.rs:647:30
[INFO] [stdout]   26:     0x555dcac3417c - core::ops::function::FnOnce::call_once{{vtable.shim}}::h7b411a9ed45bdecf
[INFO] [stdout]                                at /rustc/84c898d65adf2f39a5a98507f1fe0ce10a2b8dbc/library/core/src/ops/function.rs:250:5
[INFO] [stdout]   27:     0x555dcac61b26 - <alloc::boxed::Box<F,A> as core::ops::function::FnOnce<Args>>::call_once::hd05328869a8ed200
[INFO] [stdout]                                at /rustc/84c898d65adf2f39a5a98507f1fe0ce10a2b8dbc/library/alloc/src/boxed.rs:1987:9
[INFO] [stdout]   28:     0x555dcac61b26 - <core::panic::unwind_safe::AssertUnwindSafe<F> as core::ops::function::FnOnce<()>>::call_once::h0c601ce20bd5b2be
[INFO] [stdout]                                at /rustc/84c898d65adf2f39a5a98507f1fe0ce10a2b8dbc/library/core/src/panic/unwind_safe.rs:271:9
[INFO] [stdout]   29:     0x555dcac61b26 - std::panicking::try::do_call::ha4be5c164fe30854
[INFO] [stdout]                                at /rustc/84c898d65adf2f39a5a98507f1fe0ce10a2b8dbc/library/std/src/panicking.rs:487:40
[INFO] [stdout]   30:     0x555dcac61b26 - std::panicking::try::h604546f3609af05f
[INFO] [stdout]                                at /rustc/84c898d65adf2f39a5a98507f1fe0ce10a2b8dbc/library/std/src/panicking.rs:451:19
[INFO] [stdout]   31:     0x555dcac61b26 - std::panic::catch_unwind::h5bfa8afe44c9c2f9
[INFO] [stdout]                                at /rustc/84c898d65adf2f39a5a98507f1fe0ce10a2b8dbc/library/std/src/panic.rs:140:14
[INFO] [stdout]   32:     0x555dcac61b26 - test::run_test_in_process::hd50dee55dd63e6aa
[INFO] [stdout]                                at /rustc/84c898d65adf2f39a5a98507f1fe0ce10a2b8dbc/library/test/src/lib.rs:679:27
[INFO] [stdout]   33:     0x555dcac61b26 - test::run_test::run_test_inner::{{closure}}::h4aa0f433aa85cea8
[INFO] [stdout]                                at /rustc/84c898d65adf2f39a5a98507f1fe0ce10a2b8dbc/library/test/src/lib.rs:573:39
[INFO] [stdout]   34:     0x555dcac2e7f1 - test::run_test::run_test_inner::{{closure}}::had56431adf24b4d6
[INFO] [stdout]                                at /rustc/84c898d65adf2f39a5a98507f1fe0ce10a2b8dbc/library/test/src/lib.rs:600:37
[INFO] [stdout]   35:     0x555dcac2e7f1 - std::sys_common::backtrace::__rust_begin_short_backtrace::ha8d9890e0c73bf13
[INFO] [stdout]                                at /rustc/84c898d65adf2f39a5a98507f1fe0ce10a2b8dbc/library/std/src/sys_common/backtrace.rs:134:18
[INFO] [stdout]   36:     0x555dcac3420b - std::thread::Builder::spawn_unchecked_::{{closure}}::{{closure}}::h251832bcb4a95327
[INFO] [stdout]                                at /rustc/84c898d65adf2f39a5a98507f1fe0ce10a2b8dbc/library/std/src/thread/mod.rs:560:17
[INFO] [stdout]   37:     0x555dcac3420b - <core::panic::unwind_safe::AssertUnwindSafe<F> as core::ops::function::FnOnce<()>>::call_once::h8fdff598fa414831
[INFO] [stdout]                                at /rustc/84c898d65adf2f39a5a98507f1fe0ce10a2b8dbc/library/core/src/panic/unwind_safe.rs:271:9
[INFO] [stdout]   38:     0x555dcac3420b - std::panicking::try::do_call::h455dd2f7764a950f
[INFO] [stdout]                                at /rustc/84c898d65adf2f39a5a98507f1fe0ce10a2b8dbc/library/std/src/panicking.rs:487:40
[INFO] [stdout]   39:     0x555dcac3420b - std::panicking::try::had6f23b7b73ae72a
[INFO] [stdout]                                at /rustc/84c898d65adf2f39a5a98507f1fe0ce10a2b8dbc/library/std/src/panicking.rs:451:19
[INFO] [stdout]   40:     0x555dcac3420b - std::panic::catch_unwind::ha6a5ca3915b4dad0
[INFO] [stdout]                                at /rustc/84c898d65adf2f39a5a98507f1fe0ce10a2b8dbc/library/std/src/panic.rs:140:14
[INFO] [stdout]   41:     0x555dcac3420b - std::thread::Builder::spawn_unchecked_::{{closure}}::h883b72ef75da6231
[INFO] [stdout]                                at /rustc/84c898d65adf2f39a5a98507f1fe0ce10a2b8dbc/library/std/src/thread/mod.rs:559:30
[INFO] [stdout]   42:     0x555dcac3420b - core::ops::function::FnOnce::call_once{{vtable.shim}}::hb7dff73dc8bd2ccb
[INFO] [stdout]                                at /rustc/84c898d65adf2f39a5a98507f1fe0ce10a2b8dbc/library/core/src/ops/function.rs:250:5
[INFO] [stdout]   43:     0x555dcacd0963 - <alloc::boxed::Box<F,A> as core::ops::function::FnOnce<Args>>::call_once::h39990b24eedef2ab
[INFO] [stdout]                                at /rustc/84c898d65adf2f39a5a98507f1fe0ce10a2b8dbc/library/alloc/src/boxed.rs:1987:9
[INFO] [stdout]   44:     0x555dcacd0963 - <alloc::boxed::Box<F,A> as core::ops::function::FnOnce<Args>>::call_once::h01a027258444143b
[INFO] [stdout]                                at /rustc/84c898d65adf2f39a5a98507f1fe0ce10a2b8dbc/library/alloc/src/boxed.rs:1987:9
[INFO] [stdout]   45:     0x555dcacd0963 - std::sys::unix::thread::Thread::new::thread_start::ha4f1cdd9c25884ba
[INFO] [stdout]                                at /rustc/84c898d65adf2f39a5a98507f1fe0ce10a2b8dbc/library/std/src/sys/unix/thread.rs:108:17
[INFO] [stdout]   46:     0x7fb6565cab43 - <unknown>
[INFO] [stdout]   47:     0x7fb65665bbb4 - __clone
[INFO] [stdout]   48:                0x0 - <unknown>
[INFO] [stdout] 
[INFO] [stdout] 
[INFO] [stdout] failures:
[INFO] [stdout]     test_leap_seconds_file
[INFO] [stdout] 
[INFO] [stdout] test result: FAILED. 41 passed; 1 failed; 0 ignored; 0 measured; 0 filtered out; finished in 0.01s
[INFO] [stdout] 
[INFO] [stderr] error: test failed, to rerun pass `--test epoch`
[INFO] running `Command { std: "docker" "inspect" "829b42daaca3655d316cfabbee5e59a49ad8e969cbb3a0c3c02cab2c90ee30fc", kill_on_drop: false }`
[INFO] running `Command { std: "docker" "rm" "-f" "829b42daaca3655d316cfabbee5e59a49ad8e969cbb3a0c3c02cab2c90ee30fc", kill_on_drop: false }`
[INFO] [stdout] 829b42daaca3655d316cfabbee5e59a49ad8e969cbb3a0c3c02cab2c90ee30fc
