[INFO] fetching crate helixlauncher-core 0.1.0...
[INFO] testing helixlauncher-core-0.1.0 against 1.69.0 for beta-1.70-1
[INFO] extracting crate helixlauncher-core 0.1.0 into /workspace/builds/worker-2-tc1/source
[INFO] validating manifest of crates.io crate helixlauncher-core 0.1.0 on toolchain 1.69.0
[INFO] running `Command { std: CARGO_HOME="/workspace/cargo-home" RUSTUP_HOME="/workspace/rustup-home" "/workspace/cargo-home/bin/cargo" "+1.69.0" "metadata" "--manifest-path" "Cargo.toml" "--no-deps", kill_on_drop: false }`
[INFO] started tweaking crates.io crate helixlauncher-core 0.1.0
[INFO] finished tweaking crates.io crate helixlauncher-core 0.1.0
[INFO] tweaked toml for crates.io crate helixlauncher-core 0.1.0 written to /workspace/builds/worker-2-tc1/source/Cargo.toml
[INFO] running `Command { std: CARGO_HOME="/workspace/cargo-home" RUSTUP_HOME="/workspace/rustup-home" __CARGO_TEST_CHANNEL_OVERRIDE_DO_NOT_USE_THIS="nightly" "/workspace/cargo-home/bin/cargo" "+1.69.0" "generate-lockfile" "--manifest-path" "Cargo.toml" "-Zno-index-update", kill_on_drop: false }`
[INFO] running `Command { std: CARGO_HOME="/workspace/cargo-home" RUSTUP_HOME="/workspace/rustup-home" "/workspace/cargo-home/bin/cargo" "+1.69.0" "fetch" "--manifest-path" "Cargo.toml", kill_on_drop: false }`
[INFO] [stderr]  Downloading crates ...
[INFO] [stderr]   Downloaded cbindgen v0.24.3
[INFO] [stderr]   Downloaded helixlauncher-meta v0.1.0
[INFO] running `Command { std: "docker" "create" "-v" "/var/lib/crater-agent-workspace/builds/worker-2-tc1/target:/opt/rustwide/target:rw,Z" "-v" "/var/lib/crater-agent-workspace/builds/worker-2-tc1/source:/opt/rustwide/workdir:ro,Z" "-v" "/var/lib/crater-agent-workspace/cargo-home:/opt/rustwide/cargo-home:ro,Z" "-v" "/var/lib/crater-agent-workspace/rustup-home:/opt/rustwide/rustup-home:ro,Z" "-e" "SOURCE_DIR=/opt/rustwide/workdir" "-e" "CARGO_TARGET_DIR=/opt/rustwide/target" "-e" "CARGO_HOME=/opt/rustwide/cargo-home" "-e" "RUSTUP_HOME=/opt/rustwide/rustup-home" "-w" "/opt/rustwide/workdir" "-m" "1610612736" "--user" "0:0" "--network" "none" "ghcr.io/rust-lang/crates-build-env/linux@sha256:5ff2268d62e97bff2cde7d5815dd6ed5b47097566f13b8d0ca110b04b60e07ed" "/opt/rustwide/cargo-home/bin/cargo" "+1.69.0" "metadata" "--no-deps" "--format-version=1", kill_on_drop: false }`
[INFO] [stdout] fef115559e666bda47da29caac5a810b3b66f8fa0d7e169eea4c07c2f33c4641
[INFO] running `Command { std: "docker" "start" "-a" "fef115559e666bda47da29caac5a810b3b66f8fa0d7e169eea4c07c2f33c4641", kill_on_drop: false }`
[INFO] running `Command { std: "docker" "inspect" "fef115559e666bda47da29caac5a810b3b66f8fa0d7e169eea4c07c2f33c4641", kill_on_drop: false }`
[INFO] running `Command { std: "docker" "rm" "-f" "fef115559e666bda47da29caac5a810b3b66f8fa0d7e169eea4c07c2f33c4641", kill_on_drop: false }`
[INFO] [stdout] fef115559e666bda47da29caac5a810b3b66f8fa0d7e169eea4c07c2f33c4641
[INFO] running `Command { std: "docker" "create" "-v" "/var/lib/crater-agent-workspace/builds/worker-2-tc1/target:/opt/rustwide/target:rw,Z" "-v" "/var/lib/crater-agent-workspace/builds/worker-2-tc1/source:/opt/rustwide/workdir:ro,Z" "-v" "/var/lib/crater-agent-workspace/cargo-home:/opt/rustwide/cargo-home:ro,Z" "-v" "/var/lib/crater-agent-workspace/rustup-home:/opt/rustwide/rustup-home:ro,Z" "-e" "SOURCE_DIR=/opt/rustwide/workdir" "-e" "CARGO_TARGET_DIR=/opt/rustwide/target" "-e" "CARGO_INCREMENTAL=0" "-e" "RUST_BACKTRACE=full" "-e" "RUSTFLAGS=--cap-lints=warn" "-e" "RUSTDOCFLAGS=--cap-lints=warn" "-e" "CARGO_HOME=/opt/rustwide/cargo-home" "-e" "RUSTUP_HOME=/opt/rustwide/rustup-home" "-w" "/opt/rustwide/workdir" "-m" "1610612736" "--user" "0:0" "--network" "none" "ghcr.io/rust-lang/crates-build-env/linux@sha256:5ff2268d62e97bff2cde7d5815dd6ed5b47097566f13b8d0ca110b04b60e07ed" "/opt/rustwide/cargo-home/bin/cargo" "+1.69.0" "build" "--frozen" "--message-format=json", kill_on_drop: false }`
[INFO] [stdout] bca6a965c8f3072694c759d02030effc4d33037222f40a5f0d4eec1263d55d09
[INFO] running `Command { std: "docker" "start" "-a" "bca6a965c8f3072694c759d02030effc4d33037222f40a5f0d4eec1263d55d09", kill_on_drop: false }`
[INFO] [stderr]    Compiling openssl-sys v0.9.87
[INFO] [stderr]    Compiling tokio v1.28.0
[INFO] [stderr]    Compiling syn v2.0.15
[INFO] [stderr]    Compiling mio v0.8.6
[INFO] [stderr]    Compiling futures-task v0.3.28
[INFO] [stderr]    Compiling serde v1.0.160
[INFO] [stderr]    Compiling futures-util v0.3.28
[INFO] [stderr]    Compiling strsim v0.10.0
[INFO] [stderr]    Compiling tracing v0.1.37
[INFO] [stderr]    Compiling futures-channel v0.3.28
[INFO] [stderr]    Compiling want v0.3.0
[INFO] [stderr]    Compiling helixlauncher-core v0.1.0 (/opt/rustwide/workdir)
[INFO] [stderr]    Compiling openssl v0.10.52
[INFO] [stderr]    Compiling native-tls v0.2.11
[INFO] [stderr]    Compiling darling_core v0.20.0
[INFO] [stderr]    Compiling tokio-macros v2.1.0
[INFO] [stderr]    Compiling serde_derive v1.0.160
[INFO] [stderr]    Compiling openssl-macros v0.1.1
[INFO] [stderr]    Compiling thiserror-impl v1.0.40
[INFO] [stderr]    Compiling darling_macro v0.20.0
[INFO] [stderr]    Compiling thiserror v1.0.40
[INFO] [stderr]    Compiling darling v0.20.0
[INFO] [stderr]    Compiling serde_with_macros v2.3.3
[INFO] [stderr]    Compiling tokio-util v0.7.8
[INFO] [stderr]    Compiling tokio-native-tls v0.3.1
[INFO] [stderr]    Compiling h2 v0.3.18
[INFO] [stderr]    Compiling serde_with v2.3.3
[INFO] [stderr]    Compiling serde_json v1.0.96
[INFO] [stderr]    Compiling serde_urlencoded v0.7.1
[INFO] [stderr]    Compiling hyper v0.14.26
[INFO] [stderr]    Compiling helixlauncher-meta v0.1.0
[INFO] [stderr]    Compiling hyper-tls v0.5.0
[INFO] [stderr]    Compiling reqwest v0.11.17
[INFO] [stdout] warning: unused variable: `java`
[INFO] [stdout]   --> src/launcher.rs:39:16
[INFO] [stdout]    |
[INFO] [stdout] 39 |     pub fn new(java: PathBuf, assets_dir: PathBuf) -> Self {
[INFO] [stdout]    |                ^^^^ help: if this is intentional, prefix it with an underscore: `_java`
[INFO] [stdout]    |
[INFO] [stdout]    = note: `#[warn(unused_variables)]` on by default
[INFO] [stdout] 
[INFO] [stdout] 
[INFO] [stdout] warning: unused variable: `assets_dir`
[INFO] [stdout]   --> src/launcher.rs:39:31
[INFO] [stdout]    |
[INFO] [stdout] 39 |     pub fn new(java: PathBuf, assets_dir: PathBuf) -> Self {
[INFO] [stdout]    |                               ^^^^^^^^^^ help: if this is intentional, prefix it with an underscore: `_assets_dir`
[INFO] [stdout] 
[INFO] [stdout] 
[INFO] [stdout] warning: unused variable: `version`
[INFO] [stdout]   --> src/launcher.rs:43:26
[INFO] [stdout]    |
[INFO] [stdout] 43 |     pub fn launch(&self, version: &str, username: &str, session: &str) -> Result<(), Box<dyn std::error::Error>> {
[INFO] [stdout]    |                          ^^^^^^^ help: if this is intentional, prefix it with an underscore: `_version`
[INFO] [stdout] 
[INFO] [stdout] 
[INFO] [stdout] warning: unused variable: `username`
[INFO] [stdout]   --> src/launcher.rs:43:41
[INFO] [stdout]    |
[INFO] [stdout] 43 |     pub fn launch(&self, version: &str, username: &str, session: &str) -> Result<(), Box<dyn std::error::Error>> {
[INFO] [stdout]    |                                         ^^^^^^^^ help: if this is intentional, prefix it with an underscore: `_username`
[INFO] [stdout] 
[INFO] [stdout] 
[INFO] [stdout] warning: unused variable: `session`
[INFO] [stdout]   --> src/launcher.rs:43:57
[INFO] [stdout]    |
[INFO] [stdout] 43 |     pub fn launch(&self, version: &str, username: &str, session: &str) -> Result<(), Box<dyn std::error::Error>> {
[INFO] [stdout]    |                                                         ^^^^^^^ help: if this is intentional, prefix it with an underscore: `_session`
[INFO] [stdout] 
[INFO] [stdout] 
[INFO] [stdout] warning: variable does not need to be mutable
[INFO] [stdout]   --> src/instance.rs:55:13
[INFO] [stdout]    |
[INFO] [stdout] 55 |         let mut instance_dir = instances_dir.join(&instance.name);
[INFO] [stdout]    |             ----^^^^^^^^^^^^
[INFO] [stdout]    |             |
[INFO] [stdout]    |             help: remove this `mut`
[INFO] [stdout]    |
[INFO] [stdout]    = note: `#[warn(unused_mut)]` on by default
[INFO] [stdout] 
[INFO] [stdout] 
[INFO] [stdout] warning: static `CLASSPATH_SEPARATOR` is never used
[INFO] [stdout]   --> src/launcher.rs:13:8
[INFO] [stdout]    |
[INFO] [stdout] 13 | static CLASSPATH_SEPARATOR: &str = ":";
[INFO] [stdout]    |        ^^^^^^^^^^^^^^^^^^^
[INFO] [stdout]    |
[INFO] [stdout]    = note: `#[warn(dead_code)]` on by default
[INFO] [stdout] 
[INFO] [stdout] 
[INFO] [stdout] warning: variants `InstanceDir`, `DirectoryDir`, and `UnknownDir` are never constructed
[INFO] [stdout]    --> src/instance.rs:158:5
[INFO] [stdout]     |
[INFO] [stdout] 157 | enum InstanceFolderSearchItems {
[INFO] [stdout]     |      ------------------------- variants in this enum
[INFO] [stdout] 158 |     InstanceDir,
[INFO] [stdout]     |     ^^^^^^^^^^^
[INFO] [stdout] 159 |     DirectoryDir,
[INFO] [stdout]     |     ^^^^^^^^^^^^
[INFO] [stdout] 160 |     UnknownDir,
[INFO] [stdout]     |     ^^^^^^^^^^
[INFO] [stdout] 
[INFO] [stdout] 
[INFO] [stdout] warning: associated function `identify_item` is never used
[INFO] [stdout]    --> src/instance.rs:163:8
[INFO] [stdout]     |
[INFO] [stdout] 163 |     fn identify_item<P: AsRef<Path>>(path: P) -> Self {
[INFO] [stdout]     |        ^^^^^^^^^^^^^
[INFO] [stdout] 
[INFO] [stdout] 
[INFO] [stdout] warning: 9 warnings emitted
[INFO] [stdout] 
[INFO] [stdout] 
[INFO] [stderr]     Finished dev [unoptimized + debuginfo] target(s) in 13.86s
[INFO] running `Command { std: "docker" "inspect" "bca6a965c8f3072694c759d02030effc4d33037222f40a5f0d4eec1263d55d09", kill_on_drop: false }`
[INFO] running `Command { std: "docker" "rm" "-f" "bca6a965c8f3072694c759d02030effc4d33037222f40a5f0d4eec1263d55d09", kill_on_drop: false }`
[INFO] [stdout] bca6a965c8f3072694c759d02030effc4d33037222f40a5f0d4eec1263d55d09
[INFO] running `Command { std: "docker" "create" "-v" "/var/lib/crater-agent-workspace/builds/worker-2-tc1/target:/opt/rustwide/target:rw,Z" "-v" "/var/lib/crater-agent-workspace/builds/worker-2-tc1/source:/opt/rustwide/workdir:ro,Z" "-v" "/var/lib/crater-agent-workspace/cargo-home:/opt/rustwide/cargo-home:ro,Z" "-v" "/var/lib/crater-agent-workspace/rustup-home:/opt/rustwide/rustup-home:ro,Z" "-e" "SOURCE_DIR=/opt/rustwide/workdir" "-e" "CARGO_TARGET_DIR=/opt/rustwide/target" "-e" "CARGO_INCREMENTAL=0" "-e" "RUST_BACKTRACE=full" "-e" "RUSTFLAGS=--cap-lints=warn" "-e" "RUSTDOCFLAGS=--cap-lints=warn" "-e" "CARGO_HOME=/opt/rustwide/cargo-home" "-e" "RUSTUP_HOME=/opt/rustwide/rustup-home" "-w" "/opt/rustwide/workdir" "-m" "1610612736" "--user" "0:0" "--network" "none" "ghcr.io/rust-lang/crates-build-env/linux@sha256:5ff2268d62e97bff2cde7d5815dd6ed5b47097566f13b8d0ca110b04b60e07ed" "/opt/rustwide/cargo-home/bin/cargo" "+1.69.0" "test" "--frozen" "--no-run" "--message-format=json", kill_on_drop: false }`
[INFO] [stdout] b18dc76a10ad9966a7db95636231b57d9e76d7c882b208eeb04ca49d70473ba6
[INFO] running `Command { std: "docker" "start" "-a" "b18dc76a10ad9966a7db95636231b57d9e76d7c882b208eeb04ca49d70473ba6", kill_on_drop: false }`
[INFO] [stdout] warning: unused variable: `java`
[INFO] [stdout]   --> src/launcher.rs:39:16
[INFO] [stdout]    |
[INFO] [stdout] 39 |     pub fn new(java: PathBuf, assets_dir: PathBuf) -> Self {
[INFO] [stdout]    |                ^^^^ help: if this is intentional, prefix it with an underscore: `_java`
[INFO] [stdout]    |
[INFO] [stdout]    = note: `#[warn(unused_variables)]` on by default
[INFO] [stdout] 
[INFO] [stdout] 
[INFO] [stdout] warning: unused variable: `assets_dir`
[INFO] [stdout]   --> src/launcher.rs:39:31
[INFO] [stdout]    |
[INFO] [stdout] 39 |     pub fn new(java: PathBuf, assets_dir: PathBuf) -> Self {
[INFO] [stdout]    |                               ^^^^^^^^^^ help: if this is intentional, prefix it with an underscore: `_assets_dir`
[INFO] [stdout] 
[INFO] [stdout] 
[INFO] [stdout] warning: unused variable: `version`
[INFO] [stdout]   --> src/launcher.rs:43:26
[INFO] [stdout]    |
[INFO] [stdout] 43 |     pub fn launch(&self, version: &str, username: &str, session: &str) -> Result<(), Box<dyn std::error::Error>> {
[INFO] [stdout]    |                          ^^^^^^^ help: if this is intentional, prefix it with an underscore: `_version`
[INFO] [stdout] 
[INFO] [stdout] 
[INFO] [stdout] warning: unused variable: `username`
[INFO] [stdout]   --> src/launcher.rs:43:41
[INFO] [stdout]    |
[INFO] [stdout] 43 |     pub fn launch(&self, version: &str, username: &str, session: &str) -> Result<(), Box<dyn std::error::Error>> {
[INFO] [stdout]    |                                         ^^^^^^^^ help: if this is intentional, prefix it with an underscore: `_username`
[INFO] [stdout] 
[INFO] [stdout] 
[INFO] [stdout] warning: unused variable: `session`
[INFO] [stdout]   --> src/launcher.rs:43:57
[INFO] [stdout]    |
[INFO] [stdout] 43 |     pub fn launch(&self, version: &str, username: &str, session: &str) -> Result<(), Box<dyn std::error::Error>> {
[INFO] [stdout]    |                                                         ^^^^^^^ help: if this is intentional, prefix it with an underscore: `_session`
[INFO] [stdout] 
[INFO] [stdout] 
[INFO] [stdout] warning: variable does not need to be mutable
[INFO] [stdout]   --> src/instance.rs:55:13
[INFO] [stdout]    |
[INFO] [stdout] 55 |         let mut instance_dir = instances_dir.join(&instance.name);
[INFO] [stdout]    |             ----^^^^^^^^^^^^
[INFO] [stdout]    |             |
[INFO] [stdout]    |             help: remove this `mut`
[INFO] [stdout]    |
[INFO] [stdout]    = note: `#[warn(unused_mut)]` on by default
[INFO] [stdout] 
[INFO] [stdout] 
[INFO] [stdout] warning: static `CLASSPATH_SEPARATOR` is never used
[INFO] [stdout]   --> src/launcher.rs:13:8
[INFO] [stdout]    |
[INFO] [stdout] 13 | static CLASSPATH_SEPARATOR: &str = ":";
[INFO] [stdout]    |        ^^^^^^^^^^^^^^^^^^^
[INFO] [stdout]    |
[INFO] [stdout]    = note: `#[warn(dead_code)]` on by default
[INFO] [stdout] 
[INFO] [stdout] 
[INFO] [stdout] warning: variants `InstanceDir`, `DirectoryDir`, and `UnknownDir` are never constructed
[INFO] [stdout]    --> src/instance.rs:158:5
[INFO] [stdout]     |
[INFO] [stdout] 157 | enum InstanceFolderSearchItems {
[INFO] [stdout]     |      ------------------------- variants in this enum
[INFO] [stdout] 158 |     InstanceDir,
[INFO] [stdout]     |     ^^^^^^^^^^^
[INFO] [stdout] 159 |     DirectoryDir,
[INFO] [stdout]     |     ^^^^^^^^^^^^
[INFO] [stdout] 160 |     UnknownDir,
[INFO] [stdout]     |     ^^^^^^^^^^
[INFO] [stdout] 
[INFO] [stdout] 
[INFO] [stdout] warning: associated function `identify_item` is never used
[INFO] [stdout]    --> src/instance.rs:163:8
[INFO] [stdout]     |
[INFO] [stdout] 163 |     fn identify_item<P: AsRef<Path>>(path: P) -> Self {
[INFO] [stdout]     |        ^^^^^^^^^^^^^
[INFO] [stdout] 
[INFO] [stdout] 
[INFO] [stdout] warning: 9 warnings emitted
[INFO] [stdout] 
[INFO] [stdout] 
[INFO] [stderr]    Compiling helixlauncher-core v0.1.0 (/opt/rustwide/workdir)
[INFO] [stdout] warning: unused variable: `java`
[INFO] [stdout]   --> src/launcher.rs:39:16
[INFO] [stdout]    |
[INFO] [stdout] 39 |     pub fn new(java: PathBuf, assets_dir: PathBuf) -> Self {
[INFO] [stdout]    |                ^^^^ help: if this is intentional, prefix it with an underscore: `_java`
[INFO] [stdout]    |
[INFO] [stdout]    = note: `#[warn(unused_variables)]` on by default
[INFO] [stdout] 
[INFO] [stdout] 
[INFO] [stdout] warning: unused variable: `assets_dir`
[INFO] [stdout]   --> src/launcher.rs:39:31
[INFO] [stdout]    |
[INFO] [stdout] 39 |     pub fn new(java: PathBuf, assets_dir: PathBuf) -> Self {
[INFO] [stdout]    |                               ^^^^^^^^^^ help: if this is intentional, prefix it with an underscore: `_assets_dir`
[INFO] [stdout] 
[INFO] [stdout] 
[INFO] [stdout] warning: unused variable: `version`
[INFO] [stdout]   --> src/launcher.rs:43:26
[INFO] [stdout]    |
[INFO] [stdout] 43 |     pub fn launch(&self, version: &str, username: &str, session: &str) -> Result<(), Box<dyn std::error::Error>> {
[INFO] [stdout]    |                          ^^^^^^^ help: if this is intentional, prefix it with an underscore: `_version`
[INFO] [stdout] 
[INFO] [stdout] 
[INFO] [stdout] warning: unused variable: `username`
[INFO] [stdout]   --> src/launcher.rs:43:41
[INFO] [stdout]    |
[INFO] [stdout] 43 |     pub fn launch(&self, version: &str, username: &str, session: &str) -> Result<(), Box<dyn std::error::Error>> {
[INFO] [stdout]    |                                         ^^^^^^^^ help: if this is intentional, prefix it with an underscore: `_username`
[INFO] [stdout] 
[INFO] [stdout] 
[INFO] [stdout] warning: unused variable: `session`
[INFO] [stdout]   --> src/launcher.rs:43:57
[INFO] [stdout]    |
[INFO] [stdout] 43 |     pub fn launch(&self, version: &str, username: &str, session: &str) -> Result<(), Box<dyn std::error::Error>> {
[INFO] [stdout]    |                                                         ^^^^^^^ help: if this is intentional, prefix it with an underscore: `_session`
[INFO] [stdout] 
[INFO] [stdout] 
[INFO] [stdout] warning: variable does not need to be mutable
[INFO] [stdout]   --> src/instance.rs:55:13
[INFO] [stdout]    |
[INFO] [stdout] 55 |         let mut instance_dir = instances_dir.join(&instance.name);
[INFO] [stdout]    |             ----^^^^^^^^^^^^
[INFO] [stdout]    |             |
[INFO] [stdout]    |             help: remove this `mut`
[INFO] [stdout]    |
[INFO] [stdout]    = note: `#[warn(unused_mut)]` on by default
[INFO] [stdout] 
[INFO] [stdout] 
[INFO] [stdout] warning: static `CLASSPATH_SEPARATOR` is never used
[INFO] [stdout]   --> src/launcher.rs:13:8
[INFO] [stdout]    |
[INFO] [stdout] 13 | static CLASSPATH_SEPARATOR: &str = ":";
[INFO] [stdout]    |        ^^^^^^^^^^^^^^^^^^^
[INFO] [stdout]    |
[INFO] [stdout]    = note: `#[warn(dead_code)]` on by default
[INFO] [stdout] 
[INFO] [stdout] 
[INFO] [stdout] warning: variants `InstanceDir`, `DirectoryDir`, and `UnknownDir` are never constructed
[INFO] [stdout]    --> src/instance.rs:158:5
[INFO] [stdout]     |
[INFO] [stdout] 157 | enum InstanceFolderSearchItems {
[INFO] [stdout]     |      ------------------------- variants in this enum
[INFO] [stdout] 158 |     InstanceDir,
[INFO] [stdout]     |     ^^^^^^^^^^^
[INFO] [stdout] 159 |     DirectoryDir,
[INFO] [stdout]     |     ^^^^^^^^^^^^
[INFO] [stdout] 160 |     UnknownDir,
[INFO] [stdout]     |     ^^^^^^^^^^
[INFO] [stdout] 
[INFO] [stdout] 
[INFO] [stdout] warning: associated function `identify_item` is never used
[INFO] [stdout]    --> src/instance.rs:163:8
[INFO] [stdout]     |
[INFO] [stdout] 163 |     fn identify_item<P: AsRef<Path>>(path: P) -> Self {
[INFO] [stdout]     |        ^^^^^^^^^^^^^
[INFO] [stdout] 
[INFO] [stdout] 
[INFO] [stdout] warning: 9 warnings emitted
[INFO] [stdout] 
[INFO] [stdout] 
[INFO] [stderr]     Finished test [unoptimized + debuginfo] target(s) in 1.70s
[INFO] running `Command { std: "docker" "inspect" "b18dc76a10ad9966a7db95636231b57d9e76d7c882b208eeb04ca49d70473ba6", kill_on_drop: false }`
[INFO] running `Command { std: "docker" "rm" "-f" "b18dc76a10ad9966a7db95636231b57d9e76d7c882b208eeb04ca49d70473ba6", kill_on_drop: false }`
[INFO] [stdout] b18dc76a10ad9966a7db95636231b57d9e76d7c882b208eeb04ca49d70473ba6
[INFO] running `Command { std: "docker" "create" "-v" "/var/lib/crater-agent-workspace/builds/worker-2-tc1/target:/opt/rustwide/target:rw,Z" "-v" "/var/lib/crater-agent-workspace/builds/worker-2-tc1/source:/opt/rustwide/workdir:ro,Z" "-v" "/var/lib/crater-agent-workspace/cargo-home:/opt/rustwide/cargo-home:ro,Z" "-v" "/var/lib/crater-agent-workspace/rustup-home:/opt/rustwide/rustup-home:ro,Z" "-e" "SOURCE_DIR=/opt/rustwide/workdir" "-e" "CARGO_TARGET_DIR=/opt/rustwide/target" "-e" "CARGO_INCREMENTAL=0" "-e" "RUST_BACKTRACE=full" "-e" "RUSTFLAGS=--cap-lints=warn" "-e" "RUSTDOCFLAGS=--cap-lints=warn" "-e" "CARGO_HOME=/opt/rustwide/cargo-home" "-e" "RUSTUP_HOME=/opt/rustwide/rustup-home" "-w" "/opt/rustwide/workdir" "-m" "1610612736" "--user" "0:0" "--network" "none" "ghcr.io/rust-lang/crates-build-env/linux@sha256:5ff2268d62e97bff2cde7d5815dd6ed5b47097566f13b8d0ca110b04b60e07ed" "/opt/rustwide/cargo-home/bin/cargo" "+1.69.0" "test" "--frozen", kill_on_drop: false }`
[INFO] [stdout] eb7eba8f74097202ee86fed557a5424cd75996624df53fd0a32147670f69e76d
[INFO] running `Command { std: "docker" "start" "-a" "eb7eba8f74097202ee86fed557a5424cd75996624df53fd0a32147670f69e76d", kill_on_drop: false }`
[INFO] [stderr] warning: unused variable: `java`
[INFO] [stderr]   --> src/launcher.rs:39:16
[INFO] [stderr]    |
[INFO] [stderr] 39 |     pub fn new(java: PathBuf, assets_dir: PathBuf) -> Self {
[INFO] [stderr]    |                ^^^^ help: if this is intentional, prefix it with an underscore: `_java`
[INFO] [stderr]    |
[INFO] [stderr]    = note: `#[warn(unused_variables)]` on by default
[INFO] [stderr] 
[INFO] [stderr] warning: unused variable: `assets_dir`
[INFO] [stderr]   --> src/launcher.rs:39:31
[INFO] [stderr]    |
[INFO] [stderr] 39 |     pub fn new(java: PathBuf, assets_dir: PathBuf) -> Self {
[INFO] [stderr]    |                               ^^^^^^^^^^ help: if this is intentional, prefix it with an underscore: `_assets_dir`
[INFO] [stderr] 
[INFO] [stderr] warning: unused variable: `version`
[INFO] [stderr]   --> src/launcher.rs:43:26
[INFO] [stderr]    |
[INFO] [stderr] 43 |     pub fn launch(&self, version: &str, username: &str, session: &str) -> Result<(), Box<dyn std::error::Error>> {
[INFO] [stderr]    |                          ^^^^^^^ help: if this is intentional, prefix it with an underscore: `_version`
[INFO] [stderr] 
[INFO] [stderr] warning: unused variable: `username`
[INFO] [stderr]   --> src/launcher.rs:43:41
[INFO] [stderr]    |
[INFO] [stderr] 43 |     pub fn launch(&self, version: &str, username: &str, session: &str) -> Result<(), Box<dyn std::error::Error>> {
[INFO] [stderr]    |                                         ^^^^^^^^ help: if this is intentional, prefix it with an underscore: `_username`
[INFO] [stderr] 
[INFO] [stderr] warning: unused variable: `session`
[INFO] [stderr]   --> src/launcher.rs:43:57
[INFO] [stderr]    |
[INFO] [stderr] 43 |     pub fn launch(&self, version: &str, username: &str, session: &str) -> Result<(), Box<dyn std::error::Error>> {
[INFO] [stderr]    |                                                         ^^^^^^^ help: if this is intentional, prefix it with an underscore: `_session`
[INFO] [stderr] 
[INFO] [stderr] warning: variable does not need to be mutable
[INFO] [stderr]   --> src/instance.rs:55:13
[INFO] [stderr]    |
[INFO] [stderr] 55 |         let mut instance_dir = instances_dir.join(&instance.name);
[INFO] [stderr]    |             ----^^^^^^^^^^^^
[INFO] [stderr]    |             |
[INFO] [stderr]    |             help: remove this `mut`
[INFO] [stderr]    |
[INFO] [stderr]    = note: `#[warn(unused_mut)]` on by default
[INFO] [stderr] 
[INFO] [stderr] warning: static `CLASSPATH_SEPARATOR` is never used
[INFO] [stderr]   --> src/launcher.rs:13:8
[INFO] [stderr]    |
[INFO] [stderr] 13 | static CLASSPATH_SEPARATOR: &str = ":";
[INFO] [stderr]    |        ^^^^^^^^^^^^^^^^^^^
[INFO] [stderr]    |
[INFO] [stderr]    = note: `#[warn(dead_code)]` on by default
[INFO] [stderr] 
[INFO] [stderr] warning: variants `InstanceDir`, `DirectoryDir`, and `UnknownDir` are never constructed
[INFO] [stderr]    --> src/instance.rs:158:5
[INFO] [stderr]     |
[INFO] [stderr] 157 | enum InstanceFolderSearchItems {
[INFO] [stderr]     |      ------------------------- variants in this enum
[INFO] [stderr] 158 |     InstanceDir,
[INFO] [stderr]     |     ^^^^^^^^^^^
[INFO] [stderr] 159 |     DirectoryDir,
[INFO] [stderr]     |     ^^^^^^^^^^^^
[INFO] [stderr] 160 |     UnknownDir,
[INFO] [stderr]     |     ^^^^^^^^^^
[INFO] [stderr] 
[INFO] [stderr] warning: associated function `identify_item` is never used
[INFO] [stderr]    --> src/instance.rs:163:8
[INFO] [stderr]     |
[INFO] [stderr] 163 |     fn identify_item<P: AsRef<Path>>(path: P) -> Self {
[INFO] [stderr]     |        ^^^^^^^^^^^^^
[INFO] [stderr] 
[INFO] [stderr] warning: `helixlauncher-core` (lib) generated 9 warnings (run `cargo fix --lib -p helixlauncher-core` to apply 6 suggestions)
[INFO] [stderr] warning: `helixlauncher-core` (lib test) generated 9 warnings (9 duplicates)
[INFO] [stderr]     Finished test [unoptimized + debuginfo] target(s) in 0.08s
[INFO] [stderr]      Running unittests src/lib.rs (/opt/rustwide/target/debug/deps/helixlauncher_core-9aaf54b9e60638f7)
[INFO] [stdout] 
[INFO] [stdout] running 1 test
[INFO] [stdout] test auth::tests::test ... FAILED
[INFO] [stdout] 
[INFO] [stdout] failures:
[INFO] [stdout] 
[INFO] [stdout] ---- auth::tests::test stdout ----
[INFO] [stdout] thread 'auth::tests::test' panicked at 'called `Result::unwrap()` on an `Err` value: ReqwestError(reqwest::Error { kind: Request, url: Url { scheme: "https", cannot_be_a_base: false, username: "", password: None, host: Some(Domain("login.microsoftonline.com")), port: None, path: "/consumers/oauth2/v2.0/devicecode", query: None, fragment: None }, source: hyper::Error(Connect, ConnectError("dns error", Custom { kind: Uncategorized, error: "failed to lookup address information: Temporary failure in name resolution" })) })', src/auth.rs:200:14
[INFO] [stdout] stack backtrace:
[INFO] [stdout]    0:     0x563a42af755a - std::backtrace_rs::backtrace::libunwind::trace::ha9053a9a07ca49cb
[INFO] [stdout]                                at /rustc/84c898d65adf2f39a5a98507f1fe0ce10a2b8dbc/library/std/src/../../backtrace/src/backtrace/libunwind.rs:93:5
[INFO] [stdout]    1:     0x563a42af755a - std::backtrace_rs::backtrace::trace_unsynchronized::h9c2852a457ad564e
[INFO] [stdout]                                at /rustc/84c898d65adf2f39a5a98507f1fe0ce10a2b8dbc/library/std/src/../../backtrace/src/backtrace/mod.rs:66:5
[INFO] [stdout]    2:     0x563a42af755a - std::sys_common::backtrace::_print_fmt::h457936fbfaa0070f
[INFO] [stdout]                                at /rustc/84c898d65adf2f39a5a98507f1fe0ce10a2b8dbc/library/std/src/sys_common/backtrace.rs:65:5
[INFO] [stdout]    3:     0x563a42af755a - <std::sys_common::backtrace::_print::DisplayBacktrace as core::fmt::Display>::fmt::h5779d7bf7f70cb0c
[INFO] [stdout]                                at /rustc/84c898d65adf2f39a5a98507f1fe0ce10a2b8dbc/library/std/src/sys_common/backtrace.rs:44:22
[INFO] [stdout]    4:     0x563a42b1dbae - core::fmt::write::h5a4baaff1bcd3eb5
[INFO] [stdout]                                at /rustc/84c898d65adf2f39a5a98507f1fe0ce10a2b8dbc/library/core/src/fmt/mod.rs:1232:17
[INFO] [stdout]    5:     0x563a42af3ee5 - std::io::Write::write_fmt::h478f79c628ef31d1
[INFO] [stdout]                                at /rustc/84c898d65adf2f39a5a98507f1fe0ce10a2b8dbc/library/std/src/io/mod.rs:1684:15
[INFO] [stdout]    6:     0x563a42af7325 - std::sys_common::backtrace::_print::h5fcdc36060f177e8
[INFO] [stdout]                                at /rustc/84c898d65adf2f39a5a98507f1fe0ce10a2b8dbc/library/std/src/sys_common/backtrace.rs:47:5
[INFO] [stdout]    7:     0x563a42af7325 - std::sys_common::backtrace::print::h54ca9458b876c8bf
[INFO] [stdout]                                at /rustc/84c898d65adf2f39a5a98507f1fe0ce10a2b8dbc/library/std/src/sys_common/backtrace.rs:34:9
[INFO] [stdout]    8:     0x563a42af90ef - std::panicking::default_hook::{{closure}}::hbe471161c7664ed6
[INFO] [stdout]                                at /rustc/84c898d65adf2f39a5a98507f1fe0ce10a2b8dbc/library/std/src/panicking.rs:271:22
[INFO] [stdout]    9:     0x563a42af8daf - std::panicking::default_hook::ha3500da57aa4ac4f
[INFO] [stdout]                                at /rustc/84c898d65adf2f39a5a98507f1fe0ce10a2b8dbc/library/std/src/panicking.rs:287:9
[INFO] [stdout]   10:     0x563a4272fa97 - <alloc::boxed::Box<F,A> as core::ops::function::Fn<Args>>::call::hdf1b89dd137ece34
[INFO] [stdout]                                at /rustc/84c898d65adf2f39a5a98507f1fe0ce10a2b8dbc/library/alloc/src/boxed.rs:2001:9
[INFO] [stdout]   11:     0x563a4272fa97 - test::test_main::{{closure}}::h9081a79f20e75698
[INFO] [stdout]                                at /rustc/84c898d65adf2f39a5a98507f1fe0ce10a2b8dbc/library/test/src/lib.rs:135:21
[INFO] [stdout]   12:     0x563a42af981d - <alloc::boxed::Box<F,A> as core::ops::function::Fn<Args>>::call::h6507bddc3eebb4a5
[INFO] [stdout]                                at /rustc/84c898d65adf2f39a5a98507f1fe0ce10a2b8dbc/library/alloc/src/boxed.rs:2001:9
[INFO] [stdout]   13:     0x563a42af981d - std::panicking::rust_panic_with_hook::h50c09d000dc561d2
[INFO] [stdout]                                at /rustc/84c898d65adf2f39a5a98507f1fe0ce10a2b8dbc/library/std/src/panicking.rs:696:13
[INFO] [stdout]   14:     0x563a42af9599 - std::panicking::begin_panic_handler::{{closure}}::h9e2b2176e00e0d9c
[INFO] [stdout]                                at /rustc/84c898d65adf2f39a5a98507f1fe0ce10a2b8dbc/library/std/src/panicking.rs:583:13
[INFO] [stdout]   15:     0x563a42af79c6 - std::sys_common::backtrace::__rust_end_short_backtrace::h5739b8e512c09d02
[INFO] [stdout]                                at /rustc/84c898d65adf2f39a5a98507f1fe0ce10a2b8dbc/library/std/src/sys_common/backtrace.rs:150:18
[INFO] [stdout]   16:     0x563a42af92a2 - rust_begin_unwind
[INFO] [stdout]                                at /rustc/84c898d65adf2f39a5a98507f1fe0ce10a2b8dbc/library/std/src/panicking.rs:579:5
[INFO] [stdout]   17:     0x563a426cb423 - core::panicking::panic_fmt::hf33a1475b4dc5c3e
[INFO] [stdout]                                at /rustc/84c898d65adf2f39a5a98507f1fe0ce10a2b8dbc/library/core/src/panicking.rs:64:14
[INFO] [stdout]   18:     0x563a426cb8d3 - core::result::unwrap_failed::hdff5465d74574b44
[INFO] [stdout]                                at /rustc/84c898d65adf2f39a5a98507f1fe0ce10a2b8dbc/library/core/src/result.rs:1750:5
[INFO] [stdout]   19:     0x563a426e2d9c - core::result::Result<T,E>::unwrap::h94b9c8816e3dbfd1
[INFO] [stdout]                                at /rustc/84c898d65adf2f39a5a98507f1fe0ce10a2b8dbc/library/core/src/result.rs:1090:23
[INFO] [stdout]   20:     0x563a426e0c54 - helixlauncher_core::auth::tests::test::{{closure}}::h87320cbeb5778f24
[INFO] [stdout]                                at /opt/rustwide/workdir/src/auth.rs:197:23
[INFO] [stdout]   21:     0x563a426f9b28 - <core::pin::Pin<P> as core::future::future::Future>::poll::he4aedd9383449217
[INFO] [stdout]                                at /rustc/84c898d65adf2f39a5a98507f1fe0ce10a2b8dbc/library/core/src/future/future.rs:125:9
[INFO] [stdout]   22:     0x563a426f9acb - <core::pin::Pin<P> as core::future::future::Future>::poll::h919d63e1377be8b6
[INFO] [stdout]                                at /rustc/84c898d65adf2f39a5a98507f1fe0ce10a2b8dbc/library/core/src/future/future.rs:125:9
[INFO] [stdout]   23:     0x563a426f99c4 - tokio::runtime::scheduler::current_thread::CoreGuard::block_on::{{closure}}::{{closure}}::{{closure}}::hfc9ad8537326dca4
[INFO] [stdout]                                at /opt/rustwide/cargo-home/registry/src/github.com-1ecc6299db9ec823/tokio-1.28.0/src/runtime/scheduler/current_thread.rs:541:57
[INFO] [stdout]   24:     0x563a426f98e1 - tokio::runtime::coop::with_budget::h5d779bb13808c3a0
[INFO] [stdout]                                at /opt/rustwide/cargo-home/registry/src/github.com-1ecc6299db9ec823/tokio-1.28.0/src/runtime/coop.rs:107:5
[INFO] [stdout]   25:     0x563a426f98e1 - tokio::runtime::coop::budget::hdc084484bd897c2d
[INFO] [stdout]                                at /opt/rustwide/cargo-home/registry/src/github.com-1ecc6299db9ec823/tokio-1.28.0/src/runtime/coop.rs:73:5
[INFO] [stdout]   26:     0x563a426f98e1 - tokio::runtime::scheduler::current_thread::CoreGuard::block_on::{{closure}}::{{closure}}::h3b1ad9fe3016bd7b
[INFO] [stdout]                                at /opt/rustwide/cargo-home/registry/src/github.com-1ecc6299db9ec823/tokio-1.28.0/src/runtime/scheduler/current_thread.rs:541:25
[INFO] [stdout]   27:     0x563a426f84be - tokio::runtime::scheduler::current_thread::Context::enter::hb6e8709c3f80dedf
[INFO] [stdout]                                at /opt/rustwide/cargo-home/registry/src/github.com-1ecc6299db9ec823/tokio-1.28.0/src/runtime/scheduler/current_thread.rs:350:19
[INFO] [stdout]   28:     0x563a426f8f9a - tokio::runtime::scheduler::current_thread::CoreGuard::block_on::{{closure}}::h9d1989c3cbb8db72
[INFO] [stdout]                                at /opt/rustwide/cargo-home/registry/src/github.com-1ecc6299db9ec823/tokio-1.28.0/src/runtime/scheduler/current_thread.rs:540:36
[INFO] [stdout]   29:     0x563a426f8c8b - tokio::runtime::scheduler::current_thread::CoreGuard::enter::{{closure}}::h2ed8d8498dadc117
[INFO] [stdout]                                at /opt/rustwide/cargo-home/registry/src/github.com-1ecc6299db9ec823/tokio-1.28.0/src/runtime/scheduler/current_thread.rs:615:57
[INFO] [stdout]   30:     0x563a426fffd8 - tokio::macros::scoped_tls::ScopedKey<T>::set::hc8263528a9dec7b8
[INFO] [stdout]                                at /opt/rustwide/cargo-home/registry/src/github.com-1ecc6299db9ec823/tokio-1.28.0/src/macros/scoped_tls.rs:61:9
[INFO] [stdout]   31:     0x563a426f8a26 - tokio::runtime::scheduler::current_thread::CoreGuard::enter::h6815f5e2f990d720
[INFO] [stdout]                                at /opt/rustwide/cargo-home/registry/src/github.com-1ecc6299db9ec823/tokio-1.28.0/src/runtime/scheduler/current_thread.rs:615:27
[INFO] [stdout]   32:     0x563a426f8cbd - tokio::runtime::scheduler::current_thread::CoreGuard::block_on::h7392a41b70dbfb82
[INFO] [stdout]                                at /opt/rustwide/cargo-home/registry/src/github.com-1ecc6299db9ec823/tokio-1.28.0/src/runtime/scheduler/current_thread.rs:530:19
[INFO] [stdout]   33:     0x563a426f7c7d - tokio::runtime::scheduler::current_thread::CurrentThread::block_on::h9cb8e48b85fdccba
[INFO] [stdout]                                at /opt/rustwide/cargo-home/registry/src/github.com-1ecc6299db9ec823/tokio-1.28.0/src/runtime/scheduler/current_thread.rs:154:24
[INFO] [stdout]   34:     0x563a426e5ef0 - tokio::runtime::runtime::Runtime::block_on::h00d0374174ae9b49
[INFO] [stdout]                                at /opt/rustwide/cargo-home/registry/src/github.com-1ecc6299db9ec823/tokio-1.28.0/src/runtime/runtime.rs:302:47
[INFO] [stdout]   35:     0x563a426e08ee - helixlauncher_core::auth::tests::test::hdcbd22b727c071c7
[INFO] [stdout]                                at /opt/rustwide/workdir/src/auth.rs:206:9
[INFO] [stdout]   36:     0x563a426e0767 - helixlauncher_core::auth::tests::test::{{closure}}::h3356a2a520450829
[INFO] [stdout]                                at /opt/rustwide/workdir/src/auth.rs:194:21
[INFO] [stdout]   37:     0x563a426e73d5 - core::ops::function::FnOnce::call_once::h63334b18fa14a6f4
[INFO] [stdout]                                at /rustc/84c898d65adf2f39a5a98507f1fe0ce10a2b8dbc/library/core/src/ops/function.rs:250:5
[INFO] [stdout]   38:     0x563a42734e7f - core::ops::function::FnOnce::call_once::h7d969581be7d0075
[INFO] [stdout]                                at /rustc/84c898d65adf2f39a5a98507f1fe0ce10a2b8dbc/library/core/src/ops/function.rs:250:5
[INFO] [stdout]   39:     0x563a42734e7f - test::__rust_begin_short_backtrace::hca25a52684e56655
[INFO] [stdout]                                at /rustc/84c898d65adf2f39a5a98507f1fe0ce10a2b8dbc/library/test/src/lib.rs:656:18
[INFO] [stdout]   40:     0x563a4270649c - test::run_test::{{closure}}::ha8ac744c4af1a4bb
[INFO] [stdout]                                at /rustc/84c898d65adf2f39a5a98507f1fe0ce10a2b8dbc/library/test/src/lib.rs:647:30
[INFO] [stdout]   41:     0x563a4270649c - core::ops::function::FnOnce::call_once{{vtable.shim}}::h7b411a9ed45bdecf
[INFO] [stdout]                                at /rustc/84c898d65adf2f39a5a98507f1fe0ce10a2b8dbc/library/core/src/ops/function.rs:250:5
[INFO] [stdout]   42:     0x563a42733e46 - <alloc::boxed::Box<F,A> as core::ops::function::FnOnce<Args>>::call_once::hd05328869a8ed200
[INFO] [stdout]                                at /rustc/84c898d65adf2f39a5a98507f1fe0ce10a2b8dbc/library/alloc/src/boxed.rs:1987:9
[INFO] [stdout]   43:     0x563a42733e46 - <core::panic::unwind_safe::AssertUnwindSafe<F> as core::ops::function::FnOnce<()>>::call_once::h0c601ce20bd5b2be
[INFO] [stdout]                                at /rustc/84c898d65adf2f39a5a98507f1fe0ce10a2b8dbc/library/core/src/panic/unwind_safe.rs:271:9
[INFO] [stdout]   44:     0x563a42733e46 - std::panicking::try::do_call::ha4be5c164fe30854
[INFO] [stdout]                                at /rustc/84c898d65adf2f39a5a98507f1fe0ce10a2b8dbc/library/std/src/panicking.rs:487:40
[INFO] [stdout]   45:     0x563a42733e46 - std::panicking::try::h604546f3609af05f
[INFO] [stdout]                                at /rustc/84c898d65adf2f39a5a98507f1fe0ce10a2b8dbc/library/std/src/panicking.rs:451:19
[INFO] [stdout]   46:     0x563a42733e46 - std::panic::catch_unwind::h5bfa8afe44c9c2f9
[INFO] [stdout]                                at /rustc/84c898d65adf2f39a5a98507f1fe0ce10a2b8dbc/library/std/src/panic.rs:140:14
[INFO] [stdout]   47:     0x563a42733e46 - test::run_test_in_process::hd50dee55dd63e6aa
[INFO] [stdout]                                at /rustc/84c898d65adf2f39a5a98507f1fe0ce10a2b8dbc/library/test/src/lib.rs:679:27
[INFO] [stdout]   48:     0x563a42733e46 - test::run_test::run_test_inner::{{closure}}::h4aa0f433aa85cea8
[INFO] [stdout]                                at /rustc/84c898d65adf2f39a5a98507f1fe0ce10a2b8dbc/library/test/src/lib.rs:573:39
[INFO] [stdout]   49:     0x563a42700b11 - test::run_test::run_test_inner::{{closure}}::had56431adf24b4d6
[INFO] [stdout]                                at /rustc/84c898d65adf2f39a5a98507f1fe0ce10a2b8dbc/library/test/src/lib.rs:600:37
[INFO] [stdout]   50:     0x563a42700b11 - std::sys_common::backtrace::__rust_begin_short_backtrace::ha8d9890e0c73bf13
[INFO] [stdout]                                at /rustc/84c898d65adf2f39a5a98507f1fe0ce10a2b8dbc/library/std/src/sys_common/backtrace.rs:134:18
[INFO] [stdout]   51:     0x563a4270652b - std::thread::Builder::spawn_unchecked_::{{closure}}::{{closure}}::h251832bcb4a95327
[INFO] [stdout]                                at /rustc/84c898d65adf2f39a5a98507f1fe0ce10a2b8dbc/library/std/src/thread/mod.rs:560:17
[INFO] [stdout]   52:     0x563a4270652b - <core::panic::unwind_safe::AssertUnwindSafe<F> as core::ops::function::FnOnce<()>>::call_once::h8fdff598fa414831
[INFO] [stdout]                                at /rustc/84c898d65adf2f39a5a98507f1fe0ce10a2b8dbc/library/core/src/panic/unwind_safe.rs:271:9
[INFO] [stdout]   53:     0x563a4270652b - std::panicking::try::do_call::h455dd2f7764a950f
[INFO] [stdout]                                at /rustc/84c898d65adf2f39a5a98507f1fe0ce10a2b8dbc/library/std/src/panicking.rs:487:40
[INFO] [stdout]   54:     0x563a4270652b - std::panicking::try::had6f23b7b73ae72a
[INFO] [stdout]                                at /rustc/84c898d65adf2f39a5a98507f1fe0ce10a2b8dbc/library/std/src/panicking.rs:451:19
[INFO] [stdout]   55:     0x563a4270652b - std::panic::catch_unwind::ha6a5ca3915b4dad0
[INFO] [stdout]                                at /rustc/84c898d65adf2f39a5a98507f1fe0ce10a2b8dbc/library/std/src/panic.rs:140:14
[INFO] [stdout]   56:     0x563a4270652b - std::thread::Builder::spawn_unchecked_::{{closure}}::h883b72ef75da6231
[INFO] [stdout]                                at /rustc/84c898d65adf2f39a5a98507f1fe0ce10a2b8dbc/library/std/src/thread/mod.rs:559:30
[INFO] [stdout]   57:     0x563a4270652b - core::ops::function::FnOnce::call_once{{vtable.shim}}::hb7dff73dc8bd2ccb
[INFO] [stdout]                                at /rustc/84c898d65adf2f39a5a98507f1fe0ce10a2b8dbc/library/core/src/ops/function.rs:250:5
[INFO] [stdout]   58:     0x563a42afdd53 - <alloc::boxed::Box<F,A> as core::ops::function::FnOnce<Args>>::call_once::h39990b24eedef2ab
[INFO] [stdout]                                at /rustc/84c898d65adf2f39a5a98507f1fe0ce10a2b8dbc/library/alloc/src/boxed.rs:1987:9
[INFO] [stdout]   59:     0x563a42afdd53 - <alloc::boxed::Box<F,A> as core::ops::function::FnOnce<Args>>::call_once::h01a027258444143b
[INFO] [stdout]                                at /rustc/84c898d65adf2f39a5a98507f1fe0ce10a2b8dbc/library/alloc/src/boxed.rs:1987:9
[INFO] [stdout]   60:     0x563a42afdd53 - std::sys::unix::thread::Thread::new::thread_start::ha4f1cdd9c25884ba
[INFO] [stdout]                                at /rustc/84c898d65adf2f39a5a98507f1fe0ce10a2b8dbc/library/std/src/sys/unix/thread.rs:108:17
[INFO] [stdout]   61:     0x7f565aadbb43 - <unknown>
[INFO] [stdout]   62:     0x7f565ab6cbb4 - __clone
[INFO] [stdout]   63:                0x0 - <unknown>
[INFO] [stdout] 
[INFO] [stdout] 
[INFO] [stdout] failures:
[INFO] [stdout]     auth::tests::test
[INFO] [stdout] 
[INFO] [stdout] test result: FAILED. 0 passed; 1 failed; 0 ignored; 0 measured; 0 filtered out; finished in 0.09s
[INFO] [stdout] 
[INFO] [stderr] error: test failed, to rerun pass `--lib`
[INFO] running `Command { std: "docker" "inspect" "eb7eba8f74097202ee86fed557a5424cd75996624df53fd0a32147670f69e76d", kill_on_drop: false }`
[INFO] running `Command { std: "docker" "rm" "-f" "eb7eba8f74097202ee86fed557a5424cd75996624df53fd0a32147670f69e76d", kill_on_drop: false }`
[INFO] [stdout] eb7eba8f74097202ee86fed557a5424cd75996624df53fd0a32147670f69e76d
