[INFO] fetching crate hdrsample 6.0.4...
[INFO] testing hdrsample-6.0.4 against 1.69.0 for beta-1.70-1
[INFO] extracting crate hdrsample 6.0.4 into /workspace/builds/worker-5-tc1/source
[INFO] validating manifest of crates.io crate hdrsample 6.0.4 on toolchain 1.69.0
[INFO] running `Command { std: CARGO_HOME="/workspace/cargo-home" RUSTUP_HOME="/workspace/rustup-home" "/workspace/cargo-home/bin/cargo" "+1.69.0" "metadata" "--manifest-path" "Cargo.toml" "--no-deps", kill_on_drop: false }`
[INFO] started tweaking crates.io crate hdrsample 6.0.4
[INFO] removed 0 missing examples
[INFO] finished tweaking crates.io crate hdrsample 6.0.4
[INFO] tweaked toml for crates.io crate hdrsample 6.0.4 written to /workspace/builds/worker-5-tc1/source/Cargo.toml
[INFO] running `Command { std: CARGO_HOME="/workspace/cargo-home" RUSTUP_HOME="/workspace/rustup-home" __CARGO_TEST_CHANNEL_OVERRIDE_DO_NOT_USE_THIS="nightly" "/workspace/cargo-home/bin/cargo" "+1.69.0" "generate-lockfile" "--manifest-path" "Cargo.toml" "-Zno-index-update", kill_on_drop: false }`
[INFO] running `Command { std: CARGO_HOME="/workspace/cargo-home" RUSTUP_HOME="/workspace/rustup-home" "/workspace/cargo-home/bin/cargo" "+1.69.0" "fetch" "--manifest-path" "Cargo.toml", kill_on_drop: false }`
[INFO] [stderr]     Blocking waiting for file lock on package cache
[INFO] [stderr]  Downloading crates ...
[INFO] [stderr]   Downloaded safemem v0.2.0
[INFO] [stderr]   Downloaded ieee754 v0.2.6
[INFO] [stderr]   Downloaded base64 v0.7.0
[INFO] [stderr]   Downloaded gmp-mpfr-sys v1.5.2
[INFO] [stderr]   Downloaded rug v0.9.3
[INFO] running `Command { std: "docker" "create" "-v" "/var/lib/crater-agent-workspace/builds/worker-5-tc1/target:/opt/rustwide/target:rw,Z" "-v" "/var/lib/crater-agent-workspace/builds/worker-5-tc1/source:/opt/rustwide/workdir:ro,Z" "-v" "/var/lib/crater-agent-workspace/cargo-home:/opt/rustwide/cargo-home:ro,Z" "-v" "/var/lib/crater-agent-workspace/rustup-home:/opt/rustwide/rustup-home:ro,Z" "-e" "SOURCE_DIR=/opt/rustwide/workdir" "-e" "CARGO_TARGET_DIR=/opt/rustwide/target" "-e" "CARGO_HOME=/opt/rustwide/cargo-home" "-e" "RUSTUP_HOME=/opt/rustwide/rustup-home" "-w" "/opt/rustwide/workdir" "-m" "1610612736" "--user" "0:0" "--network" "none" "ghcr.io/rust-lang/crates-build-env/linux@sha256:5ff2268d62e97bff2cde7d5815dd6ed5b47097566f13b8d0ca110b04b60e07ed" "/opt/rustwide/cargo-home/bin/cargo" "+1.69.0" "metadata" "--no-deps" "--format-version=1", kill_on_drop: false }`
[INFO] [stdout] 6e06c91993544b0a4892c6e364fe3849ddb9c727624a4ad8b2d3e41d09a25983
[INFO] running `Command { std: "docker" "start" "-a" "6e06c91993544b0a4892c6e364fe3849ddb9c727624a4ad8b2d3e41d09a25983", kill_on_drop: false }`
[INFO] running `Command { std: "docker" "inspect" "6e06c91993544b0a4892c6e364fe3849ddb9c727624a4ad8b2d3e41d09a25983", kill_on_drop: false }`
[INFO] running `Command { std: "docker" "rm" "-f" "6e06c91993544b0a4892c6e364fe3849ddb9c727624a4ad8b2d3e41d09a25983", kill_on_drop: false }`
[INFO] [stdout] 6e06c91993544b0a4892c6e364fe3849ddb9c727624a4ad8b2d3e41d09a25983
[INFO] running `Command { std: "docker" "create" "-v" "/var/lib/crater-agent-workspace/builds/worker-5-tc1/target:/opt/rustwide/target:rw,Z" "-v" "/var/lib/crater-agent-workspace/builds/worker-5-tc1/source:/opt/rustwide/workdir:ro,Z" "-v" "/var/lib/crater-agent-workspace/cargo-home:/opt/rustwide/cargo-home:ro,Z" "-v" "/var/lib/crater-agent-workspace/rustup-home:/opt/rustwide/rustup-home:ro,Z" "-e" "SOURCE_DIR=/opt/rustwide/workdir" "-e" "CARGO_TARGET_DIR=/opt/rustwide/target" "-e" "CARGO_INCREMENTAL=0" "-e" "RUST_BACKTRACE=full" "-e" "RUSTFLAGS=--cap-lints=warn" "-e" "RUSTDOCFLAGS=--cap-lints=warn" "-e" "CARGO_HOME=/opt/rustwide/cargo-home" "-e" "RUSTUP_HOME=/opt/rustwide/rustup-home" "-w" "/opt/rustwide/workdir" "-m" "1610612736" "--user" "0:0" "--network" "none" "ghcr.io/rust-lang/crates-build-env/linux@sha256:5ff2268d62e97bff2cde7d5815dd6ed5b47097566f13b8d0ca110b04b60e07ed" "/opt/rustwide/cargo-home/bin/cargo" "+1.69.0" "build" "--frozen" "--message-format=json", kill_on_drop: false }`
[INFO] [stdout] b87fc3efb8f35621be37a58b0721bee3d5aeb93784450685d6d4da098ff68492
[INFO] running `Command { std: "docker" "start" "-a" "b87fc3efb8f35621be37a58b0721bee3d5aeb93784450685d6d4da098ff68492", kill_on_drop: false }`
[INFO] [stderr]    Compiling libc v0.2.142
[INFO] [stderr]    Compiling cc v1.0.79
[INFO] [stderr]    Compiling safemem v0.2.0
[INFO] [stderr]    Compiling byteorder v1.4.3
[INFO] [stderr]    Compiling num-traits v0.2.15
[INFO] [stderr]    Compiling base64 v0.7.0
[INFO] [stderr]    Compiling memchr v1.0.2
[INFO] [stderr]    Compiling miniz-sys v0.1.12
[INFO] [stderr]    Compiling nom v3.2.1
[INFO] [stderr]    Compiling num-traits v0.1.43
[INFO] [stderr]    Compiling flate2 v0.2.20
[INFO] [stderr]    Compiling hdrsample v6.0.4 (/opt/rustwide/workdir)
[INFO] [stderr]     Finished dev [unoptimized + debuginfo] target(s) in 4.31s
[INFO] [stderr] warning: the following packages contain code that will be rejected by a future version of Rust: nom v3.2.1
[INFO] [stderr] note: to see what the problems were, use the option `--future-incompat-report`, or run `cargo report future-incompatibilities --id 1`
[INFO] running `Command { std: "docker" "inspect" "b87fc3efb8f35621be37a58b0721bee3d5aeb93784450685d6d4da098ff68492", kill_on_drop: false }`
[INFO] running `Command { std: "docker" "rm" "-f" "b87fc3efb8f35621be37a58b0721bee3d5aeb93784450685d6d4da098ff68492", kill_on_drop: false }`
[INFO] [stdout] b87fc3efb8f35621be37a58b0721bee3d5aeb93784450685d6d4da098ff68492
[INFO] running `Command { std: "docker" "create" "-v" "/var/lib/crater-agent-workspace/builds/worker-5-tc1/target:/opt/rustwide/target:rw,Z" "-v" "/var/lib/crater-agent-workspace/builds/worker-5-tc1/source:/opt/rustwide/workdir:ro,Z" "-v" "/var/lib/crater-agent-workspace/cargo-home:/opt/rustwide/cargo-home:ro,Z" "-v" "/var/lib/crater-agent-workspace/rustup-home:/opt/rustwide/rustup-home:ro,Z" "-e" "SOURCE_DIR=/opt/rustwide/workdir" "-e" "CARGO_TARGET_DIR=/opt/rustwide/target" "-e" "CARGO_INCREMENTAL=0" "-e" "RUST_BACKTRACE=full" "-e" "RUSTFLAGS=--cap-lints=warn" "-e" "RUSTDOCFLAGS=--cap-lints=warn" "-e" "CARGO_HOME=/opt/rustwide/cargo-home" "-e" "RUSTUP_HOME=/opt/rustwide/rustup-home" "-w" "/opt/rustwide/workdir" "-m" "1610612736" "--user" "0:0" "--network" "none" "ghcr.io/rust-lang/crates-build-env/linux@sha256:5ff2268d62e97bff2cde7d5815dd6ed5b47097566f13b8d0ca110b04b60e07ed" "/opt/rustwide/cargo-home/bin/cargo" "+1.69.0" "test" "--frozen" "--no-run" "--message-format=json", kill_on_drop: false }`
[INFO] [stdout] 83f217532ad36606e5acfc978e6193ed9514fcff4182c603bb8a549b4ec0369c
[INFO] running `Command { std: "docker" "start" "-a" "83f217532ad36606e5acfc978e6193ed9514fcff4182c603bb8a549b4ec0369c", kill_on_drop: false }`
[INFO] [stderr]    Compiling gmp-mpfr-sys v1.5.2
[INFO] [stderr]    Compiling rug v0.9.3
[INFO] [stderr]    Compiling unicode-width v0.1.10
[INFO] [stderr]    Compiling vec_map v0.8.2
[INFO] [stderr]    Compiling strsim v0.8.0
[INFO] [stderr]    Compiling ansi_term v0.12.1
[INFO] [stderr]    Compiling ieee754 v0.2.6
[INFO] [stderr]    Compiling atty v0.2.14
[INFO] [stderr]    Compiling rand v0.4.6
[INFO] [stderr]    Compiling textwrap v0.11.0
[INFO] [stderr]    Compiling clap v2.34.0
[INFO] [stderr]    Compiling rand v0.3.23
[INFO] [stdout] error[E0308]: mismatched types
[INFO] [stdout]     --> /opt/rustwide/cargo-home/registry/src/github.com-1ecc6299db9ec823/rug-0.9.3/src/ext/gmp.rs:1393:46
[INFO] [stdout]      |
[INFO] [stdout] 1393 |         let abs_popcount = gmp::mpn_popcount((*op).d, abs_size);
[INFO] [stdout]      |                            ----------------- ^^^^^^^ expected `*const u64`, found `NonNull<u64>`
[INFO] [stdout]      |                            |
[INFO] [stdout]      |                            arguments to this function are incorrect
[INFO] [stdout]      |
[INFO] [stdout]      = note: expected raw pointer `*const u64`
[INFO] [stdout]                      found struct `NonNull<u64>`
[INFO] [stdout] note: function defined here
[INFO] [stdout]     --> /opt/rustwide/cargo-home/registry/src/github.com-1ecc6299db9ec823/gmp-mpfr-sys-1.5.2/src/gmp.rs:1480:12
[INFO] [stdout]      |
[INFO] [stdout] 1480 |     pub fn mpn_popcount(s1p: mp_srcptr, n: size_t) -> bitcnt_t;
[INFO] [stdout]      |            ^^^^^^^^^^^^
[INFO] [stdout] 
[INFO] [stdout] 
[INFO] [stdout] error[E0308]: mismatched types
[INFO] [stdout]     --> /opt/rustwide/cargo-home/registry/src/github.com-1ecc6299db9ec823/rug-0.9.3/src/ext/gmp.rs:1394:40
[INFO] [stdout]      |
[INFO] [stdout] 1394 |         let first_one = gmp::mpn_scan1((*op).d, 0);
[INFO] [stdout]      |                         -------------- ^^^^^^^ expected `*const u64`, found `NonNull<u64>`
[INFO] [stdout]      |                         |
[INFO] [stdout]      |                         arguments to this function are incorrect
[INFO] [stdout]      |
[INFO] [stdout]      = note: expected raw pointer `*const u64`
[INFO] [stdout]                      found struct `NonNull<u64>`
[INFO] [stdout] note: function defined here
[INFO] [stdout]     --> /opt/rustwide/cargo-home/registry/src/github.com-1ecc6299db9ec823/gmp-mpfr-sys-1.5.2/src/gmp.rs:1471:12
[INFO] [stdout]      |
[INFO] [stdout] 1471 |     pub fn mpn_scan1(s1p: mp_srcptr, bit: bitcnt_t) -> bitcnt_t;
[INFO] [stdout]      |            ^^^^^^^^^
[INFO] [stdout] 
[INFO] [stdout] 
[INFO] [stdout] error[E0308]: mismatched types
[INFO] [stdout]     --> /opt/rustwide/cargo-home/registry/src/github.com-1ecc6299db9ec823/rug-0.9.3/src/ext/gmp.rs:1406:34
[INFO] [stdout]      |
[INFO] [stdout] 1406 |         cast(gmp::mpn_sizeinbase((*op).d, cast(size), 2));
[INFO] [stdout]      |              ------------------- ^^^^^^^ expected `*const u64`, found `NonNull<u64>`
[INFO] [stdout]      |              |
[INFO] [stdout]      |              arguments to this function are incorrect
[INFO] [stdout]      |
[INFO] [stdout]      = note: expected raw pointer `*const u64`
[INFO] [stdout]                      found struct `NonNull<u64>`
[INFO] [stdout] note: function defined here
[INFO] [stdout]     --> /opt/rustwide/cargo-home/registry/src/github.com-1ecc6299db9ec823/gmp-mpfr-sys-1.5.2/src/gmp.rs:1459:12
[INFO] [stdout]      |
[INFO] [stdout] 1459 |     pub fn mpn_sizeinbase(xp: mp_srcptr, n: size_t, base: c_int) -> usize;
[INFO] [stdout]      |            ^^^^^^^^^^^^^^
[INFO] [stdout] 
[INFO] [stdout] 
[INFO] [stdout] error[E0308]: mismatched types
[INFO] [stdout]     --> /opt/rustwide/cargo-home/registry/src/github.com-1ecc6299db9ec823/rug-0.9.3/src/ext/gmp.rs:1407:36
[INFO] [stdout]      |
[INFO] [stdout] 1407 |     let first_one = gmp::mpn_scan1((*op).d, 0);
[INFO] [stdout]      |                     -------------- ^^^^^^^ expected `*const u64`, found `NonNull<u64>`
[INFO] [stdout]      |                     |
[INFO] [stdout]      |                     arguments to this function are incorrect
[INFO] [stdout]      |
[INFO] [stdout]      = note: expected raw pointer `*const u64`
[INFO] [stdout]                      found struct `NonNull<u64>`
[INFO] [stdout] note: function defined here
[INFO] [stdout]     --> /opt/rustwide/cargo-home/registry/src/github.com-1ecc6299db9ec823/gmp-mpfr-sys-1.5.2/src/gmp.rs:1471:12
[INFO] [stdout]      |
[INFO] [stdout] 1471 |     pub fn mpn_scan1(s1p: mp_srcptr, bit: bitcnt_t) -> bitcnt_t;
[INFO] [stdout]      |            ^^^^^^^^^
[INFO] [stdout] 
[INFO] [stdout] 
[INFO] [stdout] error[E0599]: no method named `offset` found for struct `NonNull` in the current scope
[INFO] [stdout]     --> /opt/rustwide/cargo-home/registry/src/github.com-1ecc6299db9ec823/rug-0.9.3/src/ext/gmp.rs:1422:13
[INFO] [stdout]      |
[INFO] [stdout] 1422 |     *(*z).d.offset(index)
[INFO] [stdout]      |             ^^^^^^ method not found in `NonNull<u64>`
[INFO] [stdout] 
[INFO] [stdout] 
[INFO] [stdout] error[E0599]: no method named `offset` found for struct `NonNull` in the current scope
[INFO] [stdout]     --> /opt/rustwide/cargo-home/registry/src/github.com-1ecc6299db9ec823/rug-0.9.3/src/ext/gmp.rs:1427:12
[INFO] [stdout]      |
[INFO] [stdout] 1427 |     (*z).d.offset(index)
[INFO] [stdout]      |            ^^^^^^ method not found in `NonNull<u64>`
[INFO] [stdout] 
[INFO] [stdout] 
[INFO] [stdout] error[E0308]: mismatched types
[INFO] [stdout]   --> /opt/rustwide/cargo-home/registry/src/github.com-1ecc6299db9ec823/rug-0.9.3/src/integer/traits.rs:69:56
[INFO] [stdout]    |
[INFO] [stdout] 69 |             let slice = unsafe { slice::from_raw_parts(self.inner().d, limbs) };
[INFO] [stdout]    |                                  --------------------- ^^^^^^^^^^^^^^ expected `*const _`, found `NonNull<u64>`
[INFO] [stdout]    |                                  |
[INFO] [stdout]    |                                  arguments to this function are incorrect
[INFO] [stdout]    |
[INFO] [stdout]    = note: expected raw pointer `*const _`
[INFO] [stdout]                    found struct `NonNull<u64>`
[INFO] [stdout] note: function defined here
[INFO] [stdout]   --> /rustc/84c898d65adf2f39a5a98507f1fe0ce10a2b8dbc/library/core/src/slice/raw.rs:92:21
[INFO] [stdout] 
[INFO] [stdout] 
[INFO] [stdout] error[E0308]: mismatched types
[INFO] [stdout]    --> /opt/rustwide/cargo-home/registry/src/github.com-1ecc6299db9ec823/rug-0.9.3/src/float/ord.rs:116:52
[INFO] [stdout]     |
[INFO] [stdout] 116 |         let slice = unsafe { slice::from_raw_parts(s.inner().d, limbs) };
[INFO] [stdout]     |                              --------------------- ^^^^^^^^^^^ expected `*const _`, found `NonNull<u64>`
[INFO] [stdout]     |                              |
[INFO] [stdout]     |                              arguments to this function are incorrect
[INFO] [stdout]     |
[INFO] [stdout]     = note: expected raw pointer `*const _`
[INFO] [stdout]                     found struct `NonNull<u64>`
[INFO] [stdout] note: function defined here
[INFO] [stdout]    --> /rustc/84c898d65adf2f39a5a98507f1fe0ce10a2b8dbc/library/core/src/slice/raw.rs:92:21
[INFO] [stdout] 
[INFO] [stdout] 
[INFO] [stdout] error[E0599]: no method named `is_null` found for struct `NonNull` in the current scope
[INFO] [stdout]   --> /opt/rustwide/cargo-home/registry/src/github.com-1ecc6299db9ec823/rug-0.9.3/src/rand.rs:68:30
[INFO] [stdout]    |
[INFO] [stdout] 68 |             if (*ptr).seed.d.is_null() {
[INFO] [stdout]    |                              ^^^^^^^ method not found in `NonNull<u64>`
[INFO] [stdout] 
[INFO] [stdout] 
[INFO] [stdout] error[E0308]: mismatched types
[INFO] [stdout]    --> /opt/rustwide/cargo-home/registry/src/github.com-1ecc6299db9ec823/rug-0.9.3/src/rand.rs:236:20
[INFO] [stdout]     |
[INFO] [stdout] 236 |                 d: r_ptr as *mut gmp::limb_t,
[INFO] [stdout]     |                    ^^^^^^^^^^^^^^^^^^^^^^^^^ expected `NonNull<u64>`, found `*mut u64`
[INFO] [stdout]     |
[INFO] [stdout]     = note:   expected struct `NonNull<u64>`
[INFO] [stdout]             found raw pointer `*mut u64`
[INFO] [stdout] 
[INFO] [stdout] 
[INFO] [stdout] error[E0308]: mismatched types
[INFO] [stdout]    --> /opt/rustwide/cargo-home/registry/src/github.com-1ecc6299db9ec823/rug-0.9.3/src/rand.rs:277:20
[INFO] [stdout]     |
[INFO] [stdout] 277 |                 d: r_ptr as *mut gmp::limb_t,
[INFO] [stdout]     |                    ^^^^^^^^^^^^^^^^^^^^^^^^^ expected `NonNull<u64>`, found `*mut u64`
[INFO] [stdout]     |
[INFO] [stdout]     = note:   expected struct `NonNull<u64>`
[INFO] [stdout]             found raw pointer `*mut u64`
[INFO] [stdout] 
[INFO] [stdout] 
[INFO] [stdout] error[E0605]: non-primitive cast: `NonNull<u64>` as `*mut &mut dyn RandGen`
[INFO] [stdout]    --> /opt/rustwide/cargo-home/registry/src/github.com-1ecc6299db9ec823/rug-0.9.3/src/rand.rs:758:21
[INFO] [stdout]     |
[INFO] [stdout] 758 |         let r_ptr = (*s_ptr).seed.d as *mut &mut RandGen;
[INFO] [stdout]     |                     ^^^^^^^^^^^^^^^^^^^^^^^^^^^^^^^^^^^^ an `as` expression can only be used to convert between primitive types or to coerce to a specific trait object
[INFO] [stdout] 
[INFO] [stdout] 
[INFO] [stdout] error[E0605]: non-primitive cast: `NonNull<u64>` as `*mut &mut dyn RandGen`
[INFO] [stdout]    --> /opt/rustwide/cargo-home/registry/src/github.com-1ecc6299db9ec823/rug-0.9.3/src/rand.rs:764:21
[INFO] [stdout]     |
[INFO] [stdout] 764 |         let r_ptr = (*s_ptr).seed.d as *mut &mut RandGen;
[INFO] [stdout]     |                     ^^^^^^^^^^^^^^^^^^^^^^^^^^^^^^^^^^^^ an `as` expression can only be used to convert between primitive types or to coerce to a specific trait object
[INFO] [stdout] 
[INFO] [stdout] 
[INFO] [stdout] error[E0605]: non-primitive cast: `NonNull<u64>` as `*mut &mut dyn RandGen`
[INFO] [stdout]    --> /opt/rustwide/cargo-home/registry/src/github.com-1ecc6299db9ec823/rug-0.9.3/src/rand.rs:770:21
[INFO] [stdout]     |
[INFO] [stdout] 770 |         let r_ptr = (*s_ptr).seed.d as *mut &mut RandGen;
[INFO] [stdout]     |                     ^^^^^^^^^^^^^^^^^^^^^^^^^^^^^^^^^^^^ an `as` expression can only be used to convert between primitive types or to coerce to a specific trait object
[INFO] [stdout] 
[INFO] [stdout] 
[INFO] [stdout] error[E0605]: non-primitive cast: `NonNull<u64>` as `*const &mut dyn RandGen`
[INFO] [stdout]    --> /opt/rustwide/cargo-home/registry/src/github.com-1ecc6299db9ec823/rug-0.9.3/src/rand.rs:776:21
[INFO] [stdout]     |
[INFO] [stdout] 776 |         let r_ptr = (*src_ptr).seed.d as *const &mut RandGen;
[INFO] [stdout]     |                     ^^^^^^^^^^^^^^^^^^^^^^^^^^^^^^^^^^^^^^^^ an `as` expression can only be used to convert between primitive types or to coerce to a specific trait object
[INFO] [stdout] 
[INFO] [stdout] 
[INFO] [stdout] error[E0605]: non-primitive cast: `NonNull<u64>` as `*mut Box<dyn RandGen>`
[INFO] [stdout]    --> /opt/rustwide/cargo-home/registry/src/github.com-1ecc6299db9ec823/rug-0.9.3/src/rand.rs:782:21
[INFO] [stdout]     |
[INFO] [stdout] 782 |         let r_ptr = (*s_ptr).seed.d as *mut Box<RandGen>;
[INFO] [stdout]     |                     ^^^^^^^^^^^^^^^^^^^^^^^^^^^^^^^^^^^^ an `as` expression can only be used to convert between primitive types or to coerce to a specific trait object
[INFO] [stdout] 
[INFO] [stdout] 
[INFO] [stdout] error[E0605]: non-primitive cast: `NonNull<u64>` as `*mut Box<dyn RandGen>`
[INFO] [stdout]    --> /opt/rustwide/cargo-home/registry/src/github.com-1ecc6299db9ec823/rug-0.9.3/src/rand.rs:792:21
[INFO] [stdout]     |
[INFO] [stdout] 792 |         let r_ptr = (*s_ptr).seed.d as *mut Box<RandGen>;
[INFO] [stdout]     |                     ^^^^^^^^^^^^^^^^^^^^^^^^^^^^^^^^^^^^ an `as` expression can only be used to convert between primitive types or to coerce to a specific trait object
[INFO] [stdout] 
[INFO] [stdout] 
[INFO] [stdout] error[E0605]: non-primitive cast: `NonNull<u64>` as `*mut Box<dyn RandGen>`
[INFO] [stdout]    --> /opt/rustwide/cargo-home/registry/src/github.com-1ecc6299db9ec823/rug-0.9.3/src/rand.rs:798:21
[INFO] [stdout]     |
[INFO] [stdout] 798 |         let r_ptr = (*s_ptr).seed.d as *mut Box<RandGen>;
[INFO] [stdout]     |                     ^^^^^^^^^^^^^^^^^^^^^^^^^^^^^^^^^^^^ an `as` expression can only be used to convert between primitive types or to coerce to a specific trait object
[INFO] [stdout] 
[INFO] [stdout] 
[INFO] [stdout] error[E0605]: non-primitive cast: `NonNull<u64>` as `*const Box<dyn RandGen>`
[INFO] [stdout]    --> /opt/rustwide/cargo-home/registry/src/github.com-1ecc6299db9ec823/rug-0.9.3/src/rand.rs:804:21
[INFO] [stdout]     |
[INFO] [stdout] 804 |         let r_ptr = (*src_ptr).seed.d as *const Box<RandGen>;
[INFO] [stdout]     |                     ^^^^^^^^^^^^^^^^^^^^^^^^^^^^^^^^^^^^^^^^ an `as` expression can only be used to convert between primitive types or to coerce to a specific trait object
[INFO] [stdout] 
[INFO] [stdout] 
[INFO] [stdout] error[E0308]: mismatched types
[INFO] [stdout]    --> /opt/rustwide/cargo-home/registry/src/github.com-1ecc6299db9ec823/rug-0.9.3/src/rand.rs:861:16
[INFO] [stdout]     |
[INFO] [stdout] 861 |             d: dst_r_ptr as *mut gmp::limb_t,
[INFO] [stdout]     |                ^^^^^^^^^^^^^^^^^^^^^^^^^^^^^ expected `NonNull<u64>`, found `*mut u64`
[INFO] [stdout]     |
[INFO] [stdout]     = note:   expected struct `NonNull<u64>`
[INFO] [stdout]             found raw pointer `*mut u64`
[INFO] [stdout] 
[INFO] [stdout] 
[INFO] [stdout] error: aborting due to 20 previous errors
[INFO] [stdout] 
[INFO] [stdout] 
[INFO] [stdout] Some errors have detailed explanations: E0308, E0599, E0605.
[INFO] [stdout] 
[INFO] [stdout] For more information about an error, try `rustc --explain E0308`.
[INFO] [stdout] 
[INFO] [stderr] error: could not compile `rug` due to 21 previous errors
[INFO] running `Command { std: "docker" "inspect" "83f217532ad36606e5acfc978e6193ed9514fcff4182c603bb8a549b4ec0369c", kill_on_drop: false }`
[INFO] running `Command { std: "docker" "rm" "-f" "83f217532ad36606e5acfc978e6193ed9514fcff4182c603bb8a549b4ec0369c", kill_on_drop: false }`
[INFO] [stdout] 83f217532ad36606e5acfc978e6193ed9514fcff4182c603bb8a549b4ec0369c
