[INFO] fetching crate hawkbit_mock 0.6.0...
[INFO] testing hawkbit_mock-0.6.0 against 1.69.0 for beta-1.70-1
[INFO] extracting crate hawkbit_mock 0.6.0 into /workspace/builds/worker-4-tc1/source
[INFO] validating manifest of crates.io crate hawkbit_mock 0.6.0 on toolchain 1.69.0
[INFO] running `Command { std: CARGO_HOME="/workspace/cargo-home" RUSTUP_HOME="/workspace/rustup-home" "/workspace/cargo-home/bin/cargo" "+1.69.0" "metadata" "--manifest-path" "Cargo.toml" "--no-deps", kill_on_drop: false }`
[INFO] started tweaking crates.io crate hawkbit_mock 0.6.0
[INFO] finished tweaking crates.io crate hawkbit_mock 0.6.0
[INFO] tweaked toml for crates.io crate hawkbit_mock 0.6.0 written to /workspace/builds/worker-4-tc1/source/Cargo.toml
[INFO] running `Command { std: CARGO_HOME="/workspace/cargo-home" RUSTUP_HOME="/workspace/rustup-home" __CARGO_TEST_CHANNEL_OVERRIDE_DO_NOT_USE_THIS="nightly" "/workspace/cargo-home/bin/cargo" "+1.69.0" "generate-lockfile" "--manifest-path" "Cargo.toml" "-Zno-index-update", kill_on_drop: false }`
[INFO] running `Command { std: CARGO_HOME="/workspace/cargo-home" RUSTUP_HOME="/workspace/rustup-home" "/workspace/cargo-home/bin/cargo" "+1.69.0" "fetch" "--manifest-path" "Cargo.toml", kill_on_drop: false }`
[INFO] [stderr]  Downloading crates ...
[INFO] [stderr]   Downloaded basic-cookies v0.1.4
[INFO] [stderr]   Downloaded castaway v0.1.2
[INFO] [stderr]   Downloaded async-object-pool v0.1.4
[INFO] [stderr]   Downloaded levenshtein v1.0.5
[INFO] [stderr]   Downloaded httpmock v0.5.8
[INFO] [stderr]   Downloaded serde_regex v1.1.0
[INFO] [stderr]   Downloaded isahc v1.7.2
[INFO] [stderr]   Downloaded hawkbit v0.6.0
[INFO] running `Command { std: "docker" "create" "-v" "/var/lib/crater-agent-workspace/builds/worker-4-tc1/target:/opt/rustwide/target:rw,Z" "-v" "/var/lib/crater-agent-workspace/builds/worker-4-tc1/source:/opt/rustwide/workdir:ro,Z" "-v" "/var/lib/crater-agent-workspace/cargo-home:/opt/rustwide/cargo-home:ro,Z" "-v" "/var/lib/crater-agent-workspace/rustup-home:/opt/rustwide/rustup-home:ro,Z" "-e" "SOURCE_DIR=/opt/rustwide/workdir" "-e" "CARGO_TARGET_DIR=/opt/rustwide/target" "-e" "CARGO_HOME=/opt/rustwide/cargo-home" "-e" "RUSTUP_HOME=/opt/rustwide/rustup-home" "-w" "/opt/rustwide/workdir" "-m" "1610612736" "--user" "0:0" "--network" "none" "ghcr.io/rust-lang/crates-build-env/linux@sha256:5ff2268d62e97bff2cde7d5815dd6ed5b47097566f13b8d0ca110b04b60e07ed" "/opt/rustwide/cargo-home/bin/cargo" "+1.69.0" "metadata" "--no-deps" "--format-version=1", kill_on_drop: false }`
[INFO] [stdout] 22a0aa01f47564de8eabd4b0f4b229619ba139f91129a34da30f5ef594752be9
[INFO] running `Command { std: "docker" "start" "-a" "22a0aa01f47564de8eabd4b0f4b229619ba139f91129a34da30f5ef594752be9", kill_on_drop: false }`
[INFO] running `Command { std: "docker" "inspect" "22a0aa01f47564de8eabd4b0f4b229619ba139f91129a34da30f5ef594752be9", kill_on_drop: false }`
[INFO] running `Command { std: "docker" "rm" "-f" "22a0aa01f47564de8eabd4b0f4b229619ba139f91129a34da30f5ef594752be9", kill_on_drop: false }`
[INFO] [stdout] 22a0aa01f47564de8eabd4b0f4b229619ba139f91129a34da30f5ef594752be9
[INFO] running `Command { std: "docker" "create" "-v" "/var/lib/crater-agent-workspace/builds/worker-4-tc1/target:/opt/rustwide/target:rw,Z" "-v" "/var/lib/crater-agent-workspace/builds/worker-4-tc1/source:/opt/rustwide/workdir:ro,Z" "-v" "/var/lib/crater-agent-workspace/cargo-home:/opt/rustwide/cargo-home:ro,Z" "-v" "/var/lib/crater-agent-workspace/rustup-home:/opt/rustwide/rustup-home:ro,Z" "-e" "SOURCE_DIR=/opt/rustwide/workdir" "-e" "CARGO_TARGET_DIR=/opt/rustwide/target" "-e" "CARGO_INCREMENTAL=0" "-e" "RUST_BACKTRACE=full" "-e" "RUSTFLAGS=--cap-lints=warn" "-e" "RUSTDOCFLAGS=--cap-lints=warn" "-e" "CARGO_HOME=/opt/rustwide/cargo-home" "-e" "RUSTUP_HOME=/opt/rustwide/rustup-home" "-w" "/opt/rustwide/workdir" "-m" "1610612736" "--user" "0:0" "--network" "none" "ghcr.io/rust-lang/crates-build-env/linux@sha256:5ff2268d62e97bff2cde7d5815dd6ed5b47097566f13b8d0ca110b04b60e07ed" "/opt/rustwide/cargo-home/bin/cargo" "+1.69.0" "build" "--frozen" "--message-format=json", kill_on_drop: false }`
[INFO] [stdout] 1af457c18b8afee6620e13c904e381112dbbab9d7a58503fb328fbfe0cb6dcbf
[INFO] running `Command { std: "docker" "start" "-a" "1af457c18b8afee6620e13c904e381112dbbab9d7a58503fb328fbfe0cb6dcbf", kill_on_drop: false }`
[INFO] [stderr]    Compiling libc v0.2.142
[INFO] [stderr]    Compiling syn v1.0.109
[INFO] [stderr]    Compiling log v0.4.17
[INFO] [stderr]    Compiling futures-io v0.3.28
[INFO] [stderr]    Compiling value-bag v1.0.0-alpha.9
[INFO] [stderr]    Compiling openssl-sys v0.9.87
[INFO] [stderr]    Compiling io-lifetimes v1.0.10
[INFO] [stderr]    Compiling rustix v0.37.18
[INFO] [stderr]    Compiling syn v2.0.15
[INFO] [stderr]    Compiling event-listener v2.5.3
[INFO] [stderr]    Compiling linux-raw-sys v0.3.6
[INFO] [stderr]    Compiling concurrent-queue v2.2.0
[INFO] [stderr]    Compiling tokio v1.28.0
[INFO] [stderr]    Compiling parking v2.1.0
[INFO] [stderr]    Compiling fastrand v1.9.0
[INFO] [stderr]    Compiling waker-fn v1.1.0
[INFO] [stderr]    Compiling futures-util v0.3.28
[INFO] [stderr]    Compiling polling v2.8.0
[INFO] [stderr]    Compiling futures-lite v1.13.0
[INFO] [stderr]    Compiling libz-sys v1.1.9
[INFO] [stderr]    Compiling libnghttp2-sys v0.1.7+1.45.0
[INFO] [stderr]    Compiling async-lock v2.7.0
[INFO] [stderr]    Compiling crunchy v0.2.2
[INFO] [stderr]    Compiling smallvec v1.10.0
[INFO] [stderr]    Compiling async-channel v1.8.0
[INFO] [stderr]    Compiling async-io v1.13.0
[INFO] [stderr]    Compiling curl-sys v0.4.61+curl-8.0.1
[INFO] [stderr]    Compiling siphasher v0.3.10
[INFO] [stderr]    Compiling tiny-keccak v2.0.2
[INFO] [stderr]    Compiling openssl v0.10.52
[INFO] [stderr]    Compiling precomputed-hash v0.1.1
[INFO] [stderr]    Compiling new_debug_unreachable v1.0.4
[INFO] [stderr]    Compiling signal-hook v0.3.15
[INFO] [stderr]    Compiling bit-vec v0.6.3
[INFO] [stderr]    Compiling fixedbitset v0.4.2
[INFO] [stderr]    Compiling phf_shared v0.10.0
[INFO] [stderr]    Compiling async-task v4.4.0
[INFO] [stderr]    Compiling either v1.8.1
[INFO] [stderr]    Compiling native-tls v0.2.11
[INFO] [stderr]    Compiling lalrpop-util v0.19.12
[INFO] [stderr]    Compiling async-process v1.7.0
[INFO] [stderr]    Compiling petgraph v0.6.3
[INFO] [stderr]    Compiling bit-set v0.5.3
[INFO] [stderr]    Compiling regex-syntax v0.6.29
[INFO] [stderr]    Compiling itertools v0.10.5
[INFO] [stderr]    Compiling atomic-waker v1.1.1
[INFO] [stderr]    Compiling unicode-xid v0.2.4
[INFO] [stderr]    Compiling diff v0.1.13
[INFO] [stderr]    Compiling async-executor v1.5.1
[INFO] [stderr]    Compiling curl v0.4.44
[INFO] [stderr]    Compiling unicode-segmentation v1.10.1
[INFO] [stderr]    Compiling isahc v1.7.2
[INFO] [stderr]    Compiling sluice v0.5.5
[INFO] [stderr]    Compiling ipnet v2.7.2
[INFO] [stderr]    Compiling castaway v0.1.2
[INFO] [stderr]    Compiling qstring v0.7.2
[INFO] [stderr]    Compiling levenshtein v1.0.5
[INFO] [stderr]    Compiling difference v2.0.0
[INFO] [stderr]    Compiling heck v0.3.3
[INFO] [stderr]    Compiling socket2 v0.4.9
[INFO] [stderr]    Compiling signal-hook-registry v1.4.1
[INFO] [stderr]    Compiling num_cpus v1.15.0
[INFO] [stderr]    Compiling dirs-sys-next v0.1.2
[INFO] [stderr]    Compiling parking_lot_core v0.9.7
[INFO] [stderr]    Compiling dirs-next v2.0.0
[INFO] [stderr]    Compiling parking_lot v0.12.1
[INFO] [stderr]    Compiling term v0.7.0
[INFO] [stderr]    Compiling string_cache v0.8.7
[INFO] [stderr]    Compiling ascii-canvas v3.0.0
[INFO] [stderr]    Compiling is-terminal v0.4.7
[INFO] [stderr]    Compiling tracing-attributes v0.1.24
[INFO] [stderr]    Compiling tokio-macros v2.1.0
[INFO] [stderr]    Compiling futures-macro v0.3.28
[INFO] [stderr]    Compiling serde_derive v1.0.160
[INFO] [stderr]    Compiling openssl-macros v0.1.1
[INFO] [stderr]    Compiling thiserror-impl v1.0.40
[INFO] [stderr]    Compiling async-trait v0.1.68
[INFO] [stderr]    Compiling ctor v0.1.26
[INFO] [stderr]    Compiling pin-project-internal v1.0.12
[INFO] [stderr]    Compiling strum_macros v0.21.1
[INFO] [stderr]    Compiling thiserror v1.0.40
[INFO] [stderr]    Compiling pin-project v1.0.12
[INFO] [stderr]    Compiling mio v0.8.6
[INFO] [stderr]    Compiling tracing v0.1.37
[INFO] [stderr]    Compiling want v0.3.0
[INFO] [stderr]    Compiling ena v0.14.2
[INFO] [stderr]    Compiling blocking v1.3.1
[INFO] [stderr]    Compiling kv-log-macro v1.0.7
[INFO] [stderr]    Compiling strum v0.21.0
[INFO] [stderr]    Compiling tracing-futures v0.2.5
[INFO] [stderr]    Compiling lalrpop v0.19.12
[INFO] [stderr]    Compiling async-global-executor v2.3.1
[INFO] [stderr]    Compiling serde v1.0.160
[INFO] [stderr]    Compiling async-std v1.12.0
[INFO] [stderr]    Compiling futures-executor v0.3.28
[INFO] [stderr]    Compiling futures v0.3.28
[INFO] [stderr]    Compiling async-object-pool v0.1.4
[INFO] [stderr]    Compiling serde_json v1.0.96
[INFO] [stderr]    Compiling serde_urlencoded v0.7.1
[INFO] [stderr]    Compiling serde_regex v1.1.0
[INFO] [stderr]    Compiling tokio-util v0.7.8
[INFO] [stderr]    Compiling tokio-native-tls v0.3.1
[INFO] [stderr]    Compiling assert-json-diff v2.0.2
[INFO] [stderr]    Compiling h2 v0.3.18
[INFO] [stderr]    Compiling basic-cookies v0.1.4
[INFO] [stderr]    Compiling hyper v0.14.26
[INFO] [stderr]    Compiling hyper-tls v0.5.0
[INFO] [stderr]    Compiling httpmock v0.5.8
[INFO] [stderr]    Compiling reqwest v0.11.17
[INFO] [stderr]    Compiling hawkbit v0.6.0
[INFO] [stderr]    Compiling hawkbit_mock v0.6.0 (/opt/rustwide/workdir)
[INFO] [stderr]     Finished dev [unoptimized + debuginfo] target(s) in 40.33s
[INFO] running `Command { std: "docker" "inspect" "1af457c18b8afee6620e13c904e381112dbbab9d7a58503fb328fbfe0cb6dcbf", kill_on_drop: false }`
[INFO] running `Command { std: "docker" "rm" "-f" "1af457c18b8afee6620e13c904e381112dbbab9d7a58503fb328fbfe0cb6dcbf", kill_on_drop: false }`
[INFO] [stdout] 1af457c18b8afee6620e13c904e381112dbbab9d7a58503fb328fbfe0cb6dcbf
[INFO] running `Command { std: "docker" "create" "-v" "/var/lib/crater-agent-workspace/builds/worker-4-tc1/target:/opt/rustwide/target:rw,Z" "-v" "/var/lib/crater-agent-workspace/builds/worker-4-tc1/source:/opt/rustwide/workdir:ro,Z" "-v" "/var/lib/crater-agent-workspace/cargo-home:/opt/rustwide/cargo-home:ro,Z" "-v" "/var/lib/crater-agent-workspace/rustup-home:/opt/rustwide/rustup-home:ro,Z" "-e" "SOURCE_DIR=/opt/rustwide/workdir" "-e" "CARGO_TARGET_DIR=/opt/rustwide/target" "-e" "CARGO_INCREMENTAL=0" "-e" "RUST_BACKTRACE=full" "-e" "RUSTFLAGS=--cap-lints=warn" "-e" "RUSTDOCFLAGS=--cap-lints=warn" "-e" "CARGO_HOME=/opt/rustwide/cargo-home" "-e" "RUSTUP_HOME=/opt/rustwide/rustup-home" "-w" "/opt/rustwide/workdir" "-m" "1610612736" "--user" "0:0" "--network" "none" "ghcr.io/rust-lang/crates-build-env/linux@sha256:5ff2268d62e97bff2cde7d5815dd6ed5b47097566f13b8d0ca110b04b60e07ed" "/opt/rustwide/cargo-home/bin/cargo" "+1.69.0" "test" "--frozen" "--no-run" "--message-format=json", kill_on_drop: false }`
[INFO] [stdout] 9c1da39c8c54b1f435d8cdb59818677abb1b3d0f1b460c4b4733b1b9b3e8ff5b
[INFO] running `Command { std: "docker" "start" "-a" "9c1da39c8c54b1f435d8cdb59818677abb1b3d0f1b460c4b4733b1b9b3e8ff5b", kill_on_drop: false }`
[INFO] [stderr]    Compiling hawkbit_mock v0.6.0 (/opt/rustwide/workdir)
[INFO] [stderr]     Finished test [unoptimized + debuginfo] target(s) in 1.06s
[INFO] running `Command { std: "docker" "inspect" "9c1da39c8c54b1f435d8cdb59818677abb1b3d0f1b460c4b4733b1b9b3e8ff5b", kill_on_drop: false }`
[INFO] running `Command { std: "docker" "rm" "-f" "9c1da39c8c54b1f435d8cdb59818677abb1b3d0f1b460c4b4733b1b9b3e8ff5b", kill_on_drop: false }`
[INFO] [stdout] 9c1da39c8c54b1f435d8cdb59818677abb1b3d0f1b460c4b4733b1b9b3e8ff5b
[INFO] running `Command { std: "docker" "create" "-v" "/var/lib/crater-agent-workspace/builds/worker-4-tc1/target:/opt/rustwide/target:rw,Z" "-v" "/var/lib/crater-agent-workspace/builds/worker-4-tc1/source:/opt/rustwide/workdir:ro,Z" "-v" "/var/lib/crater-agent-workspace/cargo-home:/opt/rustwide/cargo-home:ro,Z" "-v" "/var/lib/crater-agent-workspace/rustup-home:/opt/rustwide/rustup-home:ro,Z" "-e" "SOURCE_DIR=/opt/rustwide/workdir" "-e" "CARGO_TARGET_DIR=/opt/rustwide/target" "-e" "CARGO_INCREMENTAL=0" "-e" "RUST_BACKTRACE=full" "-e" "RUSTFLAGS=--cap-lints=warn" "-e" "RUSTDOCFLAGS=--cap-lints=warn" "-e" "CARGO_HOME=/opt/rustwide/cargo-home" "-e" "RUSTUP_HOME=/opt/rustwide/rustup-home" "-w" "/opt/rustwide/workdir" "-m" "1610612736" "--user" "0:0" "--network" "none" "ghcr.io/rust-lang/crates-build-env/linux@sha256:5ff2268d62e97bff2cde7d5815dd6ed5b47097566f13b8d0ca110b04b60e07ed" "/opt/rustwide/cargo-home/bin/cargo" "+1.69.0" "test" "--frozen", kill_on_drop: false }`
[INFO] [stdout] 92dc73cd8fe1731546cdc954f364adf73a339348ff18b2464637bc0002198ef2
[INFO] running `Command { std: "docker" "start" "-a" "92dc73cd8fe1731546cdc954f364adf73a339348ff18b2464637bc0002198ef2", kill_on_drop: false }`
[INFO] [stderr]     Blocking waiting for file lock on package cache
[INFO] [stderr]     Finished test [unoptimized + debuginfo] target(s) in 0.22s
[INFO] [stderr]      Running unittests src/lib.rs (/opt/rustwide/target/debug/deps/hawkbit_mock-c47445aa779fe1ba)
[INFO] [stdout] 
[INFO] [stdout] running 0 tests
[INFO] [stdout] 
[INFO] [stdout] test result: ok. 0 passed; 0 failed; 0 ignored; 0 measured; 0 filtered out; finished in 0.00s
[INFO] [stdout] 
[INFO] [stderr]    Doc-tests hawkbit_mock
[INFO] [stdout] 
[INFO] [stdout] running 7 tests
[INFO] [stdout] test src/ddi.rs - ddi::Target::request_config (line 191) ... FAILED
[INFO] [stdout] test src/ddi.rs - ddi::Target::expect_cancel_feedback (line 448) ... FAILED
[INFO] [stdout] test src/ddi.rs - ddi (line 11) ... FAILED
[INFO] [stdout] test src/ddi.rs - ddi::Target::expect_deployment_feedback (line 326) ... FAILED
[INFO] [stdout] test src/ddi.rs - ddi::Target::cancel_action (line 397) ... ok
[INFO] [stdout] test src/ddi.rs - ddi::Target::push_deployment (line 245) ... ok
[INFO] [stdout] test src/ddi.rs - ddi::ServerBuilder (line 43) ... ok
[INFO] [stdout] 
[INFO] [stdout] failures:
[INFO] [stdout] 
[INFO] [stdout] ---- src/ddi.rs - ddi::Target::request_config (line 191) stdout ----
[INFO] [stdout] error: linking with `cc` failed: exit status: 1
[INFO] [stdout]   |
[INFO] [stdout]   = note: LC_ALL="C" PATH="/opt/rustwide/rustup-home/toolchains/1.69.0-x86_64-unknown-linux-gnu/lib/rustlib/x86_64-unknown-linux-gnu/bin:/opt/rustwide/cargo-home/bin:/usr/local/sbin:/usr/local/bin:/usr/sbin:/usr/bin:/sbin:/bin" VSLANG="1033" "cc" "-m64" "/tmp/rustcWllgXN/symbols.o" "/tmp/rustdoctestaYJAID/rust_out.rust_out.5bfee551-cgu.0.rcgu.o" "/tmp/rustdoctestaYJAID/rust_out.j00p4ncf7xg64kg.rcgu.o" "-Wl,--as-needed" "-L" "/opt/rustwide/target/debug/deps" "-L" "/opt/rustwide/target/debug/deps" "-L" "/opt/rustwide/target/debug/build/curl-sys-2a991b1da67fc89f/out/build" "-L" "/opt/rustwide/target/debug/build/libnghttp2-sys-8acabce9d7ebd0a9/out/i/lib" "-L" "/opt/rustwide/rustup-home/toolchains/1.69.0-x86_64-unknown-linux-gnu/lib/rustlib/x86_64-unknown-linux-gnu/lib" "-Wl,-Bstatic" "/opt/rustwide/target/debug/deps/libhawkbit_mock-123eae54a96dfad0.rlib" "/opt/rustwide/target/debug/deps/libhawkbit-80c558e130befa91.rlib" "/opt/rustwide/target/debug/deps/libfutures-7638c92052f55dd7.rlib" "/opt/rustwide/target/debug/deps/libfutures_executor-67c589b5992d4afd.rlib" "/opt/rustwide/target/debug/deps/libthiserror-5160b07b44bf315e.rlib" "/opt/rustwide/target/debug/deps/libreqwest-d36685bdb12f5895.rlib" "/opt/rustwide/target/debug/deps/libhyper_tls-faf62480c8726258.rlib" "/opt/rustwide/target/debug/deps/libserde_urlencoded-5fc12d5a2042448b.rlib" "/opt/rustwide/target/debug/deps/libbase64-8062ff4772a66de9.rlib" "/opt/rustwide/target/debug/deps/libipnet-c7c4785b48ce73f5.rlib" "/opt/rustwide/target/debug/deps/libtokio_native_tls-677eecd41f6e0ba3.rlib" "/opt/rustwide/target/debug/deps/libnative_tls-1afe916c6e4fedc2.rlib" "/opt/rustwide/target/debug/deps/libopenssl-548eda2d65cb1cb2.rlib" "/opt/rustwide/target/debug/deps/libforeign_types-f2b053f84105065c.rlib" "/opt/rustwide/target/debug/deps/libforeign_types_shared-48f8f1f9ea32d068.rlib" "/opt/rustwide/target/debug/deps/libhttpmock-8405483cddbc5f70.rlib" "/opt/rustwide/target/debug/deps/liblevenshtein-d0e70fd57187b976.rlib" "/opt/rustwide/target/debug/deps/libbase64-58bd2041a3052460.rlib" "/opt/rustwide/target/debug/deps/libqstring-7399ac8739d20853.rlib" "/opt/rustwide/target/debug/deps/libassert_json_diff-df7ce4c5b5544d0c.rlib" "/opt/rustwide/target/debug/deps/libdifference-20c0e821595c3251.rlib" "/opt/rustwide/target/debug/deps/libbasic_cookies-86926ca41099e0b0.rlib" "/opt/rustwide/target/debug/deps/liblalrpop_util-554684ece5e1b21c.rlib" "/opt/rustwide/target/debug/deps/libhyper-59743285df8200ba.rlib" "/opt/rustwide/target/debug/deps/libwant-85f811f92b8909ff.rlib" "/opt/rustwide/target/debug/deps/libtry_lock-ec51eacf97b087e9.rlib" "/opt/rustwide/target/debug/deps/libhttparse-30fefae29fd53c2e.rlib" "/opt/rustwide/target/debug/deps/libh2-a6a03629541dae98.rlib" "/opt/rustwide/target/debug/deps/libindexmap-4a7e2da62b4b6cd1.rlib" "/opt/rustwide/target/debug/deps/libhashbrown-f669da50cece7aa5.rlib" "/opt/rustwide/target/debug/deps/libtokio_util-73f540ebf297b870.rlib" "/opt/rustwide/target/debug/deps/libtower_service-a82a463fea06a00e.rlib" "/opt/rustwide/target/debug/deps/libhttp_body-1af96f59fded0cc1.rlib" "/opt/rustwide/target/debug/deps/libfutures_util-e25dac1bd51bf4b1.rlib" "/opt/rustwide/target/debug/deps/libfutures_channel-6efe3e36c9bebe99.rlib" "/opt/rustwide/target/debug/deps/libfutures_sink-0848eae0e91803d6.rlib" "/opt/rustwide/target/debug/deps/libfutures_task-b59556b3c537ad98.rlib" "/opt/rustwide/target/debug/deps/libhttpdate-fbb447b85a38529c.rlib" "/opt/rustwide/target/debug/deps/libisahc-c336ac2361d1f993.rlib" "/opt/rustwide/target/debug/deps/libmime-a79fe19129dcd0fb.rlib" "/opt/rustwide/target/debug/deps/libcastaway-2eddfaa2c2e32362.rlib" "/opt/rustwide/target/debug/deps/libencoding_rs-73122f64baa7d749.rlib" "/opt/rustwide/target/debug/deps/liburl-25a81f6654f7c1c7.rlib" "/opt/rustwide/target/debug/deps/libidna-b865ee86652f4dd4.rlib" "/opt/rustwide/target/debug/deps/libunicode_normalization-65834209e2c3efa0.rlib" "/opt/rustwide/target/debug/deps/libtinyvec-4aa74f8a972e3d9d.rlib" "/opt/rustwide/target/debug/deps/libtinyvec_macros-8eb663675e81bb18.rlib" "/opt/rustwide/target/debug/deps/libunicode_bidi-df88d89b87cd1c3f.rlib" "/opt/rustwide/target/debug/deps/libform_urlencoded-4406ed733a551179.rlib" "/opt/rustwide/target/debug/deps/libpercent_encoding-5b4f3c280783d946.rlib" "/opt/rustwide/target/debug/deps/libtracing_futures-a2097c59e67a7747.rlib" "/opt/rustwide/target/debug/deps/libtracing-a8a49d9a499b811f.rlib" "/opt/rustwide/target/debug/deps/libtracing_core-259db95f475fb2a8.rlib" "/opt/rustwide/target/debug/deps/libpin_project-181b157532ce6b8a.rlib" "/opt/rustwide/target/debug/deps/libhttp-1912e0b438bd2fae.rlib" "/opt/rustwide/target/debug/deps/libfnv-41a559218f992797.rlib" "/opt/rustwide/target/debug/deps/libsluice-bfac27ed1fb136a1.rlib" "/opt/rustwide/target/debug/deps/libcurl-c20b75d9fa4133c5.rlib" "/opt/rustwide/target/debug/deps/libopenssl_probe-2d1cd15c290ad1de.rlib" "/opt/rustwide/target/debug/deps/libcurl_sys-f8e9a64beb2c54e9.rlib" "/opt/rustwide/target/debug/deps/libopenssl_sys-b0859249b0a89780.rlib" "/opt/rustwide/target/debug/deps/liblibz_sys-4b94a6443ac07804.rlib" "/opt/rustwide/target/debug/deps/liblibnghttp2_sys-c051863a1e0bf63a.rlib" "/opt/rustwide/target/debug/deps/libtokio-491dd540b6331b50.rlib" "/opt/rustwide/target/debug/deps/libnum_cpus-99eb5bb783d8d3db.rlib" "/opt/rustwide/target/debug/deps/libbytes-e760d6ac9a2f6963.rlib" "/opt/rustwide/target/debug/deps/libmio-6edacc2f02a9e19b.rlib" "/opt/rustwide/target/debug/deps/libserde_json-741da006c32fff7c.rlib" "/opt/rustwide/target/debug/deps/libryu-87a43729435ac998.rlib" "/opt/rustwide/target/debug/deps/libitoa-12e0c769e046c1b6.rlib" "/opt/rustwide/target/debug/deps/libasync_object_pool-1b4a3bbca1d3a6bc.rlib" "/opt/rustwide/target/debug/deps/libasync_std-d8c2b1452c2e4719.rlib" "/opt/rustwide/target/debug/deps/libasync_global_executor-4814f821bef7d05c.rlib" "/opt/rustwide/target/debug/deps/libblocking-5a83acee889344e5.rlib" "/opt/rustwide/target/debug/deps/libatomic_waker-58fe6133ed94dee6.rlib" "/opt/rustwide/target/debug/deps/libasync_executor-7c2b1d84d37b35f2.rlib" "/opt/rustwide/target/debug/deps/libasync_task-cd296f5e0f87da3e.rlib" "/opt/rustwide/target/debug/deps/libonce_cell-7d2ec3fb6b6c5a4d.rlib" "/opt/rustwide/target/debug/deps/libasync_process-8b0f4b94e70bafb7.rlib" "/opt/rustwide/target/debug/deps/libsignal_hook-2ceefb80a0823dc6.rlib" "/opt/rustwide/target/debug/deps/libsignal_hook_registry-478a5747abd0441c.rlib" "/opt/rustwide/target/debug/deps/libasync_io-f6ff72963858ef27.rlib" "/opt/rustwide/target/debug/deps/librustix-96b7df163a673b9c.rlib" "/opt/rustwide/target/debug/deps/libio_lifetimes-301cb833cf4a7081.rlib" "/opt/rustwide/target/debug/deps/libbitflags-82cc2d155c6eb112.rlib" "/opt/rustwide/target/debug/deps/liblinux_raw_sys-8cc4f4b00c14099c.rlib" "/opt/rustwide/target/debug/deps/libslab-8bb798f134a0a9e7.rlib" "/opt/rustwide/target/debug/deps/libpolling-dc7f49219a5dd7c2.rlib" "/opt/rustwide/target/debug/deps/libsocket2-8061dac41e4cc57a.rlib" "/opt/rustwide/target/debug/deps/liblibc-1c44c26a4c16f4d2.rlib" "/opt/rustwide/target/debug/deps/libfutures_lite-a7284902b1a200de.rlib" "/opt/rustwide/target/debug/deps/libfastrand-36b5f93a51c81f9b.rlib" "/opt/rustwide/target/debug/deps/libwaker_fn-2f3d6f488af88305.rlib" "/opt/rustwide/target/debug/deps/libparking-340cd510933614a9.rlib" "/opt/rustwide/target/debug/deps/libfutures_io-070173115ee54c21.rlib" "/opt/rustwide/target/debug/deps/libasync_channel-fc6b30f75d53213e.rlib" "/opt/rustwide/target/debug/deps/libconcurrent_queue-9b4ac4b9c7cc1c02.rlib" "/opt/rustwide/target/debug/deps/libcrossbeam_utils-3546b3b1c787b86b.rlib" "/opt/rustwide/target/debug/deps/libasync_lock-ac2a7c5b785a43a5.rlib" "/opt/rustwide/target/debug/deps/libevent_listener-b20ec52d1adf3fc8.rlib" "/opt/rustwide/target/debug/deps/libpin_project_lite-e66e1bab7310d569.rlib" "/opt/rustwide/target/debug/deps/libpin_utils-0d8eaf4ac0fcb221.rlib" "/opt/rustwide/target/debug/deps/libfutures_core-6002dc2ff0ad2c7a.rlib" "/opt/rustwide/target/debug/deps/libkv_log_macro-9cecdde758b06129.rlib" "/opt/rustwide/target/debug/deps/liblog-bc3017a4b2a26f2e.rlib" "/opt/rustwide/target/debug/deps/libvalue_bag-c16f84ccbfe3e646.rlib" "/opt/rustwide/target/debug/deps/libcfg_if-e5e118dd7d121aaa.rlib" "/opt/rustwide/target/debug/deps/libserde_regex-c875b79e9dcd63e1.rlib" "/opt/rustwide/target/debug/deps/libserde-af389c6551558296.rlib" "/opt/rustwide/target/debug/deps/libregex-62f85974b4cf0dcb.rlib" "/opt/rustwide/target/debug/deps/libaho_corasick-6fc38c3e1c0e1b2d.rlib" "/opt/rustwide/target/debug/deps/libmemchr-b18e4aa3c7a38625.rlib" "/opt/rustwide/target/debug/deps/libregex_syntax-6ee924d67e38f866.rlib" "/opt/rustwide/target/debug/deps/liblazy_static-a15e1ed0a3c31761.rlib" "/opt/rustwide/rustup-home/toolchains/1.69.0-x86_64-unknown-linux-gnu/lib/rustlib/x86_64-unknown-linux-gnu/lib/libstd-89bc084783fdc439.rlib" "/opt/rustwide/rustup-home/toolchains/1.69.0-x86_64-unknown-linux-gnu/lib/rustlib/x86_64-unknown-linux-gnu/lib/libpanic_unwind-8bee4b287d4367c1.rlib" "/opt/rustwide/rustup-home/toolchains/1.69.0-x86_64-unknown-linux-gnu/lib/rustlib/x86_64-unknown-linux-gnu/lib/libobject-d61707aed80694c0.rlib" "/opt/rustwide/rustup-home/toolchains/1.69.0-x86_64-unknown-linux-gnu/lib/rustlib/x86_64-unknown-linux-gnu/lib/libmemchr-d85366256f22345b.rlib" "/opt/rustwide/rustup-home/toolchains/1.69.0-x86_64-unknown-linux-gnu/lib/rustlib/x86_64-unknown-linux-gnu/lib/libaddr2line-96069b86b8a8cae9.rlib" "/opt/rustwide/rustup-home/toolchains/1.69.0-x86_64-unknown-linux-gnu/lib/rustlib/x86_64-unknown-linux-gnu/lib/libgimli-d19d53abf68dfa6c.rlib" "/opt/rustwide/rustup-home/toolchains/1.69.0-x86_64-unknown-linux-gnu/lib/rustlib/x86_64-unknown-linux-gnu/lib/librustc_demangle-787cbccd19d64ac6.rlib" "/opt/rustwide/rustup-home/toolchains/1.69.0-x86_64-unknown-linux-gnu/lib/rustlib/x86_64-unknown-linux-gnu/lib/libstd_detect-b3837a36b830e0d0.rlib" "/opt/rustwide/rustup-home/toolchains/1.69.0-x86_64-unknown-linux-gnu/lib/rustlib/x86_64-unknown-linux-gnu/lib/libhashbrown-e3deb0e7e3f04966.rlib" "/opt/rustwide/rustup-home/toolchains/1.69.0-x86_64-unknown-linux-gnu/lib/rustlib/x86_64-unknown-linux-gnu/lib/libminiz_oxide-dabbb79c9815def4.rlib" "/opt/rustwide/rustup-home/toolchains/1.69.0-x86_64-unknown-linux-gnu/lib/rustlib/x86_64-unknown-linux-gnu/lib/libadler-305b01f34c9409f2.rlib" "/opt/rustwide/rustup-home/toolchains/1.69.0-x86_64-unknown-linux-gnu/lib/rustlib/x86_64-unknown-linux-gnu/lib/librustc_std_workspace_alloc-f833521df6074e73.rlib" "/opt/rustwide/rustup-home/toolchains/1.69.0-x86_64-unknown-linux-gnu/lib/rustlib/x86_64-unknown-linux-gnu/lib/libunwind-9ac333113350d171.rlib" "/opt/rustwide/rustup-home/toolchains/1.69.0-x86_64-unknown-linux-gnu/lib/rustlib/x86_64-unknown-linux-gnu/lib/libcfg_if-1c126114322d0eee.rlib" "/opt/rustwide/rustup-home/toolchains/1.69.0-x86_64-unknown-linux-gnu/lib/rustlib/x86_64-unknown-linux-gnu/lib/liblibc-bad9164fdeeecf92.rlib" "/opt/rustwide/rustup-home/toolchains/1.69.0-x86_64-unknown-linux-gnu/lib/rustlib/x86_64-unknown-linux-gnu/lib/liballoc-f9374b1e480fa681.rlib" "/opt/rustwide/rustup-home/toolchains/1.69.0-x86_64-unknown-linux-gnu/lib/rustlib/x86_64-unknown-linux-gnu/lib/librustc_std_workspace_core-207f06e41d9603af.rlib" "/opt/rustwide/rustup-home/toolchains/1.69.0-x86_64-unknown-linux-gnu/lib/rustlib/x86_64-unknown-linux-gnu/lib/libcore-7e2768e66e984e85.rlib" "/opt/rustwide/rustup-home/toolchains/1.69.0-x86_64-unknown-linux-gnu/lib/rustlib/x86_64-unknown-linux-gnu/lib/libcompiler_builtins-957b4aff41f8cd46.rlib" "-Wl,-Bdynamic" "-lssl" "-lcrypto" "-lz" "-lgcc_s" "-lutil" "-lrt" "-lpthread" "-lm" "-ldl" "-lc" "-Wl,--eh-frame-hdr" "-Wl,-z,noexecstack" "-L" "/opt/rustwide/rustup-home/toolchains/1.69.0-x86_64-unknown-linux-gnu/lib/rustlib/x86_64-unknown-linux-gnu/lib" "-o" "/tmp/rustdoctestaYJAID/rust_out" "-Wl,--gc-sections" "-pie" "-Wl,-z,relro,-z,now" "-nodefaultlibs"
[INFO] [stdout]   = note: collect2: fatal error: ld terminated with signal 9 [Killed]
[INFO] [stdout]           compilation terminated.
[INFO] [stdout]           
[INFO] [stdout] 
[INFO] [stdout] error: aborting due to previous error
[INFO] [stdout] 
[INFO] [stdout] Couldn't compile the test.
[INFO] [stdout] ---- src/ddi.rs - ddi::Target::expect_cancel_feedback (line 448) stdout ----
[INFO] [stdout] error: linking with `cc` failed: exit status: 1
[INFO] [stdout]   |
[INFO] [stdout]   = note: LC_ALL="C" PATH="/opt/rustwide/rustup-home/toolchains/1.69.0-x86_64-unknown-linux-gnu/lib/rustlib/x86_64-unknown-linux-gnu/bin:/opt/rustwide/cargo-home/bin:/usr/local/sbin:/usr/local/bin:/usr/sbin:/usr/bin:/sbin:/bin" VSLANG="1033" "cc" "-m64" "/tmp/rustcI9OVGt/symbols.o" "/tmp/rustdoctestmfAqA4/rust_out.rust_out.5bfee551-cgu.0.rcgu.o" "/tmp/rustdoctestmfAqA4/rust_out.j00p4ncf7xg64kg.rcgu.o" "-Wl,--as-needed" "-L" "/opt/rustwide/target/debug/deps" "-L" "/opt/rustwide/target/debug/deps" "-L" "/opt/rustwide/target/debug/build/curl-sys-2a991b1da67fc89f/out/build" "-L" "/opt/rustwide/target/debug/build/libnghttp2-sys-8acabce9d7ebd0a9/out/i/lib" "-L" "/opt/rustwide/rustup-home/toolchains/1.69.0-x86_64-unknown-linux-gnu/lib/rustlib/x86_64-unknown-linux-gnu/lib" "-Wl,-Bstatic" "/opt/rustwide/target/debug/deps/libhawkbit_mock-123eae54a96dfad0.rlib" "/opt/rustwide/target/debug/deps/libhawkbit-80c558e130befa91.rlib" "/opt/rustwide/target/debug/deps/libfutures-7638c92052f55dd7.rlib" "/opt/rustwide/target/debug/deps/libfutures_executor-67c589b5992d4afd.rlib" "/opt/rustwide/target/debug/deps/libthiserror-5160b07b44bf315e.rlib" "/opt/rustwide/target/debug/deps/libreqwest-d36685bdb12f5895.rlib" "/opt/rustwide/target/debug/deps/libhyper_tls-faf62480c8726258.rlib" "/opt/rustwide/target/debug/deps/libserde_urlencoded-5fc12d5a2042448b.rlib" "/opt/rustwide/target/debug/deps/libbase64-8062ff4772a66de9.rlib" "/opt/rustwide/target/debug/deps/libipnet-c7c4785b48ce73f5.rlib" "/opt/rustwide/target/debug/deps/libtokio_native_tls-677eecd41f6e0ba3.rlib" "/opt/rustwide/target/debug/deps/libnative_tls-1afe916c6e4fedc2.rlib" "/opt/rustwide/target/debug/deps/libopenssl-548eda2d65cb1cb2.rlib" "/opt/rustwide/target/debug/deps/libforeign_types-f2b053f84105065c.rlib" "/opt/rustwide/target/debug/deps/libforeign_types_shared-48f8f1f9ea32d068.rlib" "/opt/rustwide/target/debug/deps/libhttpmock-8405483cddbc5f70.rlib" "/opt/rustwide/target/debug/deps/liblevenshtein-d0e70fd57187b976.rlib" "/opt/rustwide/target/debug/deps/libbase64-58bd2041a3052460.rlib" "/opt/rustwide/target/debug/deps/libqstring-7399ac8739d20853.rlib" "/opt/rustwide/target/debug/deps/libassert_json_diff-df7ce4c5b5544d0c.rlib" "/opt/rustwide/target/debug/deps/libdifference-20c0e821595c3251.rlib" "/opt/rustwide/target/debug/deps/libbasic_cookies-86926ca41099e0b0.rlib" "/opt/rustwide/target/debug/deps/liblalrpop_util-554684ece5e1b21c.rlib" "/opt/rustwide/target/debug/deps/libhyper-59743285df8200ba.rlib" "/opt/rustwide/target/debug/deps/libwant-85f811f92b8909ff.rlib" "/opt/rustwide/target/debug/deps/libtry_lock-ec51eacf97b087e9.rlib" "/opt/rustwide/target/debug/deps/libhttparse-30fefae29fd53c2e.rlib" "/opt/rustwide/target/debug/deps/libh2-a6a03629541dae98.rlib" "/opt/rustwide/target/debug/deps/libindexmap-4a7e2da62b4b6cd1.rlib" "/opt/rustwide/target/debug/deps/libhashbrown-f669da50cece7aa5.rlib" "/opt/rustwide/target/debug/deps/libtokio_util-73f540ebf297b870.rlib" "/opt/rustwide/target/debug/deps/libtower_service-a82a463fea06a00e.rlib" "/opt/rustwide/target/debug/deps/libhttp_body-1af96f59fded0cc1.rlib" "/opt/rustwide/target/debug/deps/libfutures_util-e25dac1bd51bf4b1.rlib" "/opt/rustwide/target/debug/deps/libfutures_channel-6efe3e36c9bebe99.rlib" "/opt/rustwide/target/debug/deps/libfutures_sink-0848eae0e91803d6.rlib" "/opt/rustwide/target/debug/deps/libfutures_task-b59556b3c537ad98.rlib" "/opt/rustwide/target/debug/deps/libhttpdate-fbb447b85a38529c.rlib" "/opt/rustwide/target/debug/deps/libisahc-c336ac2361d1f993.rlib" "/opt/rustwide/target/debug/deps/libmime-a79fe19129dcd0fb.rlib" "/opt/rustwide/target/debug/deps/libcastaway-2eddfaa2c2e32362.rlib" "/opt/rustwide/target/debug/deps/libencoding_rs-73122f64baa7d749.rlib" "/opt/rustwide/target/debug/deps/liburl-25a81f6654f7c1c7.rlib" "/opt/rustwide/target/debug/deps/libidna-b865ee86652f4dd4.rlib" "/opt/rustwide/target/debug/deps/libunicode_normalization-65834209e2c3efa0.rlib" "/opt/rustwide/target/debug/deps/libtinyvec-4aa74f8a972e3d9d.rlib" "/opt/rustwide/target/debug/deps/libtinyvec_macros-8eb663675e81bb18.rlib" "/opt/rustwide/target/debug/deps/libunicode_bidi-df88d89b87cd1c3f.rlib" "/opt/rustwide/target/debug/deps/libform_urlencoded-4406ed733a551179.rlib" "/opt/rustwide/target/debug/deps/libpercent_encoding-5b4f3c280783d946.rlib" "/opt/rustwide/target/debug/deps/libtracing_futures-a2097c59e67a7747.rlib" "/opt/rustwide/target/debug/deps/libtracing-a8a49d9a499b811f.rlib" "/opt/rustwide/target/debug/deps/libtracing_core-259db95f475fb2a8.rlib" "/opt/rustwide/target/debug/deps/libpin_project-181b157532ce6b8a.rlib" "/opt/rustwide/target/debug/deps/libhttp-1912e0b438bd2fae.rlib" "/opt/rustwide/target/debug/deps/libfnv-41a559218f992797.rlib" "/opt/rustwide/target/debug/deps/libsluice-bfac27ed1fb136a1.rlib" "/opt/rustwide/target/debug/deps/libcurl-c20b75d9fa4133c5.rlib" "/opt/rustwide/target/debug/deps/libopenssl_probe-2d1cd15c290ad1de.rlib" "/opt/rustwide/target/debug/deps/libcurl_sys-f8e9a64beb2c54e9.rlib" "/opt/rustwide/target/debug/deps/libopenssl_sys-b0859249b0a89780.rlib" "/opt/rustwide/target/debug/deps/liblibz_sys-4b94a6443ac07804.rlib" "/opt/rustwide/target/debug/deps/liblibnghttp2_sys-c051863a1e0bf63a.rlib" "/opt/rustwide/target/debug/deps/libtokio-491dd540b6331b50.rlib" "/opt/rustwide/target/debug/deps/libnum_cpus-99eb5bb783d8d3db.rlib" "/opt/rustwide/target/debug/deps/libbytes-e760d6ac9a2f6963.rlib" "/opt/rustwide/target/debug/deps/libmio-6edacc2f02a9e19b.rlib" "/opt/rustwide/target/debug/deps/libserde_json-741da006c32fff7c.rlib" "/opt/rustwide/target/debug/deps/libryu-87a43729435ac998.rlib" "/opt/rustwide/target/debug/deps/libitoa-12e0c769e046c1b6.rlib" "/opt/rustwide/target/debug/deps/libasync_object_pool-1b4a3bbca1d3a6bc.rlib" "/opt/rustwide/target/debug/deps/libasync_std-d8c2b1452c2e4719.rlib" "/opt/rustwide/target/debug/deps/libasync_global_executor-4814f821bef7d05c.rlib" "/opt/rustwide/target/debug/deps/libblocking-5a83acee889344e5.rlib" "/opt/rustwide/target/debug/deps/libatomic_waker-58fe6133ed94dee6.rlib" "/opt/rustwide/target/debug/deps/libasync_executor-7c2b1d84d37b35f2.rlib" "/opt/rustwide/target/debug/deps/libasync_task-cd296f5e0f87da3e.rlib" "/opt/rustwide/target/debug/deps/libonce_cell-7d2ec3fb6b6c5a4d.rlib" "/opt/rustwide/target/debug/deps/libasync_process-8b0f4b94e70bafb7.rlib" "/opt/rustwide/target/debug/deps/libsignal_hook-2ceefb80a0823dc6.rlib" "/opt/rustwide/target/debug/deps/libsignal_hook_registry-478a5747abd0441c.rlib" "/opt/rustwide/target/debug/deps/libasync_io-f6ff72963858ef27.rlib" "/opt/rustwide/target/debug/deps/librustix-96b7df163a673b9c.rlib" "/opt/rustwide/target/debug/deps/libio_lifetimes-301cb833cf4a7081.rlib" "/opt/rustwide/target/debug/deps/libbitflags-82cc2d155c6eb112.rlib" "/opt/rustwide/target/debug/deps/liblinux_raw_sys-8cc4f4b00c14099c.rlib" "/opt/rustwide/target/debug/deps/libslab-8bb798f134a0a9e7.rlib" "/opt/rustwide/target/debug/deps/libpolling-dc7f49219a5dd7c2.rlib" "/opt/rustwide/target/debug/deps/libsocket2-8061dac41e4cc57a.rlib" "/opt/rustwide/target/debug/deps/liblibc-1c44c26a4c16f4d2.rlib" "/opt/rustwide/target/debug/deps/libfutures_lite-a7284902b1a200de.rlib" "/opt/rustwide/target/debug/deps/libfastrand-36b5f93a51c81f9b.rlib" "/opt/rustwide/target/debug/deps/libwaker_fn-2f3d6f488af88305.rlib" "/opt/rustwide/target/debug/deps/libparking-340cd510933614a9.rlib" "/opt/rustwide/target/debug/deps/libfutures_io-070173115ee54c21.rlib" "/opt/rustwide/target/debug/deps/libasync_channel-fc6b30f75d53213e.rlib" "/opt/rustwide/target/debug/deps/libconcurrent_queue-9b4ac4b9c7cc1c02.rlib" "/opt/rustwide/target/debug/deps/libcrossbeam_utils-3546b3b1c787b86b.rlib" "/opt/rustwide/target/debug/deps/libasync_lock-ac2a7c5b785a43a5.rlib" "/opt/rustwide/target/debug/deps/libevent_listener-b20ec52d1adf3fc8.rlib" "/opt/rustwide/target/debug/deps/libpin_project_lite-e66e1bab7310d569.rlib" "/opt/rustwide/target/debug/deps/libpin_utils-0d8eaf4ac0fcb221.rlib" "/opt/rustwide/target/debug/deps/libfutures_core-6002dc2ff0ad2c7a.rlib" "/opt/rustwide/target/debug/deps/libkv_log_macro-9cecdde758b06129.rlib" "/opt/rustwide/target/debug/deps/liblog-bc3017a4b2a26f2e.rlib" "/opt/rustwide/target/debug/deps/libvalue_bag-c16f84ccbfe3e646.rlib" "/opt/rustwide/target/debug/deps/libcfg_if-e5e118dd7d121aaa.rlib" "/opt/rustwide/target/debug/deps/libserde_regex-c875b79e9dcd63e1.rlib" "/opt/rustwide/target/debug/deps/libserde-af389c6551558296.rlib" "/opt/rustwide/target/debug/deps/libregex-62f85974b4cf0dcb.rlib" "/opt/rustwide/target/debug/deps/libaho_corasick-6fc38c3e1c0e1b2d.rlib" "/opt/rustwide/target/debug/deps/libmemchr-b18e4aa3c7a38625.rlib" "/opt/rustwide/target/debug/deps/libregex_syntax-6ee924d67e38f866.rlib" "/opt/rustwide/target/debug/deps/liblazy_static-a15e1ed0a3c31761.rlib" "/opt/rustwide/rustup-home/toolchains/1.69.0-x86_64-unknown-linux-gnu/lib/rustlib/x86_64-unknown-linux-gnu/lib/libstd-89bc084783fdc439.rlib" "/opt/rustwide/rustup-home/toolchains/1.69.0-x86_64-unknown-linux-gnu/lib/rustlib/x86_64-unknown-linux-gnu/lib/libpanic_unwind-8bee4b287d4367c1.rlib" "/opt/rustwide/rustup-home/toolchains/1.69.0-x86_64-unknown-linux-gnu/lib/rustlib/x86_64-unknown-linux-gnu/lib/libobject-d61707aed80694c0.rlib" "/opt/rustwide/rustup-home/toolchains/1.69.0-x86_64-unknown-linux-gnu/lib/rustlib/x86_64-unknown-linux-gnu/lib/libmemchr-d85366256f22345b.rlib" "/opt/rustwide/rustup-home/toolchains/1.69.0-x86_64-unknown-linux-gnu/lib/rustlib/x86_64-unknown-linux-gnu/lib/libaddr2line-96069b86b8a8cae9.rlib" "/opt/rustwide/rustup-home/toolchains/1.69.0-x86_64-unknown-linux-gnu/lib/rustlib/x86_64-unknown-linux-gnu/lib/libgimli-d19d53abf68dfa6c.rlib" "/opt/rustwide/rustup-home/toolchains/1.69.0-x86_64-unknown-linux-gnu/lib/rustlib/x86_64-unknown-linux-gnu/lib/librustc_demangle-787cbccd19d64ac6.rlib" "/opt/rustwide/rustup-home/toolchains/1.69.0-x86_64-unknown-linux-gnu/lib/rustlib/x86_64-unknown-linux-gnu/lib/libstd_detect-b3837a36b830e0d0.rlib" "/opt/rustwide/rustup-home/toolchains/1.69.0-x86_64-unknown-linux-gnu/lib/rustlib/x86_64-unknown-linux-gnu/lib/libhashbrown-e3deb0e7e3f04966.rlib" "/opt/rustwide/rustup-home/toolchains/1.69.0-x86_64-unknown-linux-gnu/lib/rustlib/x86_64-unknown-linux-gnu/lib/libminiz_oxide-dabbb79c9815def4.rlib" "/opt/rustwide/rustup-home/toolchains/1.69.0-x86_64-unknown-linux-gnu/lib/rustlib/x86_64-unknown-linux-gnu/lib/libadler-305b01f34c9409f2.rlib" "/opt/rustwide/rustup-home/toolchains/1.69.0-x86_64-unknown-linux-gnu/lib/rustlib/x86_64-unknown-linux-gnu/lib/librustc_std_workspace_alloc-f833521df6074e73.rlib" "/opt/rustwide/rustup-home/toolchains/1.69.0-x86_64-unknown-linux-gnu/lib/rustlib/x86_64-unknown-linux-gnu/lib/libunwind-9ac333113350d171.rlib" "/opt/rustwide/rustup-home/toolchains/1.69.0-x86_64-unknown-linux-gnu/lib/rustlib/x86_64-unknown-linux-gnu/lib/libcfg_if-1c126114322d0eee.rlib" "/opt/rustwide/rustup-home/toolchains/1.69.0-x86_64-unknown-linux-gnu/lib/rustlib/x86_64-unknown-linux-gnu/lib/liblibc-bad9164fdeeecf92.rlib" "/opt/rustwide/rustup-home/toolchains/1.69.0-x86_64-unknown-linux-gnu/lib/rustlib/x86_64-unknown-linux-gnu/lib/liballoc-f9374b1e480fa681.rlib" "/opt/rustwide/rustup-home/toolchains/1.69.0-x86_64-unknown-linux-gnu/lib/rustlib/x86_64-unknown-linux-gnu/lib/librustc_std_workspace_core-207f06e41d9603af.rlib" "/opt/rustwide/rustup-home/toolchains/1.69.0-x86_64-unknown-linux-gnu/lib/rustlib/x86_64-unknown-linux-gnu/lib/libcore-7e2768e66e984e85.rlib" "/opt/rustwide/rustup-home/toolchains/1.69.0-x86_64-unknown-linux-gnu/lib/rustlib/x86_64-unknown-linux-gnu/lib/libcompiler_builtins-957b4aff41f8cd46.rlib" "-Wl,-Bdynamic" "-lssl" "-lcrypto" "-lz" "-lgcc_s" "-lutil" "-lrt" "-lpthread" "-lm" "-ldl" "-lc" "-Wl,--eh-frame-hdr" "-Wl,-z,noexecstack" "-L" "/opt/rustwide/rustup-home/toolchains/1.69.0-x86_64-unknown-linux-gnu/lib/rustlib/x86_64-unknown-linux-gnu/lib" "-o" "/tmp/rustdoctestmfAqA4/rust_out" "-Wl,--gc-sections" "-pie" "-Wl,-z,relro,-z,now" "-nodefaultlibs"
[INFO] [stdout]   = note: collect2: fatal error: ld terminated with signal 9 [Killed]
[INFO] [stdout]           compilation terminated.
[INFO] [stdout]           
[INFO] [stdout] 
[INFO] [stdout] error: aborting due to previous error
[INFO] [stdout] 
[INFO] [stdout] Couldn't compile the test.
[INFO] [stdout] ---- src/ddi.rs - ddi (line 11) stdout ----
[INFO] [stdout] error: linking with `cc` failed: exit status: 1
[INFO] [stdout]   |
[INFO] [stdout]   = note: LC_ALL="C" PATH="/opt/rustwide/rustup-home/toolchains/1.69.0-x86_64-unknown-linux-gnu/lib/rustlib/x86_64-unknown-linux-gnu/bin:/opt/rustwide/cargo-home/bin:/usr/local/sbin:/usr/local/bin:/usr/sbin:/usr/bin:/sbin:/bin" VSLANG="1033" "cc" "-m64" "/tmp/rustcfyLZb2/symbols.o" "/tmp/rustdoctestAWhIPE/rust_out.rust_out.5bfee551-cgu.0.rcgu.o" "/tmp/rustdoctestAWhIPE/rust_out.j00p4ncf7xg64kg.rcgu.o" "-Wl,--as-needed" "-L" "/opt/rustwide/target/debug/deps" "-L" "/opt/rustwide/target/debug/deps" "-L" "/opt/rustwide/target/debug/build/curl-sys-2a991b1da67fc89f/out/build" "-L" "/opt/rustwide/target/debug/build/libnghttp2-sys-8acabce9d7ebd0a9/out/i/lib" "-L" "/opt/rustwide/rustup-home/toolchains/1.69.0-x86_64-unknown-linux-gnu/lib/rustlib/x86_64-unknown-linux-gnu/lib" "-Wl,-Bstatic" "/opt/rustwide/target/debug/deps/libhawkbit_mock-123eae54a96dfad0.rlib" "/opt/rustwide/target/debug/deps/libhawkbit-80c558e130befa91.rlib" "/opt/rustwide/target/debug/deps/libfutures-7638c92052f55dd7.rlib" "/opt/rustwide/target/debug/deps/libfutures_executor-67c589b5992d4afd.rlib" "/opt/rustwide/target/debug/deps/libthiserror-5160b07b44bf315e.rlib" "/opt/rustwide/target/debug/deps/libreqwest-d36685bdb12f5895.rlib" "/opt/rustwide/target/debug/deps/libhyper_tls-faf62480c8726258.rlib" "/opt/rustwide/target/debug/deps/libserde_urlencoded-5fc12d5a2042448b.rlib" "/opt/rustwide/target/debug/deps/libbase64-8062ff4772a66de9.rlib" "/opt/rustwide/target/debug/deps/libipnet-c7c4785b48ce73f5.rlib" "/opt/rustwide/target/debug/deps/libtokio_native_tls-677eecd41f6e0ba3.rlib" "/opt/rustwide/target/debug/deps/libnative_tls-1afe916c6e4fedc2.rlib" "/opt/rustwide/target/debug/deps/libopenssl-548eda2d65cb1cb2.rlib" "/opt/rustwide/target/debug/deps/libforeign_types-f2b053f84105065c.rlib" "/opt/rustwide/target/debug/deps/libforeign_types_shared-48f8f1f9ea32d068.rlib" "/opt/rustwide/target/debug/deps/libhttpmock-8405483cddbc5f70.rlib" "/opt/rustwide/target/debug/deps/liblevenshtein-d0e70fd57187b976.rlib" "/opt/rustwide/target/debug/deps/libbase64-58bd2041a3052460.rlib" "/opt/rustwide/target/debug/deps/libqstring-7399ac8739d20853.rlib" "/opt/rustwide/target/debug/deps/libassert_json_diff-df7ce4c5b5544d0c.rlib" "/opt/rustwide/target/debug/deps/libdifference-20c0e821595c3251.rlib" "/opt/rustwide/target/debug/deps/libbasic_cookies-86926ca41099e0b0.rlib" "/opt/rustwide/target/debug/deps/liblalrpop_util-554684ece5e1b21c.rlib" "/opt/rustwide/target/debug/deps/libhyper-59743285df8200ba.rlib" "/opt/rustwide/target/debug/deps/libwant-85f811f92b8909ff.rlib" "/opt/rustwide/target/debug/deps/libtry_lock-ec51eacf97b087e9.rlib" "/opt/rustwide/target/debug/deps/libhttparse-30fefae29fd53c2e.rlib" "/opt/rustwide/target/debug/deps/libh2-a6a03629541dae98.rlib" "/opt/rustwide/target/debug/deps/libindexmap-4a7e2da62b4b6cd1.rlib" "/opt/rustwide/target/debug/deps/libhashbrown-f669da50cece7aa5.rlib" "/opt/rustwide/target/debug/deps/libtokio_util-73f540ebf297b870.rlib" "/opt/rustwide/target/debug/deps/libtower_service-a82a463fea06a00e.rlib" "/opt/rustwide/target/debug/deps/libhttp_body-1af96f59fded0cc1.rlib" "/opt/rustwide/target/debug/deps/libfutures_util-e25dac1bd51bf4b1.rlib" "/opt/rustwide/target/debug/deps/libfutures_channel-6efe3e36c9bebe99.rlib" "/opt/rustwide/target/debug/deps/libfutures_sink-0848eae0e91803d6.rlib" "/opt/rustwide/target/debug/deps/libfutures_task-b59556b3c537ad98.rlib" "/opt/rustwide/target/debug/deps/libhttpdate-fbb447b85a38529c.rlib" "/opt/rustwide/target/debug/deps/libisahc-c336ac2361d1f993.rlib" "/opt/rustwide/target/debug/deps/libmime-a79fe19129dcd0fb.rlib" "/opt/rustwide/target/debug/deps/libcastaway-2eddfaa2c2e32362.rlib" "/opt/rustwide/target/debug/deps/libencoding_rs-73122f64baa7d749.rlib" "/opt/rustwide/target/debug/deps/liburl-25a81f6654f7c1c7.rlib" "/opt/rustwide/target/debug/deps/libidna-b865ee86652f4dd4.rlib" "/opt/rustwide/target/debug/deps/libunicode_normalization-65834209e2c3efa0.rlib" "/opt/rustwide/target/debug/deps/libtinyvec-4aa74f8a972e3d9d.rlib" "/opt/rustwide/target/debug/deps/libtinyvec_macros-8eb663675e81bb18.rlib" "/opt/rustwide/target/debug/deps/libunicode_bidi-df88d89b87cd1c3f.rlib" "/opt/rustwide/target/debug/deps/libform_urlencoded-4406ed733a551179.rlib" "/opt/rustwide/target/debug/deps/libpercent_encoding-5b4f3c280783d946.rlib" "/opt/rustwide/target/debug/deps/libtracing_futures-a2097c59e67a7747.rlib" "/opt/rustwide/target/debug/deps/libtracing-a8a49d9a499b811f.rlib" "/opt/rustwide/target/debug/deps/libtracing_core-259db95f475fb2a8.rlib" "/opt/rustwide/target/debug/deps/libpin_project-181b157532ce6b8a.rlib" "/opt/rustwide/target/debug/deps/libhttp-1912e0b438bd2fae.rlib" "/opt/rustwide/target/debug/deps/libfnv-41a559218f992797.rlib" "/opt/rustwide/target/debug/deps/libsluice-bfac27ed1fb136a1.rlib" "/opt/rustwide/target/debug/deps/libcurl-c20b75d9fa4133c5.rlib" "/opt/rustwide/target/debug/deps/libopenssl_probe-2d1cd15c290ad1de.rlib" "/opt/rustwide/target/debug/deps/libcurl_sys-f8e9a64beb2c54e9.rlib" "/opt/rustwide/target/debug/deps/libopenssl_sys-b0859249b0a89780.rlib" "/opt/rustwide/target/debug/deps/liblibz_sys-4b94a6443ac07804.rlib" "/opt/rustwide/target/debug/deps/liblibnghttp2_sys-c051863a1e0bf63a.rlib" "/opt/rustwide/target/debug/deps/libtokio-491dd540b6331b50.rlib" "/opt/rustwide/target/debug/deps/libnum_cpus-99eb5bb783d8d3db.rlib" "/opt/rustwide/target/debug/deps/libbytes-e760d6ac9a2f6963.rlib" "/opt/rustwide/target/debug/deps/libmio-6edacc2f02a9e19b.rlib" "/opt/rustwide/target/debug/deps/libserde_json-741da006c32fff7c.rlib" "/opt/rustwide/target/debug/deps/libryu-87a43729435ac998.rlib" "/opt/rustwide/target/debug/deps/libitoa-12e0c769e046c1b6.rlib" "/opt/rustwide/target/debug/deps/libasync_object_pool-1b4a3bbca1d3a6bc.rlib" "/opt/rustwide/target/debug/deps/libasync_std-d8c2b1452c2e4719.rlib" "/opt/rustwide/target/debug/deps/libasync_global_executor-4814f821bef7d05c.rlib" "/opt/rustwide/target/debug/deps/libblocking-5a83acee889344e5.rlib" "/opt/rustwide/target/debug/deps/libatomic_waker-58fe6133ed94dee6.rlib" "/opt/rustwide/target/debug/deps/libasync_executor-7c2b1d84d37b35f2.rlib" "/opt/rustwide/target/debug/deps/libasync_task-cd296f5e0f87da3e.rlib" "/opt/rustwide/target/debug/deps/libonce_cell-7d2ec3fb6b6c5a4d.rlib" "/opt/rustwide/target/debug/deps/libasync_process-8b0f4b94e70bafb7.rlib" "/opt/rustwide/target/debug/deps/libsignal_hook-2ceefb80a0823dc6.rlib" "/opt/rustwide/target/debug/deps/libsignal_hook_registry-478a5747abd0441c.rlib" "/opt/rustwide/target/debug/deps/libasync_io-f6ff72963858ef27.rlib" "/opt/rustwide/target/debug/deps/librustix-96b7df163a673b9c.rlib" "/opt/rustwide/target/debug/deps/libio_lifetimes-301cb833cf4a7081.rlib" "/opt/rustwide/target/debug/deps/libbitflags-82cc2d155c6eb112.rlib" "/opt/rustwide/target/debug/deps/liblinux_raw_sys-8cc4f4b00c14099c.rlib" "/opt/rustwide/target/debug/deps/libslab-8bb798f134a0a9e7.rlib" "/opt/rustwide/target/debug/deps/libpolling-dc7f49219a5dd7c2.rlib" "/opt/rustwide/target/debug/deps/libsocket2-8061dac41e4cc57a.rlib" "/opt/rustwide/target/debug/deps/liblibc-1c44c26a4c16f4d2.rlib" "/opt/rustwide/target/debug/deps/libfutures_lite-a7284902b1a200de.rlib" "/opt/rustwide/target/debug/deps/libfastrand-36b5f93a51c81f9b.rlib" "/opt/rustwide/target/debug/deps/libwaker_fn-2f3d6f488af88305.rlib" "/opt/rustwide/target/debug/deps/libparking-340cd510933614a9.rlib" "/opt/rustwide/target/debug/deps/libfutures_io-070173115ee54c21.rlib" "/opt/rustwide/target/debug/deps/libasync_channel-fc6b30f75d53213e.rlib" "/opt/rustwide/target/debug/deps/libconcurrent_queue-9b4ac4b9c7cc1c02.rlib" "/opt/rustwide/target/debug/deps/libcrossbeam_utils-3546b3b1c787b86b.rlib" "/opt/rustwide/target/debug/deps/libasync_lock-ac2a7c5b785a43a5.rlib" "/opt/rustwide/target/debug/deps/libevent_listener-b20ec52d1adf3fc8.rlib" "/opt/rustwide/target/debug/deps/libpin_project_lite-e66e1bab7310d569.rlib" "/opt/rustwide/target/debug/deps/libpin_utils-0d8eaf4ac0fcb221.rlib" "/opt/rustwide/target/debug/deps/libfutures_core-6002dc2ff0ad2c7a.rlib" "/opt/rustwide/target/debug/deps/libkv_log_macro-9cecdde758b06129.rlib" "/opt/rustwide/target/debug/deps/liblog-bc3017a4b2a26f2e.rlib" "/opt/rustwide/target/debug/deps/libvalue_bag-c16f84ccbfe3e646.rlib" "/opt/rustwide/target/debug/deps/libcfg_if-e5e118dd7d121aaa.rlib" "/opt/rustwide/target/debug/deps/libserde_regex-c875b79e9dcd63e1.rlib" "/opt/rustwide/target/debug/deps/libserde-af389c6551558296.rlib" "/opt/rustwide/target/debug/deps/libregex-62f85974b4cf0dcb.rlib" "/opt/rustwide/target/debug/deps/libaho_corasick-6fc38c3e1c0e1b2d.rlib" "/opt/rustwide/target/debug/deps/libmemchr-b18e4aa3c7a38625.rlib" "/opt/rustwide/target/debug/deps/libregex_syntax-6ee924d67e38f866.rlib" "/opt/rustwide/target/debug/deps/liblazy_static-a15e1ed0a3c31761.rlib" "/opt/rustwide/rustup-home/toolchains/1.69.0-x86_64-unknown-linux-gnu/lib/rustlib/x86_64-unknown-linux-gnu/lib/libstd-89bc084783fdc439.rlib" "/opt/rustwide/rustup-home/toolchains/1.69.0-x86_64-unknown-linux-gnu/lib/rustlib/x86_64-unknown-linux-gnu/lib/libpanic_unwind-8bee4b287d4367c1.rlib" "/opt/rustwide/rustup-home/toolchains/1.69.0-x86_64-unknown-linux-gnu/lib/rustlib/x86_64-unknown-linux-gnu/lib/libobject-d61707aed80694c0.rlib" "/opt/rustwide/rustup-home/toolchains/1.69.0-x86_64-unknown-linux-gnu/lib/rustlib/x86_64-unknown-linux-gnu/lib/libmemchr-d85366256f22345b.rlib" "/opt/rustwide/rustup-home/toolchains/1.69.0-x86_64-unknown-linux-gnu/lib/rustlib/x86_64-unknown-linux-gnu/lib/libaddr2line-96069b86b8a8cae9.rlib" "/opt/rustwide/rustup-home/toolchains/1.69.0-x86_64-unknown-linux-gnu/lib/rustlib/x86_64-unknown-linux-gnu/lib/libgimli-d19d53abf68dfa6c.rlib" "/opt/rustwide/rustup-home/toolchains/1.69.0-x86_64-unknown-linux-gnu/lib/rustlib/x86_64-unknown-linux-gnu/lib/librustc_demangle-787cbccd19d64ac6.rlib" "/opt/rustwide/rustup-home/toolchains/1.69.0-x86_64-unknown-linux-gnu/lib/rustlib/x86_64-unknown-linux-gnu/lib/libstd_detect-b3837a36b830e0d0.rlib" "/opt/rustwide/rustup-home/toolchains/1.69.0-x86_64-unknown-linux-gnu/lib/rustlib/x86_64-unknown-linux-gnu/lib/libhashbrown-e3deb0e7e3f04966.rlib" "/opt/rustwide/rustup-home/toolchains/1.69.0-x86_64-unknown-linux-gnu/lib/rustlib/x86_64-unknown-linux-gnu/lib/libminiz_oxide-dabbb79c9815def4.rlib" "/opt/rustwide/rustup-home/toolchains/1.69.0-x86_64-unknown-linux-gnu/lib/rustlib/x86_64-unknown-linux-gnu/lib/libadler-305b01f34c9409f2.rlib" "/opt/rustwide/rustup-home/toolchains/1.69.0-x86_64-unknown-linux-gnu/lib/rustlib/x86_64-unknown-linux-gnu/lib/librustc_std_workspace_alloc-f833521df6074e73.rlib" "/opt/rustwide/rustup-home/toolchains/1.69.0-x86_64-unknown-linux-gnu/lib/rustlib/x86_64-unknown-linux-gnu/lib/libunwind-9ac333113350d171.rlib" "/opt/rustwide/rustup-home/toolchains/1.69.0-x86_64-unknown-linux-gnu/lib/rustlib/x86_64-unknown-linux-gnu/lib/libcfg_if-1c126114322d0eee.rlib" "/opt/rustwide/rustup-home/toolchains/1.69.0-x86_64-unknown-linux-gnu/lib/rustlib/x86_64-unknown-linux-gnu/lib/liblibc-bad9164fdeeecf92.rlib" "/opt/rustwide/rustup-home/toolchains/1.69.0-x86_64-unknown-linux-gnu/lib/rustlib/x86_64-unknown-linux-gnu/lib/liballoc-f9374b1e480fa681.rlib" "/opt/rustwide/rustup-home/toolchains/1.69.0-x86_64-unknown-linux-gnu/lib/rustlib/x86_64-unknown-linux-gnu/lib/librustc_std_workspace_core-207f06e41d9603af.rlib" "/opt/rustwide/rustup-home/toolchains/1.69.0-x86_64-unknown-linux-gnu/lib/rustlib/x86_64-unknown-linux-gnu/lib/libcore-7e2768e66e984e85.rlib" "/opt/rustwide/rustup-home/toolchains/1.69.0-x86_64-unknown-linux-gnu/lib/rustlib/x86_64-unknown-linux-gnu/lib/libcompiler_builtins-957b4aff41f8cd46.rlib" "-Wl,-Bdynamic" "-lssl" "-lcrypto" "-lz" "-lgcc_s" "-lutil" "-lrt" "-lpthread" "-lm" "-ldl" "-lc" "-Wl,--eh-frame-hdr" "-Wl,-z,noexecstack" "-L" "/opt/rustwide/rustup-home/toolchains/1.69.0-x86_64-unknown-linux-gnu/lib/rustlib/x86_64-unknown-linux-gnu/lib" "-o" "/tmp/rustdoctestAWhIPE/rust_out" "-Wl,--gc-sections" "-pie" "-Wl,-z,relro,-z,now" "-nodefaultlibs"
[INFO] [stdout]   = note: collect2: fatal error: ld terminated with signal 9 [Killed]
[INFO] [stdout]           compilation terminated.
[INFO] [stdout]           
[INFO] [stdout] 
[INFO] [stdout] error: aborting due to previous error
[INFO] [stdout] 
[INFO] [stdout] Couldn't compile the test.
[INFO] [stdout] ---- src/ddi.rs - ddi::Target::expect_deployment_feedback (line 326) stdout ----
[INFO] [stdout] error: linking with `cc` failed: exit status: 1
[INFO] [stdout]   |
[INFO] [stdout]   = note: LC_ALL="C" PATH="/opt/rustwide/rustup-home/toolchains/1.69.0-x86_64-unknown-linux-gnu/lib/rustlib/x86_64-unknown-linux-gnu/bin:/opt/rustwide/cargo-home/bin:/usr/local/sbin:/usr/local/bin:/usr/sbin:/usr/bin:/sbin:/bin" VSLANG="1033" "cc" "-m64" "/tmp/rustcCvIntb/symbols.o" "/tmp/rustdoctestdKIJtQ/rust_out.rust_out.5bfee551-cgu.0.rcgu.o" "/tmp/rustdoctestdKIJtQ/rust_out.j00p4ncf7xg64kg.rcgu.o" "-Wl,--as-needed" "-L" "/opt/rustwide/target/debug/deps" "-L" "/opt/rustwide/target/debug/deps" "-L" "/opt/rustwide/target/debug/build/curl-sys-2a991b1da67fc89f/out/build" "-L" "/opt/rustwide/target/debug/build/libnghttp2-sys-8acabce9d7ebd0a9/out/i/lib" "-L" "/opt/rustwide/rustup-home/toolchains/1.69.0-x86_64-unknown-linux-gnu/lib/rustlib/x86_64-unknown-linux-gnu/lib" "-Wl,-Bstatic" "/opt/rustwide/target/debug/deps/libhawkbit_mock-123eae54a96dfad0.rlib" "/opt/rustwide/target/debug/deps/libhawkbit-80c558e130befa91.rlib" "/opt/rustwide/target/debug/deps/libfutures-7638c92052f55dd7.rlib" "/opt/rustwide/target/debug/deps/libfutures_executor-67c589b5992d4afd.rlib" "/opt/rustwide/target/debug/deps/libthiserror-5160b07b44bf315e.rlib" "/opt/rustwide/target/debug/deps/libreqwest-d36685bdb12f5895.rlib" "/opt/rustwide/target/debug/deps/libhyper_tls-faf62480c8726258.rlib" "/opt/rustwide/target/debug/deps/libserde_urlencoded-5fc12d5a2042448b.rlib" "/opt/rustwide/target/debug/deps/libbase64-8062ff4772a66de9.rlib" "/opt/rustwide/target/debug/deps/libipnet-c7c4785b48ce73f5.rlib" "/opt/rustwide/target/debug/deps/libtokio_native_tls-677eecd41f6e0ba3.rlib" "/opt/rustwide/target/debug/deps/libnative_tls-1afe916c6e4fedc2.rlib" "/opt/rustwide/target/debug/deps/libopenssl-548eda2d65cb1cb2.rlib" "/opt/rustwide/target/debug/deps/libforeign_types-f2b053f84105065c.rlib" "/opt/rustwide/target/debug/deps/libforeign_types_shared-48f8f1f9ea32d068.rlib" "/opt/rustwide/target/debug/deps/libhttpmock-8405483cddbc5f70.rlib" "/opt/rustwide/target/debug/deps/liblevenshtein-d0e70fd57187b976.rlib" "/opt/rustwide/target/debug/deps/libbase64-58bd2041a3052460.rlib" "/opt/rustwide/target/debug/deps/libqstring-7399ac8739d20853.rlib" "/opt/rustwide/target/debug/deps/libassert_json_diff-df7ce4c5b5544d0c.rlib" "/opt/rustwide/target/debug/deps/libdifference-20c0e821595c3251.rlib" "/opt/rustwide/target/debug/deps/libbasic_cookies-86926ca41099e0b0.rlib" "/opt/rustwide/target/debug/deps/liblalrpop_util-554684ece5e1b21c.rlib" "/opt/rustwide/target/debug/deps/libhyper-59743285df8200ba.rlib" "/opt/rustwide/target/debug/deps/libwant-85f811f92b8909ff.rlib" "/opt/rustwide/target/debug/deps/libtry_lock-ec51eacf97b087e9.rlib" "/opt/rustwide/target/debug/deps/libhttparse-30fefae29fd53c2e.rlib" "/opt/rustwide/target/debug/deps/libh2-a6a03629541dae98.rlib" "/opt/rustwide/target/debug/deps/libindexmap-4a7e2da62b4b6cd1.rlib" "/opt/rustwide/target/debug/deps/libhashbrown-f669da50cece7aa5.rlib" "/opt/rustwide/target/debug/deps/libtokio_util-73f540ebf297b870.rlib" "/opt/rustwide/target/debug/deps/libtower_service-a82a463fea06a00e.rlib" "/opt/rustwide/target/debug/deps/libhttp_body-1af96f59fded0cc1.rlib" "/opt/rustwide/target/debug/deps/libfutures_util-e25dac1bd51bf4b1.rlib" "/opt/rustwide/target/debug/deps/libfutures_channel-6efe3e36c9bebe99.rlib" "/opt/rustwide/target/debug/deps/libfutures_sink-0848eae0e91803d6.rlib" "/opt/rustwide/target/debug/deps/libfutures_task-b59556b3c537ad98.rlib" "/opt/rustwide/target/debug/deps/libhttpdate-fbb447b85a38529c.rlib" "/opt/rustwide/target/debug/deps/libisahc-c336ac2361d1f993.rlib" "/opt/rustwide/target/debug/deps/libmime-a79fe19129dcd0fb.rlib" "/opt/rustwide/target/debug/deps/libcastaway-2eddfaa2c2e32362.rlib" "/opt/rustwide/target/debug/deps/libencoding_rs-73122f64baa7d749.rlib" "/opt/rustwide/target/debug/deps/liburl-25a81f6654f7c1c7.rlib" "/opt/rustwide/target/debug/deps/libidna-b865ee86652f4dd4.rlib" "/opt/rustwide/target/debug/deps/libunicode_normalization-65834209e2c3efa0.rlib" "/opt/rustwide/target/debug/deps/libtinyvec-4aa74f8a972e3d9d.rlib" "/opt/rustwide/target/debug/deps/libtinyvec_macros-8eb663675e81bb18.rlib" "/opt/rustwide/target/debug/deps/libunicode_bidi-df88d89b87cd1c3f.rlib" "/opt/rustwide/target/debug/deps/libform_urlencoded-4406ed733a551179.rlib" "/opt/rustwide/target/debug/deps/libpercent_encoding-5b4f3c280783d946.rlib" "/opt/rustwide/target/debug/deps/libtracing_futures-a2097c59e67a7747.rlib" "/opt/rustwide/target/debug/deps/libtracing-a8a49d9a499b811f.rlib" "/opt/rustwide/target/debug/deps/libtracing_core-259db95f475fb2a8.rlib" "/opt/rustwide/target/debug/deps/libpin_project-181b157532ce6b8a.rlib" "/opt/rustwide/target/debug/deps/libhttp-1912e0b438bd2fae.rlib" "/opt/rustwide/target/debug/deps/libfnv-41a559218f992797.rlib" "/opt/rustwide/target/debug/deps/libsluice-bfac27ed1fb136a1.rlib" "/opt/rustwide/target/debug/deps/libcurl-c20b75d9fa4133c5.rlib" "/opt/rustwide/target/debug/deps/libopenssl_probe-2d1cd15c290ad1de.rlib" "/opt/rustwide/target/debug/deps/libcurl_sys-f8e9a64beb2c54e9.rlib" "/opt/rustwide/target/debug/deps/libopenssl_sys-b0859249b0a89780.rlib" "/opt/rustwide/target/debug/deps/liblibz_sys-4b94a6443ac07804.rlib" "/opt/rustwide/target/debug/deps/liblibnghttp2_sys-c051863a1e0bf63a.rlib" "/opt/rustwide/target/debug/deps/libtokio-491dd540b6331b50.rlib" "/opt/rustwide/target/debug/deps/libnum_cpus-99eb5bb783d8d3db.rlib" "/opt/rustwide/target/debug/deps/libbytes-e760d6ac9a2f6963.rlib" "/opt/rustwide/target/debug/deps/libmio-6edacc2f02a9e19b.rlib" "/opt/rustwide/target/debug/deps/libserde_json-741da006c32fff7c.rlib" "/opt/rustwide/target/debug/deps/libryu-87a43729435ac998.rlib" "/opt/rustwide/target/debug/deps/libitoa-12e0c769e046c1b6.rlib" "/opt/rustwide/target/debug/deps/libasync_object_pool-1b4a3bbca1d3a6bc.rlib" "/opt/rustwide/target/debug/deps/libasync_std-d8c2b1452c2e4719.rlib" "/opt/rustwide/target/debug/deps/libasync_global_executor-4814f821bef7d05c.rlib" "/opt/rustwide/target/debug/deps/libblocking-5a83acee889344e5.rlib" "/opt/rustwide/target/debug/deps/libatomic_waker-58fe6133ed94dee6.rlib" "/opt/rustwide/target/debug/deps/libasync_executor-7c2b1d84d37b35f2.rlib" "/opt/rustwide/target/debug/deps/libasync_task-cd296f5e0f87da3e.rlib" "/opt/rustwide/target/debug/deps/libonce_cell-7d2ec3fb6b6c5a4d.rlib" "/opt/rustwide/target/debug/deps/libasync_process-8b0f4b94e70bafb7.rlib" "/opt/rustwide/target/debug/deps/libsignal_hook-2ceefb80a0823dc6.rlib" "/opt/rustwide/target/debug/deps/libsignal_hook_registry-478a5747abd0441c.rlib" "/opt/rustwide/target/debug/deps/libasync_io-f6ff72963858ef27.rlib" "/opt/rustwide/target/debug/deps/librustix-96b7df163a673b9c.rlib" "/opt/rustwide/target/debug/deps/libio_lifetimes-301cb833cf4a7081.rlib" "/opt/rustwide/target/debug/deps/libbitflags-82cc2d155c6eb112.rlib" "/opt/rustwide/target/debug/deps/liblinux_raw_sys-8cc4f4b00c14099c.rlib" "/opt/rustwide/target/debug/deps/libslab-8bb798f134a0a9e7.rlib" "/opt/rustwide/target/debug/deps/libpolling-dc7f49219a5dd7c2.rlib" "/opt/rustwide/target/debug/deps/libsocket2-8061dac41e4cc57a.rlib" "/opt/rustwide/target/debug/deps/liblibc-1c44c26a4c16f4d2.rlib" "/opt/rustwide/target/debug/deps/libfutures_lite-a7284902b1a200de.rlib" "/opt/rustwide/target/debug/deps/libfastrand-36b5f93a51c81f9b.rlib" "/opt/rustwide/target/debug/deps/libwaker_fn-2f3d6f488af88305.rlib" "/opt/rustwide/target/debug/deps/libparking-340cd510933614a9.rlib" "/opt/rustwide/target/debug/deps/libfutures_io-070173115ee54c21.rlib" "/opt/rustwide/target/debug/deps/libasync_channel-fc6b30f75d53213e.rlib" "/opt/rustwide/target/debug/deps/libconcurrent_queue-9b4ac4b9c7cc1c02.rlib" "/opt/rustwide/target/debug/deps/libcrossbeam_utils-3546b3b1c787b86b.rlib" "/opt/rustwide/target/debug/deps/libasync_lock-ac2a7c5b785a43a5.rlib" "/opt/rustwide/target/debug/deps/libevent_listener-b20ec52d1adf3fc8.rlib" "/opt/rustwide/target/debug/deps/libpin_project_lite-e66e1bab7310d569.rlib" "/opt/rustwide/target/debug/deps/libpin_utils-0d8eaf4ac0fcb221.rlib" "/opt/rustwide/target/debug/deps/libfutures_core-6002dc2ff0ad2c7a.rlib" "/opt/rustwide/target/debug/deps/libkv_log_macro-9cecdde758b06129.rlib" "/opt/rustwide/target/debug/deps/liblog-bc3017a4b2a26f2e.rlib" "/opt/rustwide/target/debug/deps/libvalue_bag-c16f84ccbfe3e646.rlib" "/opt/rustwide/target/debug/deps/libcfg_if-e5e118dd7d121aaa.rlib" "/opt/rustwide/target/debug/deps/libserde_regex-c875b79e9dcd63e1.rlib" "/opt/rustwide/target/debug/deps/libserde-af389c6551558296.rlib" "/opt/rustwide/target/debug/deps/libregex-62f85974b4cf0dcb.rlib" "/opt/rustwide/target/debug/deps/libaho_corasick-6fc38c3e1c0e1b2d.rlib" "/opt/rustwide/target/debug/deps/libmemchr-b18e4aa3c7a38625.rlib" "/opt/rustwide/target/debug/deps/libregex_syntax-6ee924d67e38f866.rlib" "/opt/rustwide/target/debug/deps/liblazy_static-a15e1ed0a3c31761.rlib" "/opt/rustwide/rustup-home/toolchains/1.69.0-x86_64-unknown-linux-gnu/lib/rustlib/x86_64-unknown-linux-gnu/lib/libstd-89bc084783fdc439.rlib" "/opt/rustwide/rustup-home/toolchains/1.69.0-x86_64-unknown-linux-gnu/lib/rustlib/x86_64-unknown-linux-gnu/lib/libpanic_unwind-8bee4b287d4367c1.rlib" "/opt/rustwide/rustup-home/toolchains/1.69.0-x86_64-unknown-linux-gnu/lib/rustlib/x86_64-unknown-linux-gnu/lib/libobject-d61707aed80694c0.rlib" "/opt/rustwide/rustup-home/toolchains/1.69.0-x86_64-unknown-linux-gnu/lib/rustlib/x86_64-unknown-linux-gnu/lib/libmemchr-d85366256f22345b.rlib" "/opt/rustwide/rustup-home/toolchains/1.69.0-x86_64-unknown-linux-gnu/lib/rustlib/x86_64-unknown-linux-gnu/lib/libaddr2line-96069b86b8a8cae9.rlib" "/opt/rustwide/rustup-home/toolchains/1.69.0-x86_64-unknown-linux-gnu/lib/rustlib/x86_64-unknown-linux-gnu/lib/libgimli-d19d53abf68dfa6c.rlib" "/opt/rustwide/rustup-home/toolchains/1.69.0-x86_64-unknown-linux-gnu/lib/rustlib/x86_64-unknown-linux-gnu/lib/librustc_demangle-787cbccd19d64ac6.rlib" "/opt/rustwide/rustup-home/toolchains/1.69.0-x86_64-unknown-linux-gnu/lib/rustlib/x86_64-unknown-linux-gnu/lib/libstd_detect-b3837a36b830e0d0.rlib" "/opt/rustwide/rustup-home/toolchains/1.69.0-x86_64-unknown-linux-gnu/lib/rustlib/x86_64-unknown-linux-gnu/lib/libhashbrown-e3deb0e7e3f04966.rlib" "/opt/rustwide/rustup-home/toolchains/1.69.0-x86_64-unknown-linux-gnu/lib/rustlib/x86_64-unknown-linux-gnu/lib/libminiz_oxide-dabbb79c9815def4.rlib" "/opt/rustwide/rustup-home/toolchains/1.69.0-x86_64-unknown-linux-gnu/lib/rustlib/x86_64-unknown-linux-gnu/lib/libadler-305b01f34c9409f2.rlib" "/opt/rustwide/rustup-home/toolchains/1.69.0-x86_64-unknown-linux-gnu/lib/rustlib/x86_64-unknown-linux-gnu/lib/librustc_std_workspace_alloc-f833521df6074e73.rlib" "/opt/rustwide/rustup-home/toolchains/1.69.0-x86_64-unknown-linux-gnu/lib/rustlib/x86_64-unknown-linux-gnu/lib/libunwind-9ac333113350d171.rlib" "/opt/rustwide/rustup-home/toolchains/1.69.0-x86_64-unknown-linux-gnu/lib/rustlib/x86_64-unknown-linux-gnu/lib/libcfg_if-1c126114322d0eee.rlib" "/opt/rustwide/rustup-home/toolchains/1.69.0-x86_64-unknown-linux-gnu/lib/rustlib/x86_64-unknown-linux-gnu/lib/liblibc-bad9164fdeeecf92.rlib" "/opt/rustwide/rustup-home/toolchains/1.69.0-x86_64-unknown-linux-gnu/lib/rustlib/x86_64-unknown-linux-gnu/lib/liballoc-f9374b1e480fa681.rlib" "/opt/rustwide/rustup-home/toolchains/1.69.0-x86_64-unknown-linux-gnu/lib/rustlib/x86_64-unknown-linux-gnu/lib/librustc_std_workspace_core-207f06e41d9603af.rlib" "/opt/rustwide/rustup-home/toolchains/1.69.0-x86_64-unknown-linux-gnu/lib/rustlib/x86_64-unknown-linux-gnu/lib/libcore-7e2768e66e984e85.rlib" "/opt/rustwide/rustup-home/toolchains/1.69.0-x86_64-unknown-linux-gnu/lib/rustlib/x86_64-unknown-linux-gnu/lib/libcompiler_builtins-957b4aff41f8cd46.rlib" "-Wl,-Bdynamic" "-lssl" "-lcrypto" "-lz" "-lgcc_s" "-lutil" "-lrt" "-lpthread" "-lm" "-ldl" "-lc" "-Wl,--eh-frame-hdr" "-Wl,-z,noexecstack" "-L" "/opt/rustwide/rustup-home/toolchains/1.69.0-x86_64-unknown-linux-gnu/lib/rustlib/x86_64-unknown-linux-gnu/lib" "-o" "/tmp/rustdoctestdKIJtQ/rust_out" "-Wl,--gc-sections" "-pie" "-Wl,-z,relro,-z,now" "-nodefaultlibs"
[INFO] [stdout]   = note: collect2: fatal error: ld terminated with signal 9 [Killed]
[INFO] [stdout]           compilation terminated.
[INFO] [stdout]           
[INFO] [stdout] 
[INFO] [stdout] error: aborting due to previous error
[INFO] [stdout] 
[INFO] [stdout] Couldn't compile the test.
[INFO] [stdout] 
[INFO] [stdout] failures:
[INFO] [stdout]     src/ddi.rs - ddi (line 11)
[INFO] [stdout]     src/ddi.rs - ddi::Target::expect_cancel_feedback (line 448)
[INFO] [stdout]     src/ddi.rs - ddi::Target::expect_deployment_feedback (line 326)
[INFO] [stdout]     src/ddi.rs - ddi::Target::request_config (line 191)
[INFO] [stdout] 
[INFO] [stdout] test result: FAILED. 3 passed; 4 failed; 0 ignored; 0 measured; 0 filtered out; finished in 10.71s
[INFO] [stdout] 
[INFO] [stderr] error: doctest failed, to rerun pass `--doc`
[INFO] running `Command { std: "docker" "inspect" "92dc73cd8fe1731546cdc954f364adf73a339348ff18b2464637bc0002198ef2", kill_on_drop: false }`
[INFO] running `Command { std: "docker" "rm" "-f" "92dc73cd8fe1731546cdc954f364adf73a339348ff18b2464637bc0002198ef2", kill_on_drop: false }`
[INFO] [stdout] 92dc73cd8fe1731546cdc954f364adf73a339348ff18b2464637bc0002198ef2
