[INFO] fetching crate hash_arr_map 0.4.0...
[INFO] testing hash_arr_map-0.4.0 against 1.69.0 for beta-1.70-1
[INFO] extracting crate hash_arr_map 0.4.0 into /workspace/builds/worker-2-tc1/source
[INFO] validating manifest of crates.io crate hash_arr_map 0.4.0 on toolchain 1.69.0
[INFO] running `Command { std: CARGO_HOME="/workspace/cargo-home" RUSTUP_HOME="/workspace/rustup-home" "/workspace/cargo-home/bin/cargo" "+1.69.0" "metadata" "--manifest-path" "Cargo.toml" "--no-deps", kill_on_drop: false }`
[INFO] started tweaking crates.io crate hash_arr_map 0.4.0
[INFO] finished tweaking crates.io crate hash_arr_map 0.4.0
[INFO] tweaked toml for crates.io crate hash_arr_map 0.4.0 written to /workspace/builds/worker-2-tc1/source/Cargo.toml
[INFO] running `Command { std: CARGO_HOME="/workspace/cargo-home" RUSTUP_HOME="/workspace/rustup-home" __CARGO_TEST_CHANNEL_OVERRIDE_DO_NOT_USE_THIS="nightly" "/workspace/cargo-home/bin/cargo" "+1.69.0" "generate-lockfile" "--manifest-path" "Cargo.toml" "-Zno-index-update", kill_on_drop: false }`
[INFO] running `Command { std: CARGO_HOME="/workspace/cargo-home" RUSTUP_HOME="/workspace/rustup-home" "/workspace/cargo-home/bin/cargo" "+1.69.0" "fetch" "--manifest-path" "Cargo.toml", kill_on_drop: false }`
[INFO] [stderr]  Downloading crates ...
[INFO] [stderr]   Downloaded imm_gc v0.2.1
[INFO] [stderr]   Downloaded bacon_rajan_cc v0.3.2
[INFO] running `Command { std: "docker" "create" "-v" "/var/lib/crater-agent-workspace/builds/worker-2-tc1/target:/opt/rustwide/target:rw,Z" "-v" "/var/lib/crater-agent-workspace/builds/worker-2-tc1/source:/opt/rustwide/workdir:ro,Z" "-v" "/var/lib/crater-agent-workspace/cargo-home:/opt/rustwide/cargo-home:ro,Z" "-v" "/var/lib/crater-agent-workspace/rustup-home:/opt/rustwide/rustup-home:ro,Z" "-e" "SOURCE_DIR=/opt/rustwide/workdir" "-e" "CARGO_TARGET_DIR=/opt/rustwide/target" "-e" "CARGO_HOME=/opt/rustwide/cargo-home" "-e" "RUSTUP_HOME=/opt/rustwide/rustup-home" "-w" "/opt/rustwide/workdir" "-m" "1610612736" "--user" "0:0" "--network" "none" "ghcr.io/rust-lang/crates-build-env/linux@sha256:97d61d7686bf65f8ecb15491ab51835e82dc9176a96a831f143a431b191fc501" "/opt/rustwide/cargo-home/bin/cargo" "+1.69.0" "metadata" "--no-deps" "--format-version=1", kill_on_drop: false }`
[INFO] [stdout] 03a95135888c470bbcb7c86b1953c2214db0d93cc905fabb2e81c89214a5556f
[INFO] running `Command { std: "docker" "start" "-a" "03a95135888c470bbcb7c86b1953c2214db0d93cc905fabb2e81c89214a5556f", kill_on_drop: false }`
[INFO] running `Command { std: "docker" "inspect" "03a95135888c470bbcb7c86b1953c2214db0d93cc905fabb2e81c89214a5556f", kill_on_drop: false }`
[INFO] running `Command { std: "docker" "rm" "-f" "03a95135888c470bbcb7c86b1953c2214db0d93cc905fabb2e81c89214a5556f", kill_on_drop: false }`
[INFO] [stdout] 03a95135888c470bbcb7c86b1953c2214db0d93cc905fabb2e81c89214a5556f
[INFO] running `Command { std: "docker" "create" "-v" "/var/lib/crater-agent-workspace/builds/worker-2-tc1/target:/opt/rustwide/target:rw,Z" "-v" "/var/lib/crater-agent-workspace/builds/worker-2-tc1/source:/opt/rustwide/workdir:ro,Z" "-v" "/var/lib/crater-agent-workspace/cargo-home:/opt/rustwide/cargo-home:ro,Z" "-v" "/var/lib/crater-agent-workspace/rustup-home:/opt/rustwide/rustup-home:ro,Z" "-e" "SOURCE_DIR=/opt/rustwide/workdir" "-e" "CARGO_TARGET_DIR=/opt/rustwide/target" "-e" "CARGO_INCREMENTAL=0" "-e" "RUST_BACKTRACE=full" "-e" "RUSTFLAGS=--cap-lints=warn" "-e" "RUSTDOCFLAGS=--cap-lints=warn" "-e" "CARGO_HOME=/opt/rustwide/cargo-home" "-e" "RUSTUP_HOME=/opt/rustwide/rustup-home" "-w" "/opt/rustwide/workdir" "-m" "1610612736" "--user" "0:0" "--network" "none" "ghcr.io/rust-lang/crates-build-env/linux@sha256:97d61d7686bf65f8ecb15491ab51835e82dc9176a96a831f143a431b191fc501" "/opt/rustwide/cargo-home/bin/cargo" "+1.69.0" "build" "--frozen" "--message-format=json", kill_on_drop: false }`
[INFO] [stdout] 7829352eb70db85a2a8c1655c7947c0bca1a28506e106061107edcd19da3c271
[INFO] running `Command { std: "docker" "start" "-a" "7829352eb70db85a2a8c1655c7947c0bca1a28506e106061107edcd19da3c271", kill_on_drop: false }`
[INFO] [stderr]    Compiling hash_arr_map v0.4.0 (/opt/rustwide/workdir)
[INFO] [stdout] error[E0557]: feature has been removed
[INFO] [stdout]   --> src/lib.rs:67:5
[INFO] [stdout]    |
[INFO] [stdout] 67 |     crate_visibility_modifier
[INFO] [stdout]    |     ^^^^^^^^^^^^^^^^^^^^^^^^^ feature has been removed
[INFO] [stdout]    |
[INFO] [stdout]    = note: removed in favor of `pub(crate)`
[INFO] [stdout] 
[INFO] [stdout] 
[INFO] [stdout] error: expected one of `!` or `::`, found keyword `fn`
[INFO] [stdout]   --> src/test_index.rs:72:11
[INFO] [stdout]    |
[INFO] [stdout] 56 | impl<T: ?Sized + NewIndex> Idx<T> {
[INFO] [stdout]    |                                   - while parsing this item list starting here
[INFO] [stdout] ...
[INFO] [stdout] 72 |     crate fn try_new_usize(v: usize) -> Option<Self> {
[INFO] [stdout]    |           ^^ expected one of `!` or `::`
[INFO] [stdout] ...
[INFO] [stdout] 75 | }
[INFO] [stdout]    | - the item list ends here
[INFO] [stdout] 
[INFO] [stdout] 
[INFO] [stdout] error: expected one of `!` or `::`, found keyword `const`
[INFO] [stdout]    --> src/test_index.rs:129:11
[INFO] [stdout]     |
[INFO] [stdout] 77  | impl<T: ?Sized> Idx<T> {
[INFO] [stdout]     |                        - while parsing this item list starting here
[INFO] [stdout] ...
[INFO] [stdout] 129 |     crate const unsafe fn new_unchecked(v: usize) -> Self {
[INFO] [stdout]     |           ^^^^^ expected one of `!` or `::`
[INFO] [stdout] ...
[INFO] [stdout] 132 | }
[INFO] [stdout]     | - the item list ends here
[INFO] [stdout] 
[INFO] [stdout] 
[INFO] [stdout] error[E0554]: `#![feature]` may not be used on the stable release channel
[INFO] [stdout]   --> src/lib.rs:60:1
[INFO] [stdout]    |
[INFO] [stdout] 60 | / #![feature(
[INFO] [stdout] 61 | |     const_ptr_offset,
[INFO] [stdout] 62 | |     const_ptr_offset_from,
[INFO] [stdout] 63 | |     const_precise_live_drops,
[INFO] [stdout] ...  |
[INFO] [stdout] 67 | |     crate_visibility_modifier
[INFO] [stdout] 68 | | )]
[INFO] [stdout]    | |__^
[INFO] [stdout]    |
[INFO] [stdout]    = help: the feature `const_raw_ptr_deref` has been stable since `1.58.0` and no longer requires an attribute to enable
[INFO] [stdout] 
[INFO] [stdout] 
[INFO] [stdout] warning: the feature `const_raw_ptr_deref` has been stable since 1.58.0 and no longer requires an attribute to enable
[INFO] [stdout]   --> src/lib.rs:66:5
[INFO] [stdout]    |
[INFO] [stdout] 66 |     const_raw_ptr_deref,
[INFO] [stdout]    |     ^^^^^^^^^^^^^^^^^^^
[INFO] [stdout]    |
[INFO] [stdout]    = note: `#[warn(stable_features)]` on by default
[INFO] [stdout] 
[INFO] [stdout] 
[INFO] [stdout] error[E0554]: `#![feature]` may not be used on the stable release channel
[INFO] [stdout]   --> src/lib.rs:61:5
[INFO] [stdout]    |
[INFO] [stdout] 61 |     const_ptr_offset,
[INFO] [stdout]    |     ^^^^^^^^^^^^^^^^
[INFO] [stdout] 
[INFO] [stdout] 
[INFO] [stdout] error[E0554]: `#![feature]` may not be used on the stable release channel
[INFO] [stdout]   --> src/lib.rs:62:5
[INFO] [stdout]    |
[INFO] [stdout] 62 |     const_ptr_offset_from,
[INFO] [stdout]    |     ^^^^^^^^^^^^^^^^^^^^^
[INFO] [stdout] 
[INFO] [stdout] 
[INFO] [stdout] warning: the feature `const_ptr_offset` has been stable since 1.61.0 and no longer requires an attribute to enable
[INFO] [stdout]   --> src/lib.rs:61:5
[INFO] [stdout]    |
[INFO] [stdout] 61 |     const_ptr_offset,
[INFO] [stdout]    |     ^^^^^^^^^^^^^^^^
[INFO] [stdout] 
[INFO] [stdout] 
[INFO] [stdout] warning: the feature `const_ptr_offset_from` has been stable since 1.65.0 and no longer requires an attribute to enable
[INFO] [stdout]   --> src/lib.rs:62:5
[INFO] [stdout]    |
[INFO] [stdout] 62 |     const_ptr_offset_from,
[INFO] [stdout]    |     ^^^^^^^^^^^^^^^^^^^^^
[INFO] [stdout] 
[INFO] [stdout] 
[INFO] [stdout] error[E0599]: no function or associated item named `new_unchecked` found for struct `Idx` in the current scope
[INFO] [stdout]   --> src/map/iter.rs:34:60
[INFO] [stdout]    |
[INFO] [stdout] 34 |                 return Some((Key::from_index(unsafe { Idx::new_unchecked(i + 1) }), val));
[INFO] [stdout]    |                                                            ^^^^^^^^^^^^^ function or associated item not found in `Idx<_>`
[INFO] [stdout]    |
[INFO] [stdout]   ::: src/test_index.rs:36:1
[INFO] [stdout]    |
[INFO] [stdout] 36 | pub struct Idx<T: ?Sized> {
[INFO] [stdout]    | ------------------------- function or associated item `new_unchecked` not found for this struct
[INFO] [stdout] 
[INFO] [stdout] 
[INFO] [stdout] error[E0599]: no function or associated item named `new_unchecked` found for struct `Idx` in the current scope
[INFO] [stdout]   --> src/map/iter.rs:87:60
[INFO] [stdout]    |
[INFO] [stdout] 87 |                 return Some((Key::from_index(unsafe { Idx::new_unchecked(i + 1) }), val));
[INFO] [stdout]    |                                                            ^^^^^^^^^^^^^ function or associated item not found in `Idx<_>`
[INFO] [stdout]    |
[INFO] [stdout]   ::: src/test_index.rs:36:1
[INFO] [stdout]    |
[INFO] [stdout] 36 | pub struct Idx<T: ?Sized> {
[INFO] [stdout]    | ------------------------- function or associated item `new_unchecked` not found for this struct
[INFO] [stdout] 
[INFO] [stdout] 
[INFO] [stdout] error[E0599]: no function or associated item named `new_unchecked` found for struct `Idx` in the current scope
[INFO] [stdout]    --> src/map/iter.rs:145:58
[INFO] [stdout]     |
[INFO] [stdout] 145 |                 return Some((K::from_index(unsafe { Idx::new_unchecked(i + 1) }), val));
[INFO] [stdout]     |                                                          ^^^^^^^^^^^^^ function or associated item not found in `Idx<_>`
[INFO] [stdout]     |
[INFO] [stdout]    ::: src/test_index.rs:36:1
[INFO] [stdout]     |
[INFO] [stdout] 36  | pub struct Idx<T: ?Sized> {
[INFO] [stdout]     | ------------------------- function or associated item `new_unchecked` not found for this struct
[INFO] [stdout] 
[INFO] [stdout] 
[INFO] [stdout] error[E0599]: no function or associated item named `try_new_usize` found for struct `Idx` in the current scope
[INFO] [stdout]    --> src/map.rs:638:33
[INFO] [stdout]     |
[INFO] [stdout] 638 |                 .get_hash(&Idx::try_new_usize(max)?.into_value())
[INFO] [stdout]     |                                 ^^^^^^^^^^^^^
[INFO] [stdout]     |                                 |
[INFO] [stdout]     |                                 function or associated item not found in `Idx<_>`
[INFO] [stdout]     |                                 help: there is an associated function with a similar name: `try_new`
[INFO] [stdout]     |
[INFO] [stdout]    ::: src/test_index.rs:36:1
[INFO] [stdout]     |
[INFO] [stdout] 36  | pub struct Idx<T: ?Sized> {
[INFO] [stdout]     | ------------------------- function or associated item `try_new_usize` not found for this struct
[INFO] [stdout] 
[INFO] [stdout] 
[INFO] [stdout] error[E0599]: no function or associated item named `try_new_usize` found for struct `Idx` in the current scope
[INFO] [stdout]    --> src/map.rs:649:41
[INFO] [stdout]     |
[INFO] [stdout] 649 |                     self.get_hash(&Idx::try_new_usize(i)?.into_value())
[INFO] [stdout]     |                                         ^^^^^^^^^^^^^
[INFO] [stdout]     |                                         |
[INFO] [stdout]     |                                         function or associated item not found in `Idx<_>`
[INFO] [stdout]     |                                         help: there is an associated function with a similar name: `try_new`
[INFO] [stdout]     |
[INFO] [stdout]    ::: src/test_index.rs:36:1
[INFO] [stdout]     |
[INFO] [stdout] 36  | pub struct Idx<T: ?Sized> {
[INFO] [stdout]     | ------------------------- function or associated item `try_new_usize` not found for this struct
[INFO] [stdout] 
[INFO] [stdout] 
[INFO] [stdout] error[E0599]: no function or associated item named `new_unchecked` found for struct `Idx` in the current scope
[INFO] [stdout]     --> src/map.rs:1054:53
[INFO] [stdout]      |
[INFO] [stdout] 1054 |                         K::from_index(unsafe { Idx::new_unchecked(array_part + i + 1) }),
[INFO] [stdout]      |                                                     ^^^^^^^^^^^^^ function or associated item not found in `Idx<_>`
[INFO] [stdout]      |
[INFO] [stdout]     ::: src/test_index.rs:36:1
[INFO] [stdout]      |
[INFO] [stdout] 36   | pub struct Idx<T: ?Sized> {
[INFO] [stdout]      | ------------------------- function or associated item `new_unchecked` not found for this struct
[INFO] [stdout] 
[INFO] [stdout] 
[INFO] [stdout] error: aborting due to 12 previous errors; 3 warnings emitted
[INFO] [stdout] 
[INFO] [stdout] 
[INFO] [stdout] Some errors have detailed explanations: E0554, E0557, E0599.
[INFO] [stdout] 
[INFO] [stdout] For more information about an error, try `rustc --explain E0554`.
[INFO] [stdout] 
[INFO] [stderr] error: could not compile `hash_arr_map` due to 13 previous errors; 3 warnings emitted
[INFO] running `Command { std: "docker" "inspect" "7829352eb70db85a2a8c1655c7947c0bca1a28506e106061107edcd19da3c271", kill_on_drop: false }`
[INFO] running `Command { std: "docker" "rm" "-f" "7829352eb70db85a2a8c1655c7947c0bca1a28506e106061107edcd19da3c271", kill_on_drop: false }`
[INFO] [stdout] 7829352eb70db85a2a8c1655c7947c0bca1a28506e106061107edcd19da3c271
