[INFO] fetching crate gwasm-api 0.3.0...
[INFO] testing gwasm-api-0.3.0 against 1.69.0 for beta-1.70-1
[INFO] extracting crate gwasm-api 0.3.0 into /workspace/builds/worker-3-tc1/source
[INFO] validating manifest of crates.io crate gwasm-api 0.3.0 on toolchain 1.69.0
[INFO] running `Command { std: CARGO_HOME="/workspace/cargo-home" RUSTUP_HOME="/workspace/rustup-home" "/workspace/cargo-home/bin/cargo" "+1.69.0" "metadata" "--manifest-path" "Cargo.toml" "--no-deps", kill_on_drop: false }`
[INFO] started tweaking crates.io crate gwasm-api 0.3.0
[INFO] finished tweaking crates.io crate gwasm-api 0.3.0
[INFO] tweaked toml for crates.io crate gwasm-api 0.3.0 written to /workspace/builds/worker-3-tc1/source/Cargo.toml
[INFO] running `Command { std: CARGO_HOME="/workspace/cargo-home" RUSTUP_HOME="/workspace/rustup-home" __CARGO_TEST_CHANNEL_OVERRIDE_DO_NOT_USE_THIS="nightly" "/workspace/cargo-home/bin/cargo" "+1.69.0" "generate-lockfile" "--manifest-path" "Cargo.toml" "-Zno-index-update", kill_on_drop: false }`
[INFO] [stderr]     Blocking waiting for file lock on package cache
[INFO] running `Command { std: CARGO_HOME="/workspace/cargo-home" RUSTUP_HOME="/workspace/rustup-home" "/workspace/cargo-home/bin/cargo" "+1.69.0" "fetch" "--manifest-path" "Cargo.toml", kill_on_drop: false }`
[INFO] [stderr]  Downloading crates ...
[INFO] [stderr]   Downloaded tokio-openssl v0.4.0
[INFO] [stderr]   Downloaded bigdecimal v0.1.2
[INFO] [stderr]   Downloaded actix v0.9.0
[INFO] [stderr]   Downloaded actix-wamp v0.2.0
[INFO] [stderr]   Downloaded actix_derive v0.5.0
[INFO] [stderr]   Downloaded rmp-serde v0.13.7
[INFO] [stderr]   Downloaded rmpv v0.4.7
[INFO] [stderr]   Downloaded indicatif v0.11.0
[INFO] [stderr]   Downloaded number_prefix v0.2.8
[INFO] [stderr]   Downloaded golem-rpc-macros v0.2.0
[INFO] [stderr]   Downloaded golem-rpc-api v0.2.0
[INFO] running `Command { std: "docker" "create" "-v" "/var/lib/crater-agent-workspace/builds/worker-3-tc1/target:/opt/rustwide/target:rw,Z" "-v" "/var/lib/crater-agent-workspace/builds/worker-3-tc1/source:/opt/rustwide/workdir:ro,Z" "-v" "/var/lib/crater-agent-workspace/cargo-home:/opt/rustwide/cargo-home:ro,Z" "-v" "/var/lib/crater-agent-workspace/rustup-home:/opt/rustwide/rustup-home:ro,Z" "-e" "SOURCE_DIR=/opt/rustwide/workdir" "-e" "CARGO_TARGET_DIR=/opt/rustwide/target" "-e" "CARGO_HOME=/opt/rustwide/cargo-home" "-e" "RUSTUP_HOME=/opt/rustwide/rustup-home" "-w" "/opt/rustwide/workdir" "-m" "1610612736" "--user" "0:0" "--network" "none" "ghcr.io/rust-lang/crates-build-env/linux@sha256:5ff2268d62e97bff2cde7d5815dd6ed5b47097566f13b8d0ca110b04b60e07ed" "/opt/rustwide/cargo-home/bin/cargo" "+1.69.0" "metadata" "--no-deps" "--format-version=1", kill_on_drop: false }`
[INFO] [stdout] 2769e227df44865c206c37e5f56d2a655642c3621c7b4edc1bc6345219a4a2a2
[INFO] running `Command { std: "docker" "start" "-a" "2769e227df44865c206c37e5f56d2a655642c3621c7b4edc1bc6345219a4a2a2", kill_on_drop: false }`
[INFO] running `Command { std: "docker" "inspect" "2769e227df44865c206c37e5f56d2a655642c3621c7b4edc1bc6345219a4a2a2", kill_on_drop: false }`
[INFO] running `Command { std: "docker" "rm" "-f" "2769e227df44865c206c37e5f56d2a655642c3621c7b4edc1bc6345219a4a2a2", kill_on_drop: false }`
[INFO] [stdout] 2769e227df44865c206c37e5f56d2a655642c3621c7b4edc1bc6345219a4a2a2
[INFO] running `Command { std: "docker" "create" "-v" "/var/lib/crater-agent-workspace/builds/worker-3-tc1/target:/opt/rustwide/target:rw,Z" "-v" "/var/lib/crater-agent-workspace/builds/worker-3-tc1/source:/opt/rustwide/workdir:ro,Z" "-v" "/var/lib/crater-agent-workspace/cargo-home:/opt/rustwide/cargo-home:ro,Z" "-v" "/var/lib/crater-agent-workspace/rustup-home:/opt/rustwide/rustup-home:ro,Z" "-e" "SOURCE_DIR=/opt/rustwide/workdir" "-e" "CARGO_TARGET_DIR=/opt/rustwide/target" "-e" "CARGO_INCREMENTAL=0" "-e" "RUST_BACKTRACE=full" "-e" "RUSTFLAGS=--cap-lints=warn" "-e" "RUSTDOCFLAGS=--cap-lints=warn" "-e" "CARGO_HOME=/opt/rustwide/cargo-home" "-e" "RUSTUP_HOME=/opt/rustwide/rustup-home" "-w" "/opt/rustwide/workdir" "-m" "1610612736" "--user" "0:0" "--network" "none" "ghcr.io/rust-lang/crates-build-env/linux@sha256:5ff2268d62e97bff2cde7d5815dd6ed5b47097566f13b8d0ca110b04b60e07ed" "/opt/rustwide/cargo-home/bin/cargo" "+1.69.0" "build" "--frozen" "--message-format=json", kill_on_drop: false }`
[INFO] [stdout] 58dc3c8ee9600529f9afbf5204bf453a6a0f31abba6e46b2bbbf7c600641f02d
[INFO] running `Command { std: "docker" "start" "-a" "58dc3c8ee9600529f9afbf5204bf453a6a0f31abba6e46b2bbbf7c600641f02d", kill_on_drop: false }`
[INFO] [stderr]    Compiling libc v0.2.142
[INFO] [stderr]    Compiling syn v1.0.109
[INFO] [stderr]    Compiling cfg-if v0.1.10
[INFO] [stderr]    Compiling syn v2.0.15
[INFO] [stderr]    Compiling futures-util v0.3.28
[INFO] [stderr]    Compiling pin-project-lite v0.1.12
[INFO] [stderr]    Compiling bytes v0.5.6
[INFO] [stderr]    Compiling smallvec v1.10.0
[INFO] [stderr]    Compiling num-traits v0.2.15
[INFO] [stderr]    Compiling serde v1.0.160
[INFO] [stderr]    Compiling parking_lot_core v0.8.6
[INFO] [stderr]    Compiling openssl-sys v0.9.87
[INFO] [stderr]    Compiling instant v0.1.12
[INFO] [stderr]    Compiling failure_derive v0.1.8
[INFO] [stderr]    Compiling unicode-xid v0.2.4
[INFO] [stderr]    Compiling pin-project-internal v0.4.30
[INFO] [stderr]    Compiling object v0.30.3
[INFO] [stderr]    Compiling autocfg v0.1.8
[INFO] [stderr]    Compiling convert_case v0.4.0
[INFO] [stderr]    Compiling rand_core v0.4.2
[INFO] [stderr]    Compiling num-integer v0.1.45
[INFO] [stderr]    Compiling openssl v0.10.52
[INFO] [stderr]    Compiling foreign-types-shared v0.1.1
[INFO] [stderr]    Compiling typenum v1.16.0
[INFO] [stderr]    Compiling foreign-types v0.3.2
[INFO] [stderr]    Compiling match_cfg v0.1.0
[INFO] [stderr]    Compiling copyless v0.1.5
[INFO] [stderr]    Compiling net2 v0.2.38
[INFO] [stderr]    Compiling iovec v0.1.4
[INFO] [stderr]    Compiling signal-hook-registry v1.4.1
[INFO] [stderr]    Compiling getrandom v0.1.16
[INFO] [stderr]    Compiling mio v0.6.23
[INFO] [stderr]    Compiling num_cpus v1.15.0
[INFO] [stderr]    Compiling rand_core v0.5.1
[INFO] [stderr]    Compiling parking_lot v0.11.2
[INFO] [stderr]    Compiling rand_chacha v0.2.2
[INFO] [stderr]    Compiling threadpool v1.8.1
[INFO] [stderr]    Compiling mio-uds v0.6.8
[INFO] [stderr]    Compiling tokio v0.2.25
[INFO] [stderr]    Compiling rand v0.7.3
[INFO] [stderr]    Compiling backtrace v0.3.67
[INFO] [stderr]    Compiling synstructure v0.12.6
[INFO] [stderr]    Compiling hostname v0.3.1
[INFO] [stderr]    Compiling socket2 v0.3.19
[INFO] [stderr]    Compiling idna v0.2.3
[INFO] [stderr]    Compiling indexmap v1.9.3
[INFO] [stderr]    Compiling either v1.8.1
[INFO] [stderr]    Compiling quick-error v1.2.3
[INFO] [stderr]    Compiling linked-hash-map v0.5.6
[INFO] [stderr]    Compiling resolv-conf v0.6.3
[INFO] [stderr]    Compiling lru-cache v0.1.2
[INFO] [stderr]    Compiling tracing v0.1.37
[INFO] [stderr]    Compiling futures-macro v0.3.28
[INFO] [stderr]    Compiling serde_derive v1.0.160
[INFO] [stderr]    Compiling openssl-macros v0.1.1
[INFO] [stderr]    Compiling async-trait v0.1.68
[INFO] [stderr]    Compiling generic-array v0.12.4
[INFO] [stderr]    Compiling rand_core v0.3.1
[INFO] [stderr]    Compiling time v0.1.45
[INFO] [stderr]    Compiling tokio-util v0.2.0
[INFO] [stderr]    Compiling tokio-util v0.3.1
[INFO] [stderr]    Compiling actix-codec v0.2.0
[INFO] [stderr]    Compiling crossbeam-utils v0.7.2
[INFO] [stderr]    Compiling proc-macro2 v0.4.30
[INFO] [stderr]    Compiling derive_more v0.99.17
[INFO] [stderr]    Compiling actix-macros v0.1.3
[INFO] [stderr]    Compiling failure v0.1.8
[INFO] [stderr]    Compiling pin-project-internal v1.0.12
[INFO] [stderr]    Compiling enum-as-inner v0.3.4
[INFO] [stderr]    Compiling sha1_smol v1.0.0
[INFO] [stderr]    Compiling dtoa v0.4.8
[INFO] [stderr]    Compiling itoa v0.4.8
[INFO] [stderr]    Compiling pin-project v0.4.30
[INFO] [stderr]    Compiling sha1 v0.6.1
[INFO] [stderr]    Compiling futures-executor v0.3.28
[INFO] [stderr]    Compiling actix-service v1.0.6
[INFO] [stderr]    Compiling futures v0.3.28
[INFO] [stderr]    Compiling tokio-openssl v0.4.0
[INFO] [stderr]    Compiling trust-dns-proto v0.18.0-alpha.2
[INFO] [stderr]    Compiling rand_chacha v0.1.1
[INFO] [stderr]    Compiling rand_pcg v0.1.2
[INFO] [stderr]    Compiling pin-project v1.0.12
[INFO] [stderr]    Compiling encoding_rs v0.8.32
[INFO] [stderr]    Compiling tracing-futures v0.2.5
[INFO] [stderr]    Compiling base64 v0.11.0
[INFO] [stderr]    Compiling h2 v0.2.7
[INFO] [stderr]    Compiling language-tags v0.2.2
[INFO] [stderr]    Compiling byte-tools v0.3.1
[INFO] [stderr]    Compiling block-padding v0.1.5
[INFO] [stderr]    Compiling rmp v0.8.11
[INFO] [stderr]    Compiling trust-dns-resolver v0.18.0-alpha.2
[INFO] [stderr]    Compiling digest v0.8.1
[INFO] [stderr]    Compiling parking_lot_core v0.7.3
[INFO] [stderr]    Compiling actix-threadpool v0.3.3
[INFO] [stderr]    Compiling rand v0.6.5
[INFO] [stderr]    Compiling actix-rt v1.1.1
[INFO] [stderr]    Compiling lock_api v0.3.4
[INFO] [stderr]    Compiling num-bigint v0.2.6
[INFO] [stderr]    Compiling actix-utils v1.0.6
[INFO] [stderr]    Compiling subtle v1.0.0
[INFO] [stderr]    Compiling syn v0.15.44
[INFO] [stderr]    Compiling actix-connect v1.0.2
[INFO] [stderr]    Compiling actix-tls v1.0.0
[INFO] [stderr]    Compiling io-lifetimes v1.0.10
[INFO] [stderr]    Compiling serde_json v1.0.96
[INFO] [stderr]    Compiling chrono v0.4.24
[INFO] [stderr]    Compiling serde_urlencoded v0.6.1
[INFO] [stderr]    Compiling serde_bytes v0.11.9
[INFO] [stderr]    Compiling crypto-mac v0.7.0
[INFO] [stderr]    Compiling parking_lot v0.10.2
[INFO] [stderr]    Compiling crossbeam-channel v0.4.4
[INFO] [stderr]    Compiling quote v0.6.13
[INFO] [stderr]    Compiling block-buffer v0.7.3
[INFO] [stderr]    Compiling actix_derive v0.5.0
[INFO] [stderr]    Compiling rand_hc v0.1.0
[INFO] [stderr]    Compiling rand_xorshift v0.1.1
[INFO] [stderr]    Compiling rand_isaac v0.1.1
[INFO] [stderr]    Compiling actix-http v1.0.1
[INFO] [stderr]    Compiling rand_os v0.1.3
[INFO] [stderr]    Compiling rand_jitter v0.1.4
[INFO] [stderr]    Compiling opaque-debug v0.2.3
[INFO] [stderr]    Compiling fake-simd v0.1.2
[INFO] [stderr]    Compiling rustix v0.37.18
[INFO] [stderr]    Compiling unicode-segmentation v1.10.1
[INFO] [stderr]    Compiling sha2 v0.8.2
[INFO] [stderr]    Compiling heck v0.3.3
[INFO] [stderr]    Compiling hmac v0.7.1
[INFO] [stderr]    Compiling rmpv v0.4.7
[INFO] [stderr]    Compiling rmp-serde v0.13.7
[INFO] [stderr]    Compiling base64 v0.10.1
[INFO] [stderr]    Compiling linux-raw-sys v0.3.6
[INFO] [stderr]    Compiling thiserror-impl v1.0.40
[INFO] [stderr]    Compiling serde_repr v0.1.12
[INFO] [stderr]    Compiling bigdecimal v0.1.2
[INFO] [stderr]    Compiling awc v1.0.1
[INFO] [stderr]    Compiling actix v0.9.0
[INFO] [stderr]    Compiling thiserror v1.0.40
[INFO] [stderr]    Compiling tempfile v3.5.0
[INFO] [stderr]    Compiling actix-wamp v0.2.0
[INFO] [stderr]    Compiling golem-rpc-macros v0.2.0
[INFO] [stderr]    Compiling golem-rpc-api v0.2.0
[INFO] [stderr]    Compiling gwasm-api v0.3.0 (/opt/rustwide/workdir)
[INFO] [stdout] warning: use of deprecated associated function `chrono::NaiveTime::from_hms`: use `from_hms_opt()` instead
[INFO] [stdout]   --> src/timeout.rs:34:34
[INFO] [stdout]    |
[INFO] [stdout] 34 |         if timeout == NaiveTime::from_hms(0, 0, 0) {
[INFO] [stdout]    |                                  ^^^^^^^^
[INFO] [stdout]    |
[INFO] [stdout]    = note: `#[warn(deprecated)]` on by default
[INFO] [stdout] 
[INFO] [stdout] 
[INFO] [stdout] warning: 1 warning emitted
[INFO] [stdout] 
[INFO] [stdout] 
[INFO] [stderr]     Finished dev [unoptimized + debuginfo] target(s) in 1m 08s
[INFO] running `Command { std: "docker" "inspect" "58dc3c8ee9600529f9afbf5204bf453a6a0f31abba6e46b2bbbf7c600641f02d", kill_on_drop: false }`
[INFO] running `Command { std: "docker" "rm" "-f" "58dc3c8ee9600529f9afbf5204bf453a6a0f31abba6e46b2bbbf7c600641f02d", kill_on_drop: false }`
[INFO] [stdout] 58dc3c8ee9600529f9afbf5204bf453a6a0f31abba6e46b2bbbf7c600641f02d
[INFO] running `Command { std: "docker" "create" "-v" "/var/lib/crater-agent-workspace/builds/worker-3-tc1/target:/opt/rustwide/target:rw,Z" "-v" "/var/lib/crater-agent-workspace/builds/worker-3-tc1/source:/opt/rustwide/workdir:ro,Z" "-v" "/var/lib/crater-agent-workspace/cargo-home:/opt/rustwide/cargo-home:ro,Z" "-v" "/var/lib/crater-agent-workspace/rustup-home:/opt/rustwide/rustup-home:ro,Z" "-e" "SOURCE_DIR=/opt/rustwide/workdir" "-e" "CARGO_TARGET_DIR=/opt/rustwide/target" "-e" "CARGO_INCREMENTAL=0" "-e" "RUST_BACKTRACE=full" "-e" "RUSTFLAGS=--cap-lints=warn" "-e" "RUSTDOCFLAGS=--cap-lints=warn" "-e" "CARGO_HOME=/opt/rustwide/cargo-home" "-e" "RUSTUP_HOME=/opt/rustwide/rustup-home" "-w" "/opt/rustwide/workdir" "-m" "1610612736" "--user" "0:0" "--network" "none" "ghcr.io/rust-lang/crates-build-env/linux@sha256:5ff2268d62e97bff2cde7d5815dd6ed5b47097566f13b8d0ca110b04b60e07ed" "/opt/rustwide/cargo-home/bin/cargo" "+1.69.0" "test" "--frozen" "--no-run" "--message-format=json", kill_on_drop: false }`
[INFO] [stdout] 1ef1c3151e445afed7eb9dca5af71033b025e3b5bc63faf339d39a37c8ee5d12
[INFO] running `Command { std: "docker" "start" "-a" "1ef1c3151e445afed7eb9dca5af71033b025e3b5bc63faf339d39a37c8ee5d12", kill_on_drop: false }`
[INFO] [stderr]    Compiling parking_lot_core v0.9.7
[INFO] [stderr]    Compiling console v0.15.5
[INFO] [stderr]    Compiling number_prefix v0.2.8
[INFO] [stdout] warning: use of deprecated associated function `chrono::NaiveTime::from_hms`: use `from_hms_opt()` instead
[INFO] [stdout]   --> src/timeout.rs:34:34
[INFO] [stdout]    |
[INFO] [stdout] 34 |         if timeout == NaiveTime::from_hms(0, 0, 0) {
[INFO] [stdout]    |                                  ^^^^^^^^
[INFO] [stdout]    |
[INFO] [stdout]    = note: `#[warn(deprecated)]` on by default
[INFO] [stdout] 
[INFO] [stdout] 
[INFO] [stdout] warning: 1 warning emitted
[INFO] [stdout] 
[INFO] [stdout] 
[INFO] [stderr]    Compiling parking_lot v0.12.1
[INFO] [stderr]    Compiling indicatif v0.11.0
[INFO] [stderr]    Compiling gwasm-api v0.3.0 (/opt/rustwide/workdir)
[INFO] [stdout] warning: use of deprecated associated function `chrono::NaiveTime::from_hms`: use `from_hms_opt()` instead
[INFO] [stdout]   --> src/timeout.rs:34:34
[INFO] [stdout]    |
[INFO] [stdout] 34 |         if timeout == NaiveTime::from_hms(0, 0, 0) {
[INFO] [stdout]    |                                  ^^^^^^^^
[INFO] [stdout]    |
[INFO] [stdout]    = note: `#[warn(deprecated)]` on by default
[INFO] [stdout] 
[INFO] [stdout] 
[INFO] [stdout] warning: use of deprecated associated function `chrono::NaiveTime::from_hms`: use `from_hms_opt()` instead
[INFO] [stdout]   --> src/timeout.rs:63:32
[INFO] [stdout]    |
[INFO] [stdout] 63 |             Timeout(NaiveTime::from_hms(0, 0, 10))
[INFO] [stdout]    |                                ^^^^^^^^
[INFO] [stdout] 
[INFO] [stdout] 
[INFO] [stdout] warning: use of deprecated associated function `chrono::NaiveTime::from_hms`: use `from_hms_opt()` instead
[INFO] [stdout]   --> src/timeout.rs:67:32
[INFO] [stdout]    |
[INFO] [stdout] 67 |             Timeout(NaiveTime::from_hms(0, 10, 0))
[INFO] [stdout]    |                                ^^^^^^^^
[INFO] [stdout] 
[INFO] [stdout] 
[INFO] [stdout] warning: use of deprecated associated function `chrono::NaiveTime::from_hms`: use `from_hms_opt()` instead
[INFO] [stdout]   --> src/timeout.rs:71:32
[INFO] [stdout]    |
[INFO] [stdout] 71 |             Timeout(NaiveTime::from_hms(10, 0, 0))
[INFO] [stdout]    |                                ^^^^^^^^
[INFO] [stdout] 
[INFO] [stdout] 
[INFO] [stdout] warning: use of deprecated associated function `chrono::NaiveTime::from_hms`: use `from_hms_opt()` instead
[INFO] [stdout]   --> src/timeout.rs:75:32
[INFO] [stdout]    |
[INFO] [stdout] 75 |             Timeout(NaiveTime::from_hms(23, 59, 59))
[INFO] [stdout]    |                                ^^^^^^^^
[INFO] [stdout] 
[INFO] [stdout] 
[INFO] [stdout] warning: 5 warnings emitted
[INFO] [stdout] 
[INFO] [stdout] 
[INFO] [stderr]     Finished test [unoptimized + debuginfo] target(s) in 4.31s
[INFO] running `Command { std: "docker" "inspect" "1ef1c3151e445afed7eb9dca5af71033b025e3b5bc63faf339d39a37c8ee5d12", kill_on_drop: false }`
[INFO] running `Command { std: "docker" "rm" "-f" "1ef1c3151e445afed7eb9dca5af71033b025e3b5bc63faf339d39a37c8ee5d12", kill_on_drop: false }`
[INFO] [stdout] 1ef1c3151e445afed7eb9dca5af71033b025e3b5bc63faf339d39a37c8ee5d12
[INFO] running `Command { std: "docker" "create" "-v" "/var/lib/crater-agent-workspace/builds/worker-3-tc1/target:/opt/rustwide/target:rw,Z" "-v" "/var/lib/crater-agent-workspace/builds/worker-3-tc1/source:/opt/rustwide/workdir:ro,Z" "-v" "/var/lib/crater-agent-workspace/cargo-home:/opt/rustwide/cargo-home:ro,Z" "-v" "/var/lib/crater-agent-workspace/rustup-home:/opt/rustwide/rustup-home:ro,Z" "-e" "SOURCE_DIR=/opt/rustwide/workdir" "-e" "CARGO_TARGET_DIR=/opt/rustwide/target" "-e" "CARGO_INCREMENTAL=0" "-e" "RUST_BACKTRACE=full" "-e" "RUSTFLAGS=--cap-lints=warn" "-e" "RUSTDOCFLAGS=--cap-lints=warn" "-e" "CARGO_HOME=/opt/rustwide/cargo-home" "-e" "RUSTUP_HOME=/opt/rustwide/rustup-home" "-w" "/opt/rustwide/workdir" "-m" "1610612736" "--user" "0:0" "--network" "none" "ghcr.io/rust-lang/crates-build-env/linux@sha256:5ff2268d62e97bff2cde7d5815dd6ed5b47097566f13b8d0ca110b04b60e07ed" "/opt/rustwide/cargo-home/bin/cargo" "+1.69.0" "test" "--frozen", kill_on_drop: false }`
[INFO] [stdout] e5d42df27b3af77391d50de77841c0569b0452f593e710c0196891b53d28885f
[INFO] running `Command { std: "docker" "start" "-a" "e5d42df27b3af77391d50de77841c0569b0452f593e710c0196891b53d28885f", kill_on_drop: false }`
[INFO] [stderr] warning: use of deprecated associated function `chrono::NaiveTime::from_hms`: use `from_hms_opt()` instead
[INFO] [stderr]   --> src/timeout.rs:34:34
[INFO] [stderr]    |
[INFO] [stderr] 34 |         if timeout == NaiveTime::from_hms(0, 0, 0) {
[INFO] [stderr]    |                                  ^^^^^^^^
[INFO] [stderr]    |
[INFO] [stderr]    = note: `#[warn(deprecated)]` on by default
[INFO] [stderr] 
[INFO] [stderr] warning: `gwasm-api` (lib) generated 1 warning
[INFO] [stderr] warning: use of deprecated associated function `chrono::NaiveTime::from_hms`: use `from_hms_opt()` instead
[INFO] [stderr]   --> src/timeout.rs:63:32
[INFO] [stderr]    |
[INFO] [stderr] 63 |             Timeout(NaiveTime::from_hms(0, 0, 10))
[INFO] [stderr]    |                                ^^^^^^^^
[INFO] [stderr] 
[INFO] [stderr] warning: use of deprecated associated function `chrono::NaiveTime::from_hms`: use `from_hms_opt()` instead
[INFO] [stderr]   --> src/timeout.rs:67:32
[INFO] [stderr]    |
[INFO] [stderr] 67 |             Timeout(NaiveTime::from_hms(0, 10, 0))
[INFO] [stderr]    |                                ^^^^^^^^
[INFO] [stderr] 
[INFO] [stderr] warning: use of deprecated associated function `chrono::NaiveTime::from_hms`: use `from_hms_opt()` instead
[INFO] [stderr]   --> src/timeout.rs:71:32
[INFO] [stderr]    |
[INFO] [stderr] 71 |             Timeout(NaiveTime::from_hms(10, 0, 0))
[INFO] [stderr]    |                                ^^^^^^^^
[INFO] [stderr] 
[INFO] [stderr] warning: use of deprecated associated function `chrono::NaiveTime::from_hms`: use `from_hms_opt()` instead
[INFO] [stderr]   --> src/timeout.rs:75:32
[INFO] [stderr]    |
[INFO] [stderr] 75 |             Timeout(NaiveTime::from_hms(23, 59, 59))
[INFO] [stderr]    |                                ^^^^^^^^
[INFO] [stderr] 
[INFO] [stderr] warning: `gwasm-api` (lib test) generated 5 warnings (1 duplicate)
[INFO] [stderr]     Finished test [unoptimized + debuginfo] target(s) in 0.14s
[INFO] [stderr]      Running unittests src/lib.rs (/opt/rustwide/target/debug/deps/gwasm_api-6ddef3eee4acb260)
[INFO] [stdout] 
[INFO] [stdout] running 2 tests
[INFO] [stdout] test timeout::test::invalid_input ... ok
[INFO] [stdout] test timeout::test::valid_input ... ok
[INFO] [stdout] 
[INFO] [stdout] test result: ok. 2 passed; 0 failed; 0 ignored; 0 measured; 0 filtered out; finished in 0.00s
[INFO] [stdout] 
[INFO] [stderr]    Doc-tests gwasm-api
[INFO] [stdout] 
[INFO] [stdout] running 8 tests
[INFO] [stdout] test src/lib.rs - (line 9) - compile ... ok
[INFO] [stdout] test src/lib.rs - ProgressUpdate (line 122) ... ok
[INFO] [stdout] test src/lib.rs - prelude (line 205) ... ok
[INFO] [stdout] test src/lib.rs - ProgressUpdate (line 109) ... ok
[INFO] [stdout] test src/timeout.rs - timeout::Timeout (line 17) ... FAILED
[INFO] [stdout] test src/task.rs - task::TaskBuilder (line 34) ... ok
[INFO] [stdout] test src/task.rs - task::Task (line 233) ... ok
[INFO] [stdout] test src/task.rs - task::ComputedTask (line 439) ... ok
[INFO] [stdout] 
[INFO] [stdout] failures:
[INFO] [stdout] 
[INFO] [stdout] ---- src/timeout.rs - timeout::Timeout (line 17) stdout ----
[INFO] [stdout] error: linking with `cc` failed: exit status: 1
[INFO] [stdout]   |
[INFO] [stdout]   = note: LC_ALL="C" PATH="/opt/rustwide/rustup-home/toolchains/1.69.0-x86_64-unknown-linux-gnu/lib/rustlib/x86_64-unknown-linux-gnu/bin:/opt/rustwide/cargo-home/bin:/usr/local/sbin:/usr/local/bin:/usr/sbin:/usr/bin:/sbin:/bin" VSLANG="1033" "cc" "-m64" "/tmp/rustc5XZBL5/symbols.o" "/tmp/rustdoctest263hq9/rust_out.rust_out.5bfee551-cgu.0.rcgu.o" "/tmp/rustdoctest263hq9/rust_out.j00p4ncf7xg64kg.rcgu.o" "-Wl,--as-needed" "-L" "/opt/rustwide/target/debug/deps" "-L" "/opt/rustwide/target/debug/deps" "-L" "/opt/rustwide/rustup-home/toolchains/1.69.0-x86_64-unknown-linux-gnu/lib/rustlib/x86_64-unknown-linux-gnu/lib" "-Wl,-Bstatic" "/opt/rustwide/target/debug/deps/libgwasm_api-14040a83a44fe1f9.rlib" "/opt/rustwide/target/debug/deps/libthiserror-3889a7668e83daee.rlib" "/opt/rustwide/target/debug/deps/libgolem_rpc_api-a9efa479a2afd0ad.rlib" "/opt/rustwide/target/debug/deps/libbigdecimal-c04de63a05308bfa.rlib" "/opt/rustwide/target/debug/deps/libnum_bigint-8c276fc336fa8bed.rlib" "/opt/rustwide/target/debug/deps/libactix_wamp-c4302fd7bd535adc.rlib" "/opt/rustwide/target/debug/deps/librmpv-44a3dfa03cb9e0f3.rlib" "/opt/rustwide/target/debug/deps/libserde_bytes-b7ad2da106ad5c8c.rlib" "/opt/rustwide/target/debug/deps/librmp_serde-315b941bb5b87af6.rlib" "/opt/rustwide/target/debug/deps/librmp-cb3969bb7e37bdfc.rlib" "/opt/rustwide/target/debug/deps/libbase64-3d901c805310bbea.rlib" "/opt/rustwide/target/debug/deps/libsha2-a14281260c02c088.rlib" "/opt/rustwide/target/debug/deps/libopaque_debug-b0737f933fc2a43f.rlib" "/opt/rustwide/target/debug/deps/libfake_simd-9ff0f8adbc391be0.rlib" "/opt/rustwide/target/debug/deps/libblock_buffer-aafaae4ed3990795.rlib" "/opt/rustwide/target/debug/deps/libblock_padding-c9e3859ddfb7d8c9.rlib" "/opt/rustwide/target/debug/deps/libbyte_tools-d795ef693e13bf0a.rlib" "/opt/rustwide/target/debug/deps/libawc-7db806d14fdd65a1.rlib" "/opt/rustwide/target/debug/deps/librand-19380ca35fc84252.rlib" "/opt/rustwide/target/debug/deps/librand_xorshift-69c9edbec047983c.rlib" "/opt/rustwide/target/debug/deps/librand_pcg-63305319df409254.rlib" "/opt/rustwide/target/debug/deps/librand_hc-f96207d356ffd30b.rlib" "/opt/rustwide/target/debug/deps/librand_chacha-9d94c83710ff9042.rlib" "/opt/rustwide/target/debug/deps/librand_isaac-dd051cac8bde6f21.rlib" "/opt/rustwide/target/debug/deps/librand_core-23cf30eca6551b12.rlib" "/opt/rustwide/target/debug/deps/librand_os-37b7fc0f34a7ab21.rlib" "/opt/rustwide/target/debug/deps/librand_jitter-37e1388e82f9a364.rlib" "/opt/rustwide/target/debug/deps/librand_core-56e130eac2d651e8.rlib" "/opt/rustwide/target/debug/deps/libhmac-e85b793c1d1ceb54.rlib" "/opt/rustwide/target/debug/deps/libcrypto_mac-4b2712ea7feb1264.rlib" "/opt/rustwide/target/debug/deps/libsubtle-27c7abe8cc9b8016.rlib" "/opt/rustwide/target/debug/deps/libdigest-c21592dc681772b1.rlib" "/opt/rustwide/target/debug/deps/libgeneric_array-fd7c77caee33ce41.rlib" "/opt/rustwide/target/debug/deps/libtypenum-d40a559dcc4c7492.rlib" "/opt/rustwide/target/debug/deps/libactix-cdc046f06560b3ce.rlib" "/opt/rustwide/target/debug/deps/libactix_http-188def13461e07ab.rlib" "/opt/rustwide/target/debug/deps/libsha1-751b3424f032412d.rlib" "/opt/rustwide/target/debug/deps/libsha1_smol-d9629f989c4aa857.rlib" "/opt/rustwide/target/debug/deps/libbase64-98b050231a2dedf0.rlib" "/opt/rustwide/target/debug/deps/libserde_urlencoded-c28e5c67a1215f06.rlib" "/opt/rustwide/target/debug/deps/libitoa-56a8428bad7458b8.rlib" "/opt/rustwide/target/debug/deps/libdtoa-c4bb390db4e14b8b.rlib" "/opt/rustwide/target/debug/deps/libhttparse-30fefae29fd53c2e.rlib" "/opt/rustwide/target/debug/deps/libchrono-685931e0fef4f4ef.rlib" "/opt/rustwide/target/debug/deps/libiana_time_zone-bf2c4c30343f4ef7.rlib" "/opt/rustwide/target/debug/deps/libnum_integer-7f6597092f26fe16.rlib" "/opt/rustwide/target/debug/deps/libnum_traits-3b93294800e9dc5d.rlib" "/opt/rustwide/target/debug/deps/libactix_tls-76db1c22ab4bae4d.rlib" "/opt/rustwide/target/debug/deps/libserde_json-7b9ba36a0c219127.rlib" "/opt/rustwide/target/debug/deps/libryu-87a43729435ac998.rlib" "/opt/rustwide/target/debug/deps/libserde-718ce5580c8fc8a9.rlib" "/opt/rustwide/target/debug/deps/libencoding_rs-73122f64baa7d749.rlib" "/opt/rustwide/target/debug/deps/libregex-62f85974b4cf0dcb.rlib" "/opt/rustwide/target/debug/deps/libaho_corasick-6fc38c3e1c0e1b2d.rlib" "/opt/rustwide/target/debug/deps/libregex_syntax-6ee924d67e38f866.rlib" "/opt/rustwide/target/debug/deps/liblanguage_tags-443eb92678fb9699.rlib" "/opt/rustwide/target/debug/deps/libmime-a79fe19129dcd0fb.rlib" "/opt/rustwide/target/debug/deps/libtime-13c861a90c7a2626.rlib" "/opt/rustwide/target/debug/deps/libfxhash-db44dc4a3afc5550.rlib" "/opt/rustwide/target/debug/deps/libbyteorder-50c19e9bd62c942c.rlib" "/opt/rustwide/target/debug/deps/libactix_utils-30581fff4045d7a3.rlib" "/opt/rustwide/target/debug/deps/libactix_connect-49ad32e7f548efd5.rlib" "/opt/rustwide/target/debug/deps/libtokio_openssl-7fa377743f30bcf2.rlib" "/opt/rustwide/target/debug/deps/libopenssl-65e52a6c84fa7c82.rlib" "/opt/rustwide/target/debug/deps/libforeign_types-f2b053f84105065c.rlib" "/opt/rustwide/target/debug/deps/libforeign_types_shared-48f8f1f9ea32d068.rlib" "/opt/rustwide/target/debug/deps/libopenssl_sys-56b86e359e728f7c.rlib" "/opt/rustwide/target/debug/deps/libeither-650b1f78e6d6b724.rlib" "/opt/rustwide/target/debug/deps/libh2-7abd9990ad0b0607.rlib" "/opt/rustwide/target/debug/deps/libtracing_futures-f1c334b4e19d5125.rlib" "/opt/rustwide/target/debug/deps/libtracing-9a1bffbc1e0b26b2.rlib" "/opt/rustwide/target/debug/deps/libtracing_core-259db95f475fb2a8.rlib" "/opt/rustwide/target/debug/deps/libonce_cell-7d2ec3fb6b6c5a4d.rlib" "/opt/rustwide/target/debug/deps/libpin_project-00337a077d075ffc.rlib" "/opt/rustwide/target/debug/deps/libindexmap-170ff2daff18c25f.rlib" "/opt/rustwide/target/debug/deps/libhashbrown-f669da50cece7aa5.rlib" "/opt/rustwide/target/debug/deps/libtokio_util-25d5082543aea8cf.rlib" "/opt/rustwide/target/debug/deps/libhttp-1912e0b438bd2fae.rlib" "/opt/rustwide/target/debug/deps/libitoa-12e0c769e046c1b6.rlib" "/opt/rustwide/target/debug/deps/libbytes-e760d6ac9a2f6963.rlib" "/opt/rustwide/target/debug/deps/libactix_service-ec080a3cdaa441ae.rlib" "/opt/rustwide/target/debug/deps/libactix_codec-f0a74bdc3843389a.rlib" "/opt/rustwide/target/debug/deps/libcrossbeam_channel-577280d6a1a5f9f6.rlib" "/opt/rustwide/target/debug/deps/libmaybe_uninit-7358fb81ee8e07ae.rlib" "/opt/rustwide/target/debug/deps/libcrossbeam_utils-0656ff82b4eacde9.rlib" "/opt/rustwide/target/debug/deps/libtokio_util-7ff3b1ef5cd291f9.rlib" "/opt/rustwide/target/debug/deps/libtrust_dns_resolver-43fee8c6e4869253.rlib" "/opt/rustwide/target/debug/deps/libtrust_dns_proto-281dabeb78c2eb1c.rlib" "/opt/rustwide/target/debug/deps/librand-c6cbbaf3cafc654b.rlib" "/opt/rustwide/target/debug/deps/librand_chacha-3f0f5f02cb6b6ce5.rlib" "/opt/rustwide/target/debug/deps/libppv_lite86-c3ad053967cc551c.rlib" "/opt/rustwide/target/debug/deps/librand_core-5d094592157c877c.rlib" "/opt/rustwide/target/debug/deps/libgetrandom-7d75c025556e4d91.rlib" "/opt/rustwide/target/debug/deps/liburl-25a81f6654f7c1c7.rlib" "/opt/rustwide/target/debug/deps/libidna-b865ee86652f4dd4.rlib" "/opt/rustwide/target/debug/deps/libform_urlencoded-4406ed733a551179.rlib" "/opt/rustwide/target/debug/deps/libpercent_encoding-5b4f3c280783d946.rlib" "/opt/rustwide/target/debug/deps/libidna-d0a399c88f3eadde.rlib" "/opt/rustwide/target/debug/deps/libunicode_normalization-65834209e2c3efa0.rlib" "/opt/rustwide/target/debug/deps/libtinyvec-4aa74f8a972e3d9d.rlib" "/opt/rustwide/target/debug/deps/libtinyvec_macros-8eb663675e81bb18.rlib" "/opt/rustwide/target/debug/deps/libunicode_bidi-df88d89b87cd1c3f.rlib" "/opt/rustwide/target/debug/deps/libmatches-31aa75a7f87d50a6.rlib" "/opt/rustwide/target/debug/deps/libresolv_conf-7c3e777e76ce30d0.rlib" "/opt/rustwide/target/debug/deps/libhostname-84c018be404356f8.rlib" "/opt/rustwide/target/debug/deps/libmatch_cfg-651a26883f875ab2.rlib" "/opt/rustwide/target/debug/deps/libquick_error-a76b5db56d6ef271.rlib" "/opt/rustwide/target/debug/deps/liblru_cache-04f21a71523089da.rlib" "/opt/rustwide/target/debug/deps/liblinked_hash_map-e9a9a8ee8702e8e0.rlib" "/opt/rustwide/target/debug/deps/libfailure-4200ca1bc308ea8d.rlib" "/opt/rustwide/target/debug/deps/libbacktrace-4b6590befdf7be2d.rlib" "/opt/rustwide/target/debug/deps/libminiz_oxide-e57d79458c1d1dc6.rlib" "/opt/rustwide/target/debug/deps/libadler-478247d24f5486f3.rlib" "/opt/rustwide/target/debug/deps/libobject-0e7df3d15adeb749.rlib" "/opt/rustwide/target/debug/deps/libaddr2line-b1bf6599b5592b4e.rlib" "/opt/rustwide/target/debug/deps/libgimli-05ab19e0b18c0f47.rlib" "/opt/rustwide/target/debug/deps/librustc_demangle-b9a7c4eabd61023e.rlib" "/opt/rustwide/target/debug/deps/libparking_lot-7f2c7f30aae9afc1.rlib" "/opt/rustwide/target/debug/deps/libparking_lot_core-acb3d02436852948.rlib" "/opt/rustwide/target/debug/deps/liblock_api-fb3dde6884c89195.rlib" "/opt/rustwide/target/debug/deps/libpin_project-49cdbead4a955625.rlib" "/opt/rustwide/target/debug/deps/libbitflags-82cc2d155c6eb112.rlib" "/opt/rustwide/target/debug/deps/libfutures-cb3e49d51adf8743.rlib" "/opt/rustwide/target/debug/deps/libfutures_executor-5f5cc114cdd12756.rlib" "/opt/rustwide/target/debug/deps/libactix_rt-441ee38fc6b151b5.rlib" "/opt/rustwide/target/debug/deps/libactix_threadpool-f1cc5f488bd236fc.rlib" "/opt/rustwide/target/debug/deps/libthreadpool-edfa72dc25c0fe13.rlib" "/opt/rustwide/target/debug/deps/libnum_cpus-84b27c0492bac48f.rlib" "/opt/rustwide/target/debug/deps/libparking_lot-959f8ced4d1c6e97.rlib" "/opt/rustwide/target/debug/deps/libparking_lot_core-c1e4d8d9c37e4656.rlib" "/opt/rustwide/target/debug/deps/liblock_api-68f9f4627da435ce.rlib" "/opt/rustwide/target/debug/deps/libscopeguard-f471875f675163b5.rlib" "/opt/rustwide/target/debug/deps/libinstant-1bfa666718b38be4.rlib" "/opt/rustwide/target/debug/deps/libtokio-b74441c0967d74bd.rlib" "/opt/rustwide/target/debug/deps/libsignal_hook_registry-c89ca6997ff390f7.rlib" "/opt/rustwide/target/debug/deps/libfnv-41a559218f992797.rlib" "/opt/rustwide/target/debug/deps/libmio_uds-3499718956879807.rlib" "/opt/rustwide/target/debug/deps/liblazy_static-a15e1ed0a3c31761.rlib" "/opt/rustwide/target/debug/deps/libmio-9c5698cfafcaa85d.rlib" "/opt/rustwide/target/debug/deps/liblog-b7002f1ab15c8d8b.rlib" "/opt/rustwide/target/debug/deps/libcfg_if-e5e118dd7d121aaa.rlib" "/opt/rustwide/target/debug/deps/libiovec-ca16bbcb6c95000a.rlib" "/opt/rustwide/target/debug/deps/libnet2-390418abff7d3081.rlib" "/opt/rustwide/target/debug/deps/libcfg_if-a245e09a5738c6b4.rlib" "/opt/rustwide/target/debug/deps/liblibc-ab3b99c7754d3a15.rlib" "/opt/rustwide/target/debug/deps/libbytes-5cb1d87b13df8e8c.rlib" "/opt/rustwide/target/debug/deps/libpin_project_lite-887720c86d2e0f5d.rlib" "/opt/rustwide/target/debug/deps/libsmallvec-22f2447eab0ca59b.rlib" "/opt/rustwide/target/debug/deps/libcopyless-4ca4c9bf6f2d311d.rlib" "/opt/rustwide/target/debug/deps/libfutures_util-905e430310dc457a.rlib" "/opt/rustwide/target/debug/deps/libmemchr-b18e4aa3c7a38625.rlib" "/opt/rustwide/target/debug/deps/libfutures_io-4614e9b19a26d89f.rlib" "/opt/rustwide/target/debug/deps/libslab-8bb798f134a0a9e7.rlib" "/opt/rustwide/target/debug/deps/libpin_project_lite-e66e1bab7310d569.rlib" "/opt/rustwide/target/debug/deps/libfutures_task-b59556b3c537ad98.rlib" "/opt/rustwide/target/debug/deps/libpin_utils-0d8eaf4ac0fcb221.rlib" "/opt/rustwide/target/debug/deps/libfutures_channel-6efe3e36c9bebe99.rlib" "/opt/rustwide/target/debug/deps/libfutures_sink-0848eae0e91803d6.rlib" "/opt/rustwide/target/debug/deps/libfutures_core-6002dc2ff0ad2c7a.rlib" "/opt/rustwide/rustup-home/toolchains/1.69.0-x86_64-unknown-linux-gnu/lib/rustlib/x86_64-unknown-linux-gnu/lib/libstd-89bc084783fdc439.rlib" "/opt/rustwide/rustup-home/toolchains/1.69.0-x86_64-unknown-linux-gnu/lib/rustlib/x86_64-unknown-linux-gnu/lib/libpanic_unwind-8bee4b287d4367c1.rlib" "/opt/rustwide/rustup-home/toolchains/1.69.0-x86_64-unknown-linux-gnu/lib/rustlib/x86_64-unknown-linux-gnu/lib/libobject-d61707aed80694c0.rlib" "/opt/rustwide/rustup-home/toolchains/1.69.0-x86_64-unknown-linux-gnu/lib/rustlib/x86_64-unknown-linux-gnu/lib/libmemchr-d85366256f22345b.rlib" "/opt/rustwide/rustup-home/toolchains/1.69.0-x86_64-unknown-linux-gnu/lib/rustlib/x86_64-unknown-linux-gnu/lib/libaddr2line-96069b86b8a8cae9.rlib" "/opt/rustwide/rustup-home/toolchains/1.69.0-x86_64-unknown-linux-gnu/lib/rustlib/x86_64-unknown-linux-gnu/lib/libgimli-d19d53abf68dfa6c.rlib" "/opt/rustwide/rustup-home/toolchains/1.69.0-x86_64-unknown-linux-gnu/lib/rustlib/x86_64-unknown-linux-gnu/lib/librustc_demangle-787cbccd19d64ac6.rlib" "/opt/rustwide/rustup-home/toolchains/1.69.0-x86_64-unknown-linux-gnu/lib/rustlib/x86_64-unknown-linux-gnu/lib/libstd_detect-b3837a36b830e0d0.rlib" "/opt/rustwide/rustup-home/toolchains/1.69.0-x86_64-unknown-linux-gnu/lib/rustlib/x86_64-unknown-linux-gnu/lib/libhashbrown-e3deb0e7e3f04966.rlib" "/opt/rustwide/rustup-home/toolchains/1.69.0-x86_64-unknown-linux-gnu/lib/rustlib/x86_64-unknown-linux-gnu/lib/libminiz_oxide-dabbb79c9815def4.rlib" "/opt/rustwide/rustup-home/toolchains/1.69.0-x86_64-unknown-linux-gnu/lib/rustlib/x86_64-unknown-linux-gnu/lib/libadler-305b01f34c9409f2.rlib" "/opt/rustwide/rustup-home/toolchains/1.69.0-x86_64-unknown-linux-gnu/lib/rustlib/x86_64-unknown-linux-gnu/lib/librustc_std_workspace_alloc-f833521df6074e73.rlib" "/opt/rustwide/rustup-home/toolchains/1.69.0-x86_64-unknown-linux-gnu/lib/rustlib/x86_64-unknown-linux-gnu/lib/libunwind-9ac333113350d171.rlib" "/opt/rustwide/rustup-home/toolchains/1.69.0-x86_64-unknown-linux-gnu/lib/rustlib/x86_64-unknown-linux-gnu/lib/libcfg_if-1c126114322d0eee.rlib" "/opt/rustwide/rustup-home/toolchains/1.69.0-x86_64-unknown-linux-gnu/lib/rustlib/x86_64-unknown-linux-gnu/lib/liblibc-bad9164fdeeecf92.rlib" "/opt/rustwide/rustup-home/toolchains/1.69.0-x86_64-unknown-linux-gnu/lib/rustlib/x86_64-unknown-linux-gnu/lib/liballoc-f9374b1e480fa681.rlib" "/opt/rustwide/rustup-home/toolchains/1.69.0-x86_64-unknown-linux-gnu/lib/rustlib/x86_64-unknown-linux-gnu/lib/librustc_std_workspace_core-207f06e41d9603af.rlib" "/opt/rustwide/rustup-home/toolchains/1.69.0-x86_64-unknown-linux-gnu/lib/rustlib/x86_64-unknown-linux-gnu/lib/libcore-7e2768e66e984e85.rlib" "/opt/rustwide/rustup-home/toolchains/1.69.0-x86_64-unknown-linux-gnu/lib/rustlib/x86_64-unknown-linux-gnu/lib/libcompiler_builtins-957b4aff41f8cd46.rlib" "-Wl,-Bdynamic" "-lssl" "-lcrypto" "-lgcc_s" "-lutil" "-lrt" "-lpthread" "-lm" "-ldl" "-lc" "-Wl,--eh-frame-hdr" "-Wl,-z,noexecstack" "-L" "/opt/rustwide/rustup-home/toolchains/1.69.0-x86_64-unknown-linux-gnu/lib/rustlib/x86_64-unknown-linux-gnu/lib" "-o" "/tmp/rustdoctest263hq9/rust_out" "-Wl,--gc-sections" "-pie" "-Wl,-z,relro,-z,now" "-nodefaultlibs"
[INFO] [stdout]   = note: collect2: fatal error: ld terminated with signal 9 [Killed]
[INFO] [stdout]           compilation terminated.
[INFO] [stdout]           
[INFO] [stdout] 
[INFO] [stdout] error: aborting due to previous error
[INFO] [stdout] 
[INFO] [stdout] Couldn't compile the test.
[INFO] [stdout] 
[INFO] [stdout] failures:
[INFO] [stdout]     src/timeout.rs - timeout::Timeout (line 17)
[INFO] [stdout] 
[INFO] [stdout] test result: FAILED. 7 passed; 1 failed; 0 ignored; 0 measured; 0 filtered out; finished in 4.62s
[INFO] [stdout] 
[INFO] [stderr] error: doctest failed, to rerun pass `--doc`
[INFO] running `Command { std: "docker" "inspect" "e5d42df27b3af77391d50de77841c0569b0452f593e710c0196891b53d28885f", kill_on_drop: false }`
[INFO] running `Command { std: "docker" "rm" "-f" "e5d42df27b3af77391d50de77841c0569b0452f593e710c0196891b53d28885f", kill_on_drop: false }`
[INFO] [stdout] e5d42df27b3af77391d50de77841c0569b0452f593e710c0196891b53d28885f
