[INFO] fetching crate gusto-api 0.4.0...
[INFO] testing gusto-api-0.4.0 against 1.69.0 for beta-1.70-1
[INFO] extracting crate gusto-api 0.4.0 into /workspace/builds/worker-7-tc1/source
[INFO] validating manifest of crates.io crate gusto-api 0.4.0 on toolchain 1.69.0
[INFO] running `Command { std: CARGO_HOME="/workspace/cargo-home" RUSTUP_HOME="/workspace/rustup-home" "/workspace/cargo-home/bin/cargo" "+1.69.0" "metadata" "--manifest-path" "Cargo.toml" "--no-deps", kill_on_drop: false }`
[INFO] started tweaking crates.io crate gusto-api 0.4.0
[INFO] finished tweaking crates.io crate gusto-api 0.4.0
[INFO] tweaked toml for crates.io crate gusto-api 0.4.0 written to /workspace/builds/worker-7-tc1/source/Cargo.toml
[INFO] running `Command { std: CARGO_HOME="/workspace/cargo-home" RUSTUP_HOME="/workspace/rustup-home" __CARGO_TEST_CHANNEL_OVERRIDE_DO_NOT_USE_THIS="nightly" "/workspace/cargo-home/bin/cargo" "+1.69.0" "generate-lockfile" "--manifest-path" "Cargo.toml" "-Zno-index-update", kill_on_drop: false }`
[INFO] running `Command { std: CARGO_HOME="/workspace/cargo-home" RUSTUP_HOME="/workspace/rustup-home" "/workspace/cargo-home/bin/cargo" "+1.69.0" "fetch" "--manifest-path" "Cargo.toml", kill_on_drop: false }`
[INFO] running `Command { std: "docker" "create" "-v" "/var/lib/crater-agent-workspace/builds/worker-7-tc1/target:/opt/rustwide/target:rw,Z" "-v" "/var/lib/crater-agent-workspace/builds/worker-7-tc1/source:/opt/rustwide/workdir:ro,Z" "-v" "/var/lib/crater-agent-workspace/cargo-home:/opt/rustwide/cargo-home:ro,Z" "-v" "/var/lib/crater-agent-workspace/rustup-home:/opt/rustwide/rustup-home:ro,Z" "-e" "SOURCE_DIR=/opt/rustwide/workdir" "-e" "CARGO_TARGET_DIR=/opt/rustwide/target" "-e" "CARGO_HOME=/opt/rustwide/cargo-home" "-e" "RUSTUP_HOME=/opt/rustwide/rustup-home" "-w" "/opt/rustwide/workdir" "-m" "1610612736" "--user" "0:0" "--network" "none" "ghcr.io/rust-lang/crates-build-env/linux@sha256:5ff2268d62e97bff2cde7d5815dd6ed5b47097566f13b8d0ca110b04b60e07ed" "/opt/rustwide/cargo-home/bin/cargo" "+1.69.0" "metadata" "--no-deps" "--format-version=1", kill_on_drop: false }`
[INFO] [stdout] 12f1a4469e5e47db1f2b2ab7be526748abc5f0738a21a06ef918f62bdc5264aa
[INFO] running `Command { std: "docker" "start" "-a" "12f1a4469e5e47db1f2b2ab7be526748abc5f0738a21a06ef918f62bdc5264aa", kill_on_drop: false }`
[INFO] running `Command { std: "docker" "inspect" "12f1a4469e5e47db1f2b2ab7be526748abc5f0738a21a06ef918f62bdc5264aa", kill_on_drop: false }`
[INFO] running `Command { std: "docker" "rm" "-f" "12f1a4469e5e47db1f2b2ab7be526748abc5f0738a21a06ef918f62bdc5264aa", kill_on_drop: false }`
[INFO] [stdout] 12f1a4469e5e47db1f2b2ab7be526748abc5f0738a21a06ef918f62bdc5264aa
[INFO] running `Command { std: "docker" "create" "-v" "/var/lib/crater-agent-workspace/builds/worker-7-tc1/target:/opt/rustwide/target:rw,Z" "-v" "/var/lib/crater-agent-workspace/builds/worker-7-tc1/source:/opt/rustwide/workdir:ro,Z" "-v" "/var/lib/crater-agent-workspace/cargo-home:/opt/rustwide/cargo-home:ro,Z" "-v" "/var/lib/crater-agent-workspace/rustup-home:/opt/rustwide/rustup-home:ro,Z" "-e" "SOURCE_DIR=/opt/rustwide/workdir" "-e" "CARGO_TARGET_DIR=/opt/rustwide/target" "-e" "CARGO_INCREMENTAL=0" "-e" "RUST_BACKTRACE=full" "-e" "RUSTFLAGS=--cap-lints=warn" "-e" "RUSTDOCFLAGS=--cap-lints=warn" "-e" "CARGO_HOME=/opt/rustwide/cargo-home" "-e" "RUSTUP_HOME=/opt/rustwide/rustup-home" "-w" "/opt/rustwide/workdir" "-m" "1610612736" "--user" "0:0" "--network" "none" "ghcr.io/rust-lang/crates-build-env/linux@sha256:5ff2268d62e97bff2cde7d5815dd6ed5b47097566f13b8d0ca110b04b60e07ed" "/opt/rustwide/cargo-home/bin/cargo" "+1.69.0" "build" "--frozen" "--message-format=json", kill_on_drop: false }`
[INFO] [stdout] f51c731a120468ed8d1432fc5bf6ca8322ee79bfc8564969d747a53448903ba9
[INFO] running `Command { std: "docker" "start" "-a" "f51c731a120468ed8d1432fc5bf6ca8322ee79bfc8564969d747a53448903ba9", kill_on_drop: false }`
[INFO] [stderr]    Compiling libc v0.2.142
[INFO] [stderr]    Compiling serde v1.0.160
[INFO] [stderr]    Compiling memchr v2.5.0
[INFO] [stderr]    Compiling log v0.4.17
[INFO] [stderr]    Compiling futures-core v0.3.28
[INFO] [stderr]    Compiling cc v1.0.79
[INFO] [stderr]    Compiling syn v2.0.15
[INFO] [stderr]    Compiling slab v0.4.8
[INFO] [stderr]    Compiling futures-sink v0.3.28
[INFO] [stderr]    Compiling futures-task v0.3.28
[INFO] [stderr]    Compiling futures-channel v0.3.28
[INFO] [stderr]    Compiling lock_api v0.4.9
[INFO] [stderr]    Compiling futures-util v0.3.28
[INFO] [stderr]    Compiling parking_lot_core v0.9.7
[INFO] [stderr]    Compiling tracing-core v0.1.30
[INFO] [stderr]    Compiling futures-io v0.3.28
[INFO] [stderr]    Compiling smallvec v1.10.0
[INFO] [stderr]    Compiling tokio v1.28.0
[INFO] [stderr]    Compiling signal-hook-registry v1.4.1
[INFO] [stderr]    Compiling socket2 v0.4.9
[INFO] [stderr]    Compiling ring v0.16.20
[INFO] [stderr]    Compiling num_cpus v1.15.0
[INFO] [stderr]    Compiling parking_lot v0.12.1
[INFO] [stderr]    Compiling libm v0.2.6
[INFO] [stderr]    Compiling unicase v2.6.0
[INFO] [stderr]    Compiling getrandom v0.2.9
[INFO] [stderr]    Compiling num-traits v0.2.15
[INFO] [stderr]    Compiling syn v1.0.109
[INFO] [stderr]    Compiling indexmap v1.9.3
[INFO] [stderr]    Compiling num-integer v0.1.45
[INFO] [stderr]    Compiling httparse v1.8.0
[INFO] [stderr]    Compiling hashbrown v0.12.3
[INFO] [stderr]    Compiling rustls v0.20.8
[INFO] [stderr]    Compiling form_urlencoded v1.1.0
[INFO] [stderr]    Compiling unicode-bidi v0.3.13
[INFO] [stderr]    Compiling async-trait v0.1.68
[INFO] [stderr]    Compiling try-lock v0.2.4
[INFO] [stderr]    Compiling mime_guess v2.0.4
[INFO] [stderr]    Compiling idna v0.3.0
[INFO] [stderr]    Compiling rand_core v0.6.4
[INFO] [stderr]    Compiling lazy_static v1.4.0
[INFO] [stderr]    Compiling base64 v0.21.0
[INFO] [stderr]    Compiling tower-service v0.3.2
[INFO] [stderr]    Compiling rand_chacha v0.3.1
[INFO] [stderr]    Compiling crossbeam-utils v0.8.15
[INFO] [stderr]    Compiling mime v0.3.17
[INFO] [stderr]    Compiling encoding_rs v0.8.32
[INFO] [stderr]    Compiling rustls-pemfile v1.0.2
[INFO] [stderr]    Compiling rand v0.8.5
[INFO] [stderr]    Compiling ipnet v2.7.2
[INFO] [stderr]    Compiling webpki v0.22.0
[INFO] [stderr]    Compiling sct v0.7.0
[INFO] [stderr]    Compiling webpki-roots v0.22.6
[INFO] [stderr]    Compiling task-local-extensions v0.1.4
[INFO] [stderr]    Compiling num-bigint v0.4.3
[INFO] [stderr]    Compiling time-core v0.1.0
[INFO] [stderr]    Compiling iana-time-zone v0.1.56
[INFO] [stderr]    Compiling time-macros v0.2.8
[INFO] [stderr]    Compiling crossbeam-channel v0.5.8
[INFO] [stderr]    Compiling sharded-slab v0.1.4
[INFO] [stderr]    Compiling thread_local v1.1.7
[INFO] [stderr]    Compiling aho-corasick v1.0.1
[INFO] [stderr]    Compiling base64 v0.13.1
[INFO] [stderr]    Compiling serde_derive v1.0.160
[INFO] [stderr]    Compiling futures-macro v0.3.28
[INFO] [stderr]    Compiling tokio-macros v2.1.0
[INFO] [stderr]    Compiling tracing-attributes v0.1.24
[INFO] [stderr]    Compiling thiserror-impl v1.0.40
[INFO] [stderr]    Compiling time v0.3.20
[INFO] [stderr]    Compiling tracing v0.1.37
[INFO] [stderr]    Compiling tracing-subscriber v0.3.17
[INFO] [stderr]    Compiling thiserror v1.0.40
[INFO] [stderr]    Compiling pin-project-internal v1.0.12
[INFO] [stderr]    Compiling serde_derive_internals v0.26.0
[INFO] [stderr]    Compiling schemars v0.8.12
[INFO] [stderr]    Compiling regex v1.8.1
[INFO] [stderr]    Compiling pem v1.1.1
[INFO] [stderr]    Compiling simple_asn1 v0.6.2
[INFO] [stderr]    Compiling schemars_derive v0.8.12
[INFO] [stderr]    Compiling dyn-clone v1.0.11
[INFO] [stderr]    Compiling pin-project v1.0.12
[INFO] [stderr]    Compiling async-recursion v1.0.4
[INFO] [stderr]    Compiling futures-executor v0.3.28
[INFO] [stderr]    Compiling futures v0.3.28
[INFO] [stderr]    Compiling opentelemetry v0.17.0
[INFO] [stderr]    Compiling bytes v1.4.0
[INFO] [stderr]    Compiling serde_json v1.0.96
[INFO] [stderr]    Compiling url v2.3.1
[INFO] [stderr]    Compiling serde_urlencoded v0.7.1
[INFO] [stderr]    Compiling chrono v0.4.24
[INFO] [stderr]    Compiling uuid v1.3.2
[INFO] [stderr]    Compiling mio v0.8.6
[INFO] [stderr]    Compiling want v0.3.0
[INFO] [stderr]    Compiling tracing-log v0.1.3
[INFO] [stderr]    Compiling http v0.2.9
[INFO] [stderr]    Compiling tracing-opentelemetry v0.17.4
[INFO] [stderr]    Compiling jsonwebtoken v8.3.0
[INFO] [stderr]    Compiling retry-policies v0.1.2
[INFO] [stderr]    Compiling http-body v0.4.5
[INFO] [stderr]    Compiling parse_link_header v0.3.3
[INFO] [stderr]    Compiling tokio-util v0.7.8
[INFO] [stderr]    Compiling tokio-rustls v0.23.4
[INFO] [stderr]    Compiling h2 v0.3.18
[INFO] [stderr]    Compiling hyper v0.14.26
[INFO] [stderr]    Compiling hyper-rustls v0.23.2
[INFO] [stderr]    Compiling reqwest v0.11.17
[INFO] [stderr]    Compiling reqwest-middleware v0.1.6
[INFO] [stderr]    Compiling reqwest-conditional-middleware v0.1.0
[INFO] [stderr]    Compiling reqwest-retry v0.1.5
[INFO] [stderr]    Compiling reqwest-tracing v0.3.1
[INFO] [stderr]    Compiling gusto-api v0.4.0 (/opt/rustwide/workdir)
[INFO] [stdout] warning: unused return value of `anyhow::__private::must_use` that must be used
[INFO] [stdout]    --> src/lib.rs:479:17
[INFO] [stdout]     |
[INFO] [stdout] 479 |                 anyhow!("refresh token cannot be empty");
[INFO] [stdout]     |                 ^^^^^^^^^^^^^^^^^^^^^^^^^^^^^^^^^^^^^^^^
[INFO] [stdout]     |
[INFO] [stdout]     = note: `#[warn(unused_must_use)]` on by default
[INFO] [stdout]     = note: this warning originates in the macro `anyhow` (in Nightly builds, run with -Z macro-backtrace for more info)
[INFO] [stdout] 
[INFO] [stdout] 
[INFO] [stdout] warning: 1 warning emitted
[INFO] [stdout] 
[INFO] [stdout] 
[INFO] [stderr]     Finished dev [unoptimized + debuginfo] target(s) in 1m 59s
[INFO] running `Command { std: "docker" "inspect" "f51c731a120468ed8d1432fc5bf6ca8322ee79bfc8564969d747a53448903ba9", kill_on_drop: false }`
[INFO] running `Command { std: "docker" "rm" "-f" "f51c731a120468ed8d1432fc5bf6ca8322ee79bfc8564969d747a53448903ba9", kill_on_drop: false }`
[INFO] [stdout] f51c731a120468ed8d1432fc5bf6ca8322ee79bfc8564969d747a53448903ba9
[INFO] running `Command { std: "docker" "create" "-v" "/var/lib/crater-agent-workspace/builds/worker-7-tc1/target:/opt/rustwide/target:rw,Z" "-v" "/var/lib/crater-agent-workspace/builds/worker-7-tc1/source:/opt/rustwide/workdir:ro,Z" "-v" "/var/lib/crater-agent-workspace/cargo-home:/opt/rustwide/cargo-home:ro,Z" "-v" "/var/lib/crater-agent-workspace/rustup-home:/opt/rustwide/rustup-home:ro,Z" "-e" "SOURCE_DIR=/opt/rustwide/workdir" "-e" "CARGO_TARGET_DIR=/opt/rustwide/target" "-e" "CARGO_INCREMENTAL=0" "-e" "RUST_BACKTRACE=full" "-e" "RUSTFLAGS=--cap-lints=warn" "-e" "RUSTDOCFLAGS=--cap-lints=warn" "-e" "CARGO_HOME=/opt/rustwide/cargo-home" "-e" "RUSTUP_HOME=/opt/rustwide/rustup-home" "-w" "/opt/rustwide/workdir" "-m" "1610612736" "--user" "0:0" "--network" "none" "ghcr.io/rust-lang/crates-build-env/linux@sha256:5ff2268d62e97bff2cde7d5815dd6ed5b47097566f13b8d0ca110b04b60e07ed" "/opt/rustwide/cargo-home/bin/cargo" "+1.69.0" "test" "--frozen" "--no-run" "--message-format=json", kill_on_drop: false }`
[INFO] [stdout] efdb55d111d21088b86bfe7b3b8f38aca12a9c7503460c044dc4dbd61edb5bff
[INFO] running `Command { std: "docker" "start" "-a" "efdb55d111d21088b86bfe7b3b8f38aca12a9c7503460c044dc4dbd61edb5bff", kill_on_drop: false }`
[INFO] [stderr]    Compiling const-oid v0.9.2
[INFO] [stderr]    Compiling getrandom v0.1.16
[INFO] [stderr]    Compiling generic-array v0.14.7
[INFO] [stderr]    Compiling base64ct v1.6.0
[INFO] [stderr]    Compiling zeroize v1.6.0
[INFO] [stderr]    Compiling num-iter v0.1.43
[INFO] [stderr]    Compiling version_check v0.1.5
[INFO] [stderr]    Compiling concurrent-queue v2.2.0
[INFO] [stderr]    Compiling fastrand v1.9.0
[INFO] [stderr]    Compiling nom v4.2.3
[INFO] [stderr]    Compiling http-types v2.12.0
[INFO] [stderr]    Compiling parking v2.1.0
[INFO] [stderr]    Compiling pem-rfc7468 v0.6.0
[INFO] [stderr]    Compiling event-listener v2.5.3
[INFO] [stderr]    Compiling num-bigint-dig v0.8.2
[INFO] [stderr]    Compiling rand_core v0.5.1
[INFO] [stderr]    Compiling waker-fn v1.1.0
[INFO] [stderr]    Compiling async-channel v1.8.0
[INFO] [stderr]    Compiling der v0.6.1
[INFO] [stderr]    Compiling futures-lite v1.13.0
[INFO] [stderr]    Compiling rand_chacha v0.2.2
[INFO] [stderr]    Compiling serde_qs v0.8.5
[INFO] [stderr]    Compiling crypto-common v0.1.6
[INFO] [stderr]    Compiling byteorder v1.4.3
[INFO] [stderr]    Compiling retain_mut v0.1.9
[INFO] [stderr]    Compiling rand v0.7.3
[INFO] [stderr]    Compiling digest v0.10.6
[INFO] [stderr]    Compiling deadpool-runtime v0.1.2
[INFO] [stderr]    Compiling infer v0.2.3
[INFO] [stderr]    Compiling deadpool v0.9.5
[INFO] [stderr]    Compiling signature v2.1.0
[INFO] [stderr]    Compiling spki v0.6.0
[INFO] [stderr]    Compiling assert-json-diff v2.0.2
[INFO] [stderr]    Compiling pkcs8 v0.9.0
[INFO] [stderr]    Compiling dirs-sys v0.3.7
[INFO] [stderr]    Compiling futures-timer v3.0.2
[INFO] [stderr]    Compiling pkcs1 v0.4.1
[INFO] [stderr]    Compiling subtle v2.5.0
[INFO] [stderr]    Compiling dirs v3.0.2
[INFO] [stdout] warning: unused return value of `anyhow::__private::must_use` that must be used
[INFO] [stdout]    --> src/lib.rs:479:17
[INFO] [stdout]     |
[INFO] [stdout] 479 |                 anyhow!("refresh token cannot be empty");
[INFO] [stdout]     |                 ^^^^^^^^^^^^^^^^^^^^^^^^^^^^^^^^^^^^^^^^
[INFO] [stdout]     |
[INFO] [stdout]     = note: `#[warn(unused_must_use)]` on by default
[INFO] [stdout]     = note: this warning originates in the macro `anyhow` (in Nightly builds, run with -Z macro-backtrace for more info)
[INFO] [stdout] 
[INFO] [stdout] 
[INFO] [stdout] warning: 1 warning emitted
[INFO] [stdout] 
[INFO] [stdout] 
[INFO] [stderr]    Compiling nom_pem v4.0.0
[INFO] [stderr]    Compiling rsa v0.8.2
[INFO] [stderr]    Compiling wiremock v0.5.18
[INFO] [stderr]    Compiling gusto-api v0.4.0 (/opt/rustwide/workdir)
[INFO] [stdout] warning: unused return value of `anyhow::__private::must_use` that must be used
[INFO] [stdout]    --> src/lib.rs:479:17
[INFO] [stdout]     |
[INFO] [stdout] 479 |                 anyhow!("refresh token cannot be empty");
[INFO] [stdout]     |                 ^^^^^^^^^^^^^^^^^^^^^^^^^^^^^^^^^^^^^^^^
[INFO] [stdout]     |
[INFO] [stdout]     = note: `#[warn(unused_must_use)]` on by default
[INFO] [stdout]     = note: this warning originates in the macro `anyhow` (in Nightly builds, run with -Z macro-backtrace for more info)
[INFO] [stdout] 
[INFO] [stdout] 
[INFO] [stdout] warning: 1 warning emitted
[INFO] [stdout] 
[INFO] [stdout] 
[INFO] [stderr]     Finished test [unoptimized + debuginfo] target(s) in 33.09s
[INFO] [stderr] warning: the following packages contain code that will be rejected by a future version of Rust: nom v4.2.3
[INFO] [stderr] note: to see what the problems were, use the option `--future-incompat-report`, or run `cargo report future-incompatibilities --id 1`
[INFO] running `Command { std: "docker" "inspect" "efdb55d111d21088b86bfe7b3b8f38aca12a9c7503460c044dc4dbd61edb5bff", kill_on_drop: false }`
[INFO] running `Command { std: "docker" "rm" "-f" "efdb55d111d21088b86bfe7b3b8f38aca12a9c7503460c044dc4dbd61edb5bff", kill_on_drop: false }`
[INFO] [stdout] efdb55d111d21088b86bfe7b3b8f38aca12a9c7503460c044dc4dbd61edb5bff
[INFO] running `Command { std: "docker" "create" "-v" "/var/lib/crater-agent-workspace/builds/worker-7-tc1/target:/opt/rustwide/target:rw,Z" "-v" "/var/lib/crater-agent-workspace/builds/worker-7-tc1/source:/opt/rustwide/workdir:ro,Z" "-v" "/var/lib/crater-agent-workspace/cargo-home:/opt/rustwide/cargo-home:ro,Z" "-v" "/var/lib/crater-agent-workspace/rustup-home:/opt/rustwide/rustup-home:ro,Z" "-e" "SOURCE_DIR=/opt/rustwide/workdir" "-e" "CARGO_TARGET_DIR=/opt/rustwide/target" "-e" "CARGO_INCREMENTAL=0" "-e" "RUST_BACKTRACE=full" "-e" "RUSTFLAGS=--cap-lints=warn" "-e" "RUSTDOCFLAGS=--cap-lints=warn" "-e" "CARGO_HOME=/opt/rustwide/cargo-home" "-e" "RUSTUP_HOME=/opt/rustwide/rustup-home" "-w" "/opt/rustwide/workdir" "-m" "1610612736" "--user" "0:0" "--network" "none" "ghcr.io/rust-lang/crates-build-env/linux@sha256:5ff2268d62e97bff2cde7d5815dd6ed5b47097566f13b8d0ca110b04b60e07ed" "/opt/rustwide/cargo-home/bin/cargo" "+1.69.0" "test" "--frozen", kill_on_drop: false }`
[INFO] [stdout] cf3f3dc5941ef89c6e2f232280570bf0fade47ad02c701461be40ef35f8e2a42
[INFO] running `Command { std: "docker" "start" "-a" "cf3f3dc5941ef89c6e2f232280570bf0fade47ad02c701461be40ef35f8e2a42", kill_on_drop: false }`
[INFO] [stderr] warning: unused return value of `anyhow::__private::must_use` that must be used
[INFO] [stderr]    --> src/lib.rs:479:17
[INFO] [stderr]     |
[INFO] [stderr] 479 |                 anyhow!("refresh token cannot be empty");
[INFO] [stderr]     |                 ^^^^^^^^^^^^^^^^^^^^^^^^^^^^^^^^^^^^^^^^
[INFO] [stderr]     |
[INFO] [stderr]     = note: `#[warn(unused_must_use)]` on by default
[INFO] [stderr]     = note: this warning originates in the macro `anyhow` (in Nightly builds, run with -Z macro-backtrace for more info)
[INFO] [stderr] 
[INFO] [stderr] warning: `gusto-api` (lib) generated 1 warning
[INFO] [stderr] warning: `gusto-api` (lib test) generated 1 warning (1 duplicate)
[INFO] [stderr]     Finished test [unoptimized + debuginfo] target(s) in 0.38s
[INFO] [stderr] warning: the following packages contain code that will be rejected by a future version of Rust: nom v4.2.3
[INFO] [stderr] note: to see what the problems were, use the option `--future-incompat-report`, or run `cargo report future-incompatibilities --id 1`
[INFO] [stderr]      Running unittests src/lib.rs (/opt/rustwide/target/debug/deps/gusto_api-5c949a22d8873c82)
[INFO] [stdout] 
[INFO] [stdout] running 1 test
[INFO] [stdout] test utils::tests::test_hyperx_next_link_compat ... ok
[INFO] [stdout] 
[INFO] [stdout] test result: ok. 1 passed; 0 failed; 0 ignored; 0 measured; 0 filtered out; finished in 0.00s
[INFO] [stdout] 
[INFO] [stderr]      Running tests/tests.rs (/opt/rustwide/target/debug/deps/tests-23a1c6cde764a3fb)
[INFO] [stdout] 
[INFO] [stdout] running 1 test
[INFO] [stderr]    Doc-tests gusto-api
[INFO] [stdout] test test_deserialize_employee ... ok
[INFO] [stdout] 
[INFO] [stdout] test result: ok. 1 passed; 0 failed; 0 ignored; 0 measured; 0 filtered out; finished in 0.00s
[INFO] [stdout] 
[INFO] [stdout] 
[INFO] [stdout] running 5 tests
[INFO] [stdout] test src/companies.rs - companies::Companies::post_partner_managed (line 65) ... FAILED
[INFO] [stdout] test src/companies.rs - companies::Companies::post_provision (line 105) ... FAILED
[INFO] [stdout] test src/lib.rs - (line 62) ... FAILED
[INFO] [stdout] test src/lib.rs - (line 77) ... FAILED
[INFO] [stdout] test src/lib.rs - (line 40) ... FAILED
[INFO] [stdout] 
[INFO] [stdout] failures:
[INFO] [stdout] 
[INFO] [stdout] ---- src/companies.rs - companies::Companies::post_partner_managed (line 65) stdout ----
[INFO] [stdout] error: expected `;`, found `Authorization`
[INFO] [stdout]  --> src/companies.rs:66:31
[INFO] [stdout]   |
[INFO] [stdout] 3 | Content-Type: application/json
[INFO] [stdout]   |                               ^ help: add `;` here
[INFO] [stdout] 4 | Authorization: Token bbb286ff1a4fe6b84742b0d49b8d0d65bd0208d27d3d50333591df71
[INFO] [stdout]   | ------------- unexpected token
[INFO] [stdout] 
[INFO] [stdout] error: expected one of `!`, `(`, `.`, `::`, `;`, `<`, `?`, or `}`, found `bbb286ff1a4fe6b84742b0d49b8d0d65bd0208d27d3d50333591df71`
[INFO] [stdout]  --> src/companies.rs:67:22
[INFO] [stdout]   |
[INFO] [stdout] 4 | Authorization: Token bbb286ff1a4fe6b84742b0d49b8d0d65bd0208d27d3d50333591df71
[INFO] [stdout]   |              -       ^^^^^^^^^^^^^^^^^^^^^^^^^^^^^^^^^^^^^^^^^^^^^^^^^^^^^^^^ expected one of 8 possible tokens
[INFO] [stdout]   |              |
[INFO] [stdout]   |              tried to parse a type due to this
[INFO] [stdout] 
[INFO] [stdout] error: aborting due to 2 previous errors
[INFO] [stdout] 
[INFO] [stdout] Couldn't compile the test.
[INFO] [stdout] ---- src/companies.rs - companies::Companies::post_provision (line 105) stdout ----
[INFO] [stdout] error: expected `;`, found `Authorization`
[INFO] [stdout]  --> src/companies.rs:106:31
[INFO] [stdout]   |
[INFO] [stdout] 3 | Content-Type: application/json
[INFO] [stdout]   |                               ^ help: add `;` here
[INFO] [stdout] 4 | Authorization: Token bbb286ff1a4fe6b84742b0d49b8d0d65bd0208d27d3d50333591df71
[INFO] [stdout]   | ------------- unexpected token
[INFO] [stdout] 
[INFO] [stdout] error: expected one of `!`, `(`, `.`, `::`, `;`, `<`, `?`, or `}`, found `bbb286ff1a4fe6b84742b0d49b8d0d65bd0208d27d3d50333591df71`
[INFO] [stdout]  --> src/companies.rs:107:22
[INFO] [stdout]   |
[INFO] [stdout] 4 | Authorization: Token bbb286ff1a4fe6b84742b0d49b8d0d65bd0208d27d3d50333591df71
[INFO] [stdout]   |              -       ^^^^^^^^^^^^^^^^^^^^^^^^^^^^^^^^^^^^^^^^^^^^^^^^^^^^^^^^ expected one of 8 possible tokens
[INFO] [stdout]   |              |
[INFO] [stdout]   |              tried to parse a type due to this
[INFO] [stdout] 
[INFO] [stdout] error: aborting due to 2 previous errors
[INFO] [stdout] 
[INFO] [stdout] Couldn't compile the test.
[INFO] [stdout] ---- src/lib.rs - (line 62) stdout ----
[INFO] [stdout] error[E0423]: expected value, found struct `gusto_api::RootProductionServer`
[INFO] [stdout]    --> src/lib.rs:68:5
[INFO] [stdout]     |
[INFO] [stdout] 9   |     gusto_api::RootProductionServer
[INFO] [stdout]     |     ^^^^^^^^^^^^^^^^^^^^^^^^^^^^^^^
[INFO] [stdout]     |
[INFO] [stdout]    ::: /opt/rustwide/workdir/src/lib.rs:195:1
[INFO] [stdout]     |
[INFO] [stdout] 195 | pub struct RootProductionServer {}
[INFO] [stdout]     | ------------------------------- `gusto_api::RootProductionServer` defined here
[INFO] [stdout]     |
[INFO] [stdout] help: use struct literal syntax instead
[INFO] [stdout]     |
[INFO] [stdout] 9   |     gusto_api::RootProductionServer {}
[INFO] [stdout]     |
[INFO] [stdout] help: consider importing this tuple variant instead
[INFO] [stdout]     |
[INFO] [stdout] 2   | use gusto_api::RootDefaultServers::RootProductionServer;
[INFO] [stdout]     |
[INFO] [stdout] help: if you import `RootProductionServer`, refer to it directly
[INFO] [stdout]     |
[INFO] [stdout] 9   -     gusto_api::RootProductionServer
[INFO] [stdout] 9   +     RootProductionServer
[INFO] [stdout]     |
[INFO] [stdout] 
[INFO] [stdout] error: aborting due to previous error
[INFO] [stdout] 
[INFO] [stdout] For more information about this error, try `rustc --explain E0423`.
[INFO] [stdout] Couldn't compile the test.
[INFO] [stdout] ---- src/lib.rs - (line 77) stdout ----
[INFO] [stdout] error[E0423]: expected value, found struct `gusto_api::RootProductionServer`
[INFO] [stdout]    --> src/lib.rs:81:50
[INFO] [stdout]     |
[INFO] [stdout] 7   |     let mut gusto = Client::new_from_env("", "", gusto_api::RootProductionServer);
[INFO] [stdout]     |                                                  ^^^^^^^^^^^^^^^^^^^^^^^^^^^^^^^
[INFO] [stdout]     |
[INFO] [stdout]    ::: /opt/rustwide/workdir/src/lib.rs:195:1
[INFO] [stdout]     |
[INFO] [stdout] 195 | pub struct RootProductionServer {}
[INFO] [stdout]     | ------------------------------- `gusto_api::RootProductionServer` defined here
[INFO] [stdout]     |
[INFO] [stdout] help: use struct literal syntax instead
[INFO] [stdout]     |
[INFO] [stdout] 7   |     let mut gusto = Client::new_from_env("", "", gusto_api::RootProductionServer {});
[INFO] [stdout]     |                                                  ~~~~~~~~~~~~~~~~~~~~~~~~~~~~~~~~~~
[INFO] [stdout] help: consider importing this tuple variant instead
[INFO] [stdout]     |
[INFO] [stdout] 2   | use gusto_api::RootDefaultServers::RootProductionServer;
[INFO] [stdout]     |
[INFO] [stdout] help: if you import `RootProductionServer`, refer to it directly
[INFO] [stdout]     |
[INFO] [stdout] 7   -     let mut gusto = Client::new_from_env("", "", gusto_api::RootProductionServer);
[INFO] [stdout] 7   +     let mut gusto = Client::new_from_env("", "", RootProductionServer);
[INFO] [stdout]     |
[INFO] [stdout] 
[INFO] [stdout] error: aborting due to previous error
[INFO] [stdout] 
[INFO] [stdout] For more information about this error, try `rustc --explain E0423`.
[INFO] [stdout] Couldn't compile the test.
[INFO] [stdout] ---- src/lib.rs - (line 40) stdout ----
[INFO] [stdout] error[E0423]: expected value, found struct `gusto_api::RootProductionServer`
[INFO] [stdout]    --> src/lib.rs:49:5
[INFO] [stdout]     |
[INFO] [stdout] 12  |     gusto_api::RootProductionServer
[INFO] [stdout]     |     ^^^^^^^^^^^^^^^^^^^^^^^^^^^^^^^
[INFO] [stdout]     |
[INFO] [stdout]    ::: /opt/rustwide/workdir/src/lib.rs:195:1
[INFO] [stdout]     |
[INFO] [stdout] 195 | pub struct RootProductionServer {}
[INFO] [stdout]     | ------------------------------- `gusto_api::RootProductionServer` defined here
[INFO] [stdout]     |
[INFO] [stdout] help: use struct literal syntax instead
[INFO] [stdout]     |
[INFO] [stdout] 12  |     gusto_api::RootProductionServer {}
[INFO] [stdout]     |
[INFO] [stdout] help: consider importing this tuple variant instead
[INFO] [stdout]     |
[INFO] [stdout] 2   | use gusto_api::RootDefaultServers::RootProductionServer;
[INFO] [stdout]     |
[INFO] [stdout] help: if you import `RootProductionServer`, refer to it directly
[INFO] [stdout]     |
[INFO] [stdout] 12  -     gusto_api::RootProductionServer
[INFO] [stdout] 12  +     RootProductionServer
[INFO] [stdout]     |
[INFO] [stdout] 
[INFO] [stdout] error: aborting due to previous error
[INFO] [stdout] 
[INFO] [stdout] For more information about this error, try `rustc --explain E0423`.
[INFO] [stdout] Couldn't compile the test.
[INFO] [stdout] 
[INFO] [stdout] failures:
[INFO] [stdout]     src/companies.rs - companies::Companies::post_partner_managed (line 65)
[INFO] [stdout]     src/companies.rs - companies::Companies::post_provision (line 105)
[INFO] [stdout]     src/lib.rs - (line 40)
[INFO] [stdout]     src/lib.rs - (line 62)
[INFO] [stdout]     src/lib.rs - (line 77)
[INFO] [stdout] 
[INFO] [stdout] test result: FAILED. 0 passed; 5 failed; 0 ignored; 0 measured; 0 filtered out; finished in 0.27s
[INFO] [stdout] 
[INFO] [stderr] error: doctest failed, to rerun pass `--doc`
[INFO] running `Command { std: "docker" "inspect" "cf3f3dc5941ef89c6e2f232280570bf0fade47ad02c701461be40ef35f8e2a42", kill_on_drop: false }`
[INFO] running `Command { std: "docker" "rm" "-f" "cf3f3dc5941ef89c6e2f232280570bf0fade47ad02c701461be40ef35f8e2a42", kill_on_drop: false }`
[INFO] [stdout] cf3f3dc5941ef89c6e2f232280570bf0fade47ad02c701461be40ef35f8e2a42
