[INFO] fetching crate guido_rbx_xml 0.12.5...
[INFO] testing guido_rbx_xml-0.12.5 against 1.69.0 for beta-1.70-1
[INFO] extracting crate guido_rbx_xml 0.12.5 into /workspace/builds/worker-1-tc1/source
[INFO] validating manifest of crates.io crate guido_rbx_xml 0.12.5 on toolchain 1.69.0
[INFO] running `Command { std: CARGO_HOME="/workspace/cargo-home" RUSTUP_HOME="/workspace/rustup-home" "/workspace/cargo-home/bin/cargo" "+1.69.0" "metadata" "--manifest-path" "Cargo.toml" "--no-deps", kill_on_drop: false }`
[INFO] started tweaking crates.io crate guido_rbx_xml 0.12.5
[INFO] finished tweaking crates.io crate guido_rbx_xml 0.12.5
[INFO] tweaked toml for crates.io crate guido_rbx_xml 0.12.5 written to /workspace/builds/worker-1-tc1/source/Cargo.toml
[INFO] running `Command { std: CARGO_HOME="/workspace/cargo-home" RUSTUP_HOME="/workspace/rustup-home" __CARGO_TEST_CHANNEL_OVERRIDE_DO_NOT_USE_THIS="nightly" "/workspace/cargo-home/bin/cargo" "+1.69.0" "generate-lockfile" "--manifest-path" "Cargo.toml" "-Zno-index-update", kill_on_drop: false }`
[INFO] running `Command { std: CARGO_HOME="/workspace/cargo-home" RUSTUP_HOME="/workspace/rustup-home" "/workspace/cargo-home/bin/cargo" "+1.69.0" "fetch" "--manifest-path" "Cargo.toml", kill_on_drop: false }`
[INFO] [stderr]     Blocking waiting for file lock on package cache
[INFO] [stderr]  Downloading crates ...
[INFO] [stderr]   Downloaded rbx_dom_weak v2.4.0
[INFO] [stderr]   Downloaded guido_rbx_reflection_database v0.2.6+roblox-557
[INFO] running `Command { std: "docker" "create" "-v" "/var/lib/crater-agent-workspace/builds/worker-1-tc1/target:/opt/rustwide/target:rw,Z" "-v" "/var/lib/crater-agent-workspace/builds/worker-1-tc1/source:/opt/rustwide/workdir:ro,Z" "-v" "/var/lib/crater-agent-workspace/cargo-home:/opt/rustwide/cargo-home:ro,Z" "-v" "/var/lib/crater-agent-workspace/rustup-home:/opt/rustwide/rustup-home:ro,Z" "-e" "SOURCE_DIR=/opt/rustwide/workdir" "-e" "CARGO_TARGET_DIR=/opt/rustwide/target" "-e" "CARGO_HOME=/opt/rustwide/cargo-home" "-e" "RUSTUP_HOME=/opt/rustwide/rustup-home" "-w" "/opt/rustwide/workdir" "-m" "1610612736" "--user" "0:0" "--network" "none" "ghcr.io/rust-lang/crates-build-env/linux@sha256:5ff2268d62e97bff2cde7d5815dd6ed5b47097566f13b8d0ca110b04b60e07ed" "/opt/rustwide/cargo-home/bin/cargo" "+1.69.0" "metadata" "--no-deps" "--format-version=1", kill_on_drop: false }`
[INFO] [stdout] 03e94c3a781e916670aa8d961d9d3d1976b674a7e8d449be61aa9e986ca5df34
[INFO] running `Command { std: "docker" "start" "-a" "03e94c3a781e916670aa8d961d9d3d1976b674a7e8d449be61aa9e986ca5df34", kill_on_drop: false }`
[INFO] running `Command { std: "docker" "inspect" "03e94c3a781e916670aa8d961d9d3d1976b674a7e8d449be61aa9e986ca5df34", kill_on_drop: false }`
[INFO] running `Command { std: "docker" "rm" "-f" "03e94c3a781e916670aa8d961d9d3d1976b674a7e8d449be61aa9e986ca5df34", kill_on_drop: false }`
[INFO] [stdout] 03e94c3a781e916670aa8d961d9d3d1976b674a7e8d449be61aa9e986ca5df34
[INFO] running `Command { std: "docker" "create" "-v" "/var/lib/crater-agent-workspace/builds/worker-1-tc1/target:/opt/rustwide/target:rw,Z" "-v" "/var/lib/crater-agent-workspace/builds/worker-1-tc1/source:/opt/rustwide/workdir:ro,Z" "-v" "/var/lib/crater-agent-workspace/cargo-home:/opt/rustwide/cargo-home:ro,Z" "-v" "/var/lib/crater-agent-workspace/rustup-home:/opt/rustwide/rustup-home:ro,Z" "-e" "SOURCE_DIR=/opt/rustwide/workdir" "-e" "CARGO_TARGET_DIR=/opt/rustwide/target" "-e" "CARGO_INCREMENTAL=0" "-e" "RUST_BACKTRACE=full" "-e" "RUSTFLAGS=--cap-lints=warn" "-e" "RUSTDOCFLAGS=--cap-lints=warn" "-e" "CARGO_HOME=/opt/rustwide/cargo-home" "-e" "RUSTUP_HOME=/opt/rustwide/rustup-home" "-w" "/opt/rustwide/workdir" "-m" "1610612736" "--user" "0:0" "--network" "none" "ghcr.io/rust-lang/crates-build-env/linux@sha256:5ff2268d62e97bff2cde7d5815dd6ed5b47097566f13b8d0ca110b04b60e07ed" "/opt/rustwide/cargo-home/bin/cargo" "+1.69.0" "build" "--frozen" "--message-format=json", kill_on_drop: false }`
[INFO] [stdout] 7979c5bff8fc9894d27d080d93f8443c1a5cc1a8b7a986280b91bfd36a083259
[INFO] running `Command { std: "docker" "start" "-a" "7979c5bff8fc9894d27d080d93f8443c1a5cc1a8b7a986280b91bfd36a083259", kill_on_drop: false }`
[INFO] [stderr]    Compiling typenum v1.16.0
[INFO] [stderr]    Compiling serde_derive v1.0.160
[INFO] [stderr]    Compiling serde v1.0.160
[INFO] [stderr]    Compiling cc v1.0.79
[INFO] [stderr]    Compiling ppv-lite86 v0.2.17
[INFO] [stderr]    Compiling subtle v2.4.1
[INFO] [stderr]    Compiling arrayref v0.3.7
[INFO] [stderr]    Compiling generic-array v0.14.7
[INFO] [stderr]    Compiling num-traits v0.2.15
[INFO] [stderr]    Compiling constant_time_eq v0.2.5
[INFO] [stderr]    Compiling arrayvec v0.7.2
[INFO] [stderr]    Compiling base64 v0.13.1
[INFO] [stderr]    Compiling lazy_static v1.4.0
[INFO] [stderr]    Compiling getrandom v0.2.9
[INFO] [stderr]    Compiling byteorder v1.4.3
[INFO] [stderr]    Compiling thiserror v1.0.40
[INFO] [stderr]    Compiling xml-rs v0.8.4
[INFO] [stderr]    Compiling rand_core v0.6.4
[INFO] [stderr]    Compiling rand_chacha v0.3.1
[INFO] [stderr]    Compiling rand v0.8.5
[INFO] [stderr]    Compiling blake3 v1.3.3
[INFO] [stderr]    Compiling rmp v0.8.11
[INFO] [stderr]    Compiling crypto-common v0.1.6
[INFO] [stderr]    Compiling block-buffer v0.10.4
[INFO] [stderr]    Compiling digest v0.10.6
[INFO] [stderr]    Compiling rbx_types v1.5.0
[INFO] [stderr]    Compiling rmp-serde v0.14.4
[INFO] [stderr]    Compiling rbx_reflection v4.2.0
[INFO] [stderr]    Compiling rbx_dom_weak v2.4.0
[INFO] [stderr]    Compiling guido_rbx_reflection_database v0.2.6+roblox-557
[INFO] [stderr]    Compiling guido_rbx_xml v0.12.5 (/opt/rustwide/workdir)
[INFO] [stderr]     Finished dev [unoptimized + debuginfo] target(s) in 11.73s
[INFO] running `Command { std: "docker" "inspect" "7979c5bff8fc9894d27d080d93f8443c1a5cc1a8b7a986280b91bfd36a083259", kill_on_drop: false }`
[INFO] running `Command { std: "docker" "rm" "-f" "7979c5bff8fc9894d27d080d93f8443c1a5cc1a8b7a986280b91bfd36a083259", kill_on_drop: false }`
[INFO] [stdout] 7979c5bff8fc9894d27d080d93f8443c1a5cc1a8b7a986280b91bfd36a083259
[INFO] running `Command { std: "docker" "create" "-v" "/var/lib/crater-agent-workspace/builds/worker-1-tc1/target:/opt/rustwide/target:rw,Z" "-v" "/var/lib/crater-agent-workspace/builds/worker-1-tc1/source:/opt/rustwide/workdir:ro,Z" "-v" "/var/lib/crater-agent-workspace/cargo-home:/opt/rustwide/cargo-home:ro,Z" "-v" "/var/lib/crater-agent-workspace/rustup-home:/opt/rustwide/rustup-home:ro,Z" "-e" "SOURCE_DIR=/opt/rustwide/workdir" "-e" "CARGO_TARGET_DIR=/opt/rustwide/target" "-e" "CARGO_INCREMENTAL=0" "-e" "RUST_BACKTRACE=full" "-e" "RUSTFLAGS=--cap-lints=warn" "-e" "RUSTDOCFLAGS=--cap-lints=warn" "-e" "CARGO_HOME=/opt/rustwide/cargo-home" "-e" "RUSTUP_HOME=/opt/rustwide/rustup-home" "-w" "/opt/rustwide/workdir" "-m" "1610612736" "--user" "0:0" "--network" "none" "ghcr.io/rust-lang/crates-build-env/linux@sha256:5ff2268d62e97bff2cde7d5815dd6ed5b47097566f13b8d0ca110b04b60e07ed" "/opt/rustwide/cargo-home/bin/cargo" "+1.69.0" "test" "--frozen" "--no-run" "--message-format=json", kill_on_drop: false }`
[INFO] [stdout] 39005a8815f2cbcbd0eac6cf7c0c0760795ed478094b3b9dac995ce369321807
[INFO] running `Command { std: "docker" "start" "-a" "39005a8815f2cbcbd0eac6cf7c0c0760795ed478094b3b9dac995ce369321807", kill_on_drop: false }`
[INFO] [stderr]    Compiling linked-hash-map v0.5.6
[INFO] [stderr]    Compiling regex-syntax v0.7.1
[INFO] [stderr]    Compiling console v0.15.5
[INFO] [stderr]    Compiling atty v0.2.14
[INFO] [stderr]    Compiling similar v2.2.1
[INFO] [stderr]    Compiling humantime v2.1.0
[INFO] [stderr]    Compiling termcolor v1.2.0
[INFO] [stderr]    Compiling aho-corasick v1.0.1
[INFO] [stderr]    Compiling yaml-rust v0.4.5
[INFO] [stderr]    Compiling insta v1.29.0
[INFO] [stderr]    Compiling regex v1.8.1
[INFO] [stderr]    Compiling env_logger v0.9.3
[INFO] [stderr]    Compiling guido_rbx_xml v0.12.5 (/opt/rustwide/workdir)
[INFO] [stdout] error[E0433]: failed to resolve: could not find `assert_yaml_snapshot` in `insta`
[INFO] [stdout]   --> tests/test-files.rs:20:24
[INFO] [stdout]    |
[INFO] [stdout] 20 |                   insta::assert_yaml_snapshot!(viewer.view_children(&dom));
[INFO] [stdout]    |                          ^^^^^^^^^^^^^^^^^^^^ could not find `assert_yaml_snapshot` in `insta`
[INFO] [stdout] ...
[INFO] [stdout] 26 | / test_models! {
[INFO] [stdout] 27 | |     attributes: "models/attributes",
[INFO] [stdout] 28 | |     ball_socket_constraint: "models/ball-socket-constraint",
[INFO] [stdout] 29 | |     default_inserted_folder: "models/default-inserted-folder",
[INFO] [stdout] ...  |
[INFO] [stdout] 38 | |     unknown_type: "edge-cases/xml-unknown-type",
[INFO] [stdout] 39 | | }
[INFO] [stdout]    | |_- in this macro invocation
[INFO] [stdout]    |
[INFO] [stdout]    = note: this error originates in the macro `test_models` (in Nightly builds, run with -Z macro-backtrace for more info)
[INFO] [stdout] 
[INFO] [stdout] 
[INFO] [stdout] error[E0433]: failed to resolve: use of undeclared crate or module `rbx_xml`
[INFO] [stdout]   --> tests/test-files.rs:16:27
[INFO] [stdout]    |
[INFO] [stdout] 16 |                   let dom = rbx_xml::from_str_default(&contents).unwrap();
[INFO] [stdout]    |                             ^^^^^^^ use of undeclared crate or module `rbx_xml`
[INFO] [stdout] ...
[INFO] [stdout] 26 | / test_models! {
[INFO] [stdout] 27 | |     attributes: "models/attributes",
[INFO] [stdout] 28 | |     ball_socket_constraint: "models/ball-socket-constraint",
[INFO] [stdout] 29 | |     default_inserted_folder: "models/default-inserted-folder",
[INFO] [stdout] ...  |
[INFO] [stdout] 38 | |     unknown_type: "edge-cases/xml-unknown-type",
[INFO] [stdout] 39 | | }
[INFO] [stdout]    | |_- in this macro invocation
[INFO] [stdout]    |
[INFO] [stdout]    = note: this error originates in the macro `test_models` (in Nightly builds, run with -Z macro-backtrace for more info)
[INFO] [stdout] 
[INFO] [stdout] 
[INFO] [stdout] error: aborting due to 2 previous errors
[INFO] [stdout] 
[INFO] [stdout] 
[INFO] [stdout] For more information about this error, try `rustc --explain E0433`.
[INFO] [stdout] 
[INFO] [stderr] error: could not compile `guido_rbx_xml` due to 3 previous errors
[INFO] [stderr] warning: build failed, waiting for other jobs to finish...
[INFO] [stdout] error[E0433]: failed to resolve: use of undeclared crate or module `rbx_xml`
[INFO] [stdout]   --> tests/basic.rs:24:16
[INFO] [stdout]    |
[INFO] [stdout] 24 |     let tree = rbx_xml::from_str_default(document).unwrap();
[INFO] [stdout]    |                ^^^^^^^ use of undeclared crate or module `rbx_xml`
[INFO] [stdout] 
[INFO] [stdout] 
[INFO] [stdout] error[E0433]: failed to resolve: use of undeclared crate or module `rbx_xml`
[INFO] [stdout]   --> tests/basic.rs:48:15
[INFO] [stdout]    |
[INFO] [stdout] 48 |     let dom = rbx_xml::from_str_default(document).unwrap();
[INFO] [stdout]    |               ^^^^^^^ use of undeclared crate or module `rbx_xml`
[INFO] [stdout] 
[INFO] [stdout] 
[INFO] [stdout] error[E0433]: failed to resolve: use of undeclared crate or module `rbx_xml`
[INFO] [stdout]   --> tests/basic.rs:66:5
[INFO] [stdout]    |
[INFO] [stdout] 66 |     rbx_xml::to_writer_default(&mut encoded, &dom, &[dom.root_ref()]).unwrap();
[INFO] [stdout]    |     ^^^^^^^ use of undeclared crate or module `rbx_xml`
[INFO] [stdout] 
[INFO] [stdout] 
[INFO] [stdout] error[E0433]: failed to resolve: use of undeclared crate or module `rbx_xml`
[INFO] [stdout]   --> tests/basic.rs:82:5
[INFO] [stdout]    |
[INFO] [stdout] 82 |     rbx_xml::to_writer_default(&mut encoded, &dom, &[dom.root_ref()]).unwrap();
[INFO] [stdout]    |     ^^^^^^^ use of undeclared crate or module `rbx_xml`
[INFO] [stdout] 
[INFO] [stdout] 
[INFO] [stdout] error[E0433]: failed to resolve: use of undeclared crate or module `rbx_xml`
[INFO] [stdout]    --> tests/basic.rs:108:15
[INFO] [stdout]     |
[INFO] [stdout] 108 |     let dom = rbx_xml::from_str_default(document).unwrap();
[INFO] [stdout]     |               ^^^^^^^ use of undeclared crate or module `rbx_xml`
[INFO] [stdout] 
[INFO] [stdout] 
[INFO] [stdout] error: aborting due to 5 previous errors
[INFO] [stdout] 
[INFO] [stdout] 
[INFO] [stdout] For more information about this error, try `rustc --explain E0433`.
[INFO] [stdout] 
[INFO] [stderr] error: could not compile `guido_rbx_xml` due to 6 previous errors
[INFO] running `Command { std: "docker" "inspect" "39005a8815f2cbcbd0eac6cf7c0c0760795ed478094b3b9dac995ce369321807", kill_on_drop: false }`
[INFO] running `Command { std: "docker" "rm" "-f" "39005a8815f2cbcbd0eac6cf7c0c0760795ed478094b3b9dac995ce369321807", kill_on_drop: false }`
[INFO] [stdout] 39005a8815f2cbcbd0eac6cf7c0c0760795ed478094b3b9dac995ce369321807
