[INFO] fetching crate gtm-js 0.1.0...
[INFO] testing gtm-js-0.1.0 against 1.69.0 for beta-1.70-1
[INFO] extracting crate gtm-js 0.1.0 into /workspace/builds/worker-2-tc1/source
[INFO] validating manifest of crates.io crate gtm-js 0.1.0 on toolchain 1.69.0
[INFO] running `Command { std: CARGO_HOME="/workspace/cargo-home" RUSTUP_HOME="/workspace/rustup-home" "/workspace/cargo-home/bin/cargo" "+1.69.0" "metadata" "--manifest-path" "Cargo.toml" "--no-deps", kill_on_drop: false }`
[INFO] started tweaking crates.io crate gtm-js 0.1.0
[INFO] finished tweaking crates.io crate gtm-js 0.1.0
[INFO] tweaked toml for crates.io crate gtm-js 0.1.0 written to /workspace/builds/worker-2-tc1/source/Cargo.toml
[INFO] running `Command { std: CARGO_HOME="/workspace/cargo-home" RUSTUP_HOME="/workspace/rustup-home" __CARGO_TEST_CHANNEL_OVERRIDE_DO_NOT_USE_THIS="nightly" "/workspace/cargo-home/bin/cargo" "+1.69.0" "generate-lockfile" "--manifest-path" "Cargo.toml" "-Zno-index-update", kill_on_drop: false }`
[INFO] running `Command { std: CARGO_HOME="/workspace/cargo-home" RUSTUP_HOME="/workspace/rustup-home" "/workspace/cargo-home/bin/cargo" "+1.69.0" "fetch" "--manifest-path" "Cargo.toml", kill_on_drop: false }`
[INFO] [stderr]  Downloading crates ...
[INFO] [stderr]   Downloaded gtm-js-sys v0.1.0
[INFO] running `Command { std: "docker" "create" "-v" "/var/lib/crater-agent-workspace/builds/worker-2-tc1/target:/opt/rustwide/target:rw,Z" "-v" "/var/lib/crater-agent-workspace/builds/worker-2-tc1/source:/opt/rustwide/workdir:ro,Z" "-v" "/var/lib/crater-agent-workspace/cargo-home:/opt/rustwide/cargo-home:ro,Z" "-v" "/var/lib/crater-agent-workspace/rustup-home:/opt/rustwide/rustup-home:ro,Z" "-e" "SOURCE_DIR=/opt/rustwide/workdir" "-e" "CARGO_TARGET_DIR=/opt/rustwide/target" "-e" "CARGO_HOME=/opt/rustwide/cargo-home" "-e" "RUSTUP_HOME=/opt/rustwide/rustup-home" "-w" "/opt/rustwide/workdir" "-m" "1610612736" "--user" "0:0" "--network" "none" "ghcr.io/rust-lang/crates-build-env/linux@sha256:5ff2268d62e97bff2cde7d5815dd6ed5b47097566f13b8d0ca110b04b60e07ed" "/opt/rustwide/cargo-home/bin/cargo" "+1.69.0" "metadata" "--no-deps" "--format-version=1", kill_on_drop: false }`
[INFO] [stdout] 18075feb9e2dea1e65cd05a8349eaff3850bf68082d853eb6a97503001f43f22
[INFO] running `Command { std: "docker" "start" "-a" "18075feb9e2dea1e65cd05a8349eaff3850bf68082d853eb6a97503001f43f22", kill_on_drop: false }`
[INFO] running `Command { std: "docker" "inspect" "18075feb9e2dea1e65cd05a8349eaff3850bf68082d853eb6a97503001f43f22", kill_on_drop: false }`
[INFO] running `Command { std: "docker" "rm" "-f" "18075feb9e2dea1e65cd05a8349eaff3850bf68082d853eb6a97503001f43f22", kill_on_drop: false }`
[INFO] [stdout] 18075feb9e2dea1e65cd05a8349eaff3850bf68082d853eb6a97503001f43f22
[INFO] running `Command { std: "docker" "create" "-v" "/var/lib/crater-agent-workspace/builds/worker-2-tc1/target:/opt/rustwide/target:rw,Z" "-v" "/var/lib/crater-agent-workspace/builds/worker-2-tc1/source:/opt/rustwide/workdir:ro,Z" "-v" "/var/lib/crater-agent-workspace/cargo-home:/opt/rustwide/cargo-home:ro,Z" "-v" "/var/lib/crater-agent-workspace/rustup-home:/opt/rustwide/rustup-home:ro,Z" "-e" "SOURCE_DIR=/opt/rustwide/workdir" "-e" "CARGO_TARGET_DIR=/opt/rustwide/target" "-e" "CARGO_INCREMENTAL=0" "-e" "RUST_BACKTRACE=full" "-e" "RUSTFLAGS=--cap-lints=warn" "-e" "RUSTDOCFLAGS=--cap-lints=warn" "-e" "CARGO_HOME=/opt/rustwide/cargo-home" "-e" "RUSTUP_HOME=/opt/rustwide/rustup-home" "-w" "/opt/rustwide/workdir" "-m" "1610612736" "--user" "0:0" "--network" "none" "ghcr.io/rust-lang/crates-build-env/linux@sha256:5ff2268d62e97bff2cde7d5815dd6ed5b47097566f13b8d0ca110b04b60e07ed" "/opt/rustwide/cargo-home/bin/cargo" "+1.69.0" "build" "--frozen" "--message-format=json", kill_on_drop: false }`
[INFO] [stdout] eca97b37731a1f3f1d7141af654a4833f0a7a9007447e91ef82d391a08a91800
[INFO] running `Command { std: "docker" "start" "-a" "eca97b37731a1f3f1d7141af654a4833f0a7a9007447e91ef82d391a08a91800", kill_on_drop: false }`
[INFO] [stderr]    Compiling proc-macro2 v1.0.56
[INFO] [stderr]    Compiling syn v1.0.109
[INFO] [stderr]    Compiling wasm-bindgen-shared v0.2.84
[INFO] [stderr]    Compiling bumpalo v3.12.1
[INFO] [stderr]    Compiling wasm-bindgen v0.2.84
[INFO] [stderr]    Compiling log v0.4.17
[INFO] [stderr]    Compiling serde_json v1.0.96
[INFO] [stderr]    Compiling quote v1.0.26
[INFO] [stderr]    Compiling wasm-bindgen-backend v0.2.84
[INFO] [stderr]    Compiling wasm-bindgen-macro-support v0.2.84
[INFO] [stderr]    Compiling wasm-bindgen-macro v0.2.84
[INFO] [stderr]    Compiling gtm-js-sys v0.1.0
[INFO] [stderr]    Compiling gtm-js v0.1.0 (/opt/rustwide/workdir)
[INFO] [stdout] warning: use of deprecated associated function `wasm_bindgen::JsValue::from_serde`: causes dependency cycles, use `serde-wasm-bindgen` or `gloo_utils::format::JsValueSerdeExt` instead
[INFO] [stdout]   --> src/lib.rs:45:32
[INFO] [stdout]    |
[INFO] [stdout] 45 |     gtm_js_sys::push(&JsValue::from_serde(vars)?);
[INFO] [stdout]    |                                ^^^^^^^^^^
[INFO] [stdout]    |
[INFO] [stdout]    = note: `#[warn(deprecated)]` on by default
[INFO] [stdout] 
[INFO] [stdout] 
[INFO] [stderr]     Finished dev [unoptimized + debuginfo] target(s) in 12.13s
[INFO] [stdout] warning: 1 warning emitted
[INFO] [stdout] 
[INFO] [stdout] 
[INFO] running `Command { std: "docker" "inspect" "eca97b37731a1f3f1d7141af654a4833f0a7a9007447e91ef82d391a08a91800", kill_on_drop: false }`
[INFO] running `Command { std: "docker" "rm" "-f" "eca97b37731a1f3f1d7141af654a4833f0a7a9007447e91ef82d391a08a91800", kill_on_drop: false }`
[INFO] [stdout] eca97b37731a1f3f1d7141af654a4833f0a7a9007447e91ef82d391a08a91800
[INFO] running `Command { std: "docker" "create" "-v" "/var/lib/crater-agent-workspace/builds/worker-2-tc1/target:/opt/rustwide/target:rw,Z" "-v" "/var/lib/crater-agent-workspace/builds/worker-2-tc1/source:/opt/rustwide/workdir:ro,Z" "-v" "/var/lib/crater-agent-workspace/cargo-home:/opt/rustwide/cargo-home:ro,Z" "-v" "/var/lib/crater-agent-workspace/rustup-home:/opt/rustwide/rustup-home:ro,Z" "-e" "SOURCE_DIR=/opt/rustwide/workdir" "-e" "CARGO_TARGET_DIR=/opt/rustwide/target" "-e" "CARGO_INCREMENTAL=0" "-e" "RUST_BACKTRACE=full" "-e" "RUSTFLAGS=--cap-lints=warn" "-e" "RUSTDOCFLAGS=--cap-lints=warn" "-e" "CARGO_HOME=/opt/rustwide/cargo-home" "-e" "RUSTUP_HOME=/opt/rustwide/rustup-home" "-w" "/opt/rustwide/workdir" "-m" "1610612736" "--user" "0:0" "--network" "none" "ghcr.io/rust-lang/crates-build-env/linux@sha256:5ff2268d62e97bff2cde7d5815dd6ed5b47097566f13b8d0ca110b04b60e07ed" "/opt/rustwide/cargo-home/bin/cargo" "+1.69.0" "test" "--frozen" "--no-run" "--message-format=json", kill_on_drop: false }`
[INFO] [stdout] 682c930c7766a7027657b76855ad36c14e0596e0b4a1bb9c1665e9997c90936a
[INFO] running `Command { std: "docker" "start" "-a" "682c930c7766a7027657b76855ad36c14e0596e0b4a1bb9c1665e9997c90936a", kill_on_drop: false }`
[INFO] [stderr]    Compiling gtm-js v0.1.0 (/opt/rustwide/workdir)
[INFO] [stdout] warning: use of deprecated associated function `wasm_bindgen::JsValue::from_serde`: causes dependency cycles, use `serde-wasm-bindgen` or `gloo_utils::format::JsValueSerdeExt` instead
[INFO] [stdout]   --> src/lib.rs:45:32
[INFO] [stdout]    |
[INFO] [stdout] 45 |     gtm_js_sys::push(&JsValue::from_serde(vars)?);
[INFO] [stdout]    |                                ^^^^^^^^^^
[INFO] [stdout]    |
[INFO] [stdout]    = note: `#[warn(deprecated)]` on by default
[INFO] [stdout] 
[INFO] [stdout] 
[INFO] [stdout] warning: 1 warning emitted
[INFO] [stdout] 
[INFO] [stdout] 
[INFO] [stdout] warning: use of deprecated associated function `wasm_bindgen::JsValue::from_serde`: causes dependency cycles, use `serde-wasm-bindgen` or `gloo_utils::format::JsValueSerdeExt` instead
[INFO] [stdout]   --> src/lib.rs:45:32
[INFO] [stdout]    |
[INFO] [stdout] 45 |     gtm_js_sys::push(&JsValue::from_serde(vars)?);
[INFO] [stdout]    |                                ^^^^^^^^^^
[INFO] [stdout]    |
[INFO] [stdout]    = note: `#[warn(deprecated)]` on by default
[INFO] [stdout] 
[INFO] [stdout] 
[INFO] [stdout] warning: 1 warning emitted
[INFO] [stdout] 
[INFO] [stdout] 
[INFO] [stderr]     Finished test [unoptimized + debuginfo] target(s) in 0.56s
[INFO] running `Command { std: "docker" "inspect" "682c930c7766a7027657b76855ad36c14e0596e0b4a1bb9c1665e9997c90936a", kill_on_drop: false }`
[INFO] running `Command { std: "docker" "rm" "-f" "682c930c7766a7027657b76855ad36c14e0596e0b4a1bb9c1665e9997c90936a", kill_on_drop: false }`
[INFO] [stdout] 682c930c7766a7027657b76855ad36c14e0596e0b4a1bb9c1665e9997c90936a
[INFO] running `Command { std: "docker" "create" "-v" "/var/lib/crater-agent-workspace/builds/worker-2-tc1/target:/opt/rustwide/target:rw,Z" "-v" "/var/lib/crater-agent-workspace/builds/worker-2-tc1/source:/opt/rustwide/workdir:ro,Z" "-v" "/var/lib/crater-agent-workspace/cargo-home:/opt/rustwide/cargo-home:ro,Z" "-v" "/var/lib/crater-agent-workspace/rustup-home:/opt/rustwide/rustup-home:ro,Z" "-e" "SOURCE_DIR=/opt/rustwide/workdir" "-e" "CARGO_TARGET_DIR=/opt/rustwide/target" "-e" "CARGO_INCREMENTAL=0" "-e" "RUST_BACKTRACE=full" "-e" "RUSTFLAGS=--cap-lints=warn" "-e" "RUSTDOCFLAGS=--cap-lints=warn" "-e" "CARGO_HOME=/opt/rustwide/cargo-home" "-e" "RUSTUP_HOME=/opt/rustwide/rustup-home" "-w" "/opt/rustwide/workdir" "-m" "1610612736" "--user" "0:0" "--network" "none" "ghcr.io/rust-lang/crates-build-env/linux@sha256:5ff2268d62e97bff2cde7d5815dd6ed5b47097566f13b8d0ca110b04b60e07ed" "/opt/rustwide/cargo-home/bin/cargo" "+1.69.0" "test" "--frozen", kill_on_drop: false }`
[INFO] [stdout] bb4cd7298bb7f98e72679ec1bb45129b416ed493d3add677c2260e02990c89b9
[INFO] running `Command { std: "docker" "start" "-a" "bb4cd7298bb7f98e72679ec1bb45129b416ed493d3add677c2260e02990c89b9", kill_on_drop: false }`
[INFO] [stderr]     Blocking waiting for file lock on package cache
[INFO] [stderr] warning: use of deprecated associated function `wasm_bindgen::JsValue::from_serde`: causes dependency cycles, use `serde-wasm-bindgen` or `gloo_utils::format::JsValueSerdeExt` instead
[INFO] [stderr]   --> src/lib.rs:45:32
[INFO] [stderr]    |
[INFO] [stderr] 45 |     gtm_js_sys::push(&JsValue::from_serde(vars)?);
[INFO] [stderr]    |                                ^^^^^^^^^^
[INFO] [stderr]    |
[INFO] [stderr]    = note: `#[warn(deprecated)]` on by default
[INFO] [stderr] 
[INFO] [stderr] warning: `gtm-js` (lib) generated 1 warning
[INFO] [stderr] warning: `gtm-js` (lib test) generated 1 warning (1 duplicate)
[INFO] [stderr]     Finished test [unoptimized + debuginfo] target(s) in 0.04s
[INFO] [stderr]      Running unittests src/lib.rs (/opt/rustwide/target/debug/deps/gtm_js-9757e7fa32abc544)
[INFO] [stdout] 
[INFO] [stdout] running 0 tests
[INFO] [stdout] 
[INFO] [stdout] test result: ok. 0 passed; 0 failed; 0 ignored; 0 measured; 0 filtered out; finished in 0.00s
[INFO] [stdout] 
[INFO] [stderr]    Doc-tests gtm-js
[INFO] [stdout] 
[INFO] [stdout] running 2 tests
[INFO] [stdout] test src/lib.rs - push (line 36) ... FAILED
[INFO] [stderr] error: doctest failed, to rerun pass `--doc`
[INFO] [stdout] test src/lib.rs - push (line 20) ... FAILED
[INFO] [stdout] 
[INFO] [stdout] failures:
[INFO] [stdout] 
[INFO] [stdout] ---- src/lib.rs - push (line 36) stdout ----
[INFO] [stdout] error: cannot find macro `json` in this scope
[INFO] [stdout]  --> src/lib.rs:37:1
[INFO] [stdout]   |
[INFO] [stdout] 3 | json!({
[INFO] [stdout]   | ^^^^
[INFO] [stdout]   |
[INFO] [stdout]   = help: consider importing this macro:
[INFO] [stdout]           serde_json::json
[INFO] [stdout] 
[INFO] [stdout] error: aborting due to previous error
[INFO] [stdout] 
[INFO] [stdout] Couldn't compile the test.
[INFO] [stdout] ---- src/lib.rs - push (line 20) stdout ----
[INFO] [stdout] error: cannot find derive macro `Serialize` in this scope
[INFO] [stdout]  --> src/lib.rs:21:10
[INFO] [stdout]   |
[INFO] [stdout] 3 | #[derive(Serialize)]
[INFO] [stdout]   |          ^^^^^^^^^
[INFO] [stdout] 
[INFO] [stdout] error[E0308]: mismatched types
[INFO] [stdout]   --> src/lib.rs:30:20
[INFO] [stdout]    |
[INFO] [stdout] 12 |             event: "custom-page-view",
[INFO] [stdout]    |                    ^^^^^^^^^^^^^^^^^^- help: try using a conversion method: `.to_string()`
[INFO] [stdout]    |                    |
[INFO] [stdout]    |                    expected `String`, found `&str`
[INFO] [stdout] 
[INFO] [stdout] error: aborting due to 2 previous errors
[INFO] [stdout] 
[INFO] [stdout] For more information about this error, try `rustc --explain E0308`.
[INFO] [stdout] Couldn't compile the test.
[INFO] [stdout] 
[INFO] [stdout] failures:
[INFO] [stdout]     src/lib.rs - push (line 20)
[INFO] [stdout]     src/lib.rs - push (line 36)
[INFO] [stdout] 
[INFO] [stdout] test result: FAILED. 0 passed; 2 failed; 0 ignored; 0 measured; 0 filtered out; finished in 0.15s
[INFO] [stdout] 
[INFO] running `Command { std: "docker" "inspect" "bb4cd7298bb7f98e72679ec1bb45129b416ed493d3add677c2260e02990c89b9", kill_on_drop: false }`
[INFO] running `Command { std: "docker" "rm" "-f" "bb4cd7298bb7f98e72679ec1bb45129b416ed493d3add677c2260e02990c89b9", kill_on_drop: false }`
[INFO] [stdout] bb4cd7298bb7f98e72679ec1bb45129b416ed493d3add677c2260e02990c89b9
