[INFO] fetching crate gst-client 0.1.2...
[INFO] testing gst-client-0.1.2 against 1.69.0 for beta-1.70-1
[INFO] extracting crate gst-client 0.1.2 into /workspace/builds/worker-0-tc1/source
[INFO] validating manifest of crates.io crate gst-client 0.1.2 on toolchain 1.69.0
[INFO] running `Command { std: CARGO_HOME="/workspace/cargo-home" RUSTUP_HOME="/workspace/rustup-home" "/workspace/cargo-home/bin/cargo" "+1.69.0" "metadata" "--manifest-path" "Cargo.toml" "--no-deps", kill_on_drop: false }`
[INFO] started tweaking crates.io crate gst-client 0.1.2
[INFO] finished tweaking crates.io crate gst-client 0.1.2
[INFO] tweaked toml for crates.io crate gst-client 0.1.2 written to /workspace/builds/worker-0-tc1/source/Cargo.toml
[INFO] running `Command { std: CARGO_HOME="/workspace/cargo-home" RUSTUP_HOME="/workspace/rustup-home" __CARGO_TEST_CHANNEL_OVERRIDE_DO_NOT_USE_THIS="nightly" "/workspace/cargo-home/bin/cargo" "+1.69.0" "generate-lockfile" "--manifest-path" "Cargo.toml" "-Zno-index-update", kill_on_drop: false }`
[INFO] running `Command { std: CARGO_HOME="/workspace/cargo-home" RUSTUP_HOME="/workspace/rustup-home" "/workspace/cargo-home/bin/cargo" "+1.69.0" "fetch" "--manifest-path" "Cargo.toml", kill_on_drop: false }`
[INFO] [stderr]  Downloading crates ...
[INFO] [stderr]   Downloaded mime_serde_shim v0.2.2
[INFO] running `Command { std: "docker" "create" "-v" "/var/lib/crater-agent-workspace/builds/worker-0-tc1/target:/opt/rustwide/target:rw,Z" "-v" "/var/lib/crater-agent-workspace/builds/worker-0-tc1/source:/opt/rustwide/workdir:ro,Z" "-v" "/var/lib/crater-agent-workspace/cargo-home:/opt/rustwide/cargo-home:ro,Z" "-v" "/var/lib/crater-agent-workspace/rustup-home:/opt/rustwide/rustup-home:ro,Z" "-e" "SOURCE_DIR=/opt/rustwide/workdir" "-e" "CARGO_TARGET_DIR=/opt/rustwide/target" "-e" "CARGO_HOME=/opt/rustwide/cargo-home" "-e" "RUSTUP_HOME=/opt/rustwide/rustup-home" "-w" "/opt/rustwide/workdir" "-m" "1610612736" "--user" "0:0" "--network" "none" "ghcr.io/rust-lang/crates-build-env/linux@sha256:5ff2268d62e97bff2cde7d5815dd6ed5b47097566f13b8d0ca110b04b60e07ed" "/opt/rustwide/cargo-home/bin/cargo" "+1.69.0" "metadata" "--no-deps" "--format-version=1", kill_on_drop: false }`
[INFO] [stdout] c8f47b2645583e8f475047bdd0cf9506bc44863a8aeecf93629435b07f224116
[INFO] running `Command { std: "docker" "start" "-a" "c8f47b2645583e8f475047bdd0cf9506bc44863a8aeecf93629435b07f224116", kill_on_drop: false }`
[INFO] running `Command { std: "docker" "inspect" "c8f47b2645583e8f475047bdd0cf9506bc44863a8aeecf93629435b07f224116", kill_on_drop: false }`
[INFO] running `Command { std: "docker" "rm" "-f" "c8f47b2645583e8f475047bdd0cf9506bc44863a8aeecf93629435b07f224116", kill_on_drop: false }`
[INFO] [stdout] c8f47b2645583e8f475047bdd0cf9506bc44863a8aeecf93629435b07f224116
[INFO] running `Command { std: "docker" "create" "-v" "/var/lib/crater-agent-workspace/builds/worker-0-tc1/target:/opt/rustwide/target:rw,Z" "-v" "/var/lib/crater-agent-workspace/builds/worker-0-tc1/source:/opt/rustwide/workdir:ro,Z" "-v" "/var/lib/crater-agent-workspace/cargo-home:/opt/rustwide/cargo-home:ro,Z" "-v" "/var/lib/crater-agent-workspace/rustup-home:/opt/rustwide/rustup-home:ro,Z" "-e" "SOURCE_DIR=/opt/rustwide/workdir" "-e" "CARGO_TARGET_DIR=/opt/rustwide/target" "-e" "CARGO_INCREMENTAL=0" "-e" "RUST_BACKTRACE=full" "-e" "RUSTFLAGS=--cap-lints=warn" "-e" "RUSTDOCFLAGS=--cap-lints=warn" "-e" "CARGO_HOME=/opt/rustwide/cargo-home" "-e" "RUSTUP_HOME=/opt/rustwide/rustup-home" "-w" "/opt/rustwide/workdir" "-m" "1610612736" "--user" "0:0" "--network" "none" "ghcr.io/rust-lang/crates-build-env/linux@sha256:5ff2268d62e97bff2cde7d5815dd6ed5b47097566f13b8d0ca110b04b60e07ed" "/opt/rustwide/cargo-home/bin/cargo" "+1.69.0" "build" "--frozen" "--message-format=json", kill_on_drop: false }`
[INFO] [stdout] 42f3361d889ae2a098a33c8a5e3ec6fb2f8912c0f4e871ba567c4e7f1ac862f8
[INFO] running `Command { std: "docker" "start" "-a" "42f3361d889ae2a098a33c8a5e3ec6fb2f8912c0f4e871ba567c4e7f1ac862f8", kill_on_drop: false }`
[INFO] [stderr]    Compiling proc-macro2 v1.0.56
[INFO] [stderr]    Compiling libc v0.2.142
[INFO] [stderr]    Compiling log v0.4.17
[INFO] [stderr]    Compiling serde_derive v1.0.160
[INFO] [stderr]    Compiling futures-task v0.3.28
[INFO] [stderr]    Compiling openssl-sys v0.9.87
[INFO] [stderr]    Compiling tokio v1.28.0
[INFO] [stderr]    Compiling serde v1.0.160
[INFO] [stderr]    Compiling tracing-core v0.1.30
[INFO] [stderr]    Compiling openssl v0.10.52
[INFO] [stderr]    Compiling futures-util v0.3.28
[INFO] [stderr]    Compiling foreign-types-shared v0.1.1
[INFO] [stderr]    Compiling hashbrown v0.12.3
[INFO] [stderr]    Compiling futures-channel v0.3.28
[INFO] [stderr]    Compiling native-tls v0.2.11
[INFO] [stderr]    Compiling openssl-probe v0.1.5
[INFO] [stderr]    Compiling foreign-types v0.3.2
[INFO] [stderr]    Compiling syn v1.0.109
[INFO] [stderr]    Compiling serde_json v1.0.96
[INFO] [stderr]    Compiling indexmap v1.9.3
[INFO] [stderr]    Compiling tracing v0.1.37
[INFO] [stderr]    Compiling want v0.3.0
[INFO] [stderr]    Compiling quote v1.0.26
[INFO] [stderr]    Compiling socket2 v0.4.9
[INFO] [stderr]    Compiling mio v0.8.6
[INFO] [stderr]    Compiling syn v2.0.15
[INFO] [stderr]    Compiling derive_more v0.99.17
[INFO] [stderr]    Compiling openssl-macros v0.1.1
[INFO] [stderr]    Compiling serde_repr v0.1.12
[INFO] [stderr]    Compiling tokio-util v0.7.8
[INFO] [stderr]    Compiling h2 v0.3.18
[INFO] [stderr]    Compiling tokio-native-tls v0.3.1
[INFO] [stderr]    Compiling hyper v0.14.26
[INFO] [stderr]    Compiling url v2.3.1
[INFO] [stderr]    Compiling serde_urlencoded v0.7.1
[INFO] [stderr]    Compiling mime_serde_shim v0.2.2
[INFO] [stderr]    Compiling hyper-tls v0.5.0
[INFO] [stderr]    Compiling reqwest v0.11.17
[INFO] [stderr]    Compiling gst-client v0.1.2 (/opt/rustwide/workdir)
[INFO] [stderr]     Finished dev [unoptimized + debuginfo] target(s) in 19.12s
[INFO] running `Command { std: "docker" "inspect" "42f3361d889ae2a098a33c8a5e3ec6fb2f8912c0f4e871ba567c4e7f1ac862f8", kill_on_drop: false }`
[INFO] running `Command { std: "docker" "rm" "-f" "42f3361d889ae2a098a33c8a5e3ec6fb2f8912c0f4e871ba567c4e7f1ac862f8", kill_on_drop: false }`
[INFO] [stdout] 42f3361d889ae2a098a33c8a5e3ec6fb2f8912c0f4e871ba567c4e7f1ac862f8
[INFO] running `Command { std: "docker" "create" "-v" "/var/lib/crater-agent-workspace/builds/worker-0-tc1/target:/opt/rustwide/target:rw,Z" "-v" "/var/lib/crater-agent-workspace/builds/worker-0-tc1/source:/opt/rustwide/workdir:ro,Z" "-v" "/var/lib/crater-agent-workspace/cargo-home:/opt/rustwide/cargo-home:ro,Z" "-v" "/var/lib/crater-agent-workspace/rustup-home:/opt/rustwide/rustup-home:ro,Z" "-e" "SOURCE_DIR=/opt/rustwide/workdir" "-e" "CARGO_TARGET_DIR=/opt/rustwide/target" "-e" "CARGO_INCREMENTAL=0" "-e" "RUST_BACKTRACE=full" "-e" "RUSTFLAGS=--cap-lints=warn" "-e" "RUSTDOCFLAGS=--cap-lints=warn" "-e" "CARGO_HOME=/opt/rustwide/cargo-home" "-e" "RUSTUP_HOME=/opt/rustwide/rustup-home" "-w" "/opt/rustwide/workdir" "-m" "1610612736" "--user" "0:0" "--network" "none" "ghcr.io/rust-lang/crates-build-env/linux@sha256:5ff2268d62e97bff2cde7d5815dd6ed5b47097566f13b8d0ca110b04b60e07ed" "/opt/rustwide/cargo-home/bin/cargo" "+1.69.0" "test" "--frozen" "--no-run" "--message-format=json", kill_on_drop: false }`
[INFO] [stdout] afb7f4fd02898e5dd96634bbbba7ec3a4f50bfcbc625be1b5ab6d1bedef703cf
[INFO] running `Command { std: "docker" "start" "-a" "afb7f4fd02898e5dd96634bbbba7ec3a4f50bfcbc625be1b5ab6d1bedef703cf", kill_on_drop: false }`
[INFO] [stderr]     Blocking waiting for file lock on package cache
[INFO] [stderr]    Compiling tokio v1.28.0
[INFO] [stderr]    Compiling tokio-macros v2.1.0
[INFO] [stderr]    Compiling tokio-util v0.7.8
[INFO] [stderr]    Compiling tokio-native-tls v0.3.1
[INFO] [stderr]    Compiling h2 v0.3.18
[INFO] [stderr]    Compiling hyper v0.14.26
[INFO] [stderr]    Compiling hyper-tls v0.5.0
[INFO] [stderr]    Compiling reqwest v0.11.17
[INFO] [stderr]    Compiling gst-client v0.1.2 (/opt/rustwide/workdir)
[INFO] [stdout] error[E0277]: the trait bound `std::string::String: From<&&str>` is not satisfied
[INFO] [stdout]    --> src/client.rs:131:46
[INFO] [stdout]     |
[INFO] [stdout] 131 |         if let Ok(client) = GstClient::build(&BASE_URL) {
[INFO] [stdout]     |                             ---------------- ^^^^^^^^^ the trait `From<&&str>` is not implemented for `std::string::String`
[INFO] [stdout]     |                             |
[INFO] [stdout]     |                             required by a bound introduced by this call
[INFO] [stdout]     |
[INFO] [stdout]     = note: required for `&&str` to implement `Into<std::string::String>`
[INFO] [stdout] note: required by a bound in `client::GstClient::build`
[INFO] [stdout]    --> src/client.rs:26:21
[INFO] [stdout]     |
[INFO] [stdout] 26  |     pub fn build<S: Into<String>>(base_url: S) -> Result<Self, Error> {
[INFO] [stdout]     |                     ^^^^^^^^^^^^ required by this bound in `GstClient::build`
[INFO] [stdout] help: consider dereferencing here
[INFO] [stdout]     |
[INFO] [stdout] 131 |         if let Ok(client) = GstClient::build(&*BASE_URL) {
[INFO] [stdout]     |                                               +
[INFO] [stdout] 
[INFO] [stdout] 
[INFO] [stdout] error[E0277]: the trait bound `std::string::String: From<&&str>` is not satisfied
[INFO] [stdout]    --> src/client.rs:140:46
[INFO] [stdout]     |
[INFO] [stdout] 140 |         if let Ok(client) = GstClient::build(&BASE_URL) {
[INFO] [stdout]     |                             ---------------- ^^^^^^^^^ the trait `From<&&str>` is not implemented for `std::string::String`
[INFO] [stdout]     |                             |
[INFO] [stdout]     |                             required by a bound introduced by this call
[INFO] [stdout]     |
[INFO] [stdout]     = note: required for `&&str` to implement `Into<std::string::String>`
[INFO] [stdout] note: required by a bound in `client::GstClient::build`
[INFO] [stdout]    --> src/client.rs:26:21
[INFO] [stdout]     |
[INFO] [stdout] 26  |     pub fn build<S: Into<String>>(base_url: S) -> Result<Self, Error> {
[INFO] [stdout]     |                     ^^^^^^^^^^^^ required by this bound in `GstClient::build`
[INFO] [stdout] help: consider dereferencing here
[INFO] [stdout]     |
[INFO] [stdout] 140 |         if let Ok(client) = GstClient::build(&*BASE_URL) {
[INFO] [stdout]     |                                               +
[INFO] [stdout] 
[INFO] [stdout] 
[INFO] [stdout] error[E0277]: the trait bound `std::string::String: From<&&str>` is not satisfied
[INFO] [stdout]    --> src/client.rs:149:46
[INFO] [stdout]     |
[INFO] [stdout] 149 |         if let Ok(client) = GstClient::build(&BASE_URL) {
[INFO] [stdout]     |                             ---------------- ^^^^^^^^^ the trait `From<&&str>` is not implemented for `std::string::String`
[INFO] [stdout]     |                             |
[INFO] [stdout]     |                             required by a bound introduced by this call
[INFO] [stdout]     |
[INFO] [stdout]     = note: required for `&&str` to implement `Into<std::string::String>`
[INFO] [stdout] note: required by a bound in `client::GstClient::build`
[INFO] [stdout]    --> src/client.rs:26:21
[INFO] [stdout]     |
[INFO] [stdout] 26  |     pub fn build<S: Into<String>>(base_url: S) -> Result<Self, Error> {
[INFO] [stdout]     |                     ^^^^^^^^^^^^ required by this bound in `GstClient::build`
[INFO] [stdout] help: consider dereferencing here
[INFO] [stdout]     |
[INFO] [stdout] 149 |         if let Ok(client) = GstClient::build(&*BASE_URL) {
[INFO] [stdout]     |                                               +
[INFO] [stdout] 
[INFO] [stdout] 
[INFO] [stdout] error[E0277]: the trait bound `std::string::String: From<&&str>` is not satisfied
[INFO] [stdout]    --> src/client.rs:157:46
[INFO] [stdout]     |
[INFO] [stdout] 157 |         if let Ok(client) = GstClient::build(&BASE_URL) {
[INFO] [stdout]     |                             ---------------- ^^^^^^^^^ the trait `From<&&str>` is not implemented for `std::string::String`
[INFO] [stdout]     |                             |
[INFO] [stdout]     |                             required by a bound introduced by this call
[INFO] [stdout]     |
[INFO] [stdout]     = note: required for `&&str` to implement `Into<std::string::String>`
[INFO] [stdout] note: required by a bound in `client::GstClient::build`
[INFO] [stdout]    --> src/client.rs:26:21
[INFO] [stdout]     |
[INFO] [stdout] 26  |     pub fn build<S: Into<String>>(base_url: S) -> Result<Self, Error> {
[INFO] [stdout]     |                     ^^^^^^^^^^^^ required by this bound in `GstClient::build`
[INFO] [stdout] help: consider dereferencing here
[INFO] [stdout]     |
[INFO] [stdout] 157 |         if let Ok(client) = GstClient::build(&*BASE_URL) {
[INFO] [stdout]     |                                               +
[INFO] [stdout] 
[INFO] [stdout] 
[INFO] [stdout] error[E0277]: the trait bound `std::string::String: From<&&str>` is not satisfied
[INFO] [stdout]    --> src/client.rs:165:46
[INFO] [stdout]     |
[INFO] [stdout] 165 |         if let Ok(client) = GstClient::build(&BASE_URL) {
[INFO] [stdout]     |                             ---------------- ^^^^^^^^^ the trait `From<&&str>` is not implemented for `std::string::String`
[INFO] [stdout]     |                             |
[INFO] [stdout]     |                             required by a bound introduced by this call
[INFO] [stdout]     |
[INFO] [stdout]     = note: required for `&&str` to implement `Into<std::string::String>`
[INFO] [stdout] note: required by a bound in `client::GstClient::build`
[INFO] [stdout]    --> src/client.rs:26:21
[INFO] [stdout]     |
[INFO] [stdout] 26  |     pub fn build<S: Into<String>>(base_url: S) -> Result<Self, Error> {
[INFO] [stdout]     |                     ^^^^^^^^^^^^ required by this bound in `GstClient::build`
[INFO] [stdout] help: consider dereferencing here
[INFO] [stdout]     |
[INFO] [stdout] 165 |         if let Ok(client) = GstClient::build(&*BASE_URL) {
[INFO] [stdout]     |                                               +
[INFO] [stdout] 
[INFO] [stdout] 
[INFO] [stdout] error[E0277]: the trait bound `std::string::String: From<&&str>` is not satisfied
[INFO] [stdout]    --> src/client.rs:177:46
[INFO] [stdout]     |
[INFO] [stdout] 177 |         if let Ok(client) = GstClient::build(&BASE_URL) {
[INFO] [stdout]     |                             ---------------- ^^^^^^^^^ the trait `From<&&str>` is not implemented for `std::string::String`
[INFO] [stdout]     |                             |
[INFO] [stdout]     |                             required by a bound introduced by this call
[INFO] [stdout]     |
[INFO] [stdout]     = note: required for `&&str` to implement `Into<std::string::String>`
[INFO] [stdout] note: required by a bound in `client::GstClient::build`
[INFO] [stdout]    --> src/client.rs:26:21
[INFO] [stdout]     |
[INFO] [stdout] 26  |     pub fn build<S: Into<String>>(base_url: S) -> Result<Self, Error> {
[INFO] [stdout]     |                     ^^^^^^^^^^^^ required by this bound in `GstClient::build`
[INFO] [stdout] help: consider dereferencing here
[INFO] [stdout]     |
[INFO] [stdout] 177 |         if let Ok(client) = GstClient::build(&*BASE_URL) {
[INFO] [stdout]     |                                               +
[INFO] [stdout] 
[INFO] [stdout] 
[INFO] [stdout] error: aborting due to 6 previous errors
[INFO] [stdout] 
[INFO] [stdout] 
[INFO] [stdout] For more information about this error, try `rustc --explain E0277`.
[INFO] [stdout] 
[INFO] [stderr] error: could not compile `gst-client` due to 7 previous errors
[INFO] running `Command { std: "docker" "inspect" "afb7f4fd02898e5dd96634bbbba7ec3a4f50bfcbc625be1b5ab6d1bedef703cf", kill_on_drop: false }`
[INFO] running `Command { std: "docker" "rm" "-f" "afb7f4fd02898e5dd96634bbbba7ec3a4f50bfcbc625be1b5ab6d1bedef703cf", kill_on_drop: false }`
[INFO] [stdout] afb7f4fd02898e5dd96634bbbba7ec3a4f50bfcbc625be1b5ab6d1bedef703cf
