[INFO] fetching crate gregorian 0.2.4...
[INFO] testing gregorian-0.2.4 against 1.69.0 for beta-1.70-1
[INFO] extracting crate gregorian 0.2.4 into /workspace/builds/worker-7-tc1/source
[INFO] validating manifest of crates.io crate gregorian 0.2.4 on toolchain 1.69.0
[INFO] running `Command { std: CARGO_HOME="/workspace/cargo-home" RUSTUP_HOME="/workspace/rustup-home" "/workspace/cargo-home/bin/cargo" "+1.69.0" "metadata" "--manifest-path" "Cargo.toml" "--no-deps", kill_on_drop: false }`
[INFO] started tweaking crates.io crate gregorian 0.2.4
[INFO] finished tweaking crates.io crate gregorian 0.2.4
[INFO] tweaked toml for crates.io crate gregorian 0.2.4 written to /workspace/builds/worker-7-tc1/source/Cargo.toml
[INFO] running `Command { std: CARGO_HOME="/workspace/cargo-home" RUSTUP_HOME="/workspace/rustup-home" __CARGO_TEST_CHANNEL_OVERRIDE_DO_NOT_USE_THIS="nightly" "/workspace/cargo-home/bin/cargo" "+1.69.0" "generate-lockfile" "--manifest-path" "Cargo.toml" "-Zno-index-update", kill_on_drop: false }`
[INFO] running `Command { std: CARGO_HOME="/workspace/cargo-home" RUSTUP_HOME="/workspace/rustup-home" "/workspace/cargo-home/bin/cargo" "+1.69.0" "fetch" "--manifest-path" "Cargo.toml", kill_on_drop: false }`
[INFO] [stderr]  Downloading crates ...
[INFO] [stderr]   Downloaded assert2 v0.3.10
[INFO] [stderr]   Downloaded assert2-macros v0.3.9
[INFO] running `Command { std: "docker" "create" "-v" "/var/lib/crater-agent-workspace/builds/worker-7-tc1/target:/opt/rustwide/target:rw,Z" "-v" "/var/lib/crater-agent-workspace/builds/worker-7-tc1/source:/opt/rustwide/workdir:ro,Z" "-v" "/var/lib/crater-agent-workspace/cargo-home:/opt/rustwide/cargo-home:ro,Z" "-v" "/var/lib/crater-agent-workspace/rustup-home:/opt/rustwide/rustup-home:ro,Z" "-e" "SOURCE_DIR=/opt/rustwide/workdir" "-e" "CARGO_TARGET_DIR=/opt/rustwide/target" "-e" "CARGO_HOME=/opt/rustwide/cargo-home" "-e" "RUSTUP_HOME=/opt/rustwide/rustup-home" "-w" "/opt/rustwide/workdir" "-m" "1610612736" "--user" "0:0" "--network" "none" "ghcr.io/rust-lang/crates-build-env/linux@sha256:5ff2268d62e97bff2cde7d5815dd6ed5b47097566f13b8d0ca110b04b60e07ed" "/opt/rustwide/cargo-home/bin/cargo" "+1.69.0" "metadata" "--no-deps" "--format-version=1", kill_on_drop: false }`
[INFO] [stdout] 732d87041660f372dc4ea11ebb0bf43ef44408698a0bccd0fcdc5d1b1998b095
[INFO] running `Command { std: "docker" "start" "-a" "732d87041660f372dc4ea11ebb0bf43ef44408698a0bccd0fcdc5d1b1998b095", kill_on_drop: false }`
[INFO] running `Command { std: "docker" "inspect" "732d87041660f372dc4ea11ebb0bf43ef44408698a0bccd0fcdc5d1b1998b095", kill_on_drop: false }`
[INFO] running `Command { std: "docker" "rm" "-f" "732d87041660f372dc4ea11ebb0bf43ef44408698a0bccd0fcdc5d1b1998b095", kill_on_drop: false }`
[INFO] [stdout] 732d87041660f372dc4ea11ebb0bf43ef44408698a0bccd0fcdc5d1b1998b095
[INFO] running `Command { std: "docker" "create" "-v" "/var/lib/crater-agent-workspace/builds/worker-7-tc1/target:/opt/rustwide/target:rw,Z" "-v" "/var/lib/crater-agent-workspace/builds/worker-7-tc1/source:/opt/rustwide/workdir:ro,Z" "-v" "/var/lib/crater-agent-workspace/cargo-home:/opt/rustwide/cargo-home:ro,Z" "-v" "/var/lib/crater-agent-workspace/rustup-home:/opt/rustwide/rustup-home:ro,Z" "-e" "SOURCE_DIR=/opt/rustwide/workdir" "-e" "CARGO_TARGET_DIR=/opt/rustwide/target" "-e" "CARGO_INCREMENTAL=0" "-e" "RUST_BACKTRACE=full" "-e" "RUSTFLAGS=--cap-lints=warn" "-e" "RUSTDOCFLAGS=--cap-lints=warn" "-e" "CARGO_HOME=/opt/rustwide/cargo-home" "-e" "RUSTUP_HOME=/opt/rustwide/rustup-home" "-w" "/opt/rustwide/workdir" "-m" "1610612736" "--user" "0:0" "--network" "none" "ghcr.io/rust-lang/crates-build-env/linux@sha256:5ff2268d62e97bff2cde7d5815dd6ed5b47097566f13b8d0ca110b04b60e07ed" "/opt/rustwide/cargo-home/bin/cargo" "+1.69.0" "build" "--frozen" "--message-format=json", kill_on_drop: false }`
[INFO] [stdout] 513f24804181ddb6fbe0d03729d15b2654e13ed1d8561f8d2bdd620ea67ff72e
[INFO] running `Command { std: "docker" "start" "-a" "513f24804181ddb6fbe0d03729d15b2654e13ed1d8561f8d2bdd620ea67ff72e", kill_on_drop: false }`
[INFO] [stderr]    Compiling gregorian v0.2.4 (/opt/rustwide/workdir)
[INFO] [stderr]     Finished dev [unoptimized + debuginfo] target(s) in 0.26s
[INFO] running `Command { std: "docker" "inspect" "513f24804181ddb6fbe0d03729d15b2654e13ed1d8561f8d2bdd620ea67ff72e", kill_on_drop: false }`
[INFO] running `Command { std: "docker" "rm" "-f" "513f24804181ddb6fbe0d03729d15b2654e13ed1d8561f8d2bdd620ea67ff72e", kill_on_drop: false }`
[INFO] [stdout] 513f24804181ddb6fbe0d03729d15b2654e13ed1d8561f8d2bdd620ea67ff72e
[INFO] running `Command { std: "docker" "create" "-v" "/var/lib/crater-agent-workspace/builds/worker-7-tc1/target:/opt/rustwide/target:rw,Z" "-v" "/var/lib/crater-agent-workspace/builds/worker-7-tc1/source:/opt/rustwide/workdir:ro,Z" "-v" "/var/lib/crater-agent-workspace/cargo-home:/opt/rustwide/cargo-home:ro,Z" "-v" "/var/lib/crater-agent-workspace/rustup-home:/opt/rustwide/rustup-home:ro,Z" "-e" "SOURCE_DIR=/opt/rustwide/workdir" "-e" "CARGO_TARGET_DIR=/opt/rustwide/target" "-e" "CARGO_INCREMENTAL=0" "-e" "RUST_BACKTRACE=full" "-e" "RUSTFLAGS=--cap-lints=warn" "-e" "RUSTDOCFLAGS=--cap-lints=warn" "-e" "CARGO_HOME=/opt/rustwide/cargo-home" "-e" "RUSTUP_HOME=/opt/rustwide/rustup-home" "-w" "/opt/rustwide/workdir" "-m" "1610612736" "--user" "0:0" "--network" "none" "ghcr.io/rust-lang/crates-build-env/linux@sha256:5ff2268d62e97bff2cde7d5815dd6ed5b47097566f13b8d0ca110b04b60e07ed" "/opt/rustwide/cargo-home/bin/cargo" "+1.69.0" "test" "--frozen" "--no-run" "--message-format=json", kill_on_drop: false }`
[INFO] [stdout] edb374e8f682ec3612bc35db6d9046703f2ffb9b8c928dccfda83418ddd1e66d
[INFO] running `Command { std: "docker" "start" "-a" "edb374e8f682ec3612bc35db6d9046703f2ffb9b8c928dccfda83418ddd1e66d", kill_on_drop: false }`
[INFO] [stderr]    Compiling libc v0.2.142
[INFO] [stderr]    Compiling io-lifetimes v1.0.10
[INFO] [stderr]    Compiling rustix v0.37.18
[INFO] [stderr]    Compiling linux-raw-sys v0.3.6
[INFO] [stderr]    Compiling serde v1.0.160
[INFO] [stderr]    Compiling yansi v0.5.1
[INFO] [stderr]    Compiling unsafe-libyaml v0.2.8
[INFO] [stderr]    Compiling syn v1.0.109
[INFO] [stderr]    Compiling gregorian v0.2.4 (/opt/rustwide/workdir)
[INFO] [stderr]    Compiling is-terminal v0.4.7
[INFO] [stderr]    Compiling serde_yaml v0.9.21
[INFO] [stderr]    Compiling assert2-macros v0.3.9
[INFO] [stderr]    Compiling assert2 v0.3.10
[INFO] [stdout] error[E0433]: failed to resolve: use of undeclared crate or module `serde`
[INFO] [stdout]    --> src/date.rs:608:19
[INFO] [stdout]     |
[INFO] [stdout] 608 |         #[derive(Debug, serde::Deserialize, serde::Serialize)]
[INFO] [stdout]     |                         ^^^^^ use of undeclared crate or module `serde`
[INFO] [stdout] 
[INFO] [stdout] 
[INFO] [stdout] error[E0433]: failed to resolve: use of undeclared crate or module `serde`
[INFO] [stdout]    --> src/date.rs:608:39
[INFO] [stdout]     |
[INFO] [stdout] 608 |         #[derive(Debug, serde::Deserialize, serde::Serialize)]
[INFO] [stdout]     |                                             ^^^^^ use of undeclared crate or module `serde`
[INFO] [stdout] 
[INFO] [stdout] 
[INFO] [stdout] error[E0433]: failed to resolve: use of undeclared crate or module `serde`
[INFO] [stdout]    --> src/month.rs:257:19
[INFO] [stdout]     |
[INFO] [stdout] 257 |         #[derive(Debug, serde::Deserialize, serde::Serialize)]
[INFO] [stdout]     |                         ^^^^^ use of undeclared crate or module `serde`
[INFO] [stdout] 
[INFO] [stdout] 
[INFO] [stdout] error[E0433]: failed to resolve: use of undeclared crate or module `serde`
[INFO] [stdout]    --> src/month.rs:257:39
[INFO] [stdout]     |
[INFO] [stdout] 257 |         #[derive(Debug, serde::Deserialize, serde::Serialize)]
[INFO] [stdout]     |                                             ^^^^^ use of undeclared crate or module `serde`
[INFO] [stdout] 
[INFO] [stdout] 
[INFO] [stdout] error[E0433]: failed to resolve: use of undeclared crate or module `serde`
[INFO] [stdout]    --> src/year.rs:241:19
[INFO] [stdout]     |
[INFO] [stdout] 241 |         #[derive(Debug, serde::Deserialize, serde::Serialize)]
[INFO] [stdout]     |                         ^^^^^ use of undeclared crate or module `serde`
[INFO] [stdout] 
[INFO] [stdout] 
[INFO] [stdout] error[E0433]: failed to resolve: use of undeclared crate or module `serde`
[INFO] [stdout]    --> src/year.rs:241:39
[INFO] [stdout]     |
[INFO] [stdout] 241 |         #[derive(Debug, serde::Deserialize, serde::Serialize)]
[INFO] [stdout]     |                                             ^^^^^ use of undeclared crate or module `serde`
[INFO] [stdout] 
[INFO] [stdout] 
[INFO] [stdout] error[E0277]: the trait bound `date::test::serde::Container: serde::ser::Serialize` is not satisfied
[INFO] [stdout]    --> src/date.rs:613:54
[INFO] [stdout]     |
[INFO] [stdout] 613 |           let_assert!(Ok(serialized) = serde_yaml::to_string(&Container {
[INFO] [stdout]     |  ______________________________________---------------------_^
[INFO] [stdout]     | |                                      |
[INFO] [stdout]     | |                                      required by a bound introduced by this call
[INFO] [stdout] 614 | |             date: Date::new(2020, Month::January, 2).unwrap(),
[INFO] [stdout] 615 | |         }));
[INFO] [stdout]     | |_________^ the trait `serde::ser::Serialize` is not implemented for `date::test::serde::Container`
[INFO] [stdout]     |
[INFO] [stdout]     = help: the following other types implement trait `serde::ser::Serialize`:
[INFO] [stdout]               &'a T
[INFO] [stdout]               &'a mut T
[INFO] [stdout]               ()
[INFO] [stdout]               (T0, T1)
[INFO] [stdout]               (T0, T1, T2)
[INFO] [stdout]               (T0, T1, T2, T3)
[INFO] [stdout]               (T0, T1, T2, T3, T4)
[INFO] [stdout]               (T0, T1, T2, T3, T4, T5)
[INFO] [stdout]             and 128 others
[INFO] [stdout] note: required by a bound in `serde_yaml::to_string`
[INFO] [stdout]    --> /opt/rustwide/cargo-home/registry/src/github.com-1ecc6299db9ec823/serde_yaml-0.9.21/src/ser.rs:705:17
[INFO] [stdout]     |
[INFO] [stdout] 705 |     T: ?Sized + ser::Serialize,
[INFO] [stdout]     |                 ^^^^^^^^^^^^^^ required by this bound in `to_string`
[INFO] [stdout] 
[INFO] [stdout] 
[INFO] [stdout] error[E0277]: the trait bound `date::test::serde::Container: serde::de::Deserialize<'_>` is not satisfied
[INFO] [stdout]     --> src/date.rs:618:51
[INFO] [stdout]      |
[INFO] [stdout] 618  |         let_assert!(Ok(parsed) = serde_yaml::from_str::<Container>("date: 2020-01-02"));
[INFO] [stdout]      |                                                         ^^^^^^^^^ the trait `serde::de::Deserialize<'_>` is not implemented for `date::test::serde::Container`
[INFO] [stdout]      |
[INFO] [stdout]      = help: the following other types implement trait `serde::de::Deserialize<'de>`:
[INFO] [stdout]                &'a Path
[INFO] [stdout]                &'a [u8]
[INFO] [stdout]                &'a str
[INFO] [stdout]                ()
[INFO] [stdout]                (T0, T1)
[INFO] [stdout]                (T0, T1, T2)
[INFO] [stdout]                (T0, T1, T2, T3)
[INFO] [stdout]                (T0, T1, T2, T3, T4)
[INFO] [stdout]              and 128 others
[INFO] [stdout] note: required by a bound in `serde_yaml::from_str`
[INFO] [stdout]     --> /opt/rustwide/cargo-home/registry/src/github.com-1ecc6299db9ec823/serde_yaml-0.9.21/src/de.rs:1810:8
[INFO] [stdout]      |
[INFO] [stdout] 1810 |     T: Deserialize<'de>,
[INFO] [stdout]      |        ^^^^^^^^^^^^^^^^ required by this bound in `from_str`
[INFO] [stdout] 
[INFO] [stdout] 
[INFO] [stdout] error[E0277]: the trait bound `date::test::serde::Container: serde::de::Deserialize<'_>` is not satisfied
[INFO] [stdout]     --> src/date.rs:621:47
[INFO] [stdout]      |
[INFO] [stdout] 621  |         let_assert!(Err(e) = serde_yaml::from_str::<Container>("date: 2021-02-29"));
[INFO] [stdout]      |                                                     ^^^^^^^^^ the trait `serde::de::Deserialize<'_>` is not implemented for `date::test::serde::Container`
[INFO] [stdout]      |
[INFO] [stdout]      = help: the following other types implement trait `serde::de::Deserialize<'de>`:
[INFO] [stdout]                &'a Path
[INFO] [stdout]                &'a [u8]
[INFO] [stdout]                &'a str
[INFO] [stdout]                ()
[INFO] [stdout]                (T0, T1)
[INFO] [stdout]                (T0, T1, T2)
[INFO] [stdout]                (T0, T1, T2, T3)
[INFO] [stdout]                (T0, T1, T2, T3, T4)
[INFO] [stdout]              and 128 others
[INFO] [stdout] note: required by a bound in `serde_yaml::from_str`
[INFO] [stdout]     --> /opt/rustwide/cargo-home/registry/src/github.com-1ecc6299db9ec823/serde_yaml-0.9.21/src/de.rs:1810:8
[INFO] [stdout]      |
[INFO] [stdout] 1810 |     T: Deserialize<'de>,
[INFO] [stdout]      |        ^^^^^^^^^^^^^^^^ required by this bound in `from_str`
[INFO] [stdout] 
[INFO] [stdout] 
[INFO] [stdout] error[E0277]: the trait bound `month::test::serde::Container: serde::de::Deserialize<'_>` is not satisfied
[INFO] [stdout]     --> src/month.rs:300:47
[INFO] [stdout]      |
[INFO] [stdout] 300  |         let_assert!(Err(e) = serde_yaml::from_str::<Container>("month: 0"));
[INFO] [stdout]      |                                                     ^^^^^^^^^ the trait `serde::de::Deserialize<'_>` is not implemented for `month::test::serde::Container`
[INFO] [stdout]      |
[INFO] [stdout]      = help: the following other types implement trait `serde::de::Deserialize<'de>`:
[INFO] [stdout]                &'a Path
[INFO] [stdout]                &'a [u8]
[INFO] [stdout]                &'a str
[INFO] [stdout]                ()
[INFO] [stdout]                (T0, T1)
[INFO] [stdout]                (T0, T1, T2)
[INFO] [stdout]                (T0, T1, T2, T3)
[INFO] [stdout]                (T0, T1, T2, T3, T4)
[INFO] [stdout]              and 128 others
[INFO] [stdout] note: required by a bound in `serde_yaml::from_str`
[INFO] [stdout]     --> /opt/rustwide/cargo-home/registry/src/github.com-1ecc6299db9ec823/serde_yaml-0.9.21/src/de.rs:1810:8
[INFO] [stdout]      |
[INFO] [stdout] 1810 |     T: Deserialize<'de>,
[INFO] [stdout]      |        ^^^^^^^^^^^^^^^^ required by this bound in `from_str`
[INFO] [stdout] 
[INFO] [stdout] 
[INFO] [stdout] error[E0277]: the trait bound `month::test::serde::Container: serde::de::Deserialize<'_>` is not satisfied
[INFO] [stdout]     --> src/month.rs:302:47
[INFO] [stdout]      |
[INFO] [stdout] 302  |         let_assert!(Err(e) = serde_yaml::from_str::<Container>("month: 13"));
[INFO] [stdout]      |                                                     ^^^^^^^^^ the trait `serde::de::Deserialize<'_>` is not implemented for `month::test::serde::Container`
[INFO] [stdout]      |
[INFO] [stdout]      = help: the following other types implement trait `serde::de::Deserialize<'de>`:
[INFO] [stdout]                &'a Path
[INFO] [stdout]                &'a [u8]
[INFO] [stdout]                &'a str
[INFO] [stdout]                ()
[INFO] [stdout]                (T0, T1)
[INFO] [stdout]                (T0, T1, T2)
[INFO] [stdout]                (T0, T1, T2, T3)
[INFO] [stdout]                (T0, T1, T2, T3, T4)
[INFO] [stdout]              and 128 others
[INFO] [stdout] note: required by a bound in `serde_yaml::from_str`
[INFO] [stdout]     --> /opt/rustwide/cargo-home/registry/src/github.com-1ecc6299db9ec823/serde_yaml-0.9.21/src/de.rs:1810:8
[INFO] [stdout]      |
[INFO] [stdout] 1810 |     T: Deserialize<'de>,
[INFO] [stdout]      |        ^^^^^^^^^^^^^^^^ required by this bound in `from_str`
[INFO] [stdout] 
[INFO] [stdout] 
[INFO] [stdout] error[E0277]: the trait bound `month::test::serde::Container: serde::ser::Serialize` is not satisfied
[INFO] [stdout]    --> src/month.rs:264:55
[INFO] [stdout]     |
[INFO] [stdout] 264 |             let_assert!(Ok(serialized) = serde_yaml::to_string(&Container { month }));
[INFO] [stdout]     |                                          --------------------- ^^^^^^^^^^^^^^^^^^^^ the trait `serde::ser::Serialize` is not implemented for `month::test::serde::Container`
[INFO] [stdout]     |                                          |
[INFO] [stdout]     |                                          required by a bound introduced by this call
[INFO] [stdout]     |
[INFO] [stdout]     = help: the following other types implement trait `serde::ser::Serialize`:
[INFO] [stdout]               &'a T
[INFO] [stdout]               &'a mut T
[INFO] [stdout]               ()
[INFO] [stdout]               (T0, T1)
[INFO] [stdout]               (T0, T1, T2)
[INFO] [stdout]               (T0, T1, T2, T3)
[INFO] [stdout]               (T0, T1, T2, T3, T4)
[INFO] [stdout]               (T0, T1, T2, T3, T4, T5)
[INFO] [stdout]             and 128 others
[INFO] [stdout] note: required by a bound in `serde_yaml::to_string`
[INFO] [stdout]    --> /opt/rustwide/cargo-home/registry/src/github.com-1ecc6299db9ec823/serde_yaml-0.9.21/src/ser.rs:705:17
[INFO] [stdout]     |
[INFO] [stdout] 705 |     T: ?Sized + ser::Serialize,
[INFO] [stdout]     |                 ^^^^^^^^^^^^^^ required by this bound in `to_string`
[INFO] [stdout] 
[INFO] [stdout] 
[INFO] [stdout] error[E0277]: the trait bound `month::test::serde::Container: serde::de::Deserialize<'_>` is not satisfied
[INFO] [stdout]     --> src/month.rs:270:58
[INFO] [stdout]      |
[INFO] [stdout] 270  |             let_assert!(Ok(deserialized) = serde_yaml::from_str::<Container>(data));
[INFO] [stdout]      |                                                                   ^^^^^^^^^ the trait `serde::de::Deserialize<'_>` is not implemented for `month::test::serde::Container`
[INFO] [stdout]      |
[INFO] [stdout]      = help: the following other types implement trait `serde::de::Deserialize<'de>`:
[INFO] [stdout]                &'a Path
[INFO] [stdout]                &'a [u8]
[INFO] [stdout]                &'a str
[INFO] [stdout]                ()
[INFO] [stdout]                (T0, T1)
[INFO] [stdout]                (T0, T1, T2)
[INFO] [stdout]                (T0, T1, T2, T3)
[INFO] [stdout]                (T0, T1, T2, T3, T4)
[INFO] [stdout]              and 128 others
[INFO] [stdout] note: required by a bound in `serde_yaml::from_str`
[INFO] [stdout]     --> /opt/rustwide/cargo-home/registry/src/github.com-1ecc6299db9ec823/serde_yaml-0.9.21/src/de.rs:1810:8
[INFO] [stdout]      |
[INFO] [stdout] 1810 |     T: Deserialize<'de>,
[INFO] [stdout]      |        ^^^^^^^^^^^^^^^^ required by this bound in `from_str`
[INFO] [stdout] 
[INFO] [stdout] 
[INFO] [stdout] error[E0277]: the trait bound `year::test::serde::Container: serde::ser::Serialize` is not satisfied
[INFO] [stdout]    --> src/year.rs:246:54
[INFO] [stdout]     |
[INFO] [stdout] 246 |           let_assert!(Ok(serialized) = serde_yaml::to_string(&Container {
[INFO] [stdout]     |  ______________________________________---------------------_^
[INFO] [stdout]     | |                                      |
[INFO] [stdout]     | |                                      required by a bound introduced by this call
[INFO] [stdout] 247 | |             year: Year::new(2020),
[INFO] [stdout] 248 | |         }));
[INFO] [stdout]     | |_________^ the trait `serde::ser::Serialize` is not implemented for `year::test::serde::Container`
[INFO] [stdout]     |
[INFO] [stdout]     = help: the following other types implement trait `serde::ser::Serialize`:
[INFO] [stdout]               &'a T
[INFO] [stdout]               &'a mut T
[INFO] [stdout]               ()
[INFO] [stdout]               (T0, T1)
[INFO] [stdout]               (T0, T1, T2)
[INFO] [stdout]               (T0, T1, T2, T3)
[INFO] [stdout]               (T0, T1, T2, T3, T4)
[INFO] [stdout]               (T0, T1, T2, T3, T4, T5)
[INFO] [stdout]             and 128 others
[INFO] [stdout] note: required by a bound in `serde_yaml::to_string`
[INFO] [stdout]    --> /opt/rustwide/cargo-home/registry/src/github.com-1ecc6299db9ec823/serde_yaml-0.9.21/src/ser.rs:705:17
[INFO] [stdout]     |
[INFO] [stdout] 705 |     T: ?Sized + ser::Serialize,
[INFO] [stdout]     |                 ^^^^^^^^^^^^^^ required by this bound in `to_string`
[INFO] [stdout] 
[INFO] [stdout] 
[INFO] [stdout] error[E0277]: the trait bound `year::test::serde::Container: serde::de::Deserialize<'_>` is not satisfied
[INFO] [stdout]     --> src/year.rs:251:51
[INFO] [stdout]      |
[INFO] [stdout] 251  |         let_assert!(Ok(parsed) = serde_yaml::from_str::<Container>("year: 2020"));
[INFO] [stdout]      |                                                         ^^^^^^^^^ the trait `serde::de::Deserialize<'_>` is not implemented for `year::test::serde::Container`
[INFO] [stdout]      |
[INFO] [stdout]      = help: the following other types implement trait `serde::de::Deserialize<'de>`:
[INFO] [stdout]                &'a Path
[INFO] [stdout]                &'a [u8]
[INFO] [stdout]                &'a str
[INFO] [stdout]                ()
[INFO] [stdout]                (T0, T1)
[INFO] [stdout]                (T0, T1, T2)
[INFO] [stdout]                (T0, T1, T2, T3)
[INFO] [stdout]                (T0, T1, T2, T3, T4)
[INFO] [stdout]              and 128 others
[INFO] [stdout] note: required by a bound in `serde_yaml::from_str`
[INFO] [stdout]     --> /opt/rustwide/cargo-home/registry/src/github.com-1ecc6299db9ec823/serde_yaml-0.9.21/src/de.rs:1810:8
[INFO] [stdout]      |
[INFO] [stdout] 1810 |     T: Deserialize<'de>,
[INFO] [stdout]      |        ^^^^^^^^^^^^^^^^ required by this bound in `from_str`
[INFO] [stdout] 
[INFO] [stdout] 
[INFO] [stdout] error[E0277]: the trait bound `year_month::YearMonth: serde::ser::Serialize` is not satisfied
[INFO] [stdout]    --> src/year_month.rs:241:54
[INFO] [stdout]     |
[INFO] [stdout] 241 |         let_assert!(Ok(serialized) = serde_yaml::to_string(&YearMonth::new(2020, Month::January)));
[INFO] [stdout]     |                                      --------------------- ^^^^^^^^^^^^^^^^^^^^^^^^^^^^^^^^^^^^^ the trait `serde::ser::Serialize` is not implemented for `year_month::YearMonth`
[INFO] [stdout]     |                                      |
[INFO] [stdout]     |                                      required by a bound introduced by this call
[INFO] [stdout]     |
[INFO] [stdout]     = help: the following other types implement trait `serde::ser::Serialize`:
[INFO] [stdout]               &'a T
[INFO] [stdout]               &'a mut T
[INFO] [stdout]               ()
[INFO] [stdout]               (T0, T1)
[INFO] [stdout]               (T0, T1, T2)
[INFO] [stdout]               (T0, T1, T2, T3)
[INFO] [stdout]               (T0, T1, T2, T3, T4)
[INFO] [stdout]               (T0, T1, T2, T3, T4, T5)
[INFO] [stdout]             and 128 others
[INFO] [stdout] note: required by a bound in `serde_yaml::to_string`
[INFO] [stdout]    --> /opt/rustwide/cargo-home/registry/src/github.com-1ecc6299db9ec823/serde_yaml-0.9.21/src/ser.rs:705:17
[INFO] [stdout]     |
[INFO] [stdout] 705 |     T: ?Sized + ser::Serialize,
[INFO] [stdout]     |                 ^^^^^^^^^^^^^^ required by this bound in `to_string`
[INFO] [stdout] 
[INFO] [stdout] 
[INFO] [stdout] error[E0277]: the trait bound `year_month::YearMonth: serde::de::Deserialize<'_>` is not satisfied
[INFO] [stdout]     --> src/year_month.rs:244:51
[INFO] [stdout]      |
[INFO] [stdout] 244  |         let_assert!(Ok(parsed) = serde_yaml::from_str::<YearMonth>("year: 2020\nmonth: 1\n"));
[INFO] [stdout]      |                                                         ^^^^^^^^^ the trait `serde::de::Deserialize<'_>` is not implemented for `year_month::YearMonth`
[INFO] [stdout]      |
[INFO] [stdout]      = help: the following other types implement trait `serde::de::Deserialize<'de>`:
[INFO] [stdout]                &'a Path
[INFO] [stdout]                &'a [u8]
[INFO] [stdout]                &'a str
[INFO] [stdout]                ()
[INFO] [stdout]                (T0, T1)
[INFO] [stdout]                (T0, T1, T2)
[INFO] [stdout]                (T0, T1, T2, T3)
[INFO] [stdout]                (T0, T1, T2, T3, T4)
[INFO] [stdout]              and 128 others
[INFO] [stdout] note: required by a bound in `serde_yaml::from_str`
[INFO] [stdout]     --> /opt/rustwide/cargo-home/registry/src/github.com-1ecc6299db9ec823/serde_yaml-0.9.21/src/de.rs:1810:8
[INFO] [stdout]      |
[INFO] [stdout] 1810 |     T: Deserialize<'de>,
[INFO] [stdout]      |        ^^^^^^^^^^^^^^^^ required by this bound in `from_str`
[INFO] [stdout] 
[INFO] [stdout] 
[INFO] [stdout] error: aborting due to 17 previous errors
[INFO] [stdout] 
[INFO] [stdout] 
[INFO] [stdout] Some errors have detailed explanations: E0277, E0433.
[INFO] [stdout] 
[INFO] [stdout] For more information about an error, try `rustc --explain E0277`.
[INFO] [stdout] 
[INFO] [stderr] error: could not compile `gregorian` due to 18 previous errors
[INFO] running `Command { std: "docker" "inspect" "edb374e8f682ec3612bc35db6d9046703f2ffb9b8c928dccfda83418ddd1e66d", kill_on_drop: false }`
[INFO] running `Command { std: "docker" "rm" "-f" "edb374e8f682ec3612bc35db6d9046703f2ffb9b8c928dccfda83418ddd1e66d", kill_on_drop: false }`
[INFO] [stdout] edb374e8f682ec3612bc35db6d9046703f2ffb9b8c928dccfda83418ddd1e66d
