[INFO] fetching crate graphgate-handler 0.5.1...
[INFO] testing graphgate-handler-0.5.1 against 1.69.0 for beta-1.70-1
[INFO] extracting crate graphgate-handler 0.5.1 into /workspace/builds/worker-4-tc1/source
[INFO] validating manifest of crates.io crate graphgate-handler 0.5.1 on toolchain 1.69.0
[INFO] running `Command { std: CARGO_HOME="/workspace/cargo-home" RUSTUP_HOME="/workspace/rustup-home" "/workspace/cargo-home/bin/cargo" "+1.69.0" "metadata" "--manifest-path" "Cargo.toml" "--no-deps", kill_on_drop: false }`
[INFO] started tweaking crates.io crate graphgate-handler 0.5.1
[INFO] finished tweaking crates.io crate graphgate-handler 0.5.1
[INFO] tweaked toml for crates.io crate graphgate-handler 0.5.1 written to /workspace/builds/worker-4-tc1/source/Cargo.toml
[INFO] running `Command { std: CARGO_HOME="/workspace/cargo-home" RUSTUP_HOME="/workspace/rustup-home" __CARGO_TEST_CHANNEL_OVERRIDE_DO_NOT_USE_THIS="nightly" "/workspace/cargo-home/bin/cargo" "+1.69.0" "generate-lockfile" "--manifest-path" "Cargo.toml" "-Zno-index-update", kill_on_drop: false }`
[INFO] running `Command { std: CARGO_HOME="/workspace/cargo-home" RUSTUP_HOME="/workspace/rustup-home" "/workspace/cargo-home/bin/cargo" "+1.69.0" "fetch" "--manifest-path" "Cargo.toml", kill_on_drop: false }`
[INFO] [stderr]  Downloading crates ...
[INFO] [stderr]   Downloaded async-graphql-value v2.11.3
[INFO] [stderr]   Downloaded async-graphql-parser v2.11.3
[INFO] [stderr]   Downloaded graphgate-schema v0.5.1
[INFO] [stderr]   Downloaded opentelemetry v0.13.0
[INFO] [stderr]   Downloaded tokio-tungstenite v0.14.0
[INFO] [stderr]   Downloaded graphgate-planner v0.5.1
[INFO] [stderr]   Downloaded graphgate-validation v0.5.0
[INFO] running `Command { std: "docker" "create" "-v" "/var/lib/crater-agent-workspace/builds/worker-4-tc1/target:/opt/rustwide/target:rw,Z" "-v" "/var/lib/crater-agent-workspace/builds/worker-4-tc1/source:/opt/rustwide/workdir:ro,Z" "-v" "/var/lib/crater-agent-workspace/cargo-home:/opt/rustwide/cargo-home:ro,Z" "-v" "/var/lib/crater-agent-workspace/rustup-home:/opt/rustwide/rustup-home:ro,Z" "-e" "SOURCE_DIR=/opt/rustwide/workdir" "-e" "CARGO_TARGET_DIR=/opt/rustwide/target" "-e" "CARGO_HOME=/opt/rustwide/cargo-home" "-e" "RUSTUP_HOME=/opt/rustwide/rustup-home" "-w" "/opt/rustwide/workdir" "-m" "1610612736" "--user" "0:0" "--network" "none" "ghcr.io/rust-lang/crates-build-env/linux@sha256:5ff2268d62e97bff2cde7d5815dd6ed5b47097566f13b8d0ca110b04b60e07ed" "/opt/rustwide/cargo-home/bin/cargo" "+1.69.0" "metadata" "--no-deps" "--format-version=1", kill_on_drop: false }`
[INFO] [stdout] fad19011c02a3ebab2f43d1381fb6d9db84dfa06a4ab0bf1e7ddd72ff6727c63
[INFO] running `Command { std: "docker" "start" "-a" "fad19011c02a3ebab2f43d1381fb6d9db84dfa06a4ab0bf1e7ddd72ff6727c63", kill_on_drop: false }`
[INFO] running `Command { std: "docker" "inspect" "fad19011c02a3ebab2f43d1381fb6d9db84dfa06a4ab0bf1e7ddd72ff6727c63", kill_on_drop: false }`
[INFO] running `Command { std: "docker" "rm" "-f" "fad19011c02a3ebab2f43d1381fb6d9db84dfa06a4ab0bf1e7ddd72ff6727c63", kill_on_drop: false }`
[INFO] [stdout] fad19011c02a3ebab2f43d1381fb6d9db84dfa06a4ab0bf1e7ddd72ff6727c63
[INFO] running `Command { std: "docker" "create" "-v" "/var/lib/crater-agent-workspace/builds/worker-4-tc1/target:/opt/rustwide/target:rw,Z" "-v" "/var/lib/crater-agent-workspace/builds/worker-4-tc1/source:/opt/rustwide/workdir:ro,Z" "-v" "/var/lib/crater-agent-workspace/cargo-home:/opt/rustwide/cargo-home:ro,Z" "-v" "/var/lib/crater-agent-workspace/rustup-home:/opt/rustwide/rustup-home:ro,Z" "-e" "SOURCE_DIR=/opt/rustwide/workdir" "-e" "CARGO_TARGET_DIR=/opt/rustwide/target" "-e" "CARGO_INCREMENTAL=0" "-e" "RUST_BACKTRACE=full" "-e" "RUSTFLAGS=--cap-lints=warn" "-e" "RUSTDOCFLAGS=--cap-lints=warn" "-e" "CARGO_HOME=/opt/rustwide/cargo-home" "-e" "RUSTUP_HOME=/opt/rustwide/rustup-home" "-w" "/opt/rustwide/workdir" "-m" "1610612736" "--user" "0:0" "--network" "none" "ghcr.io/rust-lang/crates-build-env/linux@sha256:5ff2268d62e97bff2cde7d5815dd6ed5b47097566f13b8d0ca110b04b60e07ed" "/opt/rustwide/cargo-home/bin/cargo" "+1.69.0" "build" "--frozen" "--message-format=json", kill_on_drop: false }`
[INFO] [stdout] f622074413fd944457dc0558844a9d2b678c7e8c4c203fceed04fcaca377a997
[INFO] running `Command { std: "docker" "start" "-a" "f622074413fd944457dc0558844a9d2b678c7e8c4c203fceed04fcaca377a997", kill_on_drop: false }`
[INFO] [stderr]     Blocking waiting for file lock on package cache
[INFO] [stderr]    Compiling proc-macro2 v1.0.56
[INFO] [stderr]    Compiling serde v1.0.160
[INFO] [stderr]    Compiling generic-array v0.14.7
[INFO] [stderr]    Compiling futures-channel v0.3.28
[INFO] [stderr]    Compiling tokio v1.28.0
[INFO] [stderr]    Compiling futures-util v0.3.28
[INFO] [stderr]    Compiling indexmap v1.9.3
[INFO] [stderr]    Compiling mio v0.8.6
[INFO] [stderr]    Compiling socket2 v0.4.9
[INFO] [stderr]    Compiling getrandom v0.2.9
[INFO] [stderr]    Compiling ucd-trie v0.1.5
[INFO] [stderr]    Compiling cpufeatures v0.2.7
[INFO] [stderr]    Compiling ppv-lite86 v0.2.17
[INFO] [stderr]    Compiling openssl-sys v0.9.87
[INFO] [stderr]    Compiling syn v1.0.109
[INFO] [stderr]    Compiling unicase v2.6.0
[INFO] [stderr]    Compiling base64 v0.13.1
[INFO] [stderr]    Compiling rand_core v0.6.4
[INFO] [stderr]    Compiling byteorder v1.4.3
[INFO] [stderr]    Compiling alloc-no-stdlib v2.0.4
[INFO] [stderr]    Compiling crc32fast v1.3.2
[INFO] [stderr]    Compiling alloc-stdlib v0.2.2
[INFO] [stderr]    Compiling num-traits v0.2.15
[INFO] [stderr]    Compiling miniz_oxide v0.7.1
[INFO] [stderr]    Compiling rand_chacha v0.3.1
[INFO] [stderr]    Compiling multer v2.1.0
[INFO] [stderr]    Compiling num-integer v0.1.45
[INFO] [stderr]    Compiling brotli-decompressor v2.3.4
[INFO] [stderr]    Compiling opaque-debug v0.3.0
[INFO] [stderr]    Compiling async-trait v0.1.68
[INFO] [stderr]    Compiling num_cpus v1.15.0
[INFO] [stderr]    Compiling rand v0.8.5
[INFO] [stderr]    Compiling anyhow v1.0.71
[INFO] [stderr]    Compiling mime_guess v2.0.4
[INFO] [stderr]    Compiling spin v0.9.8
[INFO] [stderr]    Compiling dashmap v4.0.2
[INFO] [stderr]    Compiling rustls-pemfile v1.0.2
[INFO] [stderr]    Compiling flate2 v1.0.26
[INFO] [stderr]    Compiling quote v1.0.26
[INFO] [stderr]    Compiling crypto-common v0.1.6
[INFO] [stderr]    Compiling block-buffer v0.10.4
[INFO] [stderr]    Compiling block-buffer v0.9.0
[INFO] [stderr]    Compiling digest v0.9.0
[INFO] [stderr]    Compiling digest v0.10.6
[INFO] [stderr]    Compiling time v0.1.45
[INFO] [stderr]    Compiling scoped-tls v1.0.1
[INFO] [stderr]    Compiling syn v2.0.15
[INFO] [stderr]    Compiling sha-1 v0.9.8
[INFO] [stderr]    Compiling iana-time-zone v0.1.56
[INFO] [stderr]    Compiling sha1 v0.10.5
[INFO] [stderr]    Compiling brotli v3.3.4
[INFO] [stderr]    Compiling pin-project-internal v1.0.12
[INFO] [stderr]    Compiling serde_derive v1.0.160
[INFO] [stderr]    Compiling thiserror-impl v1.0.40
[INFO] [stderr]    Compiling tokio-macros v2.1.0
[INFO] [stderr]    Compiling futures-macro v0.3.28
[INFO] [stderr]    Compiling openssl-macros v0.1.1
[INFO] [stderr]    Compiling tracing-attributes v0.1.24
[INFO] [stderr]    Compiling async-stream-impl v0.3.5
[INFO] [stderr]    Compiling openssl v0.10.52
[INFO] [stderr]    Compiling pin-project v1.0.12
[INFO] [stderr]    Compiling async-stream v0.3.5
[INFO] [stderr]    Compiling thiserror v1.0.40
[INFO] [stderr]    Compiling tracing v0.1.37
[INFO] [stderr]    Compiling pest v2.6.0
[INFO] [stderr]    Compiling pest_meta v2.6.0
[INFO] [stderr]    Compiling native-tls v0.2.11
[INFO] [stderr]    Compiling pest_generator v2.6.0
[INFO] [stderr]    Compiling futures-executor v0.3.28
[INFO] [stderr]    Compiling futures v0.3.28
[INFO] [stderr]    Compiling opentelemetry v0.13.0
[INFO] [stderr]    Compiling pest_derive v2.6.0
[INFO] [stderr]    Compiling bytes v1.4.0
[INFO] [stderr]    Compiling serde_json v1.0.96
[INFO] [stderr]    Compiling serde_urlencoded v0.7.1
[INFO] [stderr]    Compiling chrono v0.4.24
[INFO] [stderr]    Compiling http v0.2.9
[INFO] [stderr]    Compiling input_buffer v0.4.0
[INFO] [stderr]    Compiling async-graphql-value v2.11.3
[INFO] [stderr]    Compiling http-body v0.4.5
[INFO] [stderr]    Compiling tungstenite v0.18.0
[INFO] [stderr]    Compiling headers-core v0.2.0
[INFO] [stderr]    Compiling tungstenite v0.13.0
[INFO] [stderr]    Compiling async-graphql-parser v2.11.3
[INFO] [stderr]    Compiling headers v0.3.8
[INFO] [stderr]    Compiling graphgate-schema v0.5.1
[INFO] [stderr]    Compiling graphgate-validation v0.5.0
[INFO] [stderr]    Compiling graphgate-planner v0.5.1
[INFO] [stderr]    Compiling tokio-util v0.7.8
[INFO] [stderr]    Compiling tokio-native-tls v0.3.1
[INFO] [stderr]    Compiling tokio-stream v0.1.14
[INFO] [stderr]    Compiling async-compression v0.3.15
[INFO] [stderr]    Compiling tokio-tungstenite v0.18.0
[INFO] [stderr]    Compiling tokio-tungstenite v0.14.0
[INFO] [stderr]    Compiling h2 v0.3.18
[INFO] [stderr]    Compiling hyper v0.14.26
[INFO] [stderr]    Compiling hyper-tls v0.5.0
[INFO] [stderr]    Compiling warp v0.3.5
[INFO] [stderr]    Compiling reqwest v0.11.17
[INFO] [stderr]    Compiling graphgate-handler v0.5.1 (/opt/rustwide/workdir)
[INFO] [stdout] error[E0308]: mismatched types
[INFO] [stdout]    --> src/executor.rs:267:53
[INFO] [stdout]     |
[INFO] [stdout] 264 |                     res.insert(name, value);
[INFO] [stdout]     |                                ----  ----- this is of type `ConstValue`, which causes `res` to be inferred as `BTreeMap<async_graphql_value::Name, ConstValue>`
[INFO] [stdout]     |                                |
[INFO] [stdout]     |                                this is of type `async_graphql_value::Name`, which causes `res` to be inferred as `BTreeMap<async_graphql_value::Name, ConstValue>`
[INFO] [stdout] ...
[INFO] [stdout] 267 |             Representation::Keys(ConstValue::Object(res))
[INFO] [stdout]     |                                  ------------------ ^^^ expected `IndexMap<Name, ConstValue>`, found `BTreeMap<Name, ConstValue>`
[INFO] [stdout]     |                                  |
[INFO] [stdout]     |                                  arguments to this enum variant are incorrect
[INFO] [stdout]     |
[INFO] [stdout]     = note: expected struct `IndexMap<async_graphql_value::Name, ConstValue>`
[INFO] [stdout]                found struct `BTreeMap<async_graphql_value::Name, ConstValue>`
[INFO] [stdout] note: tuple variant defined here
[INFO] [stdout]    --> /opt/rustwide/cargo-home/registry/src/github.com-1ecc6299db9ec823/async-graphql-value-2.11.3/src/lib.rs:142:5
[INFO] [stdout]     |
[INFO] [stdout] 142 |     Object(IndexMap<Name, ConstValue>),
[INFO] [stdout]     |     ^^^^^^
[INFO] [stdout] 
[INFO] [stdout] 
[INFO] [stdout] error[E0308]: mismatched types
[INFO] [stdout]    --> src/executor.rs:287:33
[INFO] [stdout]     |
[INFO] [stdout] 286 | ...                   representations.push(extract_keys(
[INFO] [stdout]     |                                            ------------ arguments to this function are incorrect
[INFO] [stdout] 287 | ...                       key_object,
[INFO] [stdout]     |                           ^^^^^^^^^^ expected `&mut BTreeMap<Name, ConstValue>`, found `&mut IndexMap<Name, ConstValue>`
[INFO] [stdout]     |
[INFO] [stdout]     = note: expected mutable reference `&mut BTreeMap<async_graphql_value::Name, ConstValue>`
[INFO] [stdout]                found mutable reference `&mut IndexMap<async_graphql_value::Name, ConstValue>`
[INFO] [stdout] note: function defined here
[INFO] [stdout]    --> src/executor.rs:240:12
[INFO] [stdout]     |
[INFO] [stdout] 240 |         fn extract_keys(
[INFO] [stdout]     |            ^^^^^^^^^^^^
[INFO] [stdout] 241 |             from: &mut BTreeMap<Name, ConstValue>,
[INFO] [stdout]     |             -------------------------------------
[INFO] [stdout] 
[INFO] [stdout] 
[INFO] [stdout] error[E0308]: mismatched types
[INFO] [stdout]    --> src/executor.rs:298:41
[INFO] [stdout]     |
[INFO] [stdout] 297 | ...                   representations.push(extract_keys(
[INFO] [stdout]     |                                            ------------ arguments to this function are incorrect
[INFO] [stdout] 298 | ...                       element_obj,
[INFO] [stdout]     |                           ^^^^^^^^^^^ expected `&mut BTreeMap<Name, ConstValue>`, found `&mut IndexMap<Name, ConstValue>`
[INFO] [stdout]     |
[INFO] [stdout]     = note: expected mutable reference `&mut BTreeMap<async_graphql_value::Name, ConstValue>`
[INFO] [stdout]                found mutable reference `&mut IndexMap<async_graphql_value::Name, ConstValue>`
[INFO] [stdout] note: function defined here
[INFO] [stdout]    --> src/executor.rs:240:12
[INFO] [stdout]     |
[INFO] [stdout] 240 |         fn extract_keys(
[INFO] [stdout]     |            ^^^^^^^^^^^^
[INFO] [stdout] 241 |             from: &mut BTreeMap<Name, ConstValue>,
[INFO] [stdout]     |             -------------------------------------
[INFO] [stdout] 
[INFO] [stdout] 
[INFO] [stdout] error[E0308]: mismatched types
[INFO] [stdout]    --> src/introspection/resolver.rs:32:24
[INFO] [stdout]     |
[INFO] [stdout] 30  |         obj.insert(key, resolve_fn(field.name.as_str(), field));
[INFO] [stdout]     |                    ---  -------------------------------------- this is of type `ConstValue`, which causes `obj` to be inferred as `BTreeMap<async_graphql_value::Name, ConstValue>`
[INFO] [stdout]     |                    |
[INFO] [stdout]     |                    this is of type `async_graphql_value::Name`, which causes `obj` to be inferred as `BTreeMap<async_graphql_value::Name, ConstValue>`
[INFO] [stdout] 31  |     }
[INFO] [stdout] 32  |     ConstValue::Object(obj)
[INFO] [stdout]     |     ------------------ ^^^ expected `IndexMap<Name, ConstValue>`, found `BTreeMap<Name, ConstValue>`
[INFO] [stdout]     |     |
[INFO] [stdout]     |     arguments to this enum variant are incorrect
[INFO] [stdout]     |
[INFO] [stdout]     = note: expected struct `IndexMap<async_graphql_value::Name, ConstValue>`
[INFO] [stdout]                found struct `BTreeMap<async_graphql_value::Name, ConstValue>`
[INFO] [stdout] note: tuple variant defined here
[INFO] [stdout]    --> /opt/rustwide/cargo-home/registry/src/github.com-1ecc6299db9ec823/async-graphql-value-2.11.3/src/lib.rs:142:5
[INFO] [stdout]     |
[INFO] [stdout] 142 |     Object(IndexMap<Name, ConstValue>),
[INFO] [stdout]     |     ^^^^^^
[INFO] [stdout] 
[INFO] [stdout] 
[INFO] [stdout] error: aborting due to 4 previous errors
[INFO] [stdout] 
[INFO] [stdout] 
[INFO] [stdout] For more information about this error, try `rustc --explain E0308`.
[INFO] [stdout] 
[INFO] [stderr] error: could not compile `graphgate-handler` due to 5 previous errors
[INFO] running `Command { std: "docker" "inspect" "f622074413fd944457dc0558844a9d2b678c7e8c4c203fceed04fcaca377a997", kill_on_drop: false }`
[INFO] running `Command { std: "docker" "rm" "-f" "f622074413fd944457dc0558844a9d2b678c7e8c4c203fceed04fcaca377a997", kill_on_drop: false }`
[INFO] [stdout] f622074413fd944457dc0558844a9d2b678c7e8c4c203fceed04fcaca377a997
