[INFO] fetching crate gramatika-macro 0.4.3...
[INFO] testing gramatika-macro-0.4.3 against 1.69.0 for beta-1.70-1
[INFO] extracting crate gramatika-macro 0.4.3 into /workspace/builds/worker-0-tc1/source
[INFO] validating manifest of crates.io crate gramatika-macro 0.4.3 on toolchain 1.69.0
[INFO] running `Command { std: CARGO_HOME="/workspace/cargo-home" RUSTUP_HOME="/workspace/rustup-home" "/workspace/cargo-home/bin/cargo" "+1.69.0" "metadata" "--manifest-path" "Cargo.toml" "--no-deps", kill_on_drop: false }`
[INFO] started tweaking crates.io crate gramatika-macro 0.4.3
[INFO] removed 0 missing tests
[INFO] finished tweaking crates.io crate gramatika-macro 0.4.3
[INFO] tweaked toml for crates.io crate gramatika-macro 0.4.3 written to /workspace/builds/worker-0-tc1/source/Cargo.toml
[INFO] running `Command { std: CARGO_HOME="/workspace/cargo-home" RUSTUP_HOME="/workspace/rustup-home" __CARGO_TEST_CHANNEL_OVERRIDE_DO_NOT_USE_THIS="nightly" "/workspace/cargo-home/bin/cargo" "+1.69.0" "generate-lockfile" "--manifest-path" "Cargo.toml" "-Zno-index-update", kill_on_drop: false }`
[INFO] running `Command { std: CARGO_HOME="/workspace/cargo-home" RUSTUP_HOME="/workspace/rustup-home" "/workspace/cargo-home/bin/cargo" "+1.69.0" "fetch" "--manifest-path" "Cargo.toml", kill_on_drop: false }`
[INFO] [stderr]  Downloading crates ...
[INFO] [stderr]   Downloaded arcstr v1.1.5
[INFO] running `Command { std: "docker" "create" "-v" "/var/lib/crater-agent-workspace/builds/worker-0-tc1/target:/opt/rustwide/target:rw,Z" "-v" "/var/lib/crater-agent-workspace/builds/worker-0-tc1/source:/opt/rustwide/workdir:ro,Z" "-v" "/var/lib/crater-agent-workspace/cargo-home:/opt/rustwide/cargo-home:ro,Z" "-v" "/var/lib/crater-agent-workspace/rustup-home:/opt/rustwide/rustup-home:ro,Z" "-e" "SOURCE_DIR=/opt/rustwide/workdir" "-e" "CARGO_TARGET_DIR=/opt/rustwide/target" "-e" "CARGO_HOME=/opt/rustwide/cargo-home" "-e" "RUSTUP_HOME=/opt/rustwide/rustup-home" "-w" "/opt/rustwide/workdir" "-m" "1610612736" "--user" "0:0" "--network" "none" "ghcr.io/rust-lang/crates-build-env/linux@sha256:5ff2268d62e97bff2cde7d5815dd6ed5b47097566f13b8d0ca110b04b60e07ed" "/opt/rustwide/cargo-home/bin/cargo" "+1.69.0" "metadata" "--no-deps" "--format-version=1", kill_on_drop: false }`
[INFO] [stdout] efb77dfbf8287e93739d8ac19753d61d04f947350a12d5102eab664a3cc2e02d
[INFO] running `Command { std: "docker" "start" "-a" "efb77dfbf8287e93739d8ac19753d61d04f947350a12d5102eab664a3cc2e02d", kill_on_drop: false }`
[INFO] running `Command { std: "docker" "inspect" "efb77dfbf8287e93739d8ac19753d61d04f947350a12d5102eab664a3cc2e02d", kill_on_drop: false }`
[INFO] running `Command { std: "docker" "rm" "-f" "efb77dfbf8287e93739d8ac19753d61d04f947350a12d5102eab664a3cc2e02d", kill_on_drop: false }`
[INFO] [stdout] efb77dfbf8287e93739d8ac19753d61d04f947350a12d5102eab664a3cc2e02d
[INFO] running `Command { std: "docker" "create" "-v" "/var/lib/crater-agent-workspace/builds/worker-0-tc1/target:/opt/rustwide/target:rw,Z" "-v" "/var/lib/crater-agent-workspace/builds/worker-0-tc1/source:/opt/rustwide/workdir:ro,Z" "-v" "/var/lib/crater-agent-workspace/cargo-home:/opt/rustwide/cargo-home:ro,Z" "-v" "/var/lib/crater-agent-workspace/rustup-home:/opt/rustwide/rustup-home:ro,Z" "-e" "SOURCE_DIR=/opt/rustwide/workdir" "-e" "CARGO_TARGET_DIR=/opt/rustwide/target" "-e" "CARGO_INCREMENTAL=0" "-e" "RUST_BACKTRACE=full" "-e" "RUSTFLAGS=--cap-lints=warn" "-e" "RUSTDOCFLAGS=--cap-lints=warn" "-e" "CARGO_HOME=/opt/rustwide/cargo-home" "-e" "RUSTUP_HOME=/opt/rustwide/rustup-home" "-w" "/opt/rustwide/workdir" "-m" "1610612736" "--user" "0:0" "--network" "none" "ghcr.io/rust-lang/crates-build-env/linux@sha256:5ff2268d62e97bff2cde7d5815dd6ed5b47097566f13b8d0ca110b04b60e07ed" "/opt/rustwide/cargo-home/bin/cargo" "+1.69.0" "build" "--frozen" "--message-format=json", kill_on_drop: false }`
[INFO] [stdout] b7c18501d1fe2f5752fa210f084b8a776128cee0896691f712d2be8b31e9f7d0
[INFO] running `Command { std: "docker" "start" "-a" "b7c18501d1fe2f5752fa210f084b8a776128cee0896691f712d2be8b31e9f7d0", kill_on_drop: false }`
[INFO] [stderr]    Compiling anyhow v1.0.71
[INFO] [stderr]    Compiling syn v1.0.109
[INFO] [stderr]    Compiling either v1.8.1
[INFO] [stderr]    Compiling regex-syntax v0.6.29
[INFO] [stderr]    Compiling convert_case v0.4.0
[INFO] [stderr]    Compiling arcstr v1.1.5
[INFO] [stderr]    Compiling itertools v0.10.5
[INFO] [stderr]    Compiling regex-automata v0.1.10
[INFO] [stderr]    Compiling gramatika-macro v0.4.3 (/opt/rustwide/workdir)
[INFO] [stderr]     Finished dev [unoptimized + debuginfo] target(s) in 10.55s
[INFO] running `Command { std: "docker" "inspect" "b7c18501d1fe2f5752fa210f084b8a776128cee0896691f712d2be8b31e9f7d0", kill_on_drop: false }`
[INFO] running `Command { std: "docker" "rm" "-f" "b7c18501d1fe2f5752fa210f084b8a776128cee0896691f712d2be8b31e9f7d0", kill_on_drop: false }`
[INFO] [stdout] b7c18501d1fe2f5752fa210f084b8a776128cee0896691f712d2be8b31e9f7d0
[INFO] running `Command { std: "docker" "create" "-v" "/var/lib/crater-agent-workspace/builds/worker-0-tc1/target:/opt/rustwide/target:rw,Z" "-v" "/var/lib/crater-agent-workspace/builds/worker-0-tc1/source:/opt/rustwide/workdir:ro,Z" "-v" "/var/lib/crater-agent-workspace/cargo-home:/opt/rustwide/cargo-home:ro,Z" "-v" "/var/lib/crater-agent-workspace/rustup-home:/opt/rustwide/rustup-home:ro,Z" "-e" "SOURCE_DIR=/opt/rustwide/workdir" "-e" "CARGO_TARGET_DIR=/opt/rustwide/target" "-e" "CARGO_INCREMENTAL=0" "-e" "RUST_BACKTRACE=full" "-e" "RUSTFLAGS=--cap-lints=warn" "-e" "RUSTDOCFLAGS=--cap-lints=warn" "-e" "CARGO_HOME=/opt/rustwide/cargo-home" "-e" "RUSTUP_HOME=/opt/rustwide/rustup-home" "-w" "/opt/rustwide/workdir" "-m" "1610612736" "--user" "0:0" "--network" "none" "ghcr.io/rust-lang/crates-build-env/linux@sha256:5ff2268d62e97bff2cde7d5815dd6ed5b47097566f13b8d0ca110b04b60e07ed" "/opt/rustwide/cargo-home/bin/cargo" "+1.69.0" "test" "--frozen" "--no-run" "--message-format=json", kill_on_drop: false }`
[INFO] [stdout] 9b374651076f0b7fe0f2cf79626d2ce1a5854eea103c24fb1f2cc2e3a2379c76
[INFO] running `Command { std: "docker" "start" "-a" "9b374651076f0b7fe0f2cf79626d2ce1a5854eea103c24fb1f2cc2e3a2379c76", kill_on_drop: false }`
[INFO] [stderr]    Compiling proc-macro2 v1.0.56
[INFO] [stderr]    Compiling unicode-ident v1.0.8
[INFO] [stderr]    Compiling quote v1.0.26
[INFO] [stderr]    Compiling anyhow v1.0.71
[INFO] [stderr]    Compiling syn v1.0.109
[INFO] [stderr]    Compiling regex-syntax v0.6.29
[INFO] [stderr]    Compiling once_cell v1.17.1
[INFO] [stderr]    Compiling trybuild v1.0.80
[INFO] [stderr]    Compiling basic-toml v0.1.2
[INFO] [stderr]    Compiling convert_case v0.4.0
[INFO] [stderr]    Compiling arcstr v1.1.5
[INFO] [stderr]    Compiling glob v0.3.1
[INFO] [stderr]    Compiling dissimilar v1.0.6
[INFO] [stderr]    Compiling syn v2.0.15
[INFO] [stderr]    Compiling regex-automata v0.1.10
[INFO] [stderr]    Compiling serde_derive v1.0.160
[INFO] [stderr]    Compiling gramatika-macro v0.4.3 (/opt/rustwide/workdir)
[INFO] [stdout] error[E0463]: can't find crate for `gramatika`
[INFO] [stdout]  --> tests/token.rs:3:1
[INFO] [stdout]   |
[INFO] [stdout] 3 | extern crate gramatika;
[INFO] [stdout]   | ^^^^^^^^^^^^^^^^^^^^^^^ can't find crate
[INFO] [stdout] 
[INFO] [stdout] 
[INFO] [stdout] error[E0463]: can't find crate for `gramatika`
[INFO] [stdout]  --> tests/lexer.rs:6:1
[INFO] [stdout]   |
[INFO] [stdout] 6 | extern crate gramatika;
[INFO] [stdout]   | ^^^^^^^^^^^^^^^^^^^^^^^ can't find crate
[INFO] [stdout] 
[INFO] [stdout] 
[INFO] [stdout] error: cannot determine resolution for the macro `span`
[INFO] [stdout]   --> tests/token.rs:19:32
[INFO] [stdout]    |
[INFO] [stdout] 19 |         Token::keyword("let".into(), span![0:0...0:3]),
[INFO] [stdout]    |                                      ^^^^
[INFO] [stdout]    |
[INFO] [stdout]    = note: import resolution is stuck, try simplifying macro imports
[INFO] [stdout] 
[INFO] [stdout] 
[INFO] [stdout] error: cannot determine resolution for the macro `span`
[INFO] [stdout]   --> tests/token.rs:20:32
[INFO] [stdout]    |
[INFO] [stdout] 20 |         Token::Keyword("let".into(), span![0:0...0:3]),
[INFO] [stdout]    |                                      ^^^^
[INFO] [stdout]    |
[INFO] [stdout]    = note: import resolution is stuck, try simplifying macro imports
[INFO] [stdout] 
[INFO] [stdout] 
[INFO] [stdout] error: cannot determine resolution for the macro `span`
[INFO] [stdout]   --> tests/token.rs:23:30
[INFO] [stdout]    |
[INFO] [stdout] 23 |         Token::ident("foo".into(), span![0:0...0:3]),
[INFO] [stdout]    |                                    ^^^^
[INFO] [stdout]    |
[INFO] [stdout]    = note: import resolution is stuck, try simplifying macro imports
[INFO] [stdout] 
[INFO] [stdout] 
[INFO] [stdout] error: cannot determine resolution for the macro `span`
[INFO] [stdout]   --> tests/token.rs:24:30
[INFO] [stdout]    |
[INFO] [stdout] 24 |         Token::Ident("foo".into(), span![0:0...0:3]),
[INFO] [stdout]    |                                    ^^^^
[INFO] [stdout]    |
[INFO] [stdout]    = note: import resolution is stuck, try simplifying macro imports
[INFO] [stdout] 
[INFO] [stdout] 
[INFO] [stdout] error: cannot determine resolution for the macro `span`
[INFO] [stdout]   --> tests/token.rs:27:28
[INFO] [stdout]    |
[INFO] [stdout] 27 |         Token::punct(";".into(), span![0:0...0:1]),
[INFO] [stdout]    |                                  ^^^^
[INFO] [stdout]    |
[INFO] [stdout]    = note: import resolution is stuck, try simplifying macro imports
[INFO] [stdout] 
[INFO] [stdout] 
[INFO] [stdout] error: cannot determine resolution for the macro `span`
[INFO] [stdout]   --> tests/token.rs:28:28
[INFO] [stdout]    |
[INFO] [stdout] 28 |         Token::Punct(";".into(), span![0:0...0:1]),
[INFO] [stdout]    |                                  ^^^^
[INFO] [stdout]    |
[INFO] [stdout]    = note: import resolution is stuck, try simplifying macro imports
[INFO] [stdout] 
[INFO] [stdout] 
[INFO] [stdout] error: cannot determine resolution for the macro `span`
[INFO] [stdout]   --> tests/token.rs:31:31
[INFO] [stdout]    |
[INFO] [stdout] 31 |         Token::operator("*".into(), span![0:0...0:1]),
[INFO] [stdout]    |                                     ^^^^
[INFO] [stdout]    |
[INFO] [stdout]    = note: import resolution is stuck, try simplifying macro imports
[INFO] [stdout] 
[INFO] [stdout] 
[INFO] [stdout] error: cannot determine resolution for the macro `span`
[INFO] [stdout]   --> tests/token.rs:32:31
[INFO] [stdout]    |
[INFO] [stdout] 32 |         Token::Operator("*".into(), span![0:0...0:1]),
[INFO] [stdout]    |                                     ^^^^
[INFO] [stdout]    |
[INFO] [stdout]    = note: import resolution is stuck, try simplifying macro imports
[INFO] [stdout] 
[INFO] [stdout] 
[INFO] [stdout] error: cannot determine resolution for the macro `span`
[INFO] [stdout]   --> tests/token.rs:35:31
[INFO] [stdout]    |
[INFO] [stdout] 35 |         Token::literal("42".into(), span![0:0...0:2]),
[INFO] [stdout]    |                                     ^^^^
[INFO] [stdout]    |
[INFO] [stdout]    = note: import resolution is stuck, try simplifying macro imports
[INFO] [stdout] 
[INFO] [stdout] 
[INFO] [stdout] error: cannot determine resolution for the macro `span`
[INFO] [stdout]   --> tests/token.rs:36:31
[INFO] [stdout]    |
[INFO] [stdout] 36 |         Token::Literal("42".into(), span![0:0...0:2]),
[INFO] [stdout]    |                                     ^^^^
[INFO] [stdout]    |
[INFO] [stdout]    = note: import resolution is stuck, try simplifying macro imports
[INFO] [stdout] 
[INFO] [stdout] 
[INFO] [stdout] error: cannot determine resolution for the macro `span`
[INFO] [stdout]   --> tests/token.rs:43:32
[INFO] [stdout]    |
[INFO] [stdout] 43 |         Token::Keyword("let".into(), span![0:0...0:0]),
[INFO] [stdout]    |                                      ^^^^
[INFO] [stdout]    |
[INFO] [stdout]    = note: import resolution is stuck, try simplifying macro imports
[INFO] [stdout] 
[INFO] [stdout] 
[INFO] [stdout] error: cannot determine resolution for the macro `span`
[INFO] [stdout]   --> tests/token.rs:48:30
[INFO] [stdout]    |
[INFO] [stdout] 48 |         Token::Ident("foo".into(), span![0:0...0:0]),
[INFO] [stdout]    |                                    ^^^^
[INFO] [stdout]    |
[INFO] [stdout]    = note: import resolution is stuck, try simplifying macro imports
[INFO] [stdout] 
[INFO] [stdout] 
[INFO] [stdout] error: cannot determine resolution for the macro `span`
[INFO] [stdout]   --> tests/token.rs:53:28
[INFO] [stdout]    |
[INFO] [stdout] 53 |         Token::Punct(";".into(), span![0:0...0:0]),
[INFO] [stdout]    |                                  ^^^^
[INFO] [stdout]    |
[INFO] [stdout]    = note: import resolution is stuck, try simplifying macro imports
[INFO] [stdout] 
[INFO] [stdout] 
[INFO] [stdout] error: cannot determine resolution for the macro `span`
[INFO] [stdout]   --> tests/token.rs:58:31
[INFO] [stdout]    |
[INFO] [stdout] 58 |         Token::Operator("*".into(), span![0:0...0:0]),
[INFO] [stdout]    |                                     ^^^^
[INFO] [stdout]    |
[INFO] [stdout]    = note: import resolution is stuck, try simplifying macro imports
[INFO] [stdout] 
[INFO] [stdout] 
[INFO] [stdout] error: cannot determine resolution for the macro `span`
[INFO] [stdout]   --> tests/token.rs:63:31
[INFO] [stdout]    |
[INFO] [stdout] 63 |         Token::Literal("42".into(), span![0:0...0:0]),
[INFO] [stdout]    |                                     ^^^^
[INFO] [stdout]    |
[INFO] [stdout]    = note: import resolution is stuck, try simplifying macro imports
[INFO] [stdout] 
[INFO] [stdout] 
[INFO] [stdout] error[E0463]: can't find crate for `gramatika`
[INFO] [stdout]  --> tests/debug_lisp.rs:2:1
[INFO] [stdout]   |
[INFO] [stdout] 2 | extern crate gramatika;
[INFO] [stdout]   | ^^^^^^^^^^^^^^^^^^^^^^^ can't find crate
[INFO] [stdout] 
[INFO] [stdout] 
[INFO] [stdout] error[E0463]: can't find crate for `gramatika`
[INFO] [stdout]  --> tests/pattern.rs:5:1
[INFO] [stdout]   |
[INFO] [stdout] 5 | extern crate gramatika;
[INFO] [stdout]   | ^^^^^^^^^^^^^^^^^^^^^^^ can't find crate
[INFO] [stdout] 
[INFO] [stdout] 
[INFO] [stdout] error: aborting due to 16 previous errors
[INFO] [stdout] 
[INFO] [stdout] 
[INFO] [stdout] For more information about this error, try `rustc --explain E0463`.
[INFO] [stdout] 
[INFO] [stderr] error: could not compile `gramatika-macro` due to 17 previous errors
[INFO] [stderr] warning: build failed, waiting for other jobs to finish...
[INFO] [stdout] error: cannot find macro `span` in this scope
[INFO] [stdout]    --> tests/lexer.rs:129:28
[INFO] [stdout]     |
[INFO] [stdout] 129 |         Token::punct(";".into(), span![0:15...0:16]),
[INFO] [stdout]     |                                  ^^^^
[INFO] [stdout] 
[INFO] [stdout] 
[INFO] [stdout] error: cannot find macro `span` in this scope
[INFO] [stdout]    --> tests/lexer.rs:128:30
[INFO] [stdout]     |
[INFO] [stdout] 128 |         Token::literal("2".into(), span![0:14...0:15]),
[INFO] [stdout]     |                                    ^^^^
[INFO] [stdout] 
[INFO] [stdout] 
[INFO] [stdout] error: cannot find macro `span` in this scope
[INFO] [stdout]    --> tests/lexer.rs:127:31
[INFO] [stdout]     |
[INFO] [stdout] 127 |         Token::operator("+".into(), span![0:12...0:13]),
[INFO] [stdout]     |                                     ^^^^
[INFO] [stdout] 
[INFO] [stdout] 
[INFO] [stdout] error: cannot find macro `span` in this scope
[INFO] [stdout]    --> tests/lexer.rs:126:30
[INFO] [stdout]     |
[INFO] [stdout] 126 |         Token::literal("2".into(), span![0:10...0:11]),
[INFO] [stdout]     |                                    ^^^^
[INFO] [stdout] 
[INFO] [stdout] 
[INFO] [stdout] error: cannot find macro `span` in this scope
[INFO] [stdout]    --> tests/lexer.rs:125:31
[INFO] [stdout]     |
[INFO] [stdout] 125 |         Token::operator("=".into(), span![0:8...0:9]),
[INFO] [stdout]     |                                     ^^^^
[INFO] [stdout] 
[INFO] [stdout] 
[INFO] [stdout] error: cannot find macro `span` in this scope
[INFO] [stdout]    --> tests/lexer.rs:124:30
[INFO] [stdout]     |
[INFO] [stdout] 124 |         Token::ident("foo".into(), span![0:4...0:7]),
[INFO] [stdout]     |                                    ^^^^
[INFO] [stdout] 
[INFO] [stdout] 
[INFO] [stdout] error: cannot find macro `span` in this scope
[INFO] [stdout]    --> tests/lexer.rs:123:32
[INFO] [stdout]     |
[INFO] [stdout] 123 |         Token::keyword("let".into(), span![0:0...0:3]),
[INFO] [stdout]     |                                      ^^^^
[INFO] [stdout] 
[INFO] [stdout] 
[INFO] [stdout] error: aborting due to 8 previous errors
[INFO] [stdout] 
[INFO] [stdout] 
[INFO] [stdout] error: cannot find derive macro `Token` in this scope
[INFO] [stdout]   --> tests/debug_lisp.rs:81:17
[INFO] [stdout]    |
[INFO] [stdout] 81 | #[derive(Debug, Token, DebugLispToken)]
[INFO] [stdout]    |                 ^^^^^
[INFO] [stdout]    |
[INFO] [stdout]    = help: consider importing this derive macro:
[INFO] [stdout]            gramatika_macro::Token
[INFO] [stdout]    = note: `Token` is in scope, but it is an enum, not a derive macro
[INFO] [stdout] 
[INFO] [stdout] 
[INFO] [stdout] error: cannot find derive macro `DebugLispToken` in this scope
[INFO] [stdout]   --> tests/debug_lisp.rs:81:24
[INFO] [stdout]    |
[INFO] [stdout] 81 | #[derive(Debug, Token, DebugLispToken)]
[INFO] [stdout]    |                        ^^^^^^^^^^^^^^
[INFO] [stdout]    |
[INFO] [stdout]    = help: consider importing this derive macro:
[INFO] [stdout]            gramatika_macro::DebugLispToken
[INFO] [stdout] 
[INFO] [stdout] 
[INFO] [stdout] error: cannot find derive macro `DebugLisp` in this scope
[INFO] [stdout]   --> tests/debug_lisp.rs:90:10
[INFO] [stdout]    |
[INFO] [stdout] 90 | #[derive(DebugLisp)]
[INFO] [stdout]    |          ^^^^^^^^^
[INFO] [stdout]    |
[INFO] [stdout]    = help: consider importing this derive macro:
[INFO] [stdout]            gramatika_macro::DebugLisp
[INFO] [stdout] 
[INFO] [stdout] 
[INFO] [stdout] error: cannot find derive macro `DebugLisp` in this scope
[INFO] [stdout]   --> tests/debug_lisp.rs:97:10
[INFO] [stdout]    |
[INFO] [stdout] 97 | #[derive(DebugLisp)]
[INFO] [stdout]    |          ^^^^^^^^^
[INFO] [stdout]    |
[INFO] [stdout]    = help: consider importing this derive macro:
[INFO] [stdout]            gramatika_macro::DebugLisp
[INFO] [stdout] 
[INFO] [stdout] 
[INFO] [stdout] For more information about this error, try `rustc --explain E0463`.
[INFO] [stdout] 
[INFO] [stdout] error: cannot find derive macro `DebugLisp` in this scope
[INFO] [stdout]    --> tests/debug_lisp.rs:104:10
[INFO] [stdout]     |
[INFO] [stdout] 104 | #[derive(DebugLisp)]
[INFO] [stdout]     |          ^^^^^^^^^
[INFO] [stdout]     |
[INFO] [stdout]     = help: consider importing this derive macro:
[INFO] [stdout]             gramatika_macro::DebugLisp
[INFO] [stdout] 
[INFO] [stdout] 
[INFO] [stdout] error: cannot find derive macro `DebugLisp` in this scope
[INFO] [stdout]    --> tests/debug_lisp.rs:110:10
[INFO] [stdout]     |
[INFO] [stdout] 110 | #[derive(DebugLisp)]
[INFO] [stdout]     |          ^^^^^^^^^
[INFO] [stdout]     |
[INFO] [stdout]     = help: consider importing this derive macro:
[INFO] [stdout]             gramatika_macro::DebugLisp
[INFO] [stdout] 
[INFO] [stdout] 
[INFO] [stdout] error: cannot find derive macro `DebugLisp` in this scope
[INFO] [stdout]    --> tests/debug_lisp.rs:116:10
[INFO] [stdout]     |
[INFO] [stdout] 116 | #[derive(DebugLisp)]
[INFO] [stdout]     |          ^^^^^^^^^
[INFO] [stdout]     |
[INFO] [stdout]     = help: consider importing this derive macro:
[INFO] [stdout]             gramatika_macro::DebugLisp
[INFO] [stdout] 
[INFO] [stdout] 
[INFO] [stderr] error: could not compile `gramatika-macro` due to 9 previous errors
[INFO] [stdout] error: cannot find macro `span` in this scope
[INFO] [stdout]    --> tests/debug_lisp.rs:125:39
[INFO] [stdout]     |
[INFO] [stdout] 125 |                 token: Token::Literal("3".into(), span![0:0...0:1]),
[INFO] [stdout]     |                                                   ^^^^
[INFO] [stdout] 
[INFO] [stdout] 
[INFO] [stdout] error: cannot find macro `span` in this scope
[INFO] [stdout]    --> tests/debug_lisp.rs:128:36
[INFO] [stdout]     |
[INFO] [stdout] 128 |             op: Token::Operator("+".into(), span![0:2...0:3]),
[INFO] [stdout]     |                                             ^^^^
[INFO] [stdout] 
[INFO] [stdout] 
[INFO] [stdout] error: cannot find macro `span` in this scope
[INFO] [stdout]    --> tests/debug_lisp.rs:130:37
[INFO] [stdout]     |
[INFO] [stdout] 130 |                 op: Token::Operator("-".into(), span![0:4...0:5]),
[INFO] [stdout]     |                                                 ^^^^
[INFO] [stdout] 
[INFO] [stdout] 
[INFO] [stdout] error: cannot find macro `span` in this scope
[INFO] [stdout]    --> tests/debug_lisp.rs:132:40
[INFO] [stdout]     |
[INFO] [stdout] 132 |                     token: Token::Literal("2".into(), span![0:5...0:6]),
[INFO] [stdout]     |                                                       ^^^^
[INFO] [stdout] 
[INFO] [stdout] 
[INFO] [stdout] error: aborting due to previous error
[INFO] [stdout] 
[INFO] [stdout] 
[INFO] [stdout] For more information about this error, try `rustc --explain E0463`.
[INFO] [stdout] 
[INFO] [stderr] error: could not compile `gramatika-macro` due to 2 previous errors
[INFO] [stdout] error[E0277]: `Program` doesn't implement `Debug`
[INFO] [stdout]    --> tests/debug_lisp.rs:139:32
[INFO] [stdout]     |
[INFO] [stdout] 139 |     let output = format!("{:#?}", ast);
[INFO] [stdout]     |                                   ^^^ `Program` cannot be formatted using `{:?}`
[INFO] [stdout]     |
[INFO] [stdout]     = help: the trait `Debug` is not implemented for `Program`
[INFO] [stdout]     = note: add `#[derive(Debug)]` to `Program` or manually `impl Debug for Program`
[INFO] [stdout]     = note: this error originates in the macro `$crate::__export::format_args` which comes from the expansion of the macro `format` (in Nightly builds, run with -Z macro-backtrace for more info)
[INFO] [stdout] 
[INFO] [stdout] 
[INFO] [stdout] error: aborting due to 13 previous errors
[INFO] [stdout] 
[INFO] [stdout] 
[INFO] [stdout] Some errors have detailed explanations: E0277, E0463.
[INFO] [stdout] 
[INFO] [stdout] For more information about an error, try `rustc --explain E0277`.
[INFO] [stdout] 
[INFO] [stderr] error: could not compile `gramatika-macro` due to 14 previous errors
[INFO] running `Command { std: "docker" "inspect" "9b374651076f0b7fe0f2cf79626d2ce1a5854eea103c24fb1f2cc2e3a2379c76", kill_on_drop: false }`
[INFO] running `Command { std: "docker" "rm" "-f" "9b374651076f0b7fe0f2cf79626d2ce1a5854eea103c24fb1f2cc2e3a2379c76", kill_on_drop: false }`
[INFO] [stdout] 9b374651076f0b7fe0f2cf79626d2ce1a5854eea103c24fb1f2cc2e3a2379c76
