[INFO] fetching crate gportal_rs 0.2.0...
[INFO] testing gportal_rs-0.2.0 against 1.69.0 for beta-1.70-1
[INFO] extracting crate gportal_rs 0.2.0 into /workspace/builds/worker-5-tc1/source
[INFO] validating manifest of crates.io crate gportal_rs 0.2.0 on toolchain 1.69.0
[INFO] running `Command { std: CARGO_HOME="/workspace/cargo-home" RUSTUP_HOME="/workspace/rustup-home" "/workspace/cargo-home/bin/cargo" "+1.69.0" "metadata" "--manifest-path" "Cargo.toml" "--no-deps", kill_on_drop: false }`
[INFO] started tweaking crates.io crate gportal_rs 0.2.0
[INFO] finished tweaking crates.io crate gportal_rs 0.2.0
[INFO] tweaked toml for crates.io crate gportal_rs 0.2.0 written to /workspace/builds/worker-5-tc1/source/Cargo.toml
[INFO] running `Command { std: CARGO_HOME="/workspace/cargo-home" RUSTUP_HOME="/workspace/rustup-home" __CARGO_TEST_CHANNEL_OVERRIDE_DO_NOT_USE_THIS="nightly" "/workspace/cargo-home/bin/cargo" "+1.69.0" "generate-lockfile" "--manifest-path" "Cargo.toml" "-Zno-index-update", kill_on_drop: false }`
[INFO] running `Command { std: CARGO_HOME="/workspace/cargo-home" RUSTUP_HOME="/workspace/rustup-home" "/workspace/cargo-home/bin/cargo" "+1.69.0" "fetch" "--manifest-path" "Cargo.toml", kill_on_drop: false }`
[INFO] [stderr]  Downloading crates ...
[INFO] [stderr]   Downloaded pbjson v0.5.1
[INFO] [stderr]   Downloaded pbjson-build v0.5.1
[INFO] [stderr]   Downloaded pbjson-types v0.5.1
[INFO] running `Command { std: "docker" "create" "-v" "/var/lib/crater-agent-workspace/builds/worker-5-tc1/target:/opt/rustwide/target:rw,Z" "-v" "/var/lib/crater-agent-workspace/builds/worker-5-tc1/source:/opt/rustwide/workdir:ro,Z" "-v" "/var/lib/crater-agent-workspace/cargo-home:/opt/rustwide/cargo-home:ro,Z" "-v" "/var/lib/crater-agent-workspace/rustup-home:/opt/rustwide/rustup-home:ro,Z" "-e" "SOURCE_DIR=/opt/rustwide/workdir" "-e" "CARGO_TARGET_DIR=/opt/rustwide/target" "-e" "CARGO_HOME=/opt/rustwide/cargo-home" "-e" "RUSTUP_HOME=/opt/rustwide/rustup-home" "-w" "/opt/rustwide/workdir" "-m" "1610612736" "--user" "0:0" "--network" "none" "ghcr.io/rust-lang/crates-build-env/linux@sha256:97d61d7686bf65f8ecb15491ab51835e82dc9176a96a831f143a431b191fc501" "/opt/rustwide/cargo-home/bin/cargo" "+1.69.0" "metadata" "--no-deps" "--format-version=1", kill_on_drop: false }`
[INFO] [stdout] 345322378e00483da5f3131c5becc1ffbda272ea5f1e1f2bc43841b8ef8cc716
[INFO] running `Command { std: "docker" "start" "-a" "345322378e00483da5f3131c5becc1ffbda272ea5f1e1f2bc43841b8ef8cc716", kill_on_drop: false }`
[INFO] running `Command { std: "docker" "inspect" "345322378e00483da5f3131c5becc1ffbda272ea5f1e1f2bc43841b8ef8cc716", kill_on_drop: false }`
[INFO] running `Command { std: "docker" "rm" "-f" "345322378e00483da5f3131c5becc1ffbda272ea5f1e1f2bc43841b8ef8cc716", kill_on_drop: false }`
[INFO] [stdout] 345322378e00483da5f3131c5becc1ffbda272ea5f1e1f2bc43841b8ef8cc716
[INFO] running `Command { std: "docker" "create" "-v" "/var/lib/crater-agent-workspace/builds/worker-5-tc1/target:/opt/rustwide/target:rw,Z" "-v" "/var/lib/crater-agent-workspace/builds/worker-5-tc1/source:/opt/rustwide/workdir:ro,Z" "-v" "/var/lib/crater-agent-workspace/cargo-home:/opt/rustwide/cargo-home:ro,Z" "-v" "/var/lib/crater-agent-workspace/rustup-home:/opt/rustwide/rustup-home:ro,Z" "-e" "SOURCE_DIR=/opt/rustwide/workdir" "-e" "CARGO_TARGET_DIR=/opt/rustwide/target" "-e" "CARGO_INCREMENTAL=0" "-e" "RUST_BACKTRACE=full" "-e" "RUSTFLAGS=--cap-lints=warn" "-e" "RUSTDOCFLAGS=--cap-lints=warn" "-e" "CARGO_HOME=/opt/rustwide/cargo-home" "-e" "RUSTUP_HOME=/opt/rustwide/rustup-home" "-w" "/opt/rustwide/workdir" "-m" "1610612736" "--user" "0:0" "--network" "none" "ghcr.io/rust-lang/crates-build-env/linux@sha256:97d61d7686bf65f8ecb15491ab51835e82dc9176a96a831f143a431b191fc501" "/opt/rustwide/cargo-home/bin/cargo" "+1.69.0" "build" "--frozen" "--message-format=json", kill_on_drop: false }`
[INFO] [stdout] b6858136279e5739fbc9c5a272bd84b3a1634a4982c34a1ff930c04b06857bd1
[INFO] running `Command { std: "docker" "start" "-a" "b6858136279e5739fbc9c5a272bd84b3a1634a4982c34a1ff930c04b06857bd1", kill_on_drop: false }`
[INFO] [stderr]     Blocking waiting for file lock on package cache
[INFO] [stderr]     Blocking waiting for file lock on package cache
[INFO] [stderr]    Compiling syn v1.0.109
[INFO] [stderr]    Compiling either v1.8.1
[INFO] [stderr]    Compiling futures-task v0.3.28
[INFO] [stderr]    Compiling anyhow v1.0.71
[INFO] [stderr]    Compiling tokio v1.28.0
[INFO] [stderr]    Compiling libc v0.2.142
[INFO] [stderr]    Compiling futures-util v0.3.28
[INFO] [stderr]    Compiling rustversion v1.0.12
[INFO] [stderr]    Compiling io-lifetimes v1.0.10
[INFO] [stderr]    Compiling syn v2.0.15
[INFO] [stderr]    Compiling rustix v0.37.18
[INFO] [stderr]    Compiling bytes v1.4.0
[INFO] [stderr]    Compiling getrandom v0.2.9
[INFO] [stderr]    Compiling prettyplease v0.1.25
[INFO] [stderr]    Compiling futures-channel v0.3.28
[INFO] [stderr]    Compiling linux-raw-sys v0.3.6
[INFO] [stderr]    Compiling itertools v0.10.5
[INFO] [stderr]    Compiling serde v1.0.160
[INFO] [stderr]    Compiling rand_core v0.6.4
[INFO] [stderr]    Compiling regex-syntax v0.7.1
[INFO] [stderr]    Compiling fastrand v1.9.0
[INFO] [stderr]    Compiling fixedbitset v0.4.2
[INFO] [stderr]    Compiling rand_chacha v0.3.1
[INFO] [stderr]    Compiling tower-layer v0.3.2
[INFO] [stderr]    Compiling crc32fast v1.3.2
[INFO] [stderr]    Compiling lazy_static v1.4.0
[INFO] [stderr]    Compiling petgraph v0.6.3
[INFO] [stderr]    Compiling multimap v0.8.3
[INFO] [stderr]    Compiling miniz_oxide v0.7.1
[INFO] [stderr]    Compiling rand v0.8.5
[INFO] [stderr]    Compiling sync_wrapper v0.1.2
[INFO] [stderr]    Compiling matchit v0.7.0
[INFO] [stderr]    Compiling chrono v0.4.24
[INFO] [stderr]    Compiling axum-core v0.3.4
[INFO] [stderr]    Compiling axum v0.6.17
[INFO] [stderr]    Compiling flate2 v1.0.26
[INFO] [stderr]    Compiling regex v1.8.1
[INFO] [stderr]    Compiling which v4.4.0
[INFO] [stderr]    Compiling tempfile v3.5.0
[INFO] [stderr]    Compiling tokio-macros v2.1.0
[INFO] [stderr]    Compiling tracing-attributes v0.1.24
[INFO] [stderr]    Compiling serde_derive v1.0.160
[INFO] [stderr]    Compiling async-trait v0.1.68
[INFO] [stderr]    Compiling async-stream-impl v0.3.5
[INFO] [stderr]    Compiling prost-derive v0.11.9
[INFO] [stderr]    Compiling pin-project-internal v1.0.12
[INFO] [stderr]    Compiling async-stream v0.3.5
[INFO] [stderr]    Compiling tracing v0.1.37
[INFO] [stderr]    Compiling pin-project v1.0.12
[INFO] [stderr]    Compiling tracing-futures v0.2.5
[INFO] [stderr]    Compiling prost v0.11.9
[INFO] [stderr]    Compiling prost-types v0.11.9
[INFO] [stderr]    Compiling prost-build v0.11.9
[INFO] [stderr]    Compiling pbjson-build v0.5.1
[INFO] [stderr]    Compiling pbjson-types v0.5.1
[INFO] [stderr]    Compiling tokio-util v0.7.8
[INFO] [stderr]    Compiling tokio-io-timeout v1.2.0
[INFO] [stderr]    Compiling tokio-stream v0.1.14
[INFO] [stderr]    Compiling h2 v0.3.18
[INFO] [stderr]    Compiling tower v0.4.13
[INFO] [stderr]    Compiling pbjson v0.5.1
[INFO] [stderr]    Compiling hyper v0.14.26
[INFO] [stderr]    Compiling hyper-timeout v0.4.1
[INFO] [stderr]    Compiling tonic v0.8.3
[INFO] [stderr]    Compiling gportal_rs v0.2.0 (/opt/rustwide/workdir)
[INFO] [stderr]     Finished dev [unoptimized + debuginfo] target(s) in 51.28s
[INFO] running `Command { std: "docker" "inspect" "b6858136279e5739fbc9c5a272bd84b3a1634a4982c34a1ff930c04b06857bd1", kill_on_drop: false }`
[INFO] running `Command { std: "docker" "rm" "-f" "b6858136279e5739fbc9c5a272bd84b3a1634a4982c34a1ff930c04b06857bd1", kill_on_drop: false }`
[INFO] [stdout] b6858136279e5739fbc9c5a272bd84b3a1634a4982c34a1ff930c04b06857bd1
[INFO] running `Command { std: "docker" "create" "-v" "/var/lib/crater-agent-workspace/builds/worker-5-tc1/target:/opt/rustwide/target:rw,Z" "-v" "/var/lib/crater-agent-workspace/builds/worker-5-tc1/source:/opt/rustwide/workdir:ro,Z" "-v" "/var/lib/crater-agent-workspace/cargo-home:/opt/rustwide/cargo-home:ro,Z" "-v" "/var/lib/crater-agent-workspace/rustup-home:/opt/rustwide/rustup-home:ro,Z" "-e" "SOURCE_DIR=/opt/rustwide/workdir" "-e" "CARGO_TARGET_DIR=/opt/rustwide/target" "-e" "CARGO_INCREMENTAL=0" "-e" "RUST_BACKTRACE=full" "-e" "RUSTFLAGS=--cap-lints=warn" "-e" "RUSTDOCFLAGS=--cap-lints=warn" "-e" "CARGO_HOME=/opt/rustwide/cargo-home" "-e" "RUSTUP_HOME=/opt/rustwide/rustup-home" "-w" "/opt/rustwide/workdir" "-m" "1610612736" "--user" "0:0" "--network" "none" "ghcr.io/rust-lang/crates-build-env/linux@sha256:97d61d7686bf65f8ecb15491ab51835e82dc9176a96a831f143a431b191fc501" "/opt/rustwide/cargo-home/bin/cargo" "+1.69.0" "test" "--frozen" "--no-run" "--message-format=json", kill_on_drop: false }`
[INFO] [stdout] 3dc8e482023356babad77fc9b74ece7fdf485ac47d68e93caa6937690dcabc26
[INFO] running `Command { std: "docker" "start" "-a" "3dc8e482023356babad77fc9b74ece7fdf485ac47d68e93caa6937690dcabc26", kill_on_drop: false }`
[INFO] [stderr]     Blocking waiting for file lock on package cache
[INFO] [stderr]    Compiling gportal_rs v0.2.0 (/opt/rustwide/workdir)
[INFO] [stderr]     Finished test [unoptimized + debuginfo] target(s) in 10.99s
[INFO] running `Command { std: "docker" "inspect" "3dc8e482023356babad77fc9b74ece7fdf485ac47d68e93caa6937690dcabc26", kill_on_drop: false }`
[INFO] running `Command { std: "docker" "rm" "-f" "3dc8e482023356babad77fc9b74ece7fdf485ac47d68e93caa6937690dcabc26", kill_on_drop: false }`
[INFO] [stdout] 3dc8e482023356babad77fc9b74ece7fdf485ac47d68e93caa6937690dcabc26
[INFO] running `Command { std: "docker" "create" "-v" "/var/lib/crater-agent-workspace/builds/worker-5-tc1/target:/opt/rustwide/target:rw,Z" "-v" "/var/lib/crater-agent-workspace/builds/worker-5-tc1/source:/opt/rustwide/workdir:ro,Z" "-v" "/var/lib/crater-agent-workspace/cargo-home:/opt/rustwide/cargo-home:ro,Z" "-v" "/var/lib/crater-agent-workspace/rustup-home:/opt/rustwide/rustup-home:ro,Z" "-e" "SOURCE_DIR=/opt/rustwide/workdir" "-e" "CARGO_TARGET_DIR=/opt/rustwide/target" "-e" "CARGO_INCREMENTAL=0" "-e" "RUST_BACKTRACE=full" "-e" "RUSTFLAGS=--cap-lints=warn" "-e" "RUSTDOCFLAGS=--cap-lints=warn" "-e" "CARGO_HOME=/opt/rustwide/cargo-home" "-e" "RUSTUP_HOME=/opt/rustwide/rustup-home" "-w" "/opt/rustwide/workdir" "-m" "1610612736" "--user" "0:0" "--network" "none" "ghcr.io/rust-lang/crates-build-env/linux@sha256:97d61d7686bf65f8ecb15491ab51835e82dc9176a96a831f143a431b191fc501" "/opt/rustwide/cargo-home/bin/cargo" "+1.69.0" "test" "--frozen", kill_on_drop: false }`
[INFO] [stdout] 85ae08533cb91b1185f0eaf58cdb1c388dafcd5407832fdac4e7248d6dfbe987
[INFO] running `Command { std: "docker" "start" "-a" "85ae08533cb91b1185f0eaf58cdb1c388dafcd5407832fdac4e7248d6dfbe987", kill_on_drop: false }`
[INFO] [stderr]     Finished test [unoptimized + debuginfo] target(s) in 0.14s
[INFO] [stderr]      Running unittests src/lib.rs (/opt/rustwide/target/debug/deps/gportal_rs-1f3518722efffc42)
[INFO] [stdout] 
[INFO] [stdout] running 0 tests
[INFO] [stdout] 
[INFO] [stdout] test result: ok. 0 passed; 0 failed; 0 ignored; 0 measured; 0 filtered out; finished in 0.00s
[INFO] [stdout] 
[INFO] [stderr]    Doc-tests gportal_rs
[INFO] [stdout] 
[INFO] [stdout] running 3 tests
[INFO] [stdout] test src/gen/google.rpc.rs - google::rpc::ErrorInfo (line 7) ... FAILED
[INFO] [stdout] test src/gen/google.rpc.rs - google::rpc::bad_request::FieldViolation::field (line 184) ... FAILED
[INFO] [stderr] error: doctest failed, to rerun pass `--doc`
[INFO] [stdout] test src/gen/google.rpc.rs - google::rpc::ErrorInfo (line 20) ... FAILED
[INFO] [stdout] 
[INFO] [stdout] failures:
[INFO] [stdout] 
[INFO] [stdout] ---- src/gen/google.rpc.rs - google::rpc::ErrorInfo (line 7) stdout ----
[INFO] [stdout] error: expected type, found `"API_DISABLED"`
[INFO] [stdout]  --> src/gen/google.rpc.rs:8:13
[INFO] [stdout]   |
[INFO] [stdout] 3 | { "reason": "API_DISABLED"
[INFO] [stdout]   |           - ^^^^^^^^^^^^^^ expected type
[INFO] [stdout]   |           |
[INFO] [stdout]   |           tried to parse a type due to this
[INFO] [stdout] 
[INFO] [stdout] error: aborting due to previous error
[INFO] [stdout] 
[INFO] [stdout] Couldn't compile the test.
[INFO] [stdout] ---- src/gen/google.rpc.rs - google::rpc::bad_request::FieldViolation::field (line 184) stdout ----
[INFO] [stdout] error: expected one of `!`, `.`, `::`, `;`, `?`, `{`, `}`, or an operator, found `CreateContactRequest`
[INFO] [stdout]  --> src/gen/google.rpc.rs:185:9
[INFO] [stdout]   |
[INFO] [stdout] 3 | message CreateContactRequest {
[INFO] [stdout]   |         ^^^^^^^^^^^^^^^^^^^^ expected one of 8 possible tokens
[INFO] [stdout] 
[INFO] [stdout] error: aborting due to previous error
[INFO] [stdout] 
[INFO] [stdout] Couldn't compile the test.
[INFO] [stdout] ---- src/gen/google.rpc.rs - google::rpc::ErrorInfo (line 20) stdout ----
[INFO] [stdout] error: expected type, found `"STOCKOUT"`
[INFO] [stdout]  --> src/gen/google.rpc.rs:21:13
[INFO] [stdout]   |
[INFO] [stdout] 3 | { "reason": "STOCKOUT"
[INFO] [stdout]   |           - ^^^^^^^^^^ expected type
[INFO] [stdout]   |           |
[INFO] [stdout]   |           tried to parse a type due to this
[INFO] [stdout] 
[INFO] [stdout] error: aborting due to previous error
[INFO] [stdout] 
[INFO] [stdout] Couldn't compile the test.
[INFO] [stdout] 
[INFO] [stdout] failures:
[INFO] [stdout]     src/gen/google.rpc.rs - google::rpc::ErrorInfo (line 20)
[INFO] [stdout]     src/gen/google.rpc.rs - google::rpc::ErrorInfo (line 7)
[INFO] [stdout]     src/gen/google.rpc.rs - google::rpc::bad_request::FieldViolation::field (line 184)
[INFO] [stdout] 
[INFO] [stdout] test result: FAILED. 0 passed; 3 failed; 0 ignored; 0 measured; 0 filtered out; finished in 0.07s
[INFO] [stdout] 
[INFO] running `Command { std: "docker" "inspect" "85ae08533cb91b1185f0eaf58cdb1c388dafcd5407832fdac4e7248d6dfbe987", kill_on_drop: false }`
[INFO] running `Command { std: "docker" "rm" "-f" "85ae08533cb91b1185f0eaf58cdb1c388dafcd5407832fdac4e7248d6dfbe987", kill_on_drop: false }`
[INFO] [stdout] 85ae08533cb91b1185f0eaf58cdb1c388dafcd5407832fdac4e7248d6dfbe987
