[INFO] fetching crate google-workflows1 5.0.2+20230105...
[INFO] testing google-workflows1-5.0.2+20230105 against 1.69.0 for beta-1.70-1
[INFO] extracting crate google-workflows1 5.0.2+20230105 into /workspace/builds/worker-5-tc1/source
[INFO] validating manifest of crates.io crate google-workflows1 5.0.2+20230105 on toolchain 1.69.0
[INFO] running `Command { std: CARGO_HOME="/workspace/cargo-home" RUSTUP_HOME="/workspace/rustup-home" "/workspace/cargo-home/bin/cargo" "+1.69.0" "metadata" "--manifest-path" "Cargo.toml" "--no-deps", kill_on_drop: false }`
[INFO] started tweaking crates.io crate google-workflows1 5.0.2+20230105
[INFO] finished tweaking crates.io crate google-workflows1 5.0.2+20230105
[INFO] tweaked toml for crates.io crate google-workflows1 5.0.2+20230105 written to /workspace/builds/worker-5-tc1/source/Cargo.toml
[INFO] running `Command { std: CARGO_HOME="/workspace/cargo-home" RUSTUP_HOME="/workspace/rustup-home" __CARGO_TEST_CHANNEL_OVERRIDE_DO_NOT_USE_THIS="nightly" "/workspace/cargo-home/bin/cargo" "+1.69.0" "generate-lockfile" "--manifest-path" "Cargo.toml" "-Zno-index-update", kill_on_drop: false }`
[INFO] running `Command { std: CARGO_HOME="/workspace/cargo-home" RUSTUP_HOME="/workspace/rustup-home" "/workspace/cargo-home/bin/cargo" "+1.69.0" "fetch" "--manifest-path" "Cargo.toml", kill_on_drop: false }`
[INFO] running `Command { std: "docker" "create" "-v" "/var/lib/crater-agent-workspace/builds/worker-5-tc1/target:/opt/rustwide/target:rw,Z" "-v" "/var/lib/crater-agent-workspace/builds/worker-5-tc1/source:/opt/rustwide/workdir:ro,Z" "-v" "/var/lib/crater-agent-workspace/cargo-home:/opt/rustwide/cargo-home:ro,Z" "-v" "/var/lib/crater-agent-workspace/rustup-home:/opt/rustwide/rustup-home:ro,Z" "-e" "SOURCE_DIR=/opt/rustwide/workdir" "-e" "CARGO_TARGET_DIR=/opt/rustwide/target" "-e" "CARGO_HOME=/opt/rustwide/cargo-home" "-e" "RUSTUP_HOME=/opt/rustwide/rustup-home" "-w" "/opt/rustwide/workdir" "-m" "1610612736" "--user" "0:0" "--network" "none" "ghcr.io/rust-lang/crates-build-env/linux@sha256:5ff2268d62e97bff2cde7d5815dd6ed5b47097566f13b8d0ca110b04b60e07ed" "/opt/rustwide/cargo-home/bin/cargo" "+1.69.0" "metadata" "--no-deps" "--format-version=1", kill_on_drop: false }`
[INFO] [stdout] 3742e524d19fc7e7fa4016d196e01c3808e5e8c8987b0a7c5f4e9871b93284bd
[INFO] running `Command { std: "docker" "start" "-a" "3742e524d19fc7e7fa4016d196e01c3808e5e8c8987b0a7c5f4e9871b93284bd", kill_on_drop: false }`
[INFO] running `Command { std: "docker" "inspect" "3742e524d19fc7e7fa4016d196e01c3808e5e8c8987b0a7c5f4e9871b93284bd", kill_on_drop: false }`
[INFO] running `Command { std: "docker" "rm" "-f" "3742e524d19fc7e7fa4016d196e01c3808e5e8c8987b0a7c5f4e9871b93284bd", kill_on_drop: false }`
[INFO] [stdout] 3742e524d19fc7e7fa4016d196e01c3808e5e8c8987b0a7c5f4e9871b93284bd
[INFO] running `Command { std: "docker" "create" "-v" "/var/lib/crater-agent-workspace/builds/worker-5-tc1/target:/opt/rustwide/target:rw,Z" "-v" "/var/lib/crater-agent-workspace/builds/worker-5-tc1/source:/opt/rustwide/workdir:ro,Z" "-v" "/var/lib/crater-agent-workspace/cargo-home:/opt/rustwide/cargo-home:ro,Z" "-v" "/var/lib/crater-agent-workspace/rustup-home:/opt/rustwide/rustup-home:ro,Z" "-e" "SOURCE_DIR=/opt/rustwide/workdir" "-e" "CARGO_TARGET_DIR=/opt/rustwide/target" "-e" "CARGO_INCREMENTAL=0" "-e" "RUST_BACKTRACE=full" "-e" "RUSTFLAGS=--cap-lints=warn" "-e" "RUSTDOCFLAGS=--cap-lints=warn" "-e" "CARGO_HOME=/opt/rustwide/cargo-home" "-e" "RUSTUP_HOME=/opt/rustwide/rustup-home" "-w" "/opt/rustwide/workdir" "-m" "1610612736" "--user" "0:0" "--network" "none" "ghcr.io/rust-lang/crates-build-env/linux@sha256:5ff2268d62e97bff2cde7d5815dd6ed5b47097566f13b8d0ca110b04b60e07ed" "/opt/rustwide/cargo-home/bin/cargo" "+1.69.0" "build" "--frozen" "--message-format=json", kill_on_drop: false }`
[INFO] [stdout] 78deed78f23347888d128937157ba745dd8843f771864bef597014f6ce328560
[INFO] running `Command { std: "docker" "start" "-a" "78deed78f23347888d128937157ba745dd8843f771864bef597014f6ce328560", kill_on_drop: false }`
[INFO] [stderr]    Compiling google-workflows1 v5.0.2+20230105 (/opt/rustwide/workdir)
[INFO] [stderr]     Finished dev [unoptimized + debuginfo] target(s) in 1.36s
[INFO] running `Command { std: "docker" "inspect" "78deed78f23347888d128937157ba745dd8843f771864bef597014f6ce328560", kill_on_drop: false }`
[INFO] running `Command { std: "docker" "rm" "-f" "78deed78f23347888d128937157ba745dd8843f771864bef597014f6ce328560", kill_on_drop: false }`
[INFO] [stdout] 78deed78f23347888d128937157ba745dd8843f771864bef597014f6ce328560
[INFO] running `Command { std: "docker" "create" "-v" "/var/lib/crater-agent-workspace/builds/worker-5-tc1/target:/opt/rustwide/target:rw,Z" "-v" "/var/lib/crater-agent-workspace/builds/worker-5-tc1/source:/opt/rustwide/workdir:ro,Z" "-v" "/var/lib/crater-agent-workspace/cargo-home:/opt/rustwide/cargo-home:ro,Z" "-v" "/var/lib/crater-agent-workspace/rustup-home:/opt/rustwide/rustup-home:ro,Z" "-e" "SOURCE_DIR=/opt/rustwide/workdir" "-e" "CARGO_TARGET_DIR=/opt/rustwide/target" "-e" "CARGO_INCREMENTAL=0" "-e" "RUST_BACKTRACE=full" "-e" "RUSTFLAGS=--cap-lints=warn" "-e" "RUSTDOCFLAGS=--cap-lints=warn" "-e" "CARGO_HOME=/opt/rustwide/cargo-home" "-e" "RUSTUP_HOME=/opt/rustwide/rustup-home" "-w" "/opt/rustwide/workdir" "-m" "1610612736" "--user" "0:0" "--network" "none" "ghcr.io/rust-lang/crates-build-env/linux@sha256:5ff2268d62e97bff2cde7d5815dd6ed5b47097566f13b8d0ca110b04b60e07ed" "/opt/rustwide/cargo-home/bin/cargo" "+1.69.0" "test" "--frozen" "--no-run" "--message-format=json", kill_on_drop: false }`
[INFO] [stdout] bb46c0a9e2ba9fd238c299d94e8bac3f61e2670dbd7f5f5bbf550ec94f3df2e1
[INFO] running `Command { std: "docker" "start" "-a" "bb46c0a9e2ba9fd238c299d94e8bac3f61e2670dbd7f5f5bbf550ec94f3df2e1", kill_on_drop: false }`
[INFO] [stderr]    Compiling google-workflows1 v5.0.2+20230105 (/opt/rustwide/workdir)
[INFO] [stderr]     Finished test [unoptimized + debuginfo] target(s) in 1.36s
[INFO] running `Command { std: "docker" "inspect" "bb46c0a9e2ba9fd238c299d94e8bac3f61e2670dbd7f5f5bbf550ec94f3df2e1", kill_on_drop: false }`
[INFO] running `Command { std: "docker" "rm" "-f" "bb46c0a9e2ba9fd238c299d94e8bac3f61e2670dbd7f5f5bbf550ec94f3df2e1", kill_on_drop: false }`
[INFO] [stdout] bb46c0a9e2ba9fd238c299d94e8bac3f61e2670dbd7f5f5bbf550ec94f3df2e1
[INFO] running `Command { std: "docker" "create" "-v" "/var/lib/crater-agent-workspace/builds/worker-5-tc1/target:/opt/rustwide/target:rw,Z" "-v" "/var/lib/crater-agent-workspace/builds/worker-5-tc1/source:/opt/rustwide/workdir:ro,Z" "-v" "/var/lib/crater-agent-workspace/cargo-home:/opt/rustwide/cargo-home:ro,Z" "-v" "/var/lib/crater-agent-workspace/rustup-home:/opt/rustwide/rustup-home:ro,Z" "-e" "SOURCE_DIR=/opt/rustwide/workdir" "-e" "CARGO_TARGET_DIR=/opt/rustwide/target" "-e" "CARGO_INCREMENTAL=0" "-e" "RUST_BACKTRACE=full" "-e" "RUSTFLAGS=--cap-lints=warn" "-e" "RUSTDOCFLAGS=--cap-lints=warn" "-e" "CARGO_HOME=/opt/rustwide/cargo-home" "-e" "RUSTUP_HOME=/opt/rustwide/rustup-home" "-w" "/opt/rustwide/workdir" "-m" "1610612736" "--user" "0:0" "--network" "none" "ghcr.io/rust-lang/crates-build-env/linux@sha256:5ff2268d62e97bff2cde7d5815dd6ed5b47097566f13b8d0ca110b04b60e07ed" "/opt/rustwide/cargo-home/bin/cargo" "+1.69.0" "test" "--frozen", kill_on_drop: false }`
[INFO] [stdout] 307038754a38521e1182993bf6d497581fdd34e0ebc0caca3120293cbc79b6a4
[INFO] running `Command { std: "docker" "start" "-a" "307038754a38521e1182993bf6d497581fdd34e0ebc0caca3120293cbc79b6a4", kill_on_drop: false }`
[INFO] [stderr]     Finished test [unoptimized + debuginfo] target(s) in 0.15s
[INFO] [stderr]      Running unittests src/lib.rs (/opt/rustwide/target/debug/deps/google_workflows1-0619962e55fbdf65)
[INFO] [stdout] 
[INFO] [stdout] running 0 tests
[INFO] [stdout] 
[INFO] [stdout] test result: ok. 0 passed; 0 failed; 0 ignored; 0 measured; 0 filtered out; finished in 0.00s
[INFO] [stdout] 
[INFO] [stderr]    Doc-tests google-workflows1
[INFO] [stdout] 
[INFO] [stdout] running 14 tests
[INFO] [stdout] test src/lib.rs - (line 49) ... ignored
[INFO] [stdout] test src/api.rs - api::ProjectLocationOperationListCall (line 1174) - compile ... ok
[INFO] [stdout] test src/api.rs - api::ProjectLocationWorkflowCreateCall (line 1471) - compile ... ok
[INFO] [stdout] test src/api.rs - api::ProjectLocationGetCall (line 2908) - compile ... ok
[INFO] [stdout] test src/api.rs - api::ProjectLocationOperationDeleteCall (line 652) - compile ... ok
[INFO] [stdout] test src/api.rs - api::ProjectLocationOperationGetCall (line 913) - compile ... ok
[INFO] [stdout] test src/api.rs - api::ProjectMethods (line 417) - compile ... ok
[INFO] [stdout] test src/api.rs - api::ProjectLocationListCall (line 3169) - compile ... ok
[INFO] [stdout] test src/api.rs - api::ProjectLocationWorkflowListCall (line 2296) - compile ... ok
[INFO] [stdout] test src/lib.rs - (line 76) - compile ... ok
[INFO] [stdout] test src/api.rs - api::ProjectLocationWorkflowDeleteCall (line 1774) - compile ... ok
[INFO] [stdout] test src/api.rs - api::ProjectLocationWorkflowPatchCall (line 2605) - compile ... FAILED
[INFO] [stdout] test src/api.rs - api::ProjectLocationWorkflowGetCall (line 2035) - compile ... ok
[INFO] [stdout] test src/api.rs - api::Workflows (line 58) - compile ... ok
[INFO] [stdout] 
[INFO] [stdout] failures:
[INFO] [stdout] 
[INFO] [stdout] ---- src/api.rs - api::ProjectLocationWorkflowPatchCall (line 2605) stdout ----
[INFO] [stdout] error[E0308]: mismatched types
[INFO] [stdout]     --> src/api.rs:2629:27
[INFO] [stdout]      |
[INFO] [stdout] 25   |              .update_mask(&Default::default())
[INFO] [stdout]      |               ----------- ^^^^^^^^^^^^^^^^^^^ expected `FieldMask`, found `&_`
[INFO] [stdout]      |               |
[INFO] [stdout]      |               arguments to this method are incorrect
[INFO] [stdout]      |
[INFO] [stdout]      = note: expected struct `FieldMask`
[INFO] [stdout]              found reference `&_`
[INFO] [stdout] note: method defined here
[INFO] [stdout]     --> /opt/rustwide/workdir/src/api.rs:2820:12
[INFO] [stdout]      |
[INFO] [stdout] 2820 |     pub fn update_mask(mut self, new_value: client::FieldMask) -> ProjectLocationWorkflowPatchCall<'a, S> {
[INFO] [stdout]      |            ^^^^^^^^^^^
[INFO] [stdout] help: consider removing the borrow
[INFO] [stdout]      |
[INFO] [stdout] 25   -              .update_mask(&Default::default())
[INFO] [stdout] 25   +              .update_mask(Default::default())
[INFO] [stdout]      |
[INFO] [stdout] 
[INFO] [stdout] error: aborting due to previous error
[INFO] [stdout] 
[INFO] [stdout] For more information about this error, try `rustc --explain E0308`.
[INFO] [stdout] Couldn't compile the test.
[INFO] [stdout] 
[INFO] [stdout] failures:
[INFO] [stdout]     src/api.rs - api::ProjectLocationWorkflowPatchCall (line 2605)
[INFO] [stdout] 
[INFO] [stdout] test result: FAILED. 12 passed; 1 failed; 1 ignored; 0 measured; 0 filtered out; finished in 0.21s
[INFO] [stdout] 
[INFO] [stderr] error: doctest failed, to rerun pass `--doc`
[INFO] running `Command { std: "docker" "inspect" "307038754a38521e1182993bf6d497581fdd34e0ebc0caca3120293cbc79b6a4", kill_on_drop: false }`
[INFO] running `Command { std: "docker" "rm" "-f" "307038754a38521e1182993bf6d497581fdd34e0ebc0caca3120293cbc79b6a4", kill_on_drop: false }`
[INFO] [stdout] 307038754a38521e1182993bf6d497581fdd34e0ebc0caca3120293cbc79b6a4
