[INFO] fetching crate google-speech1 5.0.2+20230119...
[INFO] testing google-speech1-5.0.2+20230119 against 1.69.0 for beta-1.70-1
[INFO] extracting crate google-speech1 5.0.2+20230119 into /workspace/builds/worker-5-tc1/source
[INFO] validating manifest of crates.io crate google-speech1 5.0.2+20230119 on toolchain 1.69.0
[INFO] running `Command { std: CARGO_HOME="/workspace/cargo-home" RUSTUP_HOME="/workspace/rustup-home" "/workspace/cargo-home/bin/cargo" "+1.69.0" "metadata" "--manifest-path" "Cargo.toml" "--no-deps", kill_on_drop: false }`
[INFO] started tweaking crates.io crate google-speech1 5.0.2+20230119
[INFO] finished tweaking crates.io crate google-speech1 5.0.2+20230119
[INFO] tweaked toml for crates.io crate google-speech1 5.0.2+20230119 written to /workspace/builds/worker-5-tc1/source/Cargo.toml
[INFO] running `Command { std: CARGO_HOME="/workspace/cargo-home" RUSTUP_HOME="/workspace/rustup-home" __CARGO_TEST_CHANNEL_OVERRIDE_DO_NOT_USE_THIS="nightly" "/workspace/cargo-home/bin/cargo" "+1.69.0" "generate-lockfile" "--manifest-path" "Cargo.toml" "-Zno-index-update", kill_on_drop: false }`
[INFO] running `Command { std: CARGO_HOME="/workspace/cargo-home" RUSTUP_HOME="/workspace/rustup-home" "/workspace/cargo-home/bin/cargo" "+1.69.0" "fetch" "--manifest-path" "Cargo.toml", kill_on_drop: false }`
[INFO] [stderr]     Blocking waiting for file lock on package cache
[INFO] running `Command { std: "docker" "create" "-v" "/var/lib/crater-agent-workspace/builds/worker-5-tc1/target:/opt/rustwide/target:rw,Z" "-v" "/var/lib/crater-agent-workspace/builds/worker-5-tc1/source:/opt/rustwide/workdir:ro,Z" "-v" "/var/lib/crater-agent-workspace/cargo-home:/opt/rustwide/cargo-home:ro,Z" "-v" "/var/lib/crater-agent-workspace/rustup-home:/opt/rustwide/rustup-home:ro,Z" "-e" "SOURCE_DIR=/opt/rustwide/workdir" "-e" "CARGO_TARGET_DIR=/opt/rustwide/target" "-e" "CARGO_HOME=/opt/rustwide/cargo-home" "-e" "RUSTUP_HOME=/opt/rustwide/rustup-home" "-w" "/opt/rustwide/workdir" "-m" "1610612736" "--user" "0:0" "--network" "none" "ghcr.io/rust-lang/crates-build-env/linux@sha256:5ff2268d62e97bff2cde7d5815dd6ed5b47097566f13b8d0ca110b04b60e07ed" "/opt/rustwide/cargo-home/bin/cargo" "+1.69.0" "metadata" "--no-deps" "--format-version=1", kill_on_drop: false }`
[INFO] [stdout] 730bcff8ba2ea91c485aeede3fc38e38035fd09a9728792274095beae0038f04
[INFO] running `Command { std: "docker" "start" "-a" "730bcff8ba2ea91c485aeede3fc38e38035fd09a9728792274095beae0038f04", kill_on_drop: false }`
[INFO] running `Command { std: "docker" "inspect" "730bcff8ba2ea91c485aeede3fc38e38035fd09a9728792274095beae0038f04", kill_on_drop: false }`
[INFO] running `Command { std: "docker" "rm" "-f" "730bcff8ba2ea91c485aeede3fc38e38035fd09a9728792274095beae0038f04", kill_on_drop: false }`
[INFO] [stdout] 730bcff8ba2ea91c485aeede3fc38e38035fd09a9728792274095beae0038f04
[INFO] running `Command { std: "docker" "create" "-v" "/var/lib/crater-agent-workspace/builds/worker-5-tc1/target:/opt/rustwide/target:rw,Z" "-v" "/var/lib/crater-agent-workspace/builds/worker-5-tc1/source:/opt/rustwide/workdir:ro,Z" "-v" "/var/lib/crater-agent-workspace/cargo-home:/opt/rustwide/cargo-home:ro,Z" "-v" "/var/lib/crater-agent-workspace/rustup-home:/opt/rustwide/rustup-home:ro,Z" "-e" "SOURCE_DIR=/opt/rustwide/workdir" "-e" "CARGO_TARGET_DIR=/opt/rustwide/target" "-e" "CARGO_INCREMENTAL=0" "-e" "RUST_BACKTRACE=full" "-e" "RUSTFLAGS=--cap-lints=warn" "-e" "RUSTDOCFLAGS=--cap-lints=warn" "-e" "CARGO_HOME=/opt/rustwide/cargo-home" "-e" "RUSTUP_HOME=/opt/rustwide/rustup-home" "-w" "/opt/rustwide/workdir" "-m" "1610612736" "--user" "0:0" "--network" "none" "ghcr.io/rust-lang/crates-build-env/linux@sha256:5ff2268d62e97bff2cde7d5815dd6ed5b47097566f13b8d0ca110b04b60e07ed" "/opt/rustwide/cargo-home/bin/cargo" "+1.69.0" "build" "--frozen" "--message-format=json", kill_on_drop: false }`
[INFO] [stdout] 03efd2104630554a386f18966e9e364a6ce2781c888395866bcde34cbe655a64
[INFO] running `Command { std: "docker" "start" "-a" "03efd2104630554a386f18966e9e364a6ce2781c888395866bcde34cbe655a64", kill_on_drop: false }`
[INFO] [stderr]    Compiling google-speech1 v5.0.2+20230119 (/opt/rustwide/workdir)
[INFO] [stderr]     Finished dev [unoptimized + debuginfo] target(s) in 2.16s
[INFO] running `Command { std: "docker" "inspect" "03efd2104630554a386f18966e9e364a6ce2781c888395866bcde34cbe655a64", kill_on_drop: false }`
[INFO] running `Command { std: "docker" "rm" "-f" "03efd2104630554a386f18966e9e364a6ce2781c888395866bcde34cbe655a64", kill_on_drop: false }`
[INFO] [stdout] 03efd2104630554a386f18966e9e364a6ce2781c888395866bcde34cbe655a64
[INFO] running `Command { std: "docker" "create" "-v" "/var/lib/crater-agent-workspace/builds/worker-5-tc1/target:/opt/rustwide/target:rw,Z" "-v" "/var/lib/crater-agent-workspace/builds/worker-5-tc1/source:/opt/rustwide/workdir:ro,Z" "-v" "/var/lib/crater-agent-workspace/cargo-home:/opt/rustwide/cargo-home:ro,Z" "-v" "/var/lib/crater-agent-workspace/rustup-home:/opt/rustwide/rustup-home:ro,Z" "-e" "SOURCE_DIR=/opt/rustwide/workdir" "-e" "CARGO_TARGET_DIR=/opt/rustwide/target" "-e" "CARGO_INCREMENTAL=0" "-e" "RUST_BACKTRACE=full" "-e" "RUSTFLAGS=--cap-lints=warn" "-e" "RUSTDOCFLAGS=--cap-lints=warn" "-e" "CARGO_HOME=/opt/rustwide/cargo-home" "-e" "RUSTUP_HOME=/opt/rustwide/rustup-home" "-w" "/opt/rustwide/workdir" "-m" "1610612736" "--user" "0:0" "--network" "none" "ghcr.io/rust-lang/crates-build-env/linux@sha256:5ff2268d62e97bff2cde7d5815dd6ed5b47097566f13b8d0ca110b04b60e07ed" "/opt/rustwide/cargo-home/bin/cargo" "+1.69.0" "test" "--frozen" "--no-run" "--message-format=json", kill_on_drop: false }`
[INFO] [stdout] 27d898e42af023a540735e32fde25923f10e9f2e98dcbeccdce3707aac626eeb
[INFO] running `Command { std: "docker" "start" "-a" "27d898e42af023a540735e32fde25923f10e9f2e98dcbeccdce3707aac626eeb", kill_on_drop: false }`
[INFO] [stderr]    Compiling google-speech1 v5.0.2+20230119 (/opt/rustwide/workdir)
[INFO] [stderr]     Finished test [unoptimized + debuginfo] target(s) in 1.62s
[INFO] running `Command { std: "docker" "inspect" "27d898e42af023a540735e32fde25923f10e9f2e98dcbeccdce3707aac626eeb", kill_on_drop: false }`
[INFO] running `Command { std: "docker" "rm" "-f" "27d898e42af023a540735e32fde25923f10e9f2e98dcbeccdce3707aac626eeb", kill_on_drop: false }`
[INFO] [stdout] 27d898e42af023a540735e32fde25923f10e9f2e98dcbeccdce3707aac626eeb
[INFO] running `Command { std: "docker" "create" "-v" "/var/lib/crater-agent-workspace/builds/worker-5-tc1/target:/opt/rustwide/target:rw,Z" "-v" "/var/lib/crater-agent-workspace/builds/worker-5-tc1/source:/opt/rustwide/workdir:ro,Z" "-v" "/var/lib/crater-agent-workspace/cargo-home:/opt/rustwide/cargo-home:ro,Z" "-v" "/var/lib/crater-agent-workspace/rustup-home:/opt/rustwide/rustup-home:ro,Z" "-e" "SOURCE_DIR=/opt/rustwide/workdir" "-e" "CARGO_TARGET_DIR=/opt/rustwide/target" "-e" "CARGO_INCREMENTAL=0" "-e" "RUST_BACKTRACE=full" "-e" "RUSTFLAGS=--cap-lints=warn" "-e" "RUSTDOCFLAGS=--cap-lints=warn" "-e" "CARGO_HOME=/opt/rustwide/cargo-home" "-e" "RUSTUP_HOME=/opt/rustwide/rustup-home" "-w" "/opt/rustwide/workdir" "-m" "1610612736" "--user" "0:0" "--network" "none" "ghcr.io/rust-lang/crates-build-env/linux@sha256:5ff2268d62e97bff2cde7d5815dd6ed5b47097566f13b8d0ca110b04b60e07ed" "/opt/rustwide/cargo-home/bin/cargo" "+1.69.0" "test" "--frozen", kill_on_drop: false }`
[INFO] [stdout] bee708cfa25fe3b100d602d9766638376820b912cae8fb4753de153ce3159e3b
[INFO] running `Command { std: "docker" "start" "-a" "bee708cfa25fe3b100d602d9766638376820b912cae8fb4753de153ce3159e3b", kill_on_drop: false }`
[INFO] [stderr]     Finished test [unoptimized + debuginfo] target(s) in 0.09s
[INFO] [stderr]      Running unittests src/lib.rs (/opt/rustwide/target/debug/deps/google_speech1-582e30a5ba92d2fb)
[INFO] [stdout] 
[INFO] [stdout] running 0 tests
[INFO] [stdout] 
[INFO] [stdout] test result: ok. 0 passed; 0 failed; 0 ignored; 0 measured; 0 filtered out; finished in 0.00s
[INFO] [stdout] 
[INFO] [stderr]    Doc-tests google-speech1
[INFO] [stdout] 
[INFO] [stdout] running 20 tests
[INFO] [stdout] test src/api.rs - api::ProjectLocationCustomClassCreateCall (line 1843) - compile ... ok
[INFO] [stdout] test src/api.rs - api::OperationGetCall (line 1292) - compile ... ok
[INFO] [stdout] test src/api.rs - api::ProjectLocationCustomClassDeleteCall (line 2134) - compile ... ok
[INFO] [stdout] test src/lib.rs - (line 53) ... ignored
[INFO] [stdout] test src/api.rs - api::ProjectLocationCustomClassGetCall (line 2395) - compile ... ok
[INFO] [stdout] test src/api.rs - api::OperationMethods (line 910) - compile ... ok
[INFO] [stdout] test src/api.rs - api::OperationListCall (line 1553) - compile ... ok
[INFO] [stdout] test src/api.rs - api::ProjectLocationPhraseSetDeleteCall (line 3535) - compile ... ok
[INFO] [stdout] test src/api.rs - api::ProjectLocationCustomClassPatchCall (line 2941) - compile ... FAILED
[INFO] [stdout] test src/api.rs - api::ProjectLocationPhraseSetGetCall (line 3796) - compile ... ok
[INFO] [stdout] test src/api.rs - api::ProjectLocationCustomClassListCall (line 2656) - compile ... ok
[INFO] [stdout] test src/api.rs - api::ProjectMethods (line 984) - compile ... ok
[INFO] [stdout] test src/api.rs - api::Speech (line 58) - compile ... ok
[INFO] [stdout] test src/api.rs - api::SpeechLongrunningrecognizeCall (line 4645) - compile ... ok
[INFO] [stdout] test src/api.rs - api::ProjectLocationPhraseSetListCall (line 4057) - compile ... ok
[INFO] [stdout] test src/api.rs - api::ProjectLocationPhraseSetPatchCall (line 4342) - compile ... FAILED
[INFO] [stdout] test src/api.rs - api::ProjectLocationPhraseSetCreateCall (line 3244) - compile ... ok
[INFO] [stdout] test src/api.rs - api::SpeechMethods (line 1209) - compile ... ok
[INFO] [stdout] test src/api.rs - api::SpeechRecognizeCall (line 4917) - compile ... ok
[INFO] [stdout] test src/lib.rs - (line 79) - compile ... ok
[INFO] [stdout] 
[INFO] [stdout] failures:
[INFO] [stdout] 
[INFO] [stdout] ---- src/api.rs - api::ProjectLocationCustomClassPatchCall (line 2941) stdout ----
[INFO] [stdout] error[E0308]: mismatched types
[INFO] [stdout]     --> src/api.rs:2965:27
[INFO] [stdout]      |
[INFO] [stdout] 25   |              .update_mask(&Default::default())
[INFO] [stdout]      |               ----------- ^^^^^^^^^^^^^^^^^^^ expected `FieldMask`, found `&_`
[INFO] [stdout]      |               |
[INFO] [stdout]      |               arguments to this method are incorrect
[INFO] [stdout]      |
[INFO] [stdout]      = note: expected struct `FieldMask`
[INFO] [stdout]              found reference `&_`
[INFO] [stdout] note: method defined here
[INFO] [stdout]     --> /opt/rustwide/workdir/src/api.rs:3156:12
[INFO] [stdout]      |
[INFO] [stdout] 3156 |     pub fn update_mask(mut self, new_value: client::FieldMask) -> ProjectLocationCustomClassPatchCall<'a, S> {
[INFO] [stdout]      |            ^^^^^^^^^^^
[INFO] [stdout] help: consider removing the borrow
[INFO] [stdout]      |
[INFO] [stdout] 25   -              .update_mask(&Default::default())
[INFO] [stdout] 25   +              .update_mask(Default::default())
[INFO] [stdout]      |
[INFO] [stdout] 
[INFO] [stdout] error: aborting due to previous error
[INFO] [stdout] 
[INFO] [stdout] For more information about this error, try `rustc --explain E0308`.
[INFO] [stdout] Couldn't compile the test.
[INFO] [stdout] ---- src/api.rs - api::ProjectLocationPhraseSetPatchCall (line 4342) stdout ----
[INFO] [stdout] error[E0308]: mismatched types
[INFO] [stdout]     --> src/api.rs:4366:27
[INFO] [stdout]      |
[INFO] [stdout] 25   |              .update_mask(&Default::default())
[INFO] [stdout]      |               ----------- ^^^^^^^^^^^^^^^^^^^ expected `FieldMask`, found `&_`
[INFO] [stdout]      |               |
[INFO] [stdout]      |               arguments to this method are incorrect
[INFO] [stdout]      |
[INFO] [stdout]      = note: expected struct `FieldMask`
[INFO] [stdout]              found reference `&_`
[INFO] [stdout] note: method defined here
[INFO] [stdout]     --> /opt/rustwide/workdir/src/api.rs:4557:12
[INFO] [stdout]      |
[INFO] [stdout] 4557 |     pub fn update_mask(mut self, new_value: client::FieldMask) -> ProjectLocationPhraseSetPatchCall<'a, S> {
[INFO] [stdout]      |            ^^^^^^^^^^^
[INFO] [stdout] help: consider removing the borrow
[INFO] [stdout]      |
[INFO] [stdout] 25   -              .update_mask(&Default::default())
[INFO] [stdout] 25   +              .update_mask(Default::default())
[INFO] [stdout]      |
[INFO] [stdout] 
[INFO] [stdout] error: aborting due to previous error
[INFO] [stdout] 
[INFO] [stdout] For more information about this error, try `rustc --explain E0308`.
[INFO] [stdout] Couldn't compile the test.
[INFO] [stdout] 
[INFO] [stdout] failures:
[INFO] [stdout]     src/api.rs - api::ProjectLocationCustomClassPatchCall (line 2941)
[INFO] [stdout]     src/api.rs - api::ProjectLocationPhraseSetPatchCall (line 4342)
[INFO] [stdout] 
[INFO] [stdout] test result: FAILED. 17 passed; 2 failed; 1 ignored; 0 measured; 0 filtered out; finished in 0.21s
[INFO] [stdout] 
[INFO] [stderr] error: doctest failed, to rerun pass `--doc`
[INFO] running `Command { std: "docker" "inspect" "bee708cfa25fe3b100d602d9766638376820b912cae8fb4753de153ce3159e3b", kill_on_drop: false }`
[INFO] running `Command { std: "docker" "rm" "-f" "bee708cfa25fe3b100d602d9766638376820b912cae8fb4753de153ce3159e3b", kill_on_drop: false }`
[INFO] [stdout] bee708cfa25fe3b100d602d9766638376820b912cae8fb4753de153ce3159e3b
