[INFO] fetching crate google-servicedirectory1 5.0.2+20230105...
[INFO] testing google-servicedirectory1-5.0.2+20230105 against 1.69.0 for beta-1.70-1
[INFO] extracting crate google-servicedirectory1 5.0.2+20230105 into /workspace/builds/worker-2-tc1/source
[INFO] validating manifest of crates.io crate google-servicedirectory1 5.0.2+20230105 on toolchain 1.69.0
[INFO] running `Command { std: CARGO_HOME="/workspace/cargo-home" RUSTUP_HOME="/workspace/rustup-home" "/workspace/cargo-home/bin/cargo" "+1.69.0" "metadata" "--manifest-path" "Cargo.toml" "--no-deps", kill_on_drop: false }`
[INFO] started tweaking crates.io crate google-servicedirectory1 5.0.2+20230105
[INFO] finished tweaking crates.io crate google-servicedirectory1 5.0.2+20230105
[INFO] tweaked toml for crates.io crate google-servicedirectory1 5.0.2+20230105 written to /workspace/builds/worker-2-tc1/source/Cargo.toml
[INFO] running `Command { std: CARGO_HOME="/workspace/cargo-home" RUSTUP_HOME="/workspace/rustup-home" __CARGO_TEST_CHANNEL_OVERRIDE_DO_NOT_USE_THIS="nightly" "/workspace/cargo-home/bin/cargo" "+1.69.0" "generate-lockfile" "--manifest-path" "Cargo.toml" "-Zno-index-update", kill_on_drop: false }`
[INFO] running `Command { std: CARGO_HOME="/workspace/cargo-home" RUSTUP_HOME="/workspace/rustup-home" "/workspace/cargo-home/bin/cargo" "+1.69.0" "fetch" "--manifest-path" "Cargo.toml", kill_on_drop: false }`
[INFO] [stderr]     Blocking waiting for file lock on package cache
[INFO] running `Command { std: "docker" "create" "-v" "/var/lib/crater-agent-workspace/builds/worker-2-tc1/target:/opt/rustwide/target:rw,Z" "-v" "/var/lib/crater-agent-workspace/builds/worker-2-tc1/source:/opt/rustwide/workdir:ro,Z" "-v" "/var/lib/crater-agent-workspace/cargo-home:/opt/rustwide/cargo-home:ro,Z" "-v" "/var/lib/crater-agent-workspace/rustup-home:/opt/rustwide/rustup-home:ro,Z" "-e" "SOURCE_DIR=/opt/rustwide/workdir" "-e" "CARGO_TARGET_DIR=/opt/rustwide/target" "-e" "CARGO_HOME=/opt/rustwide/cargo-home" "-e" "RUSTUP_HOME=/opt/rustwide/rustup-home" "-w" "/opt/rustwide/workdir" "-m" "1610612736" "--user" "0:0" "--network" "none" "ghcr.io/rust-lang/crates-build-env/linux@sha256:5ff2268d62e97bff2cde7d5815dd6ed5b47097566f13b8d0ca110b04b60e07ed" "/opt/rustwide/cargo-home/bin/cargo" "+1.69.0" "metadata" "--no-deps" "--format-version=1", kill_on_drop: false }`
[INFO] [stdout] 2cdd7f9cc256024f700dcfd2fd3338924169e11350d43f84a664c9896dbe9404
[INFO] running `Command { std: "docker" "start" "-a" "2cdd7f9cc256024f700dcfd2fd3338924169e11350d43f84a664c9896dbe9404", kill_on_drop: false }`
[INFO] running `Command { std: "docker" "inspect" "2cdd7f9cc256024f700dcfd2fd3338924169e11350d43f84a664c9896dbe9404", kill_on_drop: false }`
[INFO] running `Command { std: "docker" "rm" "-f" "2cdd7f9cc256024f700dcfd2fd3338924169e11350d43f84a664c9896dbe9404", kill_on_drop: false }`
[INFO] [stdout] 2cdd7f9cc256024f700dcfd2fd3338924169e11350d43f84a664c9896dbe9404
[INFO] running `Command { std: "docker" "create" "-v" "/var/lib/crater-agent-workspace/builds/worker-2-tc1/target:/opt/rustwide/target:rw,Z" "-v" "/var/lib/crater-agent-workspace/builds/worker-2-tc1/source:/opt/rustwide/workdir:ro,Z" "-v" "/var/lib/crater-agent-workspace/cargo-home:/opt/rustwide/cargo-home:ro,Z" "-v" "/var/lib/crater-agent-workspace/rustup-home:/opt/rustwide/rustup-home:ro,Z" "-e" "SOURCE_DIR=/opt/rustwide/workdir" "-e" "CARGO_TARGET_DIR=/opt/rustwide/target" "-e" "CARGO_INCREMENTAL=0" "-e" "RUST_BACKTRACE=full" "-e" "RUSTFLAGS=--cap-lints=warn" "-e" "RUSTDOCFLAGS=--cap-lints=warn" "-e" "CARGO_HOME=/opt/rustwide/cargo-home" "-e" "RUSTUP_HOME=/opt/rustwide/rustup-home" "-w" "/opt/rustwide/workdir" "-m" "1610612736" "--user" "0:0" "--network" "none" "ghcr.io/rust-lang/crates-build-env/linux@sha256:5ff2268d62e97bff2cde7d5815dd6ed5b47097566f13b8d0ca110b04b60e07ed" "/opt/rustwide/cargo-home/bin/cargo" "+1.69.0" "build" "--frozen" "--message-format=json", kill_on_drop: false }`
[INFO] [stdout] bc3efb669789e4b72c41ab472100f8115a23fc5f3f6b4264791cb3a4d85594eb
[INFO] running `Command { std: "docker" "start" "-a" "bc3efb669789e4b72c41ab472100f8115a23fc5f3f6b4264791cb3a4d85594eb", kill_on_drop: false }`
[INFO] [stderr]    Compiling google-servicedirectory1 v5.0.2+20230105 (/opt/rustwide/workdir)
[INFO] [stderr]     Finished dev [unoptimized + debuginfo] target(s) in 2.38s
[INFO] running `Command { std: "docker" "inspect" "bc3efb669789e4b72c41ab472100f8115a23fc5f3f6b4264791cb3a4d85594eb", kill_on_drop: false }`
[INFO] running `Command { std: "docker" "rm" "-f" "bc3efb669789e4b72c41ab472100f8115a23fc5f3f6b4264791cb3a4d85594eb", kill_on_drop: false }`
[INFO] [stdout] bc3efb669789e4b72c41ab472100f8115a23fc5f3f6b4264791cb3a4d85594eb
[INFO] running `Command { std: "docker" "create" "-v" "/var/lib/crater-agent-workspace/builds/worker-2-tc1/target:/opt/rustwide/target:rw,Z" "-v" "/var/lib/crater-agent-workspace/builds/worker-2-tc1/source:/opt/rustwide/workdir:ro,Z" "-v" "/var/lib/crater-agent-workspace/cargo-home:/opt/rustwide/cargo-home:ro,Z" "-v" "/var/lib/crater-agent-workspace/rustup-home:/opt/rustwide/rustup-home:ro,Z" "-e" "SOURCE_DIR=/opt/rustwide/workdir" "-e" "CARGO_TARGET_DIR=/opt/rustwide/target" "-e" "CARGO_INCREMENTAL=0" "-e" "RUST_BACKTRACE=full" "-e" "RUSTFLAGS=--cap-lints=warn" "-e" "RUSTDOCFLAGS=--cap-lints=warn" "-e" "CARGO_HOME=/opt/rustwide/cargo-home" "-e" "RUSTUP_HOME=/opt/rustwide/rustup-home" "-w" "/opt/rustwide/workdir" "-m" "1610612736" "--user" "0:0" "--network" "none" "ghcr.io/rust-lang/crates-build-env/linux@sha256:5ff2268d62e97bff2cde7d5815dd6ed5b47097566f13b8d0ca110b04b60e07ed" "/opt/rustwide/cargo-home/bin/cargo" "+1.69.0" "test" "--frozen" "--no-run" "--message-format=json", kill_on_drop: false }`
[INFO] [stdout] cd1144af3acd15557d375768d66942a31d07e3e609cdf00febbd6a03b164a579
[INFO] running `Command { std: "docker" "start" "-a" "cd1144af3acd15557d375768d66942a31d07e3e609cdf00febbd6a03b164a579", kill_on_drop: false }`
[INFO] [stderr]    Compiling google-servicedirectory1 v5.0.2+20230105 (/opt/rustwide/workdir)
[INFO] [stderr]     Finished test [unoptimized + debuginfo] target(s) in 1.99s
[INFO] running `Command { std: "docker" "inspect" "cd1144af3acd15557d375768d66942a31d07e3e609cdf00febbd6a03b164a579", kill_on_drop: false }`
[INFO] running `Command { std: "docker" "rm" "-f" "cd1144af3acd15557d375768d66942a31d07e3e609cdf00febbd6a03b164a579", kill_on_drop: false }`
[INFO] [stdout] cd1144af3acd15557d375768d66942a31d07e3e609cdf00febbd6a03b164a579
[INFO] running `Command { std: "docker" "create" "-v" "/var/lib/crater-agent-workspace/builds/worker-2-tc1/target:/opt/rustwide/target:rw,Z" "-v" "/var/lib/crater-agent-workspace/builds/worker-2-tc1/source:/opt/rustwide/workdir:ro,Z" "-v" "/var/lib/crater-agent-workspace/cargo-home:/opt/rustwide/cargo-home:ro,Z" "-v" "/var/lib/crater-agent-workspace/rustup-home:/opt/rustwide/rustup-home:ro,Z" "-e" "SOURCE_DIR=/opt/rustwide/workdir" "-e" "CARGO_TARGET_DIR=/opt/rustwide/target" "-e" "CARGO_INCREMENTAL=0" "-e" "RUST_BACKTRACE=full" "-e" "RUSTFLAGS=--cap-lints=warn" "-e" "RUSTDOCFLAGS=--cap-lints=warn" "-e" "CARGO_HOME=/opt/rustwide/cargo-home" "-e" "RUSTUP_HOME=/opt/rustwide/rustup-home" "-w" "/opt/rustwide/workdir" "-m" "1610612736" "--user" "0:0" "--network" "none" "ghcr.io/rust-lang/crates-build-env/linux@sha256:5ff2268d62e97bff2cde7d5815dd6ed5b47097566f13b8d0ca110b04b60e07ed" "/opt/rustwide/cargo-home/bin/cargo" "+1.69.0" "test" "--frozen", kill_on_drop: false }`
[INFO] [stdout] 49463d0f8638b58f124547033be22a76994dc6aa9563bcaa9d507e0190d6497e
[INFO] running `Command { std: "docker" "start" "-a" "49463d0f8638b58f124547033be22a76994dc6aa9563bcaa9d507e0190d6497e", kill_on_drop: false }`
[INFO] [stderr]     Finished test [unoptimized + debuginfo] target(s) in 0.15s
[INFO] [stderr]      Running unittests src/lib.rs (/opt/rustwide/target/debug/deps/google_servicedirectory1-c3b897f26969e64b)
[INFO] [stdout] 
[INFO] [stdout] running 0 tests
[INFO] [stdout] 
[INFO] [stdout] test result: ok. 0 passed; 0 failed; 0 ignored; 0 measured; 0 filtered out; finished in 0.00s
[INFO] [stdout] 
[INFO] [stderr]    Doc-tests google-servicedirectory1
[INFO] [stdout] 
[INFO] [stdout] running 28 tests
[INFO] [stdout] test src/api.rs - api::ProjectLocationListCall (line 7759) - compile ... ok
[INFO] [stdout] test src/api.rs - api::ProjectLocationNamespaceDeleteCall (line 5491) - compile ... ok
[INFO] [stdout] test src/api.rs - api::ProjectLocationNamespaceGetIamPolicyCall (line 6013) - compile ... ok
[INFO] [stdout] test src/api.rs - api::ProjectLocationNamespaceCreateCall (line 5188) - compile ... ok
[INFO] [stdout] test src/api.rs - api::ProjectLocationNamespaceGetCall (line 5752) - compile ... ok
[INFO] [stdout] test src/api.rs - api::ProjectLocationNamespaceListCall (line 6304) - compile ... ok
[INFO] [stdout] test src/api.rs - api::ProjectLocationGetCall (line 7498) - compile ... ok
[INFO] [stdout] test src/api.rs - api::ProjectLocationNamespacePatchCall (line 6613) - compile ... FAILED
[INFO] [stdout] test src/api.rs - api::ProjectLocationNamespaceServiceEndpointCreateCall (line 1150) - compile ... ok
[INFO] [stdout] test src/api.rs - api::ProjectLocationNamespaceServiceEndpointDeleteCall (line 1453) - compile ... ok
[INFO] [stdout] test src/api.rs - api::ProjectLocationNamespaceServiceEndpointGetCall (line 1714) - compile ... ok
[INFO] [stdout] test src/api.rs - api::ProjectLocationNamespaceServiceCreateCall (line 2587) - compile ... ok
[INFO] [stdout] test src/api.rs - api::ProjectLocationNamespaceServiceDeleteCall (line 2890) - compile ... ok
[INFO] [stdout] test src/api.rs - api::ProjectLocationNamespaceServiceEndpointPatchCall (line 2284) - compile ... FAILED
[INFO] [stdout] test src/api.rs - api::ProjectLocationNamespaceServiceEndpointListCall (line 1975) - compile ... ok
[INFO] [stdout] test src/api.rs - api::ProjectLocationNamespaceServiceGetCall (line 3151) - compile ... ok
[INFO] [stdout] test src/api.rs - api::ProjectLocationNamespaceServiceGetIamPolicyCall (line 3412) - compile ... ok
[INFO] [stdout] test src/api.rs - api::ProjectLocationNamespaceServiceSetIamPolicyCall (line 4606) - compile ... ok
[INFO] [stdout] test src/api.rs - api::ProjectLocationNamespaceServiceResolveCall (line 4315) - compile ... ok
[INFO] [stdout] test src/lib.rs - (line 49) ... ignored
[INFO] [stdout] test src/api.rs - api::ProjectLocationNamespaceServicePatchCall (line 4012) - compile ... FAILED
[INFO] [stdout] test src/api.rs - api::ProjectLocationNamespaceServiceTestIamPermissionCall (line 4897) - compile ... ok
[INFO] [stdout] test src/api.rs - api::ProjectLocationNamespaceServiceListCall (line 3703) - compile ... ok
[INFO] [stdout] test src/api.rs - api::ProjectLocationNamespaceSetIamPolicyCall (line 6916) - compile ... ok
[INFO] [stdout] test src/api.rs - api::ProjectLocationNamespaceTestIamPermissionCall (line 7207) - compile ... ok
[INFO] [stdout] test src/api.rs - api::ProjectMethods (line 646) - compile ... ok
[INFO] [stdout] test src/api.rs - api::ServiceDirectory (line 58) - compile ... ok
[INFO] [stdout] test src/lib.rs - (line 76) - compile ... ok
[INFO] [stdout] 
[INFO] [stdout] failures:
[INFO] [stdout] 
[INFO] [stdout] ---- src/api.rs - api::ProjectLocationNamespacePatchCall (line 6613) stdout ----
[INFO] [stdout] error[E0308]: mismatched types
[INFO] [stdout]     --> src/api.rs:6637:27
[INFO] [stdout]      |
[INFO] [stdout] 25   |              .update_mask(&Default::default())
[INFO] [stdout]      |               ----------- ^^^^^^^^^^^^^^^^^^^ expected `FieldMask`, found `&_`
[INFO] [stdout]      |               |
[INFO] [stdout]      |               arguments to this method are incorrect
[INFO] [stdout]      |
[INFO] [stdout]      = note: expected struct `FieldMask`
[INFO] [stdout]              found reference `&_`
[INFO] [stdout] note: method defined here
[INFO] [stdout]     --> /opt/rustwide/workdir/src/api.rs:6828:12
[INFO] [stdout]      |
[INFO] [stdout] 6828 |     pub fn update_mask(mut self, new_value: client::FieldMask) -> ProjectLocationNamespacePatchCall<'a, S> {
[INFO] [stdout]      |            ^^^^^^^^^^^
[INFO] [stdout] help: consider removing the borrow
[INFO] [stdout]      |
[INFO] [stdout] 25   -              .update_mask(&Default::default())
[INFO] [stdout] 25   +              .update_mask(Default::default())
[INFO] [stdout]      |
[INFO] [stdout] 
[INFO] [stdout] error: aborting due to previous error
[INFO] [stdout] 
[INFO] [stdout] For more information about this error, try `rustc --explain E0308`.
[INFO] [stdout] Couldn't compile the test.
[INFO] [stdout] ---- src/api.rs - api::ProjectLocationNamespaceServiceEndpointPatchCall (line 2284) stdout ----
[INFO] [stdout] error[E0308]: mismatched types
[INFO] [stdout]     --> src/api.rs:2308:27
[INFO] [stdout]      |
[INFO] [stdout] 25   |              .update_mask(&Default::default())
[INFO] [stdout]      |               ----------- ^^^^^^^^^^^^^^^^^^^ expected `FieldMask`, found `&_`
[INFO] [stdout]      |               |
[INFO] [stdout]      |               arguments to this method are incorrect
[INFO] [stdout]      |
[INFO] [stdout]      = note: expected struct `FieldMask`
[INFO] [stdout]              found reference `&_`
[INFO] [stdout] note: method defined here
[INFO] [stdout]     --> /opt/rustwide/workdir/src/api.rs:2499:12
[INFO] [stdout]      |
[INFO] [stdout] 2499 |     pub fn update_mask(mut self, new_value: client::FieldMask) -> ProjectLocationNamespaceServiceEndpointPatchCall<'a, S> {
[INFO] [stdout]      |            ^^^^^^^^^^^
[INFO] [stdout] help: consider removing the borrow
[INFO] [stdout]      |
[INFO] [stdout] 25   -              .update_mask(&Default::default())
[INFO] [stdout] 25   +              .update_mask(Default::default())
[INFO] [stdout]      |
[INFO] [stdout] 
[INFO] [stdout] error: aborting due to previous error
[INFO] [stdout] 
[INFO] [stdout] For more information about this error, try `rustc --explain E0308`.
[INFO] [stdout] Couldn't compile the test.
[INFO] [stdout] ---- src/api.rs - api::ProjectLocationNamespaceServicePatchCall (line 4012) stdout ----
[INFO] [stdout] error[E0308]: mismatched types
[INFO] [stdout]     --> src/api.rs:4036:27
[INFO] [stdout]      |
[INFO] [stdout] 25   |              .update_mask(&Default::default())
[INFO] [stdout]      |               ----------- ^^^^^^^^^^^^^^^^^^^ expected `FieldMask`, found `&_`
[INFO] [stdout]      |               |
[INFO] [stdout]      |               arguments to this method are incorrect
[INFO] [stdout]      |
[INFO] [stdout]      = note: expected struct `FieldMask`
[INFO] [stdout]              found reference `&_`
[INFO] [stdout] note: method defined here
[INFO] [stdout]     --> /opt/rustwide/workdir/src/api.rs:4227:12
[INFO] [stdout]      |
[INFO] [stdout] 4227 |     pub fn update_mask(mut self, new_value: client::FieldMask) -> ProjectLocationNamespaceServicePatchCall<'a, S> {
[INFO] [stdout]      |            ^^^^^^^^^^^
[INFO] [stdout] help: consider removing the borrow
[INFO] [stdout]      |
[INFO] [stdout] 25   -              .update_mask(&Default::default())
[INFO] [stdout] 25   +              .update_mask(Default::default())
[INFO] [stdout]      |
[INFO] [stdout] 
[INFO] [stdout] error: aborting due to previous error
[INFO] [stdout] 
[INFO] [stdout] For more information about this error, try `rustc --explain E0308`.
[INFO] [stdout] Couldn't compile the test.
[INFO] [stdout] 
[INFO] [stdout] failures:
[INFO] [stdout]     src/api.rs - api::ProjectLocationNamespacePatchCall (line 6613)
[INFO] [stdout]     src/api.rs - api::ProjectLocationNamespaceServiceEndpointPatchCall (line 2284)
[INFO] [stdout]     src/api.rs - api::ProjectLocationNamespaceServicePatchCall (line 4012)
[INFO] [stdout] 
[INFO] [stdout] test result: FAILED. 24 passed; 3 failed; 1 ignored; 0 measured; 0 filtered out; finished in 1.66s
[INFO] [stdout] 
[INFO] [stderr] error: doctest failed, to rerun pass `--doc`
[INFO] running `Command { std: "docker" "inspect" "49463d0f8638b58f124547033be22a76994dc6aa9563bcaa9d507e0190d6497e", kill_on_drop: false }`
[INFO] running `Command { std: "docker" "rm" "-f" "49463d0f8638b58f124547033be22a76994dc6aa9563bcaa9d507e0190d6497e", kill_on_drop: false }`
[INFO] [stdout] 49463d0f8638b58f124547033be22a76994dc6aa9563bcaa9d507e0190d6497e
