[INFO] fetching crate google-secretmanager1_beta1 5.0.2+20230114...
[INFO] testing google-secretmanager1_beta1-5.0.2+20230114 against 1.69.0 for beta-1.70-1
[INFO] extracting crate google-secretmanager1_beta1 5.0.2+20230114 into /workspace/builds/worker-2-tc1/source
[INFO] validating manifest of crates.io crate google-secretmanager1_beta1 5.0.2+20230114 on toolchain 1.69.0
[INFO] running `Command { std: CARGO_HOME="/workspace/cargo-home" RUSTUP_HOME="/workspace/rustup-home" "/workspace/cargo-home/bin/cargo" "+1.69.0" "metadata" "--manifest-path" "Cargo.toml" "--no-deps", kill_on_drop: false }`
[INFO] started tweaking crates.io crate google-secretmanager1_beta1 5.0.2+20230114
[INFO] finished tweaking crates.io crate google-secretmanager1_beta1 5.0.2+20230114
[INFO] tweaked toml for crates.io crate google-secretmanager1_beta1 5.0.2+20230114 written to /workspace/builds/worker-2-tc1/source/Cargo.toml
[INFO] running `Command { std: CARGO_HOME="/workspace/cargo-home" RUSTUP_HOME="/workspace/rustup-home" __CARGO_TEST_CHANNEL_OVERRIDE_DO_NOT_USE_THIS="nightly" "/workspace/cargo-home/bin/cargo" "+1.69.0" "generate-lockfile" "--manifest-path" "Cargo.toml" "-Zno-index-update", kill_on_drop: false }`
[INFO] running `Command { std: CARGO_HOME="/workspace/cargo-home" RUSTUP_HOME="/workspace/rustup-home" "/workspace/cargo-home/bin/cargo" "+1.69.0" "fetch" "--manifest-path" "Cargo.toml", kill_on_drop: false }`
[INFO] running `Command { std: "docker" "create" "-v" "/var/lib/crater-agent-workspace/builds/worker-2-tc1/target:/opt/rustwide/target:rw,Z" "-v" "/var/lib/crater-agent-workspace/builds/worker-2-tc1/source:/opt/rustwide/workdir:ro,Z" "-v" "/var/lib/crater-agent-workspace/cargo-home:/opt/rustwide/cargo-home:ro,Z" "-v" "/var/lib/crater-agent-workspace/rustup-home:/opt/rustwide/rustup-home:ro,Z" "-e" "SOURCE_DIR=/opt/rustwide/workdir" "-e" "CARGO_TARGET_DIR=/opt/rustwide/target" "-e" "CARGO_HOME=/opt/rustwide/cargo-home" "-e" "RUSTUP_HOME=/opt/rustwide/rustup-home" "-w" "/opt/rustwide/workdir" "-m" "1610612736" "--user" "0:0" "--network" "none" "ghcr.io/rust-lang/crates-build-env/linux@sha256:5ff2268d62e97bff2cde7d5815dd6ed5b47097566f13b8d0ca110b04b60e07ed" "/opt/rustwide/cargo-home/bin/cargo" "+1.69.0" "metadata" "--no-deps" "--format-version=1", kill_on_drop: false }`
[INFO] [stdout] 457de523f017cfcd67e9053afee7e28755c0adbb6f27588c208ce5bfc3c8283b
[INFO] running `Command { std: "docker" "start" "-a" "457de523f017cfcd67e9053afee7e28755c0adbb6f27588c208ce5bfc3c8283b", kill_on_drop: false }`
[INFO] running `Command { std: "docker" "inspect" "457de523f017cfcd67e9053afee7e28755c0adbb6f27588c208ce5bfc3c8283b", kill_on_drop: false }`
[INFO] running `Command { std: "docker" "rm" "-f" "457de523f017cfcd67e9053afee7e28755c0adbb6f27588c208ce5bfc3c8283b", kill_on_drop: false }`
[INFO] [stdout] 457de523f017cfcd67e9053afee7e28755c0adbb6f27588c208ce5bfc3c8283b
[INFO] running `Command { std: "docker" "create" "-v" "/var/lib/crater-agent-workspace/builds/worker-2-tc1/target:/opt/rustwide/target:rw,Z" "-v" "/var/lib/crater-agent-workspace/builds/worker-2-tc1/source:/opt/rustwide/workdir:ro,Z" "-v" "/var/lib/crater-agent-workspace/cargo-home:/opt/rustwide/cargo-home:ro,Z" "-v" "/var/lib/crater-agent-workspace/rustup-home:/opt/rustwide/rustup-home:ro,Z" "-e" "SOURCE_DIR=/opt/rustwide/workdir" "-e" "CARGO_TARGET_DIR=/opt/rustwide/target" "-e" "CARGO_INCREMENTAL=0" "-e" "RUST_BACKTRACE=full" "-e" "RUSTFLAGS=--cap-lints=warn" "-e" "RUSTDOCFLAGS=--cap-lints=warn" "-e" "CARGO_HOME=/opt/rustwide/cargo-home" "-e" "RUSTUP_HOME=/opt/rustwide/rustup-home" "-w" "/opt/rustwide/workdir" "-m" "1610612736" "--user" "0:0" "--network" "none" "ghcr.io/rust-lang/crates-build-env/linux@sha256:5ff2268d62e97bff2cde7d5815dd6ed5b47097566f13b8d0ca110b04b60e07ed" "/opt/rustwide/cargo-home/bin/cargo" "+1.69.0" "build" "--frozen" "--message-format=json", kill_on_drop: false }`
[INFO] [stdout] c53f4f0391d874e1c7a75d361ba641b44be1fe72328bcf06824712ee34275d93
[INFO] running `Command { std: "docker" "start" "-a" "c53f4f0391d874e1c7a75d361ba641b44be1fe72328bcf06824712ee34275d93", kill_on_drop: false }`
[INFO] [stderr]    Compiling proc-macro2 v1.0.56
[INFO] [stderr]    Compiling libc v0.2.142
[INFO] [stderr]    Compiling futures-core v0.3.28
[INFO] [stderr]    Compiling cc v1.0.79
[INFO] [stderr]    Compiling bytes v1.4.0
[INFO] [stderr]    Compiling futures-sink v0.3.28
[INFO] [stderr]    Compiling futures-channel v0.3.28
[INFO] [stderr]    Compiling futures-task v0.3.28
[INFO] [stderr]    Compiling slab v0.4.8
[INFO] [stderr]    Compiling tokio v1.28.0
[INFO] [stderr]    Compiling futures-util v0.3.28
[INFO] [stderr]    Compiling tinyvec_macros v0.1.1
[INFO] [stderr]    Compiling futures-io v0.3.28
[INFO] [stderr]    Compiling tracing-core v0.1.30
[INFO] [stderr]    Compiling httparse v1.8.0
[INFO] [stderr]    Compiling rustls v0.20.8
[INFO] [stderr]    Compiling tinyvec v1.6.0
[INFO] [stderr]    Compiling strsim v0.10.0
[INFO] [stderr]    Compiling unicode-bidi v0.3.13
[INFO] [stderr]    Compiling ident_case v1.0.1
[INFO] [stderr]    Compiling num-traits v0.2.15
[INFO] [stderr]    Compiling try-lock v0.2.4
[INFO] [stderr]    Compiling base64 v0.21.0
[INFO] [stderr]    Compiling tracing v0.1.37
[INFO] [stderr]    Compiling want v0.3.0
[INFO] [stderr]    Compiling num-integer v0.1.45
[INFO] [stderr]    Compiling async-trait v0.1.68
[INFO] [stderr]    Compiling tower-service v0.3.2
[INFO] [stderr]    Compiling anyhow v1.0.71
[INFO] [stderr]    Compiling http v0.2.9
[INFO] [stderr]    Compiling percent-encoding v2.2.0
[INFO] [stderr]    Compiling rustls-pemfile v1.0.2
[INFO] [stderr]    Compiling rustls-native-certs v0.6.2
[INFO] [stderr]    Compiling form_urlencoded v1.1.0
[INFO] [stderr]    Compiling matches v0.1.10
[INFO] [stderr]    Compiling base64 v0.13.1
[INFO] [stderr]    Compiling quote v1.0.26
[INFO] [stderr]    Compiling iana-time-zone v0.1.56
[INFO] [stderr]    Compiling mime v0.3.17
[INFO] [stderr]    Compiling syn v2.0.15
[INFO] [stderr]    Compiling ring v0.16.20
[INFO] [stderr]    Compiling unicode-normalization v0.1.22
[INFO] [stderr]    Compiling mio v0.8.6
[INFO] [stderr]    Compiling socket2 v0.4.9
[INFO] [stderr]    Compiling http-body v0.4.5
[INFO] [stderr]    Compiling idna v0.3.0
[INFO] [stderr]    Compiling idna v0.1.5
[INFO] [stderr]    Compiling url v1.7.2
[INFO] [stderr]    Compiling url v2.3.1
[INFO] [stderr]    Compiling sct v0.7.0
[INFO] [stderr]    Compiling webpki v0.22.0
[INFO] [stderr]    Compiling darling_core v0.20.0
[INFO] [stderr]    Compiling futures-macro v0.3.28
[INFO] [stderr]    Compiling tokio-macros v2.1.0
[INFO] [stderr]    Compiling serde_derive v1.0.160
[INFO] [stderr]    Compiling darling_macro v0.20.0
[INFO] [stderr]    Compiling darling v0.20.0
[INFO] [stderr]    Compiling serde_with_macros v2.3.3
[INFO] [stderr]    Compiling serde v1.0.160
[INFO] [stderr]    Compiling futures-executor v0.3.28
[INFO] [stderr]    Compiling tokio-util v0.7.8
[INFO] [stderr]    Compiling tokio-rustls v0.23.4
[INFO] [stderr]    Compiling futures v0.3.28
[INFO] [stderr]    Compiling h2 v0.3.18
[INFO] [stderr]    Compiling serde_json v1.0.96
[INFO] [stderr]    Compiling time v0.3.20
[INFO] [stderr]    Compiling serde_with v2.3.3
[INFO] [stderr]    Compiling chrono v0.4.24
[INFO] [stderr]    Compiling hyper v0.14.26
[INFO] [stderr]    Compiling hyper-rustls v0.23.2
[INFO] [stderr]    Compiling yup-oauth2 v8.1.1
[INFO] [stderr]    Compiling google-apis-common v5.0.4
[INFO] [stderr]    Compiling google-secretmanager1_beta1 v5.0.2+20230114 (/opt/rustwide/workdir)
[INFO] [stderr]     Finished dev [unoptimized + debuginfo] target(s) in 41.97s
[INFO] running `Command { std: "docker" "inspect" "c53f4f0391d874e1c7a75d361ba641b44be1fe72328bcf06824712ee34275d93", kill_on_drop: false }`
[INFO] running `Command { std: "docker" "rm" "-f" "c53f4f0391d874e1c7a75d361ba641b44be1fe72328bcf06824712ee34275d93", kill_on_drop: false }`
[INFO] [stdout] c53f4f0391d874e1c7a75d361ba641b44be1fe72328bcf06824712ee34275d93
[INFO] running `Command { std: "docker" "create" "-v" "/var/lib/crater-agent-workspace/builds/worker-2-tc1/target:/opt/rustwide/target:rw,Z" "-v" "/var/lib/crater-agent-workspace/builds/worker-2-tc1/source:/opt/rustwide/workdir:ro,Z" "-v" "/var/lib/crater-agent-workspace/cargo-home:/opt/rustwide/cargo-home:ro,Z" "-v" "/var/lib/crater-agent-workspace/rustup-home:/opt/rustwide/rustup-home:ro,Z" "-e" "SOURCE_DIR=/opt/rustwide/workdir" "-e" "CARGO_TARGET_DIR=/opt/rustwide/target" "-e" "CARGO_INCREMENTAL=0" "-e" "RUST_BACKTRACE=full" "-e" "RUSTFLAGS=--cap-lints=warn" "-e" "RUSTDOCFLAGS=--cap-lints=warn" "-e" "CARGO_HOME=/opt/rustwide/cargo-home" "-e" "RUSTUP_HOME=/opt/rustwide/rustup-home" "-w" "/opt/rustwide/workdir" "-m" "1610612736" "--user" "0:0" "--network" "none" "ghcr.io/rust-lang/crates-build-env/linux@sha256:5ff2268d62e97bff2cde7d5815dd6ed5b47097566f13b8d0ca110b04b60e07ed" "/opt/rustwide/cargo-home/bin/cargo" "+1.69.0" "test" "--frozen" "--no-run" "--message-format=json", kill_on_drop: false }`
[INFO] [stdout] 74948e842cde4a118a7b395e8f1be7bd5df2289e96425ffaa53393f95c0e656a
[INFO] running `Command { std: "docker" "start" "-a" "74948e842cde4a118a7b395e8f1be7bd5df2289e96425ffaa53393f95c0e656a", kill_on_drop: false }`
[INFO] [stderr]    Compiling google-secretmanager1_beta1 v5.0.2+20230114 (/opt/rustwide/workdir)
[INFO] [stderr]     Finished test [unoptimized + debuginfo] target(s) in 2.02s
[INFO] running `Command { std: "docker" "inspect" "74948e842cde4a118a7b395e8f1be7bd5df2289e96425ffaa53393f95c0e656a", kill_on_drop: false }`
[INFO] running `Command { std: "docker" "rm" "-f" "74948e842cde4a118a7b395e8f1be7bd5df2289e96425ffaa53393f95c0e656a", kill_on_drop: false }`
[INFO] [stdout] 74948e842cde4a118a7b395e8f1be7bd5df2289e96425ffaa53393f95c0e656a
[INFO] running `Command { std: "docker" "create" "-v" "/var/lib/crater-agent-workspace/builds/worker-2-tc1/target:/opt/rustwide/target:rw,Z" "-v" "/var/lib/crater-agent-workspace/builds/worker-2-tc1/source:/opt/rustwide/workdir:ro,Z" "-v" "/var/lib/crater-agent-workspace/cargo-home:/opt/rustwide/cargo-home:ro,Z" "-v" "/var/lib/crater-agent-workspace/rustup-home:/opt/rustwide/rustup-home:ro,Z" "-e" "SOURCE_DIR=/opt/rustwide/workdir" "-e" "CARGO_TARGET_DIR=/opt/rustwide/target" "-e" "CARGO_INCREMENTAL=0" "-e" "RUST_BACKTRACE=full" "-e" "RUSTFLAGS=--cap-lints=warn" "-e" "RUSTDOCFLAGS=--cap-lints=warn" "-e" "CARGO_HOME=/opt/rustwide/cargo-home" "-e" "RUSTUP_HOME=/opt/rustwide/rustup-home" "-w" "/opt/rustwide/workdir" "-m" "1610612736" "--user" "0:0" "--network" "none" "ghcr.io/rust-lang/crates-build-env/linux@sha256:5ff2268d62e97bff2cde7d5815dd6ed5b47097566f13b8d0ca110b04b60e07ed" "/opt/rustwide/cargo-home/bin/cargo" "+1.69.0" "test" "--frozen", kill_on_drop: false }`
[INFO] [stdout] 08cdc086528ee7b5cb19e6309639559bf4b73ac01e05a5739b2ebca44d17efa0
[INFO] running `Command { std: "docker" "start" "-a" "08cdc086528ee7b5cb19e6309639559bf4b73ac01e05a5739b2ebca44d17efa0", kill_on_drop: false }`
[INFO] [stderr]     Finished test [unoptimized + debuginfo] target(s) in 0.17s
[INFO] [stderr]      Running unittests src/lib.rs (/opt/rustwide/target/debug/deps/google_secretmanager1_beta1-fb2882670e421d27)
[INFO] [stdout] 
[INFO] [stdout] running 0 tests
[INFO] [stdout] 
[INFO] [stdout] test result: ok. 0 passed; 0 failed; 0 ignored; 0 measured; 0 filtered out; finished in 0.00s
[INFO] [stdout] 
[INFO] [stderr]    Doc-tests google-secretmanager1_beta1
[INFO] [stdout] 
[INFO] [stdout] running 21 tests
[INFO] [stdout] test src/api.rs - api::ProjectSecretVersionAccesCall (line 1646) - compile ... ok
[INFO] [stdout] test src/api.rs - api::ProjectSecretVersionEnableCall (line 2489) - compile ... ok
[INFO] [stdout] test src/api.rs - api::ProjectSecretAddVersionCall (line 3326) - compile ... ok
[INFO] [stdout] test src/api.rs - api::ProjectSecretVersionDisableCall (line 2198) - compile ... ok
[INFO] [stdout] test src/lib.rs - (line 49) ... ignored
[INFO] [stdout] test src/api.rs - api::ProjectSecretGetIamPolicyCall (line 4442) - compile ... ok
[INFO] [stdout] test src/api.rs - api::ProjectSecretGetCall (line 4181) - compile ... ok
[INFO] [stdout] test src/api.rs - api::ProjectSecretDeleteCall (line 3920) - compile ... ok
[INFO] [stdout] test src/api.rs - api::ProjectLocationGetCall (line 1088) - compile ... ok
[INFO] [stdout] test src/api.rs - api::ProjectSecretSetIamPolicyCall (line 5303) - compile ... ok
[INFO] [stdout] test src/api.rs - api::ProjectSecretVersionGetCall (line 2780) - compile ... ok
[INFO] [stdout] test src/api.rs - api::ProjectLocationListCall (line 1349) - compile ... ok
[INFO] [stdout] test src/api.rs - api::ProjectSecretTestIamPermissionCall (line 5594) - compile ... ok
[INFO] [stdout] test src/api.rs - api::ProjectSecretCreateCall (line 3617) - compile ... ok
[INFO] [stdout] test src/api.rs - api::SecretManager (line 58) - compile ... ok
[INFO] [stdout] test src/api.rs - api::ProjectSecretVersionDestroyCall (line 1907) - compile ... ok
[INFO] [stdout] test src/api.rs - api::ProjectMethods (line 724) - compile ... ok
[INFO] [stdout] test src/api.rs - api::ProjectSecretVersionListCall (line 3041) - compile ... ok
[INFO] [stdout] test src/api.rs - api::ProjectSecretPatchCall (line 5000) - compile ... FAILED
[INFO] [stdout] test src/api.rs - api::ProjectSecretListCall (line 4715) - compile ... ok
[INFO] [stdout] test src/lib.rs - (line 77) - compile ... ok
[INFO] [stdout] 
[INFO] [stdout] failures:
[INFO] [stdout] 
[INFO] [stdout] ---- src/api.rs - api::ProjectSecretPatchCall (line 5000) stdout ----
[INFO] [stdout] error[E0308]: mismatched types
[INFO] [stdout]     --> src/api.rs:5024:27
[INFO] [stdout]      |
[INFO] [stdout] 25   |              .update_mask(&Default::default())
[INFO] [stdout]      |               ----------- ^^^^^^^^^^^^^^^^^^^ expected `FieldMask`, found `&_`
[INFO] [stdout]      |               |
[INFO] [stdout]      |               arguments to this method are incorrect
[INFO] [stdout]      |
[INFO] [stdout]      = note: expected struct `FieldMask`
[INFO] [stdout]              found reference `&_`
[INFO] [stdout] note: method defined here
[INFO] [stdout]     --> /opt/rustwide/workdir/src/api.rs:5215:12
[INFO] [stdout]      |
[INFO] [stdout] 5215 |     pub fn update_mask(mut self, new_value: client::FieldMask) -> ProjectSecretPatchCall<'a, S> {
[INFO] [stdout]      |            ^^^^^^^^^^^
[INFO] [stdout] help: consider removing the borrow
[INFO] [stdout]      |
[INFO] [stdout] 25   -              .update_mask(&Default::default())
[INFO] [stdout] 25   +              .update_mask(Default::default())
[INFO] [stdout]      |
[INFO] [stdout] 
[INFO] [stdout] error: aborting due to previous error
[INFO] [stdout] 
[INFO] [stdout] For more information about this error, try `rustc --explain E0308`.
[INFO] [stdout] Couldn't compile the test.
[INFO] [stdout] 
[INFO] [stdout] failures:
[INFO] [stdout]     src/api.rs - api::ProjectSecretPatchCall (line 5000)
[INFO] [stdout] 
[INFO] [stdout] test result: FAILED. 19 passed; 1 failed; 1 ignored; 0 measured; 0 filtered out; finished in 0.42s
[INFO] [stdout] 
[INFO] [stderr] error: doctest failed, to rerun pass `--doc`
[INFO] running `Command { std: "docker" "inspect" "08cdc086528ee7b5cb19e6309639559bf4b73ac01e05a5739b2ebca44d17efa0", kill_on_drop: false }`
[INFO] running `Command { std: "docker" "rm" "-f" "08cdc086528ee7b5cb19e6309639559bf4b73ac01e05a5739b2ebca44d17efa0", kill_on_drop: false }`
[INFO] [stdout] 08cdc086528ee7b5cb19e6309639559bf4b73ac01e05a5739b2ebca44d17efa0
