[INFO] fetching crate google-recommender1_beta1 5.0.2+20230108...
[INFO] testing google-recommender1_beta1-5.0.2+20230108 against 1.69.0 for beta-1.70-1
[INFO] extracting crate google-recommender1_beta1 5.0.2+20230108 into /workspace/builds/worker-7-tc1/source
[INFO] validating manifest of crates.io crate google-recommender1_beta1 5.0.2+20230108 on toolchain 1.69.0
[INFO] running `Command { std: CARGO_HOME="/workspace/cargo-home" RUSTUP_HOME="/workspace/rustup-home" "/workspace/cargo-home/bin/cargo" "+1.69.0" "metadata" "--manifest-path" "Cargo.toml" "--no-deps", kill_on_drop: false }`
[INFO] started tweaking crates.io crate google-recommender1_beta1 5.0.2+20230108
[INFO] finished tweaking crates.io crate google-recommender1_beta1 5.0.2+20230108
[INFO] tweaked toml for crates.io crate google-recommender1_beta1 5.0.2+20230108 written to /workspace/builds/worker-7-tc1/source/Cargo.toml
[INFO] running `Command { std: CARGO_HOME="/workspace/cargo-home" RUSTUP_HOME="/workspace/rustup-home" __CARGO_TEST_CHANNEL_OVERRIDE_DO_NOT_USE_THIS="nightly" "/workspace/cargo-home/bin/cargo" "+1.69.0" "generate-lockfile" "--manifest-path" "Cargo.toml" "-Zno-index-update", kill_on_drop: false }`
[INFO] running `Command { std: CARGO_HOME="/workspace/cargo-home" RUSTUP_HOME="/workspace/rustup-home" "/workspace/cargo-home/bin/cargo" "+1.69.0" "fetch" "--manifest-path" "Cargo.toml", kill_on_drop: false }`
[INFO] running `Command { std: "docker" "create" "-v" "/var/lib/crater-agent-workspace/builds/worker-7-tc1/target:/opt/rustwide/target:rw,Z" "-v" "/var/lib/crater-agent-workspace/builds/worker-7-tc1/source:/opt/rustwide/workdir:ro,Z" "-v" "/var/lib/crater-agent-workspace/cargo-home:/opt/rustwide/cargo-home:ro,Z" "-v" "/var/lib/crater-agent-workspace/rustup-home:/opt/rustwide/rustup-home:ro,Z" "-e" "SOURCE_DIR=/opt/rustwide/workdir" "-e" "CARGO_TARGET_DIR=/opt/rustwide/target" "-e" "CARGO_HOME=/opt/rustwide/cargo-home" "-e" "RUSTUP_HOME=/opt/rustwide/rustup-home" "-w" "/opt/rustwide/workdir" "-m" "1610612736" "--user" "0:0" "--network" "none" "ghcr.io/rust-lang/crates-build-env/linux@sha256:5ff2268d62e97bff2cde7d5815dd6ed5b47097566f13b8d0ca110b04b60e07ed" "/opt/rustwide/cargo-home/bin/cargo" "+1.69.0" "metadata" "--no-deps" "--format-version=1", kill_on_drop: false }`
[INFO] [stdout] 8a88e009bd599eca7518a496b11af1a09885c2c755a8970a3c37f94f1cf0280b
[INFO] running `Command { std: "docker" "start" "-a" "8a88e009bd599eca7518a496b11af1a09885c2c755a8970a3c37f94f1cf0280b", kill_on_drop: false }`
[INFO] running `Command { std: "docker" "inspect" "8a88e009bd599eca7518a496b11af1a09885c2c755a8970a3c37f94f1cf0280b", kill_on_drop: false }`
[INFO] running `Command { std: "docker" "rm" "-f" "8a88e009bd599eca7518a496b11af1a09885c2c755a8970a3c37f94f1cf0280b", kill_on_drop: false }`
[INFO] [stdout] 8a88e009bd599eca7518a496b11af1a09885c2c755a8970a3c37f94f1cf0280b
[INFO] running `Command { std: "docker" "create" "-v" "/var/lib/crater-agent-workspace/builds/worker-7-tc1/target:/opt/rustwide/target:rw,Z" "-v" "/var/lib/crater-agent-workspace/builds/worker-7-tc1/source:/opt/rustwide/workdir:ro,Z" "-v" "/var/lib/crater-agent-workspace/cargo-home:/opt/rustwide/cargo-home:ro,Z" "-v" "/var/lib/crater-agent-workspace/rustup-home:/opt/rustwide/rustup-home:ro,Z" "-e" "SOURCE_DIR=/opt/rustwide/workdir" "-e" "CARGO_TARGET_DIR=/opt/rustwide/target" "-e" "CARGO_INCREMENTAL=0" "-e" "RUST_BACKTRACE=full" "-e" "RUSTFLAGS=--cap-lints=warn" "-e" "RUSTDOCFLAGS=--cap-lints=warn" "-e" "CARGO_HOME=/opt/rustwide/cargo-home" "-e" "RUSTUP_HOME=/opt/rustwide/rustup-home" "-w" "/opt/rustwide/workdir" "-m" "1610612736" "--user" "0:0" "--network" "none" "ghcr.io/rust-lang/crates-build-env/linux@sha256:5ff2268d62e97bff2cde7d5815dd6ed5b47097566f13b8d0ca110b04b60e07ed" "/opt/rustwide/cargo-home/bin/cargo" "+1.69.0" "build" "--frozen" "--message-format=json", kill_on_drop: false }`
[INFO] [stdout] 71120b34595289f42000b86c7cc821b2fe5e1145fb4b9d02571192f4430b5e85
[INFO] running `Command { std: "docker" "start" "-a" "71120b34595289f42000b86c7cc821b2fe5e1145fb4b9d02571192f4430b5e85", kill_on_drop: false }`
[INFO] [stderr]    Compiling proc-macro2 v1.0.56
[INFO] [stderr]    Compiling once_cell v1.17.1
[INFO] [stderr]    Compiling log v0.4.17
[INFO] [stderr]    Compiling futures-core v0.3.28
[INFO] [stderr]    Compiling fnv v1.0.7
[INFO] [stderr]    Compiling cc v1.0.79
[INFO] [stderr]    Compiling bytes v1.4.0
[INFO] [stderr]    Compiling futures-task v0.3.28
[INFO] [stderr]    Compiling futures-sink v0.3.28
[INFO] [stderr]    Compiling slab v0.4.8
[INFO] [stderr]    Compiling futures-channel v0.3.28
[INFO] [stderr]    Compiling tokio v1.28.0
[INFO] [stderr]    Compiling futures-util v0.3.28
[INFO] [stderr]    Compiling socket2 v0.4.9
[INFO] [stderr]    Compiling futures-io v0.3.28
[INFO] [stderr]    Compiling tinyvec_macros v0.1.1
[INFO] [stderr]    Compiling spin v0.5.2
[INFO] [stderr]    Compiling untrusted v0.7.1
[INFO] [stderr]    Compiling tinyvec v1.6.0
[INFO] [stderr]    Compiling strsim v0.10.0
[INFO] [stderr]    Compiling tracing-core v0.1.30
[INFO] [stderr]    Compiling unicode-bidi v0.3.13
[INFO] [stderr]    Compiling rustls v0.20.8
[INFO] [stderr]    Compiling httparse v1.8.0
[INFO] [stderr]    Compiling ident_case v1.0.1
[INFO] [stderr]    Compiling num-traits v0.2.15
[INFO] [stderr]    Compiling mio v0.8.6
[INFO] [stderr]    Compiling http v0.2.9
[INFO] [stderr]    Compiling try-lock v0.2.4
[INFO] [stderr]    Compiling base64 v0.21.0
[INFO] [stderr]    Compiling num-integer v0.1.45
[INFO] [stderr]    Compiling async-trait v0.1.68
[INFO] [stderr]    Compiling want v0.3.0
[INFO] [stderr]    Compiling httpdate v1.0.2
[INFO] [stderr]    Compiling anyhow v1.0.71
[INFO] [stderr]    Compiling tracing v0.1.37
[INFO] [stderr]    Compiling quote v1.0.26
[INFO] [stderr]    Compiling unicode-normalization v0.1.22
[INFO] [stderr]    Compiling percent-encoding v2.2.0
[INFO] [stderr]    Compiling tower-service v0.3.2
[INFO] [stderr]    Compiling openssl-probe v0.1.5
[INFO] [stderr]    Compiling rustls-pemfile v1.0.2
[INFO] [stderr]    Compiling form_urlencoded v1.1.0
[INFO] [stderr]    Compiling syn v2.0.15
[INFO] [stderr]    Compiling ring v0.16.20
[INFO] [stderr]    Compiling rustls-native-certs v0.6.2
[INFO] [stderr]    Compiling matches v0.1.10
[INFO] [stderr]    Compiling num_threads v0.1.6
[INFO] [stderr]    Compiling time-core v0.1.0
[INFO] [stderr]    Compiling iana-time-zone v0.1.56
[INFO] [stderr]    Compiling percent-encoding v1.0.1
[INFO] [stderr]    Compiling base64 v0.13.1
[INFO] [stderr]    Compiling seahash v4.1.0
[INFO] [stderr]    Compiling mime v0.3.17
[INFO] [stderr]    Compiling http-body v0.4.5
[INFO] [stderr]    Compiling idna v0.3.0
[INFO] [stderr]    Compiling idna v0.1.5
[INFO] [stderr]    Compiling url v2.3.1
[INFO] [stderr]    Compiling url v1.7.2
[INFO] [stderr]    Compiling sct v0.7.0
[INFO] [stderr]    Compiling webpki v0.22.0
[INFO] [stderr]    Compiling darling_core v0.20.0
[INFO] [stderr]    Compiling tokio-macros v2.1.0
[INFO] [stderr]    Compiling futures-macro v0.3.28
[INFO] [stderr]    Compiling serde_derive v1.0.160
[INFO] [stderr]    Compiling darling_macro v0.20.0
[INFO] [stderr]    Compiling darling v0.20.0
[INFO] [stderr]    Compiling serde_with_macros v2.3.3
[INFO] [stderr]    Compiling serde v1.0.160
[INFO] [stderr]    Compiling futures-executor v0.3.28
[INFO] [stderr]    Compiling futures v0.3.28
[INFO] [stderr]    Compiling tokio-util v0.7.8
[INFO] [stderr]    Compiling tokio-rustls v0.23.4
[INFO] [stderr]    Compiling h2 v0.3.18
[INFO] [stderr]    Compiling serde_json v1.0.96
[INFO] [stderr]    Compiling time v0.3.20
[INFO] [stderr]    Compiling chrono v0.4.24
[INFO] [stderr]    Compiling serde_with v2.3.3
[INFO] [stderr]    Compiling hyper v0.14.26
[INFO] [stderr]    Compiling hyper-rustls v0.23.2
[INFO] [stderr]    Compiling yup-oauth2 v8.1.1
[INFO] [stderr]    Compiling google-apis-common v5.0.4
[INFO] [stderr]    Compiling google-recommender1_beta1 v5.0.2+20230108 (/opt/rustwide/workdir)
[INFO] [stderr]     Finished dev [unoptimized + debuginfo] target(s) in 34.81s
[INFO] running `Command { std: "docker" "inspect" "71120b34595289f42000b86c7cc821b2fe5e1145fb4b9d02571192f4430b5e85", kill_on_drop: false }`
[INFO] running `Command { std: "docker" "rm" "-f" "71120b34595289f42000b86c7cc821b2fe5e1145fb4b9d02571192f4430b5e85", kill_on_drop: false }`
[INFO] [stdout] 71120b34595289f42000b86c7cc821b2fe5e1145fb4b9d02571192f4430b5e85
[INFO] running `Command { std: "docker" "create" "-v" "/var/lib/crater-agent-workspace/builds/worker-7-tc1/target:/opt/rustwide/target:rw,Z" "-v" "/var/lib/crater-agent-workspace/builds/worker-7-tc1/source:/opt/rustwide/workdir:ro,Z" "-v" "/var/lib/crater-agent-workspace/cargo-home:/opt/rustwide/cargo-home:ro,Z" "-v" "/var/lib/crater-agent-workspace/rustup-home:/opt/rustwide/rustup-home:ro,Z" "-e" "SOURCE_DIR=/opt/rustwide/workdir" "-e" "CARGO_TARGET_DIR=/opt/rustwide/target" "-e" "CARGO_INCREMENTAL=0" "-e" "RUST_BACKTRACE=full" "-e" "RUSTFLAGS=--cap-lints=warn" "-e" "RUSTDOCFLAGS=--cap-lints=warn" "-e" "CARGO_HOME=/opt/rustwide/cargo-home" "-e" "RUSTUP_HOME=/opt/rustwide/rustup-home" "-w" "/opt/rustwide/workdir" "-m" "1610612736" "--user" "0:0" "--network" "none" "ghcr.io/rust-lang/crates-build-env/linux@sha256:5ff2268d62e97bff2cde7d5815dd6ed5b47097566f13b8d0ca110b04b60e07ed" "/opt/rustwide/cargo-home/bin/cargo" "+1.69.0" "test" "--frozen" "--no-run" "--message-format=json", kill_on_drop: false }`
[INFO] [stdout] bc1daa3cfaa161d142b6d0637f4599aa86ba472bb14ae03bc8b0f7bbd3cf4294
[INFO] running `Command { std: "docker" "start" "-a" "bc1daa3cfaa161d142b6d0637f4599aa86ba472bb14ae03bc8b0f7bbd3cf4294", kill_on_drop: false }`
[INFO] [stderr]    Compiling google-recommender1_beta1 v5.0.2+20230108 (/opt/rustwide/workdir)
[INFO] [stderr]     Finished test [unoptimized + debuginfo] target(s) in 3.03s
[INFO] running `Command { std: "docker" "inspect" "bc1daa3cfaa161d142b6d0637f4599aa86ba472bb14ae03bc8b0f7bbd3cf4294", kill_on_drop: false }`
[INFO] running `Command { std: "docker" "rm" "-f" "bc1daa3cfaa161d142b6d0637f4599aa86ba472bb14ae03bc8b0f7bbd3cf4294", kill_on_drop: false }`
[INFO] [stdout] bc1daa3cfaa161d142b6d0637f4599aa86ba472bb14ae03bc8b0f7bbd3cf4294
[INFO] running `Command { std: "docker" "create" "-v" "/var/lib/crater-agent-workspace/builds/worker-7-tc1/target:/opt/rustwide/target:rw,Z" "-v" "/var/lib/crater-agent-workspace/builds/worker-7-tc1/source:/opt/rustwide/workdir:ro,Z" "-v" "/var/lib/crater-agent-workspace/cargo-home:/opt/rustwide/cargo-home:ro,Z" "-v" "/var/lib/crater-agent-workspace/rustup-home:/opt/rustwide/rustup-home:ro,Z" "-e" "SOURCE_DIR=/opt/rustwide/workdir" "-e" "CARGO_TARGET_DIR=/opt/rustwide/target" "-e" "CARGO_INCREMENTAL=0" "-e" "RUST_BACKTRACE=full" "-e" "RUSTFLAGS=--cap-lints=warn" "-e" "RUSTDOCFLAGS=--cap-lints=warn" "-e" "CARGO_HOME=/opt/rustwide/cargo-home" "-e" "RUSTUP_HOME=/opt/rustwide/rustup-home" "-w" "/opt/rustwide/workdir" "-m" "1610612736" "--user" "0:0" "--network" "none" "ghcr.io/rust-lang/crates-build-env/linux@sha256:5ff2268d62e97bff2cde7d5815dd6ed5b47097566f13b8d0ca110b04b60e07ed" "/opt/rustwide/cargo-home/bin/cargo" "+1.69.0" "test" "--frozen", kill_on_drop: false }`
[INFO] [stdout] d6d336ef2d45ff7a5de347b3b1eb65a24dfd0a5d88dca7a6570f0b4247f2a974
[INFO] running `Command { std: "docker" "start" "-a" "d6d336ef2d45ff7a5de347b3b1eb65a24dfd0a5d88dca7a6570f0b4247f2a974", kill_on_drop: false }`
[INFO] [stderr]     Finished test [unoptimized + debuginfo] target(s) in 0.14s
[INFO] [stderr]      Running unittests src/lib.rs (/opt/rustwide/target/debug/deps/google_recommender1_beta1-07f4f04569c91ef8)
[INFO] [stdout] 
[INFO] [stdout] running 0 tests
[INFO] [stdout] 
[INFO] [stdout] test result: ok. 0 passed; 0 failed; 0 ignored; 0 measured; 0 filtered out; finished in 0.00s
[INFO] [stdout] 
[INFO] [stderr]    Doc-tests google-recommender1_beta1
[INFO] [stdout] 
[INFO] [stdout] running 55 tests
[INFO] [stdout] test src/api.rs - api::BillingAccountLocationInsightTypeInsightMarkAcceptedCall (line 2571) - compile ... ok
[INFO] [stdout] test src/api.rs - api::BillingAccountLocationInsightTypeInsightGetCall (line 2013) - compile ... ok
[INFO] [stdout] test src/api.rs - api::BillingAccountLocationRecommenderRecommendationMarkSucceededCall (line 4869) - compile ... ok
[INFO] [stdout] test src/api.rs - api::BillingAccountMethods (line 937) - compile ... ok
[INFO] [stdout] test src/api.rs - api::BillingAccountLocationInsightTypeInsightListCall (line 2274) - compile ... ok
[INFO] [stdout] test src/api.rs - api::BillingAccountLocationInsightTypeUpdateConfigCall (line 3123) - compile ... FAILED
[INFO] [stdout] test src/api.rs - api::BillingAccountLocationRecommenderUpdateConfigCall (line 5421) - compile ... FAILED
[INFO] [stdout] test src/api.rs - api::BillingAccountLocationRecommenderRecommendationMarkFailedCall (line 4578) - compile ... ok
[INFO] [stdout] test src/api.rs - api::FolderLocationInsightTypeInsightListCall (line 5997) - compile ... ok
[INFO] [stdout] test src/api.rs - api::BillingAccountLocationRecommenderRecommendationMarkDismissedCall (line 4287) - compile ... ok
[INFO] [stdout] test src/api.rs - api::BillingAccountLocationRecommenderRecommendationListCall (line 3699) - compile ... ok
[INFO] [stdout] test src/api.rs - api::BillingAccountLocationRecommenderRecommendationGetCall (line 3438) - compile ... ok
[INFO] [stdout] test src/api.rs - api::FolderLocationRecommenderRecommendationGetCall (line 6585) - compile ... ok
[INFO] [stdout] test src/api.rs - api::FolderLocationRecommenderRecommendationMarkDismissedCall (line 7434) - compile ... ok
[INFO] [stdout] test src/api.rs - api::BillingAccountLocationRecommenderGetConfigCall (line 5160) - compile ... ok
[INFO] [stdout] test src/api.rs - api::FolderLocationInsightTypeInsightGetCall (line 5736) - compile ... ok
[INFO] [stdout] test src/api.rs - api::BillingAccountLocationRecommenderRecommendationMarkClaimedCall (line 3996) - compile ... ok
[INFO] [stdout] test src/api.rs - api::FolderMethods (line 1223) - compile ... ok
[INFO] [stdout] test src/api.rs - api::BillingAccountLocationInsightTypeGetConfigCall (line 2862) - compile ... ok
[INFO] [stdout] test src/api.rs - api::FolderLocationRecommenderRecommendationMarkSucceededCall (line 8016) - compile ... ok
[INFO] [stdout] test src/api.rs - api::FolderLocationRecommenderRecommendationMarkFailedCall (line 7725) - compile ... ok
[INFO] [stdout] test src/api.rs - api::FolderLocationRecommenderRecommendationListCall (line 6846) - compile ... ok
[INFO] [stdout] test src/api.rs - api::OrganizationLocationRecommenderRecommendationMarkDismissedCall (line 10581) - compile ... ok
[INFO] [stdout] test src/api.rs - api::FolderLocationRecommenderRecommendationMarkClaimedCall (line 7143) - compile ... ok
[INFO] [stdout] test src/api.rs - api::OrganizationLocationInsightTypeInsightListCall (line 8568) - compile ... ok
[INFO] [stdout] test src/api.rs - api::FolderLocationInsightTypeInsightMarkAcceptedCall (line 6294) - compile ... ok
[INFO] [stdout] test src/api.rs - api::OrganizationLocationRecommenderRecommendationListCall (line 9993) - compile ... ok
[INFO] [stdout] test src/api.rs - api::OrganizationLocationInsightTypeInsightGetCall (line 8307) - compile ... ok
[INFO] [stdout] test src/api.rs - api::OrganizationLocationInsightTypeGetConfigCall (line 9156) - compile ... ok
[INFO] [stdout] test src/api.rs - api::OrganizationLocationRecommenderRecommendationGetCall (line 9732) - compile ... ok
[INFO] [stdout] test src/api.rs - api::OrganizationLocationInsightTypeInsightMarkAcceptedCall (line 8865) - compile ... ok
[INFO] [stdout] test src/api.rs - api::OrganizationLocationInsightTypeUpdateConfigCall (line 9417) - compile ... FAILED
[INFO] [stdout] test src/api.rs - api::OrganizationLocationRecommenderRecommendationMarkFailedCall (line 10872) - compile ... ok
[INFO] [stdout] test src/api.rs - api::OrganizationLocationRecommenderGetConfigCall (line 11454) - compile ... ok
[INFO] [stdout] test src/api.rs - api::OrganizationLocationRecommenderRecommendationMarkClaimedCall (line 10290) - compile ... ok
[INFO] [stdout] test src/api.rs - api::OrganizationMethods (line 1433) - compile ... ok
[INFO] [stdout] test src/api.rs - api::ProjectLocationInsightTypeInsightMarkAcceptedCall (line 12588) - compile ... ok
[INFO] [stdout] test src/api.rs - api::OrganizationLocationRecommenderRecommendationMarkSucceededCall (line 11163) - compile ... ok
[INFO] [stdout] test src/lib.rs - (line 55) ... ignored
[INFO] [stdout] test src/api.rs - api::ProjectLocationRecommenderGetConfigCall (line 15177) - compile ... ok
[INFO] [stdout] test src/api.rs - api::ProjectLocationRecommenderRecommendationListCall (line 13716) - compile ... ok
[INFO] [stdout] test src/api.rs - api::ProjectLocationInsightTypeInsightGetCall (line 12030) - compile ... ok
[INFO] [stdout] test src/api.rs - api::ProjectLocationInsightTypeGetConfigCall (line 12879) - compile ... ok
[INFO] [stdout] test src/api.rs - api::ProjectMethods (line 1719) - compile ... ok
[INFO] [stdout] test src/api.rs - api::OrganizationLocationRecommenderUpdateConfigCall (line 11715) - compile ... FAILED
[INFO] [stdout] test src/api.rs - api::ProjectLocationRecommenderRecommendationGetCall (line 13455) - compile ... ok
[INFO] [stdout] test src/api.rs - api::ProjectLocationInsightTypeUpdateConfigCall (line 13140) - compile ... FAILED
[INFO] [stdout] test src/api.rs - api::ProjectLocationInsightTypeInsightListCall (line 12291) - compile ... ok
[INFO] [stdout] test src/api.rs - api::ProjectLocationRecommenderRecommendationMarkSucceededCall (line 14886) - compile ... ok
[INFO] [stdout] test src/api.rs - api::ProjectLocationRecommenderRecommendationMarkDismissedCall (line 14304) - compile ... ok
[INFO] [stdout] test src/api.rs - api::Recommender (line 58) - compile ... ok
[INFO] [stdout] test src/api.rs - api::ProjectLocationRecommenderUpdateConfigCall (line 15438) - compile ... FAILED
[INFO] [stdout] test src/api.rs - api::ProjectLocationRecommenderRecommendationMarkFailedCall (line 14595) - compile ... ok
[INFO] [stdout] test src/lib.rs - (line 98) - compile ... ok
[INFO] [stdout] test src/api.rs - api::ProjectLocationRecommenderRecommendationMarkClaimedCall (line 14013) - compile ... ok
[INFO] [stdout] 
[INFO] [stdout] failures:
[INFO] [stdout] 
[INFO] [stdout] ---- src/api.rs - api::BillingAccountLocationInsightTypeUpdateConfigCall (line 3123) stdout ----
[INFO] [stdout] error[E0308]: mismatched types
[INFO] [stdout]     --> src/api.rs:3148:27
[INFO] [stdout]      |
[INFO] [stdout] 26   |              .update_mask(&Default::default())
[INFO] [stdout]      |               ----------- ^^^^^^^^^^^^^^^^^^^ expected `FieldMask`, found `&_`
[INFO] [stdout]      |               |
[INFO] [stdout]      |               arguments to this method are incorrect
[INFO] [stdout]      |
[INFO] [stdout]      = note: expected struct `FieldMask`
[INFO] [stdout]              found reference `&_`
[INFO] [stdout] note: method defined here
[INFO] [stdout]     --> /opt/rustwide/workdir/src/api.rs:3350:12
[INFO] [stdout]      |
[INFO] [stdout] 3350 |     pub fn update_mask(mut self, new_value: client::FieldMask) -> BillingAccountLocationInsightTypeUpdateConfigCall<'a, S> {
[INFO] [stdout]      |            ^^^^^^^^^^^
[INFO] [stdout] help: consider removing the borrow
[INFO] [stdout]      |
[INFO] [stdout] 26   -              .update_mask(&Default::default())
[INFO] [stdout] 26   +              .update_mask(Default::default())
[INFO] [stdout]      |
[INFO] [stdout] 
[INFO] [stdout] error: aborting due to previous error
[INFO] [stdout] 
[INFO] [stdout] For more information about this error, try `rustc --explain E0308`.
[INFO] [stdout] Couldn't compile the test.
[INFO] [stdout] ---- src/api.rs - api::BillingAccountLocationRecommenderUpdateConfigCall (line 5421) stdout ----
[INFO] [stdout] error[E0308]: mismatched types
[INFO] [stdout]     --> src/api.rs:5446:27
[INFO] [stdout]      |
[INFO] [stdout] 26   |              .update_mask(&Default::default())
[INFO] [stdout]      |               ----------- ^^^^^^^^^^^^^^^^^^^ expected `FieldMask`, found `&_`
[INFO] [stdout]      |               |
[INFO] [stdout]      |               arguments to this method are incorrect
[INFO] [stdout]      |
[INFO] [stdout]      = note: expected struct `FieldMask`
[INFO] [stdout]              found reference `&_`
[INFO] [stdout] note: method defined here
[INFO] [stdout]     --> /opt/rustwide/workdir/src/api.rs:5648:12
[INFO] [stdout]      |
[INFO] [stdout] 5648 |     pub fn update_mask(mut self, new_value: client::FieldMask) -> BillingAccountLocationRecommenderUpdateConfigCall<'a, S> {
[INFO] [stdout]      |            ^^^^^^^^^^^
[INFO] [stdout] help: consider removing the borrow
[INFO] [stdout]      |
[INFO] [stdout] 26   -              .update_mask(&Default::default())
[INFO] [stdout] 26   +              .update_mask(Default::default())
[INFO] [stdout]      |
[INFO] [stdout] 
[INFO] [stdout] error: aborting due to previous error
[INFO] [stdout] 
[INFO] [stdout] For more information about this error, try `rustc --explain E0308`.
[INFO] [stdout] Couldn't compile the test.
[INFO] [stdout] ---- src/api.rs - api::OrganizationLocationInsightTypeUpdateConfigCall (line 9417) stdout ----
[INFO] [stdout] error[E0308]: mismatched types
[INFO] [stdout]     --> src/api.rs:9442:27
[INFO] [stdout]      |
[INFO] [stdout] 26   |              .update_mask(&Default::default())
[INFO] [stdout]      |               ----------- ^^^^^^^^^^^^^^^^^^^ expected `FieldMask`, found `&_`
[INFO] [stdout]      |               |
[INFO] [stdout]      |               arguments to this method are incorrect
[INFO] [stdout]      |
[INFO] [stdout]      = note: expected struct `FieldMask`
[INFO] [stdout]              found reference `&_`
[INFO] [stdout] note: method defined here
[INFO] [stdout]     --> /opt/rustwide/workdir/src/api.rs:9644:12
[INFO] [stdout]      |
[INFO] [stdout] 9644 |     pub fn update_mask(mut self, new_value: client::FieldMask) -> OrganizationLocationInsightTypeUpdateConfigCall<'a, S> {
[INFO] [stdout]      |            ^^^^^^^^^^^
[INFO] [stdout] help: consider removing the borrow
[INFO] [stdout]      |
[INFO] [stdout] 26   -              .update_mask(&Default::default())
[INFO] [stdout] 26   +              .update_mask(Default::default())
[INFO] [stdout]      |
[INFO] [stdout] 
[INFO] [stdout] error: aborting due to previous error
[INFO] [stdout] 
[INFO] [stdout] For more information about this error, try `rustc --explain E0308`.
[INFO] [stdout] Couldn't compile the test.
[INFO] [stdout] ---- src/api.rs - api::OrganizationLocationRecommenderUpdateConfigCall (line 11715) stdout ----
[INFO] [stdout] error[E0308]: mismatched types
[INFO] [stdout]      --> src/api.rs:11740:27
[INFO] [stdout]       |
[INFO] [stdout] 26    |              .update_mask(&Default::default())
[INFO] [stdout]       |               ----------- ^^^^^^^^^^^^^^^^^^^ expected `FieldMask`, found `&_`
[INFO] [stdout]       |               |
[INFO] [stdout]       |               arguments to this method are incorrect
[INFO] [stdout]       |
[INFO] [stdout]       = note: expected struct `FieldMask`
[INFO] [stdout]               found reference `&_`
[INFO] [stdout] note: method defined here
[INFO] [stdout]      --> /opt/rustwide/workdir/src/api.rs:11942:12
[INFO] [stdout]       |
[INFO] [stdout] 11942 |     pub fn update_mask(mut self, new_value: client::FieldMask) -> OrganizationLocationRecommenderUpdateConfigCall<'a, S> {
[INFO] [stdout]       |            ^^^^^^^^^^^
[INFO] [stdout] help: consider removing the borrow
[INFO] [stdout]       |
[INFO] [stdout] 26    -              .update_mask(&Default::default())
[INFO] [stdout] 26    +              .update_mask(Default::default())
[INFO] [stdout]       |
[INFO] [stdout] 
[INFO] [stdout] error: aborting due to previous error
[INFO] [stdout] 
[INFO] [stdout] For more information about this error, try `rustc --explain E0308`.
[INFO] [stdout] Couldn't compile the test.
[INFO] [stdout] ---- src/api.rs - api::ProjectLocationInsightTypeUpdateConfigCall (line 13140) stdout ----
[INFO] [stdout] error[E0308]: mismatched types
[INFO] [stdout]      --> src/api.rs:13165:27
[INFO] [stdout]       |
[INFO] [stdout] 26    |              .update_mask(&Default::default())
[INFO] [stdout]       |               ----------- ^^^^^^^^^^^^^^^^^^^ expected `FieldMask`, found `&_`
[INFO] [stdout]       |               |
[INFO] [stdout]       |               arguments to this method are incorrect
[INFO] [stdout]       |
[INFO] [stdout]       = note: expected struct `FieldMask`
[INFO] [stdout]               found reference `&_`
[INFO] [stdout] note: method defined here
[INFO] [stdout]      --> /opt/rustwide/workdir/src/api.rs:13367:12
[INFO] [stdout]       |
[INFO] [stdout] 13367 |     pub fn update_mask(mut self, new_value: client::FieldMask) -> ProjectLocationInsightTypeUpdateConfigCall<'a, S> {
[INFO] [stdout]       |            ^^^^^^^^^^^
[INFO] [stdout] help: consider removing the borrow
[INFO] [stdout]       |
[INFO] [stdout] 26    -              .update_mask(&Default::default())
[INFO] [stdout] 26    +              .update_mask(Default::default())
[INFO] [stdout]       |
[INFO] [stdout] 
[INFO] [stdout] error: aborting due to previous error
[INFO] [stdout] 
[INFO] [stdout] For more information about this error, try `rustc --explain E0308`.
[INFO] [stdout] Couldn't compile the test.
[INFO] [stdout] ---- src/api.rs - api::ProjectLocationRecommenderUpdateConfigCall (line 15438) stdout ----
[INFO] [stdout] error[E0308]: mismatched types
[INFO] [stdout]      --> src/api.rs:15463:27
[INFO] [stdout]       |
[INFO] [stdout] 26    |              .update_mask(&Default::default())
[INFO] [stdout]       |               ----------- ^^^^^^^^^^^^^^^^^^^ expected `FieldMask`, found `&_`
[INFO] [stdout]       |               |
[INFO] [stdout]       |               arguments to this method are incorrect
[INFO] [stdout]       |
[INFO] [stdout]       = note: expected struct `FieldMask`
[INFO] [stdout]               found reference `&_`
[INFO] [stdout] note: method defined here
[INFO] [stdout]      --> /opt/rustwide/workdir/src/api.rs:15665:12
[INFO] [stdout]       |
[INFO] [stdout] 15665 |     pub fn update_mask(mut self, new_value: client::FieldMask) -> ProjectLocationRecommenderUpdateConfigCall<'a, S> {
[INFO] [stdout]       |            ^^^^^^^^^^^
[INFO] [stdout] help: consider removing the borrow
[INFO] [stdout]       |
[INFO] [stdout] 26    -              .update_mask(&Default::default())
[INFO] [stdout] 26    +              .update_mask(Default::default())
[INFO] [stdout]       |
[INFO] [stdout] 
[INFO] [stdout] error: aborting due to previous error
[INFO] [stdout] 
[INFO] [stdout] For more information about this error, try `rustc --explain E0308`.
[INFO] [stdout] Couldn't compile the test.
[INFO] [stdout] 
[INFO] [stdout] failures:
[INFO] [stdout]     src/api.rs - api::BillingAccountLocationInsightTypeUpdateConfigCall (line 3123)
[INFO] [stdout]     src/api.rs - api::BillingAccountLocationRecommenderUpdateConfigCall (line 5421)
[INFO] [stdout]     src/api.rs - api::OrganizationLocationInsightTypeUpdateConfigCall (line 9417)
[INFO] [stdout]     src/api.rs - api::OrganizationLocationRecommenderUpdateConfigCall (line 11715)
[INFO] [stdout]     src/api.rs - api::ProjectLocationInsightTypeUpdateConfigCall (line 13140)
[INFO] [stdout]     src/api.rs - api::ProjectLocationRecommenderUpdateConfigCall (line 15438)
[INFO] [stdout] 
[INFO] [stdout] test result: FAILED. 48 passed; 6 failed; 1 ignored; 0 measured; 0 filtered out; finished in 1.85s
[INFO] [stdout] 
[INFO] [stderr] error: doctest failed, to rerun pass `--doc`
[INFO] running `Command { std: "docker" "inspect" "d6d336ef2d45ff7a5de347b3b1eb65a24dfd0a5d88dca7a6570f0b4247f2a974", kill_on_drop: false }`
[INFO] running `Command { std: "docker" "rm" "-f" "d6d336ef2d45ff7a5de347b3b1eb65a24dfd0a5d88dca7a6570f0b4247f2a974", kill_on_drop: false }`
[INFO] [stdout] d6d336ef2d45ff7a5de347b3b1eb65a24dfd0a5d88dca7a6570f0b4247f2a974
