[INFO] fetching crate google-recommendationengine1_beta1 5.0.2+20230105...
[INFO] testing google-recommendationengine1_beta1-5.0.2+20230105 against 1.69.0 for beta-1.70-1
[INFO] extracting crate google-recommendationengine1_beta1 5.0.2+20230105 into /workspace/builds/worker-4-tc1/source
[INFO] validating manifest of crates.io crate google-recommendationengine1_beta1 5.0.2+20230105 on toolchain 1.69.0
[INFO] running `Command { std: CARGO_HOME="/workspace/cargo-home" RUSTUP_HOME="/workspace/rustup-home" "/workspace/cargo-home/bin/cargo" "+1.69.0" "metadata" "--manifest-path" "Cargo.toml" "--no-deps", kill_on_drop: false }`
[INFO] started tweaking crates.io crate google-recommendationengine1_beta1 5.0.2+20230105
[INFO] finished tweaking crates.io crate google-recommendationengine1_beta1 5.0.2+20230105
[INFO] tweaked toml for crates.io crate google-recommendationengine1_beta1 5.0.2+20230105 written to /workspace/builds/worker-4-tc1/source/Cargo.toml
[INFO] running `Command { std: CARGO_HOME="/workspace/cargo-home" RUSTUP_HOME="/workspace/rustup-home" __CARGO_TEST_CHANNEL_OVERRIDE_DO_NOT_USE_THIS="nightly" "/workspace/cargo-home/bin/cargo" "+1.69.0" "generate-lockfile" "--manifest-path" "Cargo.toml" "-Zno-index-update", kill_on_drop: false }`
[INFO] running `Command { std: CARGO_HOME="/workspace/cargo-home" RUSTUP_HOME="/workspace/rustup-home" "/workspace/cargo-home/bin/cargo" "+1.69.0" "fetch" "--manifest-path" "Cargo.toml", kill_on_drop: false }`
[INFO] [stderr]     Blocking waiting for file lock on package cache
[INFO] [stderr]     Blocking waiting for file lock on package cache
[INFO] running `Command { std: "docker" "create" "-v" "/var/lib/crater-agent-workspace/builds/worker-4-tc1/target:/opt/rustwide/target:rw,Z" "-v" "/var/lib/crater-agent-workspace/builds/worker-4-tc1/source:/opt/rustwide/workdir:ro,Z" "-v" "/var/lib/crater-agent-workspace/cargo-home:/opt/rustwide/cargo-home:ro,Z" "-v" "/var/lib/crater-agent-workspace/rustup-home:/opt/rustwide/rustup-home:ro,Z" "-e" "SOURCE_DIR=/opt/rustwide/workdir" "-e" "CARGO_TARGET_DIR=/opt/rustwide/target" "-e" "CARGO_HOME=/opt/rustwide/cargo-home" "-e" "RUSTUP_HOME=/opt/rustwide/rustup-home" "-w" "/opt/rustwide/workdir" "-m" "1610612736" "--user" "0:0" "--network" "none" "ghcr.io/rust-lang/crates-build-env/linux@sha256:5ff2268d62e97bff2cde7d5815dd6ed5b47097566f13b8d0ca110b04b60e07ed" "/opt/rustwide/cargo-home/bin/cargo" "+1.69.0" "metadata" "--no-deps" "--format-version=1", kill_on_drop: false }`
[INFO] [stdout] e9395244c8d3784b711e487ad1cd4196f26e701257eb14744dd315570f0c842f
[INFO] running `Command { std: "docker" "start" "-a" "e9395244c8d3784b711e487ad1cd4196f26e701257eb14744dd315570f0c842f", kill_on_drop: false }`
[INFO] running `Command { std: "docker" "inspect" "e9395244c8d3784b711e487ad1cd4196f26e701257eb14744dd315570f0c842f", kill_on_drop: false }`
[INFO] running `Command { std: "docker" "rm" "-f" "e9395244c8d3784b711e487ad1cd4196f26e701257eb14744dd315570f0c842f", kill_on_drop: false }`
[INFO] [stdout] e9395244c8d3784b711e487ad1cd4196f26e701257eb14744dd315570f0c842f
[INFO] running `Command { std: "docker" "create" "-v" "/var/lib/crater-agent-workspace/builds/worker-4-tc1/target:/opt/rustwide/target:rw,Z" "-v" "/var/lib/crater-agent-workspace/builds/worker-4-tc1/source:/opt/rustwide/workdir:ro,Z" "-v" "/var/lib/crater-agent-workspace/cargo-home:/opt/rustwide/cargo-home:ro,Z" "-v" "/var/lib/crater-agent-workspace/rustup-home:/opt/rustwide/rustup-home:ro,Z" "-e" "SOURCE_DIR=/opt/rustwide/workdir" "-e" "CARGO_TARGET_DIR=/opt/rustwide/target" "-e" "CARGO_INCREMENTAL=0" "-e" "RUST_BACKTRACE=full" "-e" "RUSTFLAGS=--cap-lints=warn" "-e" "RUSTDOCFLAGS=--cap-lints=warn" "-e" "CARGO_HOME=/opt/rustwide/cargo-home" "-e" "RUSTUP_HOME=/opt/rustwide/rustup-home" "-w" "/opt/rustwide/workdir" "-m" "1610612736" "--user" "0:0" "--network" "none" "ghcr.io/rust-lang/crates-build-env/linux@sha256:5ff2268d62e97bff2cde7d5815dd6ed5b47097566f13b8d0ca110b04b60e07ed" "/opt/rustwide/cargo-home/bin/cargo" "+1.69.0" "build" "--frozen" "--message-format=json", kill_on_drop: false }`
[INFO] [stdout] 73afb73cf86da37bc3c129415ad9418e1ee4c7c5f633a40aeff2759646e14570
[INFO] running `Command { std: "docker" "start" "-a" "73afb73cf86da37bc3c129415ad9418e1ee4c7c5f633a40aeff2759646e14570", kill_on_drop: false }`
[INFO] [stderr]    Compiling google-recommendationengine1_beta1 v5.0.2+20230105 (/opt/rustwide/workdir)
[INFO] [stderr]     Finished dev [unoptimized + debuginfo] target(s) in 3.39s
[INFO] running `Command { std: "docker" "inspect" "73afb73cf86da37bc3c129415ad9418e1ee4c7c5f633a40aeff2759646e14570", kill_on_drop: false }`
[INFO] running `Command { std: "docker" "rm" "-f" "73afb73cf86da37bc3c129415ad9418e1ee4c7c5f633a40aeff2759646e14570", kill_on_drop: false }`
[INFO] [stdout] 73afb73cf86da37bc3c129415ad9418e1ee4c7c5f633a40aeff2759646e14570
[INFO] running `Command { std: "docker" "create" "-v" "/var/lib/crater-agent-workspace/builds/worker-4-tc1/target:/opt/rustwide/target:rw,Z" "-v" "/var/lib/crater-agent-workspace/builds/worker-4-tc1/source:/opt/rustwide/workdir:ro,Z" "-v" "/var/lib/crater-agent-workspace/cargo-home:/opt/rustwide/cargo-home:ro,Z" "-v" "/var/lib/crater-agent-workspace/rustup-home:/opt/rustwide/rustup-home:ro,Z" "-e" "SOURCE_DIR=/opt/rustwide/workdir" "-e" "CARGO_TARGET_DIR=/opt/rustwide/target" "-e" "CARGO_INCREMENTAL=0" "-e" "RUST_BACKTRACE=full" "-e" "RUSTFLAGS=--cap-lints=warn" "-e" "RUSTDOCFLAGS=--cap-lints=warn" "-e" "CARGO_HOME=/opt/rustwide/cargo-home" "-e" "RUSTUP_HOME=/opt/rustwide/rustup-home" "-w" "/opt/rustwide/workdir" "-m" "1610612736" "--user" "0:0" "--network" "none" "ghcr.io/rust-lang/crates-build-env/linux@sha256:5ff2268d62e97bff2cde7d5815dd6ed5b47097566f13b8d0ca110b04b60e07ed" "/opt/rustwide/cargo-home/bin/cargo" "+1.69.0" "test" "--frozen" "--no-run" "--message-format=json", kill_on_drop: false }`
[INFO] [stdout] b7f8d811b060e6e8976fb1ea551287258fc26099d0e0ef65c38681ef886c3ba0
[INFO] running `Command { std: "docker" "start" "-a" "b7f8d811b060e6e8976fb1ea551287258fc26099d0e0ef65c38681ef886c3ba0", kill_on_drop: false }`
[INFO] [stderr]    Compiling google-recommendationengine1_beta1 v5.0.2+20230105 (/opt/rustwide/workdir)
[INFO] [stderr]     Finished test [unoptimized + debuginfo] target(s) in 2.93s
[INFO] running `Command { std: "docker" "inspect" "b7f8d811b060e6e8976fb1ea551287258fc26099d0e0ef65c38681ef886c3ba0", kill_on_drop: false }`
[INFO] running `Command { std: "docker" "rm" "-f" "b7f8d811b060e6e8976fb1ea551287258fc26099d0e0ef65c38681ef886c3ba0", kill_on_drop: false }`
[INFO] [stdout] b7f8d811b060e6e8976fb1ea551287258fc26099d0e0ef65c38681ef886c3ba0
[INFO] running `Command { std: "docker" "create" "-v" "/var/lib/crater-agent-workspace/builds/worker-4-tc1/target:/opt/rustwide/target:rw,Z" "-v" "/var/lib/crater-agent-workspace/builds/worker-4-tc1/source:/opt/rustwide/workdir:ro,Z" "-v" "/var/lib/crater-agent-workspace/cargo-home:/opt/rustwide/cargo-home:ro,Z" "-v" "/var/lib/crater-agent-workspace/rustup-home:/opt/rustwide/rustup-home:ro,Z" "-e" "SOURCE_DIR=/opt/rustwide/workdir" "-e" "CARGO_TARGET_DIR=/opt/rustwide/target" "-e" "CARGO_INCREMENTAL=0" "-e" "RUST_BACKTRACE=full" "-e" "RUSTFLAGS=--cap-lints=warn" "-e" "RUSTDOCFLAGS=--cap-lints=warn" "-e" "CARGO_HOME=/opt/rustwide/cargo-home" "-e" "RUSTUP_HOME=/opt/rustwide/rustup-home" "-w" "/opt/rustwide/workdir" "-m" "1610612736" "--user" "0:0" "--network" "none" "ghcr.io/rust-lang/crates-build-env/linux@sha256:5ff2268d62e97bff2cde7d5815dd6ed5b47097566f13b8d0ca110b04b60e07ed" "/opt/rustwide/cargo-home/bin/cargo" "+1.69.0" "test" "--frozen", kill_on_drop: false }`
[INFO] [stdout] 819537bc517d5af3988f5ee06417002bb2424dbf1ffc09e24c9c1d33808ce414
[INFO] running `Command { std: "docker" "start" "-a" "819537bc517d5af3988f5ee06417002bb2424dbf1ffc09e24c9c1d33808ce414", kill_on_drop: false }`
[INFO] [stderr]     Finished test [unoptimized + debuginfo] target(s) in 0.16s
[INFO] [stderr]      Running unittests src/lib.rs (/opt/rustwide/target/debug/deps/google_recommendationengine1_beta1-d3d3b1da5b5feafa)
[INFO] [stdout] 
[INFO] [stdout] running 0 tests
[INFO] [stdout] 
[INFO] [stdout] test result: ok. 0 passed; 0 failed; 0 ignored; 0 measured; 0 filtered out; finished in 0.00s
[INFO] [stdout] 
[INFO] [stderr]    Doc-tests google-recommendationengine1_beta1
[INFO] [stdout] 
[INFO] [stdout] running 26 tests
[INFO] [stdout] test src/api.rs - api::ProjectLocationCatalogEventStorePredictionApiKeyRegistrationDeleteCall (line 4576) - compile ... ok
[INFO] [stdout] test src/api.rs - api::ProjectLocationCatalogEventStoreUserEventPurgeCall (line 6007) - compile ... ok
[INFO] [stdout] test src/api.rs - api::ProjectLocationCatalogEventStorePredictionApiKeyRegistrationCreateCall (line 4285) - compile ... ok
[INFO] [stdout] test src/api.rs - api::ProjectLocationCatalogEventStoreOperationGetCall (line 3437) - compile ... ok
[INFO] [stdout] test src/api.rs - api::ProjectLocationCatalogEventStoreOperationListCall (line 3698) - compile ... ok
[INFO] [stdout] test src/api.rs - api::ProjectLocationCatalogEventStoreUserEventImportCall (line 5419) - compile ... ok
[INFO] [stdout] test src/api.rs - api::ProjectLocationCatalogEventStoreUserEventCollectCall (line 5122) - compile ... ok
[INFO] [stdout] test src/api.rs - api::ProjectLocationCatalogEventStorePredictionApiKeyRegistrationListCall (line 4837) - compile ... ok
[INFO] [stdout] test src/api.rs - api::ProjectLocationCatalogCatalogItemPatchCall (line 3134) - compile ... FAILED
[INFO] [stdout] test src/lib.rs - (line 49) ... ignored
[INFO] [stdout] test src/api.rs - api::ProjectLocationCatalogCatalogItemGetCall (line 2285) - compile ... ok
[INFO] [stdout] test src/api.rs - api::ProjectLocationCatalogPatchCall (line 7723) - compile ... FAILED
[INFO] [stdout] test src/api.rs - api::ProjectLocationCatalogCatalogItemCreateCall (line 1733) - compile ... ok
[INFO] [stdout] test src/api.rs - api::ProjectLocationCatalogCatalogItemImportCall (line 2546) - compile ... ok
[INFO] [stdout] test src/api.rs - api::ProjectLocationCatalogCatalogItemListCall (line 2837) - compile ... ok
[INFO] [stdout] test src/api.rs - api::ProjectLocationCatalogCatalogItemDeleteCall (line 2024) - compile ... ok
[INFO] [stdout] test src/api.rs - api::ProjectLocationCatalogOperationGetCall (line 6880) - compile ... ok
[INFO] [stdout] test src/api.rs - api::ProjectLocationCatalogEventStoreUserEventRejoinCall (line 6298) - compile ... ok
[INFO] [stdout] test src/api.rs - api::ProjectLocationCatalogEventStorePlacementPredictCall (line 3995) - compile ... ok
[INFO] [stdout] test src/api.rs - api::ProjectLocationCatalogListCall (line 7438) - compile ... ok
[INFO] [stdout] test src/api.rs - api::ProjectLocationCatalogEventStoreUserEventListCall (line 5710) - compile ... ok
[INFO] [stdout] test src/api.rs - api::ProjectMethods (line 1269) - compile ... ok
[INFO] [stdout] test src/api.rs - api::ProjectLocationCatalogOperationListCall (line 7141) - compile ... ok
[INFO] [stdout] test src/api.rs - api::ProjectLocationCatalogEventStoreUserEventWriteCall (line 6589) - compile ... ok
[INFO] [stdout] test src/api.rs - api::RecommendationsAI (line 58) - compile ... ok
[INFO] [stdout] test src/lib.rs - (line 78) - compile ... ok
[INFO] [stdout] 
[INFO] [stdout] failures:
[INFO] [stdout] 
[INFO] [stdout] ---- src/api.rs - api::ProjectLocationCatalogCatalogItemPatchCall (line 3134) stdout ----
[INFO] [stdout] error[E0308]: mismatched types
[INFO] [stdout]     --> src/api.rs:3158:27
[INFO] [stdout]      |
[INFO] [stdout] 25   |              .update_mask(&Default::default())
[INFO] [stdout]      |               ----------- ^^^^^^^^^^^^^^^^^^^ expected `FieldMask`, found `&_`
[INFO] [stdout]      |               |
[INFO] [stdout]      |               arguments to this method are incorrect
[INFO] [stdout]      |
[INFO] [stdout]      = note: expected struct `FieldMask`
[INFO] [stdout]              found reference `&_`
[INFO] [stdout] note: method defined here
[INFO] [stdout]     --> /opt/rustwide/workdir/src/api.rs:3349:12
[INFO] [stdout]      |
[INFO] [stdout] 3349 |     pub fn update_mask(mut self, new_value: client::FieldMask) -> ProjectLocationCatalogCatalogItemPatchCall<'a, S> {
[INFO] [stdout]      |            ^^^^^^^^^^^
[INFO] [stdout] help: consider removing the borrow
[INFO] [stdout]      |
[INFO] [stdout] 25   -              .update_mask(&Default::default())
[INFO] [stdout] 25   +              .update_mask(Default::default())
[INFO] [stdout]      |
[INFO] [stdout] 
[INFO] [stdout] error: aborting due to previous error
[INFO] [stdout] 
[INFO] [stdout] For more information about this error, try `rustc --explain E0308`.
[INFO] [stdout] Couldn't compile the test.
[INFO] [stdout] ---- src/api.rs - api::ProjectLocationCatalogPatchCall (line 7723) stdout ----
[INFO] [stdout] error[E0308]: mismatched types
[INFO] [stdout]     --> src/api.rs:7747:27
[INFO] [stdout]      |
[INFO] [stdout] 25   |              .update_mask(&Default::default())
[INFO] [stdout]      |               ----------- ^^^^^^^^^^^^^^^^^^^ expected `FieldMask`, found `&_`
[INFO] [stdout]      |               |
[INFO] [stdout]      |               arguments to this method are incorrect
[INFO] [stdout]      |
[INFO] [stdout]      = note: expected struct `FieldMask`
[INFO] [stdout]              found reference `&_`
[INFO] [stdout] note: method defined here
[INFO] [stdout]     --> /opt/rustwide/workdir/src/api.rs:7938:12
[INFO] [stdout]      |
[INFO] [stdout] 7938 |     pub fn update_mask(mut self, new_value: client::FieldMask) -> ProjectLocationCatalogPatchCall<'a, S> {
[INFO] [stdout]      |            ^^^^^^^^^^^
[INFO] [stdout] help: consider removing the borrow
[INFO] [stdout]      |
[INFO] [stdout] 25   -              .update_mask(&Default::default())
[INFO] [stdout] 25   +              .update_mask(Default::default())
[INFO] [stdout]      |
[INFO] [stdout] 
[INFO] [stdout] error: aborting due to previous error
[INFO] [stdout] 
[INFO] [stdout] For more information about this error, try `rustc --explain E0308`.
[INFO] [stdout] Couldn't compile the test.
[INFO] [stdout] 
[INFO] [stdout] failures:
[INFO] [stdout]     src/api.rs - api::ProjectLocationCatalogCatalogItemPatchCall (line 3134)
[INFO] [stdout]     src/api.rs - api::ProjectLocationCatalogPatchCall (line 7723)
[INFO] [stdout] 
[INFO] [stdout] test result: FAILED. 23 passed; 2 failed; 1 ignored; 0 measured; 0 filtered out; finished in 1.07s
[INFO] [stdout] 
[INFO] [stderr] error: doctest failed, to rerun pass `--doc`
[INFO] running `Command { std: "docker" "inspect" "819537bc517d5af3988f5ee06417002bb2424dbf1ffc09e24c9c1d33808ce414", kill_on_drop: false }`
[INFO] running `Command { std: "docker" "rm" "-f" "819537bc517d5af3988f5ee06417002bb2424dbf1ffc09e24c9c1d33808ce414", kill_on_drop: false }`
[INFO] [stdout] 819537bc517d5af3988f5ee06417002bb2424dbf1ffc09e24c9c1d33808ce414
