[INFO] fetching crate google-realtimebidding1 5.0.2+20230124...
[INFO] testing google-realtimebidding1-5.0.2+20230124 against 1.69.0 for beta-1.70-1
[INFO] extracting crate google-realtimebidding1 5.0.2+20230124 into /workspace/builds/worker-3-tc1/source
[INFO] validating manifest of crates.io crate google-realtimebidding1 5.0.2+20230124 on toolchain 1.69.0
[INFO] running `Command { std: CARGO_HOME="/workspace/cargo-home" RUSTUP_HOME="/workspace/rustup-home" "/workspace/cargo-home/bin/cargo" "+1.69.0" "metadata" "--manifest-path" "Cargo.toml" "--no-deps", kill_on_drop: false }`
[INFO] started tweaking crates.io crate google-realtimebidding1 5.0.2+20230124
[INFO] finished tweaking crates.io crate google-realtimebidding1 5.0.2+20230124
[INFO] tweaked toml for crates.io crate google-realtimebidding1 5.0.2+20230124 written to /workspace/builds/worker-3-tc1/source/Cargo.toml
[INFO] running `Command { std: CARGO_HOME="/workspace/cargo-home" RUSTUP_HOME="/workspace/rustup-home" __CARGO_TEST_CHANNEL_OVERRIDE_DO_NOT_USE_THIS="nightly" "/workspace/cargo-home/bin/cargo" "+1.69.0" "generate-lockfile" "--manifest-path" "Cargo.toml" "-Zno-index-update", kill_on_drop: false }`
[INFO] running `Command { std: CARGO_HOME="/workspace/cargo-home" RUSTUP_HOME="/workspace/rustup-home" "/workspace/cargo-home/bin/cargo" "+1.69.0" "fetch" "--manifest-path" "Cargo.toml", kill_on_drop: false }`
[INFO] running `Command { std: "docker" "create" "-v" "/var/lib/crater-agent-workspace/builds/worker-3-tc1/target:/opt/rustwide/target:rw,Z" "-v" "/var/lib/crater-agent-workspace/builds/worker-3-tc1/source:/opt/rustwide/workdir:ro,Z" "-v" "/var/lib/crater-agent-workspace/cargo-home:/opt/rustwide/cargo-home:ro,Z" "-v" "/var/lib/crater-agent-workspace/rustup-home:/opt/rustwide/rustup-home:ro,Z" "-e" "SOURCE_DIR=/opt/rustwide/workdir" "-e" "CARGO_TARGET_DIR=/opt/rustwide/target" "-e" "CARGO_HOME=/opt/rustwide/cargo-home" "-e" "RUSTUP_HOME=/opt/rustwide/rustup-home" "-w" "/opt/rustwide/workdir" "-m" "1610612736" "--user" "0:0" "--network" "none" "ghcr.io/rust-lang/crates-build-env/linux@sha256:5ff2268d62e97bff2cde7d5815dd6ed5b47097566f13b8d0ca110b04b60e07ed" "/opt/rustwide/cargo-home/bin/cargo" "+1.69.0" "metadata" "--no-deps" "--format-version=1", kill_on_drop: false }`
[INFO] [stdout] 6b66b56781c97ed9ef5e91583d165d810060c951f3ae54fa4c0d215994de3f6a
[INFO] running `Command { std: "docker" "start" "-a" "6b66b56781c97ed9ef5e91583d165d810060c951f3ae54fa4c0d215994de3f6a", kill_on_drop: false }`
[INFO] running `Command { std: "docker" "inspect" "6b66b56781c97ed9ef5e91583d165d810060c951f3ae54fa4c0d215994de3f6a", kill_on_drop: false }`
[INFO] running `Command { std: "docker" "rm" "-f" "6b66b56781c97ed9ef5e91583d165d810060c951f3ae54fa4c0d215994de3f6a", kill_on_drop: false }`
[INFO] [stdout] 6b66b56781c97ed9ef5e91583d165d810060c951f3ae54fa4c0d215994de3f6a
[INFO] running `Command { std: "docker" "create" "-v" "/var/lib/crater-agent-workspace/builds/worker-3-tc1/target:/opt/rustwide/target:rw,Z" "-v" "/var/lib/crater-agent-workspace/builds/worker-3-tc1/source:/opt/rustwide/workdir:ro,Z" "-v" "/var/lib/crater-agent-workspace/cargo-home:/opt/rustwide/cargo-home:ro,Z" "-v" "/var/lib/crater-agent-workspace/rustup-home:/opt/rustwide/rustup-home:ro,Z" "-e" "SOURCE_DIR=/opt/rustwide/workdir" "-e" "CARGO_TARGET_DIR=/opt/rustwide/target" "-e" "CARGO_INCREMENTAL=0" "-e" "RUST_BACKTRACE=full" "-e" "RUSTFLAGS=--cap-lints=warn" "-e" "RUSTDOCFLAGS=--cap-lints=warn" "-e" "CARGO_HOME=/opt/rustwide/cargo-home" "-e" "RUSTUP_HOME=/opt/rustwide/rustup-home" "-w" "/opt/rustwide/workdir" "-m" "1610612736" "--user" "0:0" "--network" "none" "ghcr.io/rust-lang/crates-build-env/linux@sha256:5ff2268d62e97bff2cde7d5815dd6ed5b47097566f13b8d0ca110b04b60e07ed" "/opt/rustwide/cargo-home/bin/cargo" "+1.69.0" "build" "--frozen" "--message-format=json", kill_on_drop: false }`
[INFO] [stdout] f073829be99a3909eb43c7141c6faf33a45197b4bce64745dbf536a080bf6501
[INFO] running `Command { std: "docker" "start" "-a" "f073829be99a3909eb43c7141c6faf33a45197b4bce64745dbf536a080bf6501", kill_on_drop: false }`
[INFO] [stderr]    Compiling proc-macro2 v1.0.56
[INFO] [stderr]    Compiling unicode-ident v1.0.8
[INFO] [stderr]    Compiling quote v1.0.26
[INFO] [stderr]    Compiling autocfg v1.1.0
[INFO] [stderr]    Compiling libc v0.2.142
[INFO] [stderr]    Compiling pin-project-lite v0.2.9
[INFO] [stderr]    Compiling log v0.4.17
[INFO] [stderr]    Compiling once_cell v1.17.1
[INFO] [stderr]    Compiling cfg-if v1.0.0
[INFO] [stderr]    Compiling futures-core v0.3.28
[INFO] [stderr]    Compiling fnv v1.0.7
[INFO] [stderr]    Compiling cc v1.0.79
[INFO] [stderr]    Compiling futures-task v0.3.28
[INFO] [stderr]    Compiling futures-channel v0.3.28
[INFO] [stderr]    Compiling slab v0.4.8
[INFO] [stderr]    Compiling futures-sink v0.3.28
[INFO] [stderr]    Compiling memchr v2.5.0
[INFO] [stderr]    Compiling bytes v1.4.0
[INFO] [stderr]    Compiling tokio v1.28.0
[INFO] [stderr]    Compiling futures-util v0.3.28
[INFO] [stderr]    Compiling serde_derive v1.0.160
[INFO] [stderr]    Compiling syn v2.0.15
[INFO] [stderr]    Compiling mio v0.8.6
[INFO] [stderr]    Compiling socket2 v0.4.9
[INFO] [stderr]    Compiling spin v0.5.2
[INFO] [stderr]    Compiling untrusted v0.7.1
[INFO] [stderr]    Compiling pin-utils v0.1.0
[INFO] [stderr]    Compiling itoa v1.0.6
[INFO] [stderr]    Compiling tinyvec_macros v0.1.1
[INFO] [stderr]    Compiling futures-io v0.3.28
[INFO] [stderr]    Compiling serde v1.0.160
[INFO] [stderr]    Compiling ring v0.16.20
[INFO] [stderr]    Compiling tinyvec v1.6.0
[INFO] [stderr]    Compiling indexmap v1.9.3
[INFO] [stderr]    Compiling tracing-core v0.1.30
[INFO] [stderr]    Compiling http v0.2.9
[INFO] [stderr]    Compiling hashbrown v0.12.3
[INFO] [stderr]    Compiling ident_case v1.0.1
[INFO] [stderr]    Compiling rustls v0.20.8
[INFO] [stderr]    Compiling strsim v0.10.0
[INFO] [stderr]    Compiling httparse v1.8.0
[INFO] [stderr]    Compiling tracing v0.1.37
[INFO] [stderr]    Compiling unicode-normalization v0.1.22
[INFO] [stderr]    Compiling unicode-bidi v0.3.13
[INFO] [stderr]    Compiling num-traits v0.2.15
[INFO] [stderr]    Compiling base64 v0.21.0
[INFO] [stderr]    Compiling try-lock v0.2.4
[INFO] [stderr]    Compiling want v0.3.0
[INFO] [stderr]    Compiling rustls-pemfile v1.0.2
[INFO] [stderr]    Compiling http-body v0.4.5
[INFO] [stderr]    Compiling num-integer v0.1.45
[INFO] [stderr]    Compiling serde_json v1.0.96
[INFO] [stderr]    Compiling percent-encoding v2.2.0
[INFO] [stderr]    Compiling openssl-probe v0.1.5
[INFO] [stderr]    Compiling anyhow v1.0.71
[INFO] [stderr]    Compiling httpdate v1.0.2
[INFO] [stderr]    Compiling tower-service v0.3.2
[INFO] [stderr]    Compiling async-trait v0.1.68
[INFO] [stderr]    Compiling rustls-native-certs v0.6.2
[INFO] [stderr]    Compiling form_urlencoded v1.1.0
[INFO] [stderr]    Compiling idna v0.3.0
[INFO] [stderr]    Compiling either v1.8.1
[INFO] [stderr]    Compiling matches v0.1.10
[INFO] [stderr]    Compiling ryu v1.0.13
[INFO] [stderr]    Compiling num_threads v0.1.6
[INFO] [stderr]    Compiling time-core v0.1.0
[INFO] [stderr]    Compiling itertools v0.10.5
[INFO] [stderr]    Compiling idna v0.1.5
[INFO] [stderr]    Compiling base64 v0.13.1
[INFO] [stderr]    Compiling sct v0.7.0
[INFO] [stderr]    Compiling webpki v0.22.0
[INFO] [stderr]    Compiling url v2.3.1
[INFO] [stderr]    Compiling percent-encoding v1.0.1
[INFO] [stderr]    Compiling seahash v4.1.0
[INFO] [stderr]    Compiling iana-time-zone v0.1.56
[INFO] [stderr]    Compiling url v1.7.2
[INFO] [stderr]    Compiling darling_core v0.20.0
[INFO] [stderr]    Compiling mime v0.3.17
[INFO] [stderr]    Compiling futures-macro v0.3.28
[INFO] [stderr]    Compiling tokio-macros v2.1.0
[INFO] [stderr]    Compiling darling_macro v0.20.0
[INFO] [stderr]    Compiling darling v0.20.0
[INFO] [stderr]    Compiling serde_with_macros v2.3.3
[INFO] [stderr]    Compiling futures-executor v0.3.28
[INFO] [stderr]    Compiling futures v0.3.28
[INFO] [stderr]    Compiling tokio-util v0.7.8
[INFO] [stderr]    Compiling tokio-rustls v0.23.4
[INFO] [stderr]    Compiling h2 v0.3.18
[INFO] [stderr]    Compiling time v0.3.20
[INFO] [stderr]    Compiling chrono v0.4.24
[INFO] [stderr]    Compiling serde_with v2.3.3
[INFO] [stderr]    Compiling hyper v0.14.26
[INFO] [stderr]    Compiling hyper-rustls v0.23.2
[INFO] [stderr]    Compiling yup-oauth2 v8.1.1
[INFO] [stderr]    Compiling google-apis-common v5.0.4
[INFO] [stderr]    Compiling google-realtimebidding1 v5.0.2+20230124 (/opt/rustwide/workdir)
[INFO] [stderr]     Finished dev [unoptimized + debuginfo] target(s) in 1m 49s
[INFO] running `Command { std: "docker" "inspect" "f073829be99a3909eb43c7141c6faf33a45197b4bce64745dbf536a080bf6501", kill_on_drop: false }`
[INFO] running `Command { std: "docker" "rm" "-f" "f073829be99a3909eb43c7141c6faf33a45197b4bce64745dbf536a080bf6501", kill_on_drop: false }`
[INFO] [stdout] f073829be99a3909eb43c7141c6faf33a45197b4bce64745dbf536a080bf6501
[INFO] running `Command { std: "docker" "create" "-v" "/var/lib/crater-agent-workspace/builds/worker-3-tc1/target:/opt/rustwide/target:rw,Z" "-v" "/var/lib/crater-agent-workspace/builds/worker-3-tc1/source:/opt/rustwide/workdir:ro,Z" "-v" "/var/lib/crater-agent-workspace/cargo-home:/opt/rustwide/cargo-home:ro,Z" "-v" "/var/lib/crater-agent-workspace/rustup-home:/opt/rustwide/rustup-home:ro,Z" "-e" "SOURCE_DIR=/opt/rustwide/workdir" "-e" "CARGO_TARGET_DIR=/opt/rustwide/target" "-e" "CARGO_INCREMENTAL=0" "-e" "RUST_BACKTRACE=full" "-e" "RUSTFLAGS=--cap-lints=warn" "-e" "RUSTDOCFLAGS=--cap-lints=warn" "-e" "CARGO_HOME=/opt/rustwide/cargo-home" "-e" "RUSTUP_HOME=/opt/rustwide/rustup-home" "-w" "/opt/rustwide/workdir" "-m" "1610612736" "--user" "0:0" "--network" "none" "ghcr.io/rust-lang/crates-build-env/linux@sha256:5ff2268d62e97bff2cde7d5815dd6ed5b47097566f13b8d0ca110b04b60e07ed" "/opt/rustwide/cargo-home/bin/cargo" "+1.69.0" "test" "--frozen" "--no-run" "--message-format=json", kill_on_drop: false }`
[INFO] [stdout] c20d4c774c6142be8c2ad9b34a6b1acfd3cafbb5cd2975e71b0c6c0c935de802
[INFO] running `Command { std: "docker" "start" "-a" "c20d4c774c6142be8c2ad9b34a6b1acfd3cafbb5cd2975e71b0c6c0c935de802", kill_on_drop: false }`
[INFO] [stderr]    Compiling google-realtimebidding1 v5.0.2+20230124 (/opt/rustwide/workdir)
[INFO] [stderr]     Finished test [unoptimized + debuginfo] target(s) in 3.89s
[INFO] running `Command { std: "docker" "inspect" "c20d4c774c6142be8c2ad9b34a6b1acfd3cafbb5cd2975e71b0c6c0c935de802", kill_on_drop: false }`
[INFO] running `Command { std: "docker" "rm" "-f" "c20d4c774c6142be8c2ad9b34a6b1acfd3cafbb5cd2975e71b0c6c0c935de802", kill_on_drop: false }`
[INFO] [stdout] c20d4c774c6142be8c2ad9b34a6b1acfd3cafbb5cd2975e71b0c6c0c935de802
[INFO] running `Command { std: "docker" "create" "-v" "/var/lib/crater-agent-workspace/builds/worker-3-tc1/target:/opt/rustwide/target:rw,Z" "-v" "/var/lib/crater-agent-workspace/builds/worker-3-tc1/source:/opt/rustwide/workdir:ro,Z" "-v" "/var/lib/crater-agent-workspace/cargo-home:/opt/rustwide/cargo-home:ro,Z" "-v" "/var/lib/crater-agent-workspace/rustup-home:/opt/rustwide/rustup-home:ro,Z" "-e" "SOURCE_DIR=/opt/rustwide/workdir" "-e" "CARGO_TARGET_DIR=/opt/rustwide/target" "-e" "CARGO_INCREMENTAL=0" "-e" "RUST_BACKTRACE=full" "-e" "RUSTFLAGS=--cap-lints=warn" "-e" "RUSTDOCFLAGS=--cap-lints=warn" "-e" "CARGO_HOME=/opt/rustwide/cargo-home" "-e" "RUSTUP_HOME=/opt/rustwide/rustup-home" "-w" "/opt/rustwide/workdir" "-m" "1610612736" "--user" "0:0" "--network" "none" "ghcr.io/rust-lang/crates-build-env/linux@sha256:5ff2268d62e97bff2cde7d5815dd6ed5b47097566f13b8d0ca110b04b60e07ed" "/opt/rustwide/cargo-home/bin/cargo" "+1.69.0" "test" "--frozen", kill_on_drop: false }`
[INFO] [stdout] 7113fbca1242948219e91aff55dbd2d5b6c84974422cb3dfd6aceb826825476a
[INFO] running `Command { std: "docker" "start" "-a" "7113fbca1242948219e91aff55dbd2d5b6c84974422cb3dfd6aceb826825476a", kill_on_drop: false }`
[INFO] [stderr]     Finished test [unoptimized + debuginfo] target(s) in 0.16s
[INFO] [stderr]      Running unittests src/lib.rs (/opt/rustwide/target/debug/deps/google_realtimebidding1-87f80db2d8432fb6)
[INFO] [stderr]    Doc-tests google-realtimebidding1
[INFO] [stdout] 
[INFO] [stdout] running 0 tests
[INFO] [stdout] 
[INFO] [stdout] test result: ok. 0 passed; 0 failed; 0 ignored; 0 measured; 0 filtered out; finished in 0.00s
[INFO] [stdout] 
[INFO] [stdout] 
[INFO] [stdout] running 43 tests
[INFO] [stdout] test src/api.rs - api::BidderEndpointGetCall (line 3276) - compile ... ok
[INFO] [stdout] test src/api.rs - api::BidderMethods (line 1884) - compile ... ok
[INFO] [stdout] test src/api.rs - api::BidderListCall (line 9267) - compile ... ok
[INFO] [stdout] test src/api.rs - api::BidderEndpointPatchCall (line 3822) - compile ... FAILED
[INFO] [stdout] test src/api.rs - api::BidderCreativeWatchCall (line 2985) - compile ... ok
[INFO] [stdout] test src/api.rs - api::BidderCreativeListCall (line 2676) - compile ... ok
[INFO] [stdout] test src/api.rs - api::BidderPretargetingConfigActivateCall (line 4125) - compile ... ok
[INFO] [stdout] test src/api.rs - api::BidderEndpointListCall (line 3537) - compile ... ok
[INFO] [stdout] test src/api.rs - api::BidderGetCall (line 9006) - compile ... ok
[INFO] [stdout] test src/api.rs - api::BidderPretargetingConfigAddTargetedAppCall (line 4416) - compile ... ok
[INFO] [stdout] test src/api.rs - api::BidderPretargetingConfigAddTargetedPublisherCall (line 4707) - compile ... ok
[INFO] [stdout] test src/api.rs - api::BidderPretargetingConfigDeleteCall (line 5580) - compile ... ok
[INFO] [stdout] test src/api.rs - api::BidderPretargetingConfigPatchCall (line 6387) - compile ... FAILED
[INFO] [stdout] test src/api.rs - api::BidderPretargetingConfigAddTargetedSiteCall (line 4998) - compile ... ok
[INFO] [stdout] test src/api.rs - api::BidderPretargetingConfigGetCall (line 5841) - compile ... ok
[INFO] [stdout] test src/api.rs - api::BidderPretargetingConfigSuspendCall (line 7563) - compile ... ok
[INFO] [stdout] test src/api.rs - api::BidderPretargetingConfigListCall (line 6102) - compile ... ok
[INFO] [stdout] test src/api.rs - api::BidderPretargetingConfigRemoveTargetedAppCall (line 6690) - compile ... ok
[INFO] [stdout] test src/api.rs - api::BidderPretargetingConfigRemoveTargetedSiteCall (line 7272) - compile ... ok
[INFO] [stdout] test src/api.rs - api::BidderPretargetingConfigCreateCall (line 5289) - compile ... ok
[INFO] [stdout] test src/api.rs - api::BidderPublisherConnectionBatchApproveCall (line 7854) - compile ... ok
[INFO] [stdout] test src/api.rs - api::BidderPublisherConnectionGetCall (line 8436) - compile ... ok
[INFO] [stdout] test src/api.rs - api::BidderPretargetingConfigRemoveTargetedPublisherCall (line 6981) - compile ... ok
[INFO] [stdout] test src/api.rs - api::BidderPublisherConnectionBatchRejectCall (line 8145) - compile ... ok
[INFO] [stdout] test src/api.rs - api::BuyerCreativeCreateCall (line 9533) - compile ... ok
[INFO] [stdout] test src/api.rs - api::BuyerGetCall (line 12680) - compile ... ok
[INFO] [stdout] test src/api.rs - api::BuyerCreativeGetCall (line 9824) - compile ... ok
[INFO] [stdout] test src/api.rs - api::BidderPublisherConnectionListCall (line 8697) - compile ... ok
[INFO] [stdout] test src/api.rs - api::BuyerListCall (line 13202) - compile ... ok
[INFO] [stdout] test src/api.rs - api::BuyerCreativeListCall (line 10097) - compile ... ok
[INFO] [stdout] test src/api.rs - api::BuyerCreativePatchCall (line 10406) - compile ... FAILED
[INFO] [stdout] test src/api.rs - api::BuyerMethods (line 2372) - compile ... ok
[INFO] [stdout] test src/api.rs - api::BuyerGetRemarketingTagCall (line 12941) - compile ... ok
[INFO] [stdout] test src/api.rs - api::BuyerUserListGetCall (line 11291) - compile ... ok
[INFO] [stdout] test src/lib.rs - (line 51) ... ignored
[INFO] [stdout] test src/api.rs - api::BuyerUserListCloseCall (line 10709) - compile ... ok
[INFO] [stdout] test src/api.rs - api::BuyerUserListCreateCall (line 11000) - compile ... ok
[INFO] [stdout] test src/api.rs - api::BuyerUserListOpenCall (line 12098) - compile ... ok
[INFO] [stdout] test src/api.rs - api::BuyerUserListListCall (line 11813) - compile ... ok
[INFO] [stdout] test src/lib.rs - (line 98) - compile ... ok
[INFO] [stdout] test src/api.rs - api::BuyerUserListGetRemarketingTagCall (line 11552) - compile ... ok
[INFO] [stdout] test src/api.rs - api::BuyerUserListUpdateCall (line 12389) - compile ... ok
[INFO] [stdout] test src/api.rs - api::RealTimeBidding (line 58) - compile ... ok
[INFO] [stdout] 
[INFO] [stdout] failures:
[INFO] [stdout] 
[INFO] [stdout] ---- src/api.rs - api::BidderEndpointPatchCall (line 3822) stdout ----
[INFO] [stdout] error[E0308]: mismatched types
[INFO] [stdout]     --> src/api.rs:3846:27
[INFO] [stdout]      |
[INFO] [stdout] 25   |              .update_mask(&Default::default())
[INFO] [stdout]      |               ----------- ^^^^^^^^^^^^^^^^^^^ expected `FieldMask`, found `&_`
[INFO] [stdout]      |               |
[INFO] [stdout]      |               arguments to this method are incorrect
[INFO] [stdout]      |
[INFO] [stdout]      = note: expected struct `FieldMask`
[INFO] [stdout]              found reference `&_`
[INFO] [stdout] note: method defined here
[INFO] [stdout]     --> /opt/rustwide/workdir/src/api.rs:4037:12
[INFO] [stdout]      |
[INFO] [stdout] 4037 |     pub fn update_mask(mut self, new_value: client::FieldMask) -> BidderEndpointPatchCall<'a, S> {
[INFO] [stdout]      |            ^^^^^^^^^^^
[INFO] [stdout] help: consider removing the borrow
[INFO] [stdout]      |
[INFO] [stdout] 25   -              .update_mask(&Default::default())
[INFO] [stdout] 25   +              .update_mask(Default::default())
[INFO] [stdout]      |
[INFO] [stdout] 
[INFO] [stdout] error: aborting due to previous error
[INFO] [stdout] 
[INFO] [stdout] For more information about this error, try `rustc --explain E0308`.
[INFO] [stdout] Couldn't compile the test.
[INFO] [stdout] ---- src/api.rs - api::BidderPretargetingConfigPatchCall (line 6387) stdout ----
[INFO] [stdout] error[E0308]: mismatched types
[INFO] [stdout]     --> src/api.rs:6411:27
[INFO] [stdout]      |
[INFO] [stdout] 25   |              .update_mask(&Default::default())
[INFO] [stdout]      |               ----------- ^^^^^^^^^^^^^^^^^^^ expected `FieldMask`, found `&_`
[INFO] [stdout]      |               |
[INFO] [stdout]      |               arguments to this method are incorrect
[INFO] [stdout]      |
[INFO] [stdout]      = note: expected struct `FieldMask`
[INFO] [stdout]              found reference `&_`
[INFO] [stdout] note: method defined here
[INFO] [stdout]     --> /opt/rustwide/workdir/src/api.rs:6602:12
[INFO] [stdout]      |
[INFO] [stdout] 6602 |     pub fn update_mask(mut self, new_value: client::FieldMask) -> BidderPretargetingConfigPatchCall<'a, S> {
[INFO] [stdout]      |            ^^^^^^^^^^^
[INFO] [stdout] help: consider removing the borrow
[INFO] [stdout]      |
[INFO] [stdout] 25   -              .update_mask(&Default::default())
[INFO] [stdout] 25   +              .update_mask(Default::default())
[INFO] [stdout]      |
[INFO] [stdout] 
[INFO] [stdout] error: aborting due to previous error
[INFO] [stdout] 
[INFO] [stdout] For more information about this error, try `rustc --explain E0308`.
[INFO] [stdout] Couldn't compile the test.
[INFO] [stdout] ---- src/api.rs - api::BuyerCreativePatchCall (line 10406) stdout ----
[INFO] [stdout] error[E0308]: mismatched types
[INFO] [stdout]      --> src/api.rs:10430:27
[INFO] [stdout]       |
[INFO] [stdout] 25    |              .update_mask(&Default::default())
[INFO] [stdout]       |               ----------- ^^^^^^^^^^^^^^^^^^^ expected `FieldMask`, found `&_`
[INFO] [stdout]       |               |
[INFO] [stdout]       |               arguments to this method are incorrect
[INFO] [stdout]       |
[INFO] [stdout]       = note: expected struct `FieldMask`
[INFO] [stdout]               found reference `&_`
[INFO] [stdout] note: method defined here
[INFO] [stdout]      --> /opt/rustwide/workdir/src/api.rs:10621:12
[INFO] [stdout]       |
[INFO] [stdout] 10621 |     pub fn update_mask(mut self, new_value: client::FieldMask) -> BuyerCreativePatchCall<'a, S> {
[INFO] [stdout]       |            ^^^^^^^^^^^
[INFO] [stdout] help: consider removing the borrow
[INFO] [stdout]       |
[INFO] [stdout] 25    -              .update_mask(&Default::default())
[INFO] [stdout] 25    +              .update_mask(Default::default())
[INFO] [stdout]       |
[INFO] [stdout] 
[INFO] [stdout] error: aborting due to previous error
[INFO] [stdout] 
[INFO] [stdout] For more information about this error, try `rustc --explain E0308`.
[INFO] [stdout] Couldn't compile the test.
[INFO] [stdout] 
[INFO] [stdout] failures:
[INFO] [stdout]     src/api.rs - api::BidderEndpointPatchCall (line 3822)
[INFO] [stdout]     src/api.rs - api::BidderPretargetingConfigPatchCall (line 6387)
[INFO] [stdout]     src/api.rs - api::BuyerCreativePatchCall (line 10406)
[INFO] [stdout] 
[INFO] [stdout] test result: FAILED. 39 passed; 3 failed; 1 ignored; 0 measured; 0 filtered out; finished in 1.97s
[INFO] [stdout] 
[INFO] [stderr] error: doctest failed, to rerun pass `--doc`
[INFO] running `Command { std: "docker" "inspect" "7113fbca1242948219e91aff55dbd2d5b6c84974422cb3dfd6aceb826825476a", kill_on_drop: false }`
[INFO] running `Command { std: "docker" "rm" "-f" "7113fbca1242948219e91aff55dbd2d5b6c84974422cb3dfd6aceb826825476a", kill_on_drop: false }`
[INFO] [stdout] 7113fbca1242948219e91aff55dbd2d5b6c84974422cb3dfd6aceb826825476a
