[INFO] fetching crate google-pubsublite1 5.0.2+20230114...
[INFO] testing google-pubsublite1-5.0.2+20230114 against 1.69.0 for beta-1.70-1
[INFO] extracting crate google-pubsublite1 5.0.2+20230114 into /workspace/builds/worker-3-tc1/source
[INFO] validating manifest of crates.io crate google-pubsublite1 5.0.2+20230114 on toolchain 1.69.0
[INFO] running `Command { std: CARGO_HOME="/workspace/cargo-home" RUSTUP_HOME="/workspace/rustup-home" "/workspace/cargo-home/bin/cargo" "+1.69.0" "metadata" "--manifest-path" "Cargo.toml" "--no-deps", kill_on_drop: false }`
[INFO] started tweaking crates.io crate google-pubsublite1 5.0.2+20230114
[INFO] finished tweaking crates.io crate google-pubsublite1 5.0.2+20230114
[INFO] tweaked toml for crates.io crate google-pubsublite1 5.0.2+20230114 written to /workspace/builds/worker-3-tc1/source/Cargo.toml
[INFO] running `Command { std: CARGO_HOME="/workspace/cargo-home" RUSTUP_HOME="/workspace/rustup-home" __CARGO_TEST_CHANNEL_OVERRIDE_DO_NOT_USE_THIS="nightly" "/workspace/cargo-home/bin/cargo" "+1.69.0" "generate-lockfile" "--manifest-path" "Cargo.toml" "-Zno-index-update", kill_on_drop: false }`
[INFO] running `Command { std: CARGO_HOME="/workspace/cargo-home" RUSTUP_HOME="/workspace/rustup-home" "/workspace/cargo-home/bin/cargo" "+1.69.0" "fetch" "--manifest-path" "Cargo.toml", kill_on_drop: false }`
[INFO] running `Command { std: "docker" "create" "-v" "/var/lib/crater-agent-workspace/builds/worker-3-tc1/target:/opt/rustwide/target:rw,Z" "-v" "/var/lib/crater-agent-workspace/builds/worker-3-tc1/source:/opt/rustwide/workdir:ro,Z" "-v" "/var/lib/crater-agent-workspace/cargo-home:/opt/rustwide/cargo-home:ro,Z" "-v" "/var/lib/crater-agent-workspace/rustup-home:/opt/rustwide/rustup-home:ro,Z" "-e" "SOURCE_DIR=/opt/rustwide/workdir" "-e" "CARGO_TARGET_DIR=/opt/rustwide/target" "-e" "CARGO_HOME=/opt/rustwide/cargo-home" "-e" "RUSTUP_HOME=/opt/rustwide/rustup-home" "-w" "/opt/rustwide/workdir" "-m" "1610612736" "--user" "0:0" "--network" "none" "ghcr.io/rust-lang/crates-build-env/linux@sha256:97d61d7686bf65f8ecb15491ab51835e82dc9176a96a831f143a431b191fc501" "/opt/rustwide/cargo-home/bin/cargo" "+1.69.0" "metadata" "--no-deps" "--format-version=1", kill_on_drop: false }`
[INFO] [stdout] 9d2b2a2cd1c6b60864ed438b01a4faa4eac5e93ff1274e554c4ff6bb8150cc50
[INFO] running `Command { std: "docker" "start" "-a" "9d2b2a2cd1c6b60864ed438b01a4faa4eac5e93ff1274e554c4ff6bb8150cc50", kill_on_drop: false }`
[INFO] running `Command { std: "docker" "inspect" "9d2b2a2cd1c6b60864ed438b01a4faa4eac5e93ff1274e554c4ff6bb8150cc50", kill_on_drop: false }`
[INFO] running `Command { std: "docker" "rm" "-f" "9d2b2a2cd1c6b60864ed438b01a4faa4eac5e93ff1274e554c4ff6bb8150cc50", kill_on_drop: false }`
[INFO] [stdout] 9d2b2a2cd1c6b60864ed438b01a4faa4eac5e93ff1274e554c4ff6bb8150cc50
[INFO] running `Command { std: "docker" "create" "-v" "/var/lib/crater-agent-workspace/builds/worker-3-tc1/target:/opt/rustwide/target:rw,Z" "-v" "/var/lib/crater-agent-workspace/builds/worker-3-tc1/source:/opt/rustwide/workdir:ro,Z" "-v" "/var/lib/crater-agent-workspace/cargo-home:/opt/rustwide/cargo-home:ro,Z" "-v" "/var/lib/crater-agent-workspace/rustup-home:/opt/rustwide/rustup-home:ro,Z" "-e" "SOURCE_DIR=/opt/rustwide/workdir" "-e" "CARGO_TARGET_DIR=/opt/rustwide/target" "-e" "CARGO_INCREMENTAL=0" "-e" "RUST_BACKTRACE=full" "-e" "RUSTFLAGS=--cap-lints=warn" "-e" "RUSTDOCFLAGS=--cap-lints=warn" "-e" "CARGO_HOME=/opt/rustwide/cargo-home" "-e" "RUSTUP_HOME=/opt/rustwide/rustup-home" "-w" "/opt/rustwide/workdir" "-m" "1610612736" "--user" "0:0" "--network" "none" "ghcr.io/rust-lang/crates-build-env/linux@sha256:97d61d7686bf65f8ecb15491ab51835e82dc9176a96a831f143a431b191fc501" "/opt/rustwide/cargo-home/bin/cargo" "+1.69.0" "build" "--frozen" "--message-format=json", kill_on_drop: false }`
[INFO] [stdout] ed459ca960545825717f8278dbbdb6b4a59d21df2f1c2604a88194c51579b762
[INFO] running `Command { std: "docker" "start" "-a" "ed459ca960545825717f8278dbbdb6b4a59d21df2f1c2604a88194c51579b762", kill_on_drop: false }`
[INFO] [stderr]     Blocking waiting for file lock on package cache
[INFO] [stderr]    Compiling proc-macro2 v1.0.56
[INFO] [stderr]    Compiling unicode-ident v1.0.8
[INFO] [stderr]    Compiling quote v1.0.26
[INFO] [stderr]    Compiling autocfg v1.1.0
[INFO] [stderr]    Compiling libc v0.2.142
[INFO] [stderr]    Compiling pin-project-lite v0.2.9
[INFO] [stderr]    Compiling once_cell v1.17.1
[INFO] [stderr]    Compiling log v0.4.17
[INFO] [stderr]    Compiling futures-core v0.3.28
[INFO] [stderr]    Compiling cfg-if v1.0.0
[INFO] [stderr]    Compiling fnv v1.0.7
[INFO] [stderr]    Compiling cc v1.0.79
[INFO] [stderr]    Compiling futures-task v0.3.28
[INFO] [stderr]    Compiling futures-sink v0.3.28
[INFO] [stderr]    Compiling memchr v2.5.0
[INFO] [stderr]    Compiling bytes v1.4.0
[INFO] [stderr]    Compiling futures-channel v0.3.28
[INFO] [stderr]    Compiling serde_derive v1.0.160
[INFO] [stderr]    Compiling futures-util v0.3.28
[INFO] [stderr]    Compiling untrusted v0.7.1
[INFO] [stderr]    Compiling pin-utils v0.1.0
[INFO] [stderr]    Compiling itoa v1.0.6
[INFO] [stderr]    Compiling spin v0.5.2
[INFO] [stderr]    Compiling tinyvec_macros v0.1.1
[INFO] [stderr]    Compiling serde v1.0.160
[INFO] [stderr]    Compiling futures-io v0.3.28
[INFO] [stderr]    Compiling tracing-core v0.1.30
[INFO] [stderr]    Compiling tinyvec v1.6.0
[INFO] [stderr]    Compiling http v0.2.9
[INFO] [stderr]    Compiling slab v0.4.8
[INFO] [stderr]    Compiling tokio v1.28.0
[INFO] [stderr]    Compiling indexmap v1.9.3
[INFO] [stderr]    Compiling hashbrown v0.12.3
[INFO] [stderr]    Compiling ident_case v1.0.1
[INFO] [stderr]    Compiling strsim v0.10.0
[INFO] [stderr]    Compiling unicode-bidi v0.3.13
[INFO] [stderr]    Compiling tracing v0.1.38
[INFO] [stderr]    Compiling httparse v1.8.0
[INFO] [stderr]    Compiling rustls v0.20.8
[INFO] [stderr]    Compiling num-traits v0.2.15
[INFO] [stderr]    Compiling base64 v0.21.0
[INFO] [stderr]    Compiling try-lock v0.2.4
[INFO] [stderr]    Compiling num-integer v0.1.45
[INFO] [stderr]    Compiling want v0.3.0
[INFO] [stderr]    Compiling ring v0.16.20
[INFO] [stderr]    Compiling anyhow v1.0.70
[INFO] [stderr]    Compiling httpdate v1.0.2
[INFO] [stderr]    Compiling tower-service v0.3.2
[INFO] [stderr]    Compiling percent-encoding v2.2.0
[INFO] [stderr]    Compiling syn v2.0.15
[INFO] [stderr]    Compiling socket2 v0.4.9
[INFO] [stderr]    Compiling mio v0.8.6
[INFO] [stderr]    Compiling unicode-normalization v0.1.22
[INFO] [stderr]    Compiling rustls-pemfile v1.0.2
[INFO] [stderr]    Compiling http-body v0.4.5
[INFO] [stderr]    Compiling serde_json v1.0.96
[INFO] [stderr]    Compiling async-trait v0.1.68
[INFO] [stderr]    Compiling openssl-probe v0.1.5
[INFO] [stderr]    Compiling form_urlencoded v1.1.0
[INFO] [stderr]    Compiling rustls-native-certs v0.6.2
[INFO] [stderr]    Compiling matches v0.1.10
[INFO] [stderr]    Compiling either v1.8.1
[INFO] [stderr]    Compiling num_threads v0.1.6
[INFO] [stderr]    Compiling ryu v1.0.13
[INFO] [stderr]    Compiling time-core v0.1.0
[INFO] [stderr]    Compiling idna v0.3.0
[INFO] [stderr]    Compiling itertools v0.10.5
[INFO] [stderr]    Compiling idna v0.1.5
[INFO] [stderr]    Compiling seahash v4.1.0
[INFO] [stderr]    Compiling base64 v0.13.1
[INFO] [stderr]    Compiling iana-time-zone v0.1.56
[INFO] [stderr]    Compiling percent-encoding v1.0.1
[INFO] [stderr]    Compiling mime v0.3.17
[INFO] [stderr]    Compiling url v2.3.1
[INFO] [stderr]    Compiling url v1.7.2
[INFO] [stderr]    Compiling darling_core v0.20.0
[INFO] [stderr]    Compiling webpki v0.22.0
[INFO] [stderr]    Compiling sct v0.7.0
[INFO] [stderr]    Compiling futures-macro v0.3.28
[INFO] [stderr]    Compiling tokio-macros v2.1.0
[INFO] [stderr]    Compiling darling_macro v0.20.0
[INFO] [stderr]    Compiling darling v0.20.0
[INFO] [stderr]    Compiling serde_with_macros v2.3.3
[INFO] [stderr]    Compiling futures-executor v0.3.28
[INFO] [stderr]    Compiling futures v0.3.28
[INFO] [stderr]    Compiling tokio-util v0.7.8
[INFO] [stderr]    Compiling tokio-rustls v0.23.4
[INFO] [stderr]    Compiling h2 v0.3.18
[INFO] [stderr]    Compiling time v0.3.20
[INFO] [stderr]    Compiling serde_with v2.3.3
[INFO] [stderr]    Compiling chrono v0.4.24
[INFO] [stderr]    Compiling hyper v0.14.26
[INFO] [stderr]    Compiling hyper-rustls v0.23.2
[INFO] [stderr]    Compiling yup-oauth2 v8.1.1
[INFO] [stderr]    Compiling google-apis-common v5.0.4
[INFO] [stderr]    Compiling google-pubsublite1 v5.0.2+20230114 (/opt/rustwide/workdir)
[INFO] [stderr]     Finished dev [unoptimized + debuginfo] target(s) in 54.74s
[INFO] running `Command { std: "docker" "inspect" "ed459ca960545825717f8278dbbdb6b4a59d21df2f1c2604a88194c51579b762", kill_on_drop: false }`
[INFO] running `Command { std: "docker" "rm" "-f" "ed459ca960545825717f8278dbbdb6b4a59d21df2f1c2604a88194c51579b762", kill_on_drop: false }`
[INFO] [stdout] ed459ca960545825717f8278dbbdb6b4a59d21df2f1c2604a88194c51579b762
[INFO] running `Command { std: "docker" "create" "-v" "/var/lib/crater-agent-workspace/builds/worker-3-tc1/target:/opt/rustwide/target:rw,Z" "-v" "/var/lib/crater-agent-workspace/builds/worker-3-tc1/source:/opt/rustwide/workdir:ro,Z" "-v" "/var/lib/crater-agent-workspace/cargo-home:/opt/rustwide/cargo-home:ro,Z" "-v" "/var/lib/crater-agent-workspace/rustup-home:/opt/rustwide/rustup-home:ro,Z" "-e" "SOURCE_DIR=/opt/rustwide/workdir" "-e" "CARGO_TARGET_DIR=/opt/rustwide/target" "-e" "CARGO_INCREMENTAL=0" "-e" "RUST_BACKTRACE=full" "-e" "RUSTFLAGS=--cap-lints=warn" "-e" "RUSTDOCFLAGS=--cap-lints=warn" "-e" "CARGO_HOME=/opt/rustwide/cargo-home" "-e" "RUSTUP_HOME=/opt/rustwide/rustup-home" "-w" "/opt/rustwide/workdir" "-m" "1610612736" "--user" "0:0" "--network" "none" "ghcr.io/rust-lang/crates-build-env/linux@sha256:97d61d7686bf65f8ecb15491ab51835e82dc9176a96a831f143a431b191fc501" "/opt/rustwide/cargo-home/bin/cargo" "+1.69.0" "test" "--frozen" "--no-run" "--message-format=json", kill_on_drop: false }`
[INFO] [stdout] 930447c277a9a8ef3b15fddfafa2e92d7084e1937b59eadde577043c00348c11
[INFO] running `Command { std: "docker" "start" "-a" "930447c277a9a8ef3b15fddfafa2e92d7084e1937b59eadde577043c00348c11", kill_on_drop: false }`
[INFO] [stderr]    Compiling google-pubsublite1 v5.0.2+20230114 (/opt/rustwide/workdir)
[INFO] [stderr]     Finished test [unoptimized + debuginfo] target(s) in 2.60s
[INFO] running `Command { std: "docker" "inspect" "930447c277a9a8ef3b15fddfafa2e92d7084e1937b59eadde577043c00348c11", kill_on_drop: false }`
[INFO] running `Command { std: "docker" "rm" "-f" "930447c277a9a8ef3b15fddfafa2e92d7084e1937b59eadde577043c00348c11", kill_on_drop: false }`
[INFO] [stdout] 930447c277a9a8ef3b15fddfafa2e92d7084e1937b59eadde577043c00348c11
[INFO] running `Command { std: "docker" "create" "-v" "/var/lib/crater-agent-workspace/builds/worker-3-tc1/target:/opt/rustwide/target:rw,Z" "-v" "/var/lib/crater-agent-workspace/builds/worker-3-tc1/source:/opt/rustwide/workdir:ro,Z" "-v" "/var/lib/crater-agent-workspace/cargo-home:/opt/rustwide/cargo-home:ro,Z" "-v" "/var/lib/crater-agent-workspace/rustup-home:/opt/rustwide/rustup-home:ro,Z" "-e" "SOURCE_DIR=/opt/rustwide/workdir" "-e" "CARGO_TARGET_DIR=/opt/rustwide/target" "-e" "CARGO_INCREMENTAL=0" "-e" "RUST_BACKTRACE=full" "-e" "RUSTFLAGS=--cap-lints=warn" "-e" "RUSTDOCFLAGS=--cap-lints=warn" "-e" "CARGO_HOME=/opt/rustwide/cargo-home" "-e" "RUSTUP_HOME=/opt/rustwide/rustup-home" "-w" "/opt/rustwide/workdir" "-m" "1610612736" "--user" "0:0" "--network" "none" "ghcr.io/rust-lang/crates-build-env/linux@sha256:97d61d7686bf65f8ecb15491ab51835e82dc9176a96a831f143a431b191fc501" "/opt/rustwide/cargo-home/bin/cargo" "+1.69.0" "test" "--frozen", kill_on_drop: false }`
[INFO] [stdout] edece847ef64e29c0606c2aba6b49f264d31ba5872ff4a776c4bf6eb23a0a4fc
[INFO] running `Command { std: "docker" "start" "-a" "edece847ef64e29c0606c2aba6b49f264d31ba5872ff4a776c4bf6eb23a0a4fc", kill_on_drop: false }`
[INFO] [stderr]     Finished test [unoptimized + debuginfo] target(s) in 0.13s
[INFO] [stderr]      Running unittests src/lib.rs (/opt/rustwide/target/debug/deps/google_pubsublite1-741ff719549926d3)
[INFO] [stdout] 
[INFO] [stdout] running 0 tests
[INFO] [stdout] 
[INFO] [stdout] test result: ok. 0 passed; 0 failed; 0 ignored; 0 measured; 0 filtered out; finished in 0.00s
[INFO] [stdout] 
[INFO] [stderr]    Doc-tests google-pubsublite1
[INFO] [stdout] 
[INFO] [stdout] running 34 tests
[INFO] [stdout] test src/api.rs - api::AdminMethods (line 971) - compile ... ok
[INFO] [stdout] test src/api.rs - api::AdminProjectLocationReservationTopicListCall (line 2734) - compile ... ok
[INFO] [stdout] test src/api.rs - api::AdminProjectLocationOperationGetCall (line 2176) - compile ... ok
[INFO] [stdout] test src/api.rs - api::AdminProjectLocationOperationListCall (line 2437) - compile ... ok
[INFO] [stdout] test src/api.rs - api::AdminProjectLocationSubscriptionPatchCall (line 5554) - compile ... FAILED
[INFO] [stdout] test src/api.rs - api::AdminProjectLocationSubscriptionGetCall (line 5008) - compile ... ok
[INFO] [stdout] test src/api.rs - api::AdminProjectLocationOperationCancelCall (line 1624) - compile ... ok
[INFO] [stdout] test src/api.rs - api::AdminProjectLocationReservationListCall (line 3844) - compile ... ok
[INFO] [stdout] test src/api.rs - api::AdminProjectLocationSubscriptionCreateCall (line 4432) - compile ... ok
[INFO] [stdout] test src/api.rs - api::AdminProjectLocationReservationDeleteCall (line 3322) - compile ... ok
[INFO] [stdout] test src/api.rs - api::AdminProjectLocationSubscriptionDeleteCall (line 4747) - compile ... ok
[INFO] [stdout] test src/api.rs - api::AdminProjectLocationReservationPatchCall (line 4129) - compile ... FAILED
[INFO] [stdout] test src/api.rs - api::AdminProjectLocationSubscriptionListCall (line 5269) - compile ... ok
[INFO] [stdout] test src/api.rs - api::AdminProjectLocationReservationCreateCall (line 3019) - compile ... ok
[INFO] [stdout] test src/api.rs - api::AdminProjectLocationSubscriptionSeekCall (line 5857) - compile ... ok
[INFO] [stdout] test src/api.rs - api::AdminProjectLocationOperationDeleteCall (line 1915) - compile ... ok
[INFO] [stdout] test src/api.rs - api::AdminProjectLocationReservationGetCall (line 3583) - compile ... ok
[INFO] [stdout] test src/lib.rs - (line 53) ... ignored
[INFO] [stdout] test src/api.rs - api::AdminProjectLocationTopicGetCall (line 6997) - compile ... ok
[INFO] [stdout] test src/api.rs - api::AdminProjectLocationTopicDeleteCall (line 6736) - compile ... ok
[INFO] [stdout] test src/api.rs - api::CursorProjectLocationSubscriptionCommitCursorCall (line 8392) - compile ... ok
[INFO] [stdout] test src/api.rs - api::AdminProjectLocationTopicPatchCall (line 7804) - compile ... FAILED
[INFO] [stdout] test src/api.rs - api::AdminProjectLocationTopicListCall (line 7519) - compile ... ok
[INFO] [stdout] test src/api.rs - api::AdminProjectLocationTopicCreateCall (line 6433) - compile ... ok
[INFO] [stdout] test src/api.rs - api::CursorProjectLocationSubscriptionCursorListCall (line 8107) - compile ... ok
[INFO] [stdout] test src/lib.rs - (line 81) - compile ... ok
[INFO] [stdout] test src/api.rs - api::AdminProjectLocationTopicGetPartitionCall (line 7258) - compile ... ok
[INFO] [stdout] test src/api.rs - api::TopicStatMethods (line 1518) - compile ... ok
[INFO] [stdout] test src/api.rs - api::CursorMethods (line 1439) - compile ... ok
[INFO] [stdout] test src/api.rs - api::AdminProjectLocationTopicSubscriptionListCall (line 6148) - compile ... ok
[INFO] [stdout] test src/api.rs - api::TopicStatProjectLocationTopicComputeHeadCursorCall (line 8683) - compile ... ok
[INFO] [stdout] test src/api.rs - api::PubsubLite (line 58) - compile ... ok
[INFO] [stdout] test src/api.rs - api::TopicStatProjectLocationTopicComputeTimeCursorCall (line 9265) - compile ... ok
[INFO] [stdout] test src/api.rs - api::TopicStatProjectLocationTopicComputeMessageStatCall (line 8974) - compile ... ok
[INFO] [stdout] 
[INFO] [stdout] failures:
[INFO] [stdout] 
[INFO] [stdout] ---- src/api.rs - api::AdminProjectLocationSubscriptionPatchCall (line 5554) stdout ----
[INFO] [stdout] error[E0308]: mismatched types
[INFO] [stdout]     --> src/api.rs:5578:27
[INFO] [stdout]      |
[INFO] [stdout] 25   |              .update_mask(&Default::default())
[INFO] [stdout]      |               ----------- ^^^^^^^^^^^^^^^^^^^ expected `FieldMask`, found `&_`
[INFO] [stdout]      |               |
[INFO] [stdout]      |               arguments to this method are incorrect
[INFO] [stdout]      |
[INFO] [stdout]      = note: expected struct `FieldMask`
[INFO] [stdout]              found reference `&_`
[INFO] [stdout] note: method defined here
[INFO] [stdout]     --> /opt/rustwide/workdir/src/api.rs:5769:12
[INFO] [stdout]      |
[INFO] [stdout] 5769 |     pub fn update_mask(mut self, new_value: client::FieldMask) -> AdminProjectLocationSubscriptionPatchCall<'a, S> {
[INFO] [stdout]      |            ^^^^^^^^^^^
[INFO] [stdout] help: consider removing the borrow
[INFO] [stdout]      |
[INFO] [stdout] 25   -              .update_mask(&Default::default())
[INFO] [stdout] 25   +              .update_mask(Default::default())
[INFO] [stdout]      |
[INFO] [stdout] 
[INFO] [stdout] error: aborting due to previous error
[INFO] [stdout] 
[INFO] [stdout] For more information about this error, try `rustc --explain E0308`.
[INFO] [stdout] Couldn't compile the test.
[INFO] [stdout] ---- src/api.rs - api::AdminProjectLocationReservationPatchCall (line 4129) stdout ----
[INFO] [stdout] error[E0308]: mismatched types
[INFO] [stdout]     --> src/api.rs:4153:27
[INFO] [stdout]      |
[INFO] [stdout] 25   |              .update_mask(&Default::default())
[INFO] [stdout]      |               ----------- ^^^^^^^^^^^^^^^^^^^ expected `FieldMask`, found `&_`
[INFO] [stdout]      |               |
[INFO] [stdout]      |               arguments to this method are incorrect
[INFO] [stdout]      |
[INFO] [stdout]      = note: expected struct `FieldMask`
[INFO] [stdout]              found reference `&_`
[INFO] [stdout] note: method defined here
[INFO] [stdout]     --> /opt/rustwide/workdir/src/api.rs:4344:12
[INFO] [stdout]      |
[INFO] [stdout] 4344 |     pub fn update_mask(mut self, new_value: client::FieldMask) -> AdminProjectLocationReservationPatchCall<'a, S> {
[INFO] [stdout]      |            ^^^^^^^^^^^
[INFO] [stdout] help: consider removing the borrow
[INFO] [stdout]      |
[INFO] [stdout] 25   -              .update_mask(&Default::default())
[INFO] [stdout] 25   +              .update_mask(Default::default())
[INFO] [stdout]      |
[INFO] [stdout] 
[INFO] [stdout] error: aborting due to previous error
[INFO] [stdout] 
[INFO] [stdout] For more information about this error, try `rustc --explain E0308`.
[INFO] [stdout] Couldn't compile the test.
[INFO] [stdout] ---- src/api.rs - api::AdminProjectLocationTopicPatchCall (line 7804) stdout ----
[INFO] [stdout] error[E0308]: mismatched types
[INFO] [stdout]     --> src/api.rs:7828:27
[INFO] [stdout]      |
[INFO] [stdout] 25   |              .update_mask(&Default::default())
[INFO] [stdout]      |               ----------- ^^^^^^^^^^^^^^^^^^^ expected `FieldMask`, found `&_`
[INFO] [stdout]      |               |
[INFO] [stdout]      |               arguments to this method are incorrect
[INFO] [stdout]      |
[INFO] [stdout]      = note: expected struct `FieldMask`
[INFO] [stdout]              found reference `&_`
[INFO] [stdout] note: method defined here
[INFO] [stdout]     --> /opt/rustwide/workdir/src/api.rs:8019:12
[INFO] [stdout]      |
[INFO] [stdout] 8019 |     pub fn update_mask(mut self, new_value: client::FieldMask) -> AdminProjectLocationTopicPatchCall<'a, S> {
[INFO] [stdout]      |            ^^^^^^^^^^^
[INFO] [stdout] help: consider removing the borrow
[INFO] [stdout]      |
[INFO] [stdout] 25   -              .update_mask(&Default::default())
[INFO] [stdout] 25   +              .update_mask(Default::default())
[INFO] [stdout]      |
[INFO] [stdout] 
[INFO] [stdout] error: aborting due to previous error
[INFO] [stdout] 
[INFO] [stdout] For more information about this error, try `rustc --explain E0308`.
[INFO] [stdout] Couldn't compile the test.
[INFO] [stdout] 
[INFO] [stdout] failures:
[INFO] [stdout]     src/api.rs - api::AdminProjectLocationReservationPatchCall (line 4129)
[INFO] [stdout]     src/api.rs - api::AdminProjectLocationSubscriptionPatchCall (line 5554)
[INFO] [stdout]     src/api.rs - api::AdminProjectLocationTopicPatchCall (line 7804)
[INFO] [stdout] 
[INFO] [stdout] test result: FAILED. 30 passed; 3 failed; 1 ignored; 0 measured; 0 filtered out; finished in 1.11s
[INFO] [stdout] 
[INFO] [stderr] error: doctest failed, to rerun pass `--doc`
[INFO] running `Command { std: "docker" "inspect" "edece847ef64e29c0606c2aba6b49f264d31ba5872ff4a776c4bf6eb23a0a4fc", kill_on_drop: false }`
[INFO] running `Command { std: "docker" "rm" "-f" "edece847ef64e29c0606c2aba6b49f264d31ba5872ff4a776c4bf6eb23a0a4fc", kill_on_drop: false }`
[INFO] [stdout] edece847ef64e29c0606c2aba6b49f264d31ba5872ff4a776c4bf6eb23a0a4fc
