[INFO] fetching crate google-prod_tt_sasportal1_alpha1 5.0.2+20230121...
[INFO] testing google-prod_tt_sasportal1_alpha1-5.0.2+20230121 against 1.69.0 for beta-1.70-1
[INFO] extracting crate google-prod_tt_sasportal1_alpha1 5.0.2+20230121 into /workspace/builds/worker-2-tc1/source
[INFO] validating manifest of crates.io crate google-prod_tt_sasportal1_alpha1 5.0.2+20230121 on toolchain 1.69.0
[INFO] running `Command { std: CARGO_HOME="/workspace/cargo-home" RUSTUP_HOME="/workspace/rustup-home" "/workspace/cargo-home/bin/cargo" "+1.69.0" "metadata" "--manifest-path" "Cargo.toml" "--no-deps", kill_on_drop: false }`
[INFO] started tweaking crates.io crate google-prod_tt_sasportal1_alpha1 5.0.2+20230121
[INFO] finished tweaking crates.io crate google-prod_tt_sasportal1_alpha1 5.0.2+20230121
[INFO] tweaked toml for crates.io crate google-prod_tt_sasportal1_alpha1 5.0.2+20230121 written to /workspace/builds/worker-2-tc1/source/Cargo.toml
[INFO] running `Command { std: CARGO_HOME="/workspace/cargo-home" RUSTUP_HOME="/workspace/rustup-home" __CARGO_TEST_CHANNEL_OVERRIDE_DO_NOT_USE_THIS="nightly" "/workspace/cargo-home/bin/cargo" "+1.69.0" "generate-lockfile" "--manifest-path" "Cargo.toml" "-Zno-index-update", kill_on_drop: false }`
[INFO] running `Command { std: CARGO_HOME="/workspace/cargo-home" RUSTUP_HOME="/workspace/rustup-home" "/workspace/cargo-home/bin/cargo" "+1.69.0" "fetch" "--manifest-path" "Cargo.toml", kill_on_drop: false }`
[INFO] running `Command { std: "docker" "create" "-v" "/var/lib/crater-agent-workspace/builds/worker-2-tc1/target:/opt/rustwide/target:rw,Z" "-v" "/var/lib/crater-agent-workspace/builds/worker-2-tc1/source:/opt/rustwide/workdir:ro,Z" "-v" "/var/lib/crater-agent-workspace/cargo-home:/opt/rustwide/cargo-home:ro,Z" "-v" "/var/lib/crater-agent-workspace/rustup-home:/opt/rustwide/rustup-home:ro,Z" "-e" "SOURCE_DIR=/opt/rustwide/workdir" "-e" "CARGO_TARGET_DIR=/opt/rustwide/target" "-e" "CARGO_HOME=/opt/rustwide/cargo-home" "-e" "RUSTUP_HOME=/opt/rustwide/rustup-home" "-w" "/opt/rustwide/workdir" "-m" "1610612736" "--user" "0:0" "--network" "none" "ghcr.io/rust-lang/crates-build-env/linux@sha256:5ff2268d62e97bff2cde7d5815dd6ed5b47097566f13b8d0ca110b04b60e07ed" "/opt/rustwide/cargo-home/bin/cargo" "+1.69.0" "metadata" "--no-deps" "--format-version=1", kill_on_drop: false }`
[INFO] [stdout] 75c835c5de94960a4d0445e957155e1d7e4af8305d2169ec8886bbeebf1e4664
[INFO] running `Command { std: "docker" "start" "-a" "75c835c5de94960a4d0445e957155e1d7e4af8305d2169ec8886bbeebf1e4664", kill_on_drop: false }`
[INFO] running `Command { std: "docker" "inspect" "75c835c5de94960a4d0445e957155e1d7e4af8305d2169ec8886bbeebf1e4664", kill_on_drop: false }`
[INFO] running `Command { std: "docker" "rm" "-f" "75c835c5de94960a4d0445e957155e1d7e4af8305d2169ec8886bbeebf1e4664", kill_on_drop: false }`
[INFO] [stdout] 75c835c5de94960a4d0445e957155e1d7e4af8305d2169ec8886bbeebf1e4664
[INFO] running `Command { std: "docker" "create" "-v" "/var/lib/crater-agent-workspace/builds/worker-2-tc1/target:/opt/rustwide/target:rw,Z" "-v" "/var/lib/crater-agent-workspace/builds/worker-2-tc1/source:/opt/rustwide/workdir:ro,Z" "-v" "/var/lib/crater-agent-workspace/cargo-home:/opt/rustwide/cargo-home:ro,Z" "-v" "/var/lib/crater-agent-workspace/rustup-home:/opt/rustwide/rustup-home:ro,Z" "-e" "SOURCE_DIR=/opt/rustwide/workdir" "-e" "CARGO_TARGET_DIR=/opt/rustwide/target" "-e" "CARGO_INCREMENTAL=0" "-e" "RUST_BACKTRACE=full" "-e" "RUSTFLAGS=--cap-lints=warn" "-e" "RUSTDOCFLAGS=--cap-lints=warn" "-e" "CARGO_HOME=/opt/rustwide/cargo-home" "-e" "RUSTUP_HOME=/opt/rustwide/rustup-home" "-w" "/opt/rustwide/workdir" "-m" "1610612736" "--user" "0:0" "--network" "none" "ghcr.io/rust-lang/crates-build-env/linux@sha256:5ff2268d62e97bff2cde7d5815dd6ed5b47097566f13b8d0ca110b04b60e07ed" "/opt/rustwide/cargo-home/bin/cargo" "+1.69.0" "build" "--frozen" "--message-format=json", kill_on_drop: false }`
[INFO] [stdout] 7534fe98f77b9755f6b104f1895774a38870a744810ae86d4211a46a9cb5aba7
[INFO] running `Command { std: "docker" "start" "-a" "7534fe98f77b9755f6b104f1895774a38870a744810ae86d4211a46a9cb5aba7", kill_on_drop: false }`
[INFO] [stderr]    Compiling proc-macro2 v1.0.56
[INFO] [stderr]    Compiling futures-core v0.3.28
[INFO] [stderr]    Compiling futures-task v0.3.28
[INFO] [stderr]    Compiling futures-sink v0.3.28
[INFO] [stderr]    Compiling ring v0.16.20
[INFO] [stderr]    Compiling futures-channel v0.3.28
[INFO] [stderr]    Compiling tokio v1.28.0
[INFO] [stderr]    Compiling futures-util v0.3.28
[INFO] [stderr]    Compiling serde v1.0.160
[INFO] [stderr]    Compiling socket2 v0.4.9
[INFO] [stderr]    Compiling mio v0.8.6
[INFO] [stderr]    Compiling futures-io v0.3.28
[INFO] [stderr]    Compiling indexmap v1.9.3
[INFO] [stderr]    Compiling rustls v0.20.8
[INFO] [stderr]    Compiling ident_case v1.0.1
[INFO] [stderr]    Compiling strsim v0.10.0
[INFO] [stderr]    Compiling num-traits v0.2.15
[INFO] [stderr]    Compiling rustls-pemfile v1.0.2
[INFO] [stderr]    Compiling num-integer v0.1.45
[INFO] [stderr]    Compiling async-trait v0.1.68
[INFO] [stderr]    Compiling anyhow v1.0.71
[INFO] [stderr]    Compiling rustls-native-certs v0.6.2
[INFO] [stderr]    Compiling num_threads v0.1.6
[INFO] [stderr]    Compiling time-core v0.1.0
[INFO] [stderr]    Compiling either v1.8.1
[INFO] [stderr]    Compiling iana-time-zone v0.1.56
[INFO] [stderr]    Compiling itertools v0.10.5
[INFO] [stderr]    Compiling quote v1.0.26
[INFO] [stderr]    Compiling syn v2.0.15
[INFO] [stderr]    Compiling webpki v0.22.0
[INFO] [stderr]    Compiling sct v0.7.0
[INFO] [stderr]    Compiling darling_core v0.20.0
[INFO] [stderr]    Compiling futures-macro v0.3.28
[INFO] [stderr]    Compiling tokio-macros v2.1.0
[INFO] [stderr]    Compiling serde_derive v1.0.160
[INFO] [stderr]    Compiling darling_macro v0.20.0
[INFO] [stderr]    Compiling darling v0.20.0
[INFO] [stderr]    Compiling serde_with_macros v2.3.3
[INFO] [stderr]    Compiling futures-executor v0.3.28
[INFO] [stderr]    Compiling futures v0.3.28
[INFO] [stderr]    Compiling tokio-util v0.7.8
[INFO] [stderr]    Compiling tokio-rustls v0.23.4
[INFO] [stderr]    Compiling h2 v0.3.18
[INFO] [stderr]    Compiling serde_json v1.0.96
[INFO] [stderr]    Compiling time v0.3.20
[INFO] [stderr]    Compiling serde_with v2.3.3
[INFO] [stderr]    Compiling chrono v0.4.24
[INFO] [stderr]    Compiling hyper v0.14.26
[INFO] [stderr]    Compiling hyper-rustls v0.23.2
[INFO] [stderr]    Compiling yup-oauth2 v8.1.1
[INFO] [stderr]    Compiling google-apis-common v5.0.4
[INFO] [stderr]    Compiling google-prod_tt_sasportal1_alpha1 v5.0.2+20230121 (/opt/rustwide/workdir)
[INFO] [stderr]     Finished dev [unoptimized + debuginfo] target(s) in 38.68s
[INFO] running `Command { std: "docker" "inspect" "7534fe98f77b9755f6b104f1895774a38870a744810ae86d4211a46a9cb5aba7", kill_on_drop: false }`
[INFO] running `Command { std: "docker" "rm" "-f" "7534fe98f77b9755f6b104f1895774a38870a744810ae86d4211a46a9cb5aba7", kill_on_drop: false }`
[INFO] [stdout] 7534fe98f77b9755f6b104f1895774a38870a744810ae86d4211a46a9cb5aba7
[INFO] running `Command { std: "docker" "create" "-v" "/var/lib/crater-agent-workspace/builds/worker-2-tc1/target:/opt/rustwide/target:rw,Z" "-v" "/var/lib/crater-agent-workspace/builds/worker-2-tc1/source:/opt/rustwide/workdir:ro,Z" "-v" "/var/lib/crater-agent-workspace/cargo-home:/opt/rustwide/cargo-home:ro,Z" "-v" "/var/lib/crater-agent-workspace/rustup-home:/opt/rustwide/rustup-home:ro,Z" "-e" "SOURCE_DIR=/opt/rustwide/workdir" "-e" "CARGO_TARGET_DIR=/opt/rustwide/target" "-e" "CARGO_INCREMENTAL=0" "-e" "RUST_BACKTRACE=full" "-e" "RUSTFLAGS=--cap-lints=warn" "-e" "RUSTDOCFLAGS=--cap-lints=warn" "-e" "CARGO_HOME=/opt/rustwide/cargo-home" "-e" "RUSTUP_HOME=/opt/rustwide/rustup-home" "-w" "/opt/rustwide/workdir" "-m" "1610612736" "--user" "0:0" "--network" "none" "ghcr.io/rust-lang/crates-build-env/linux@sha256:5ff2268d62e97bff2cde7d5815dd6ed5b47097566f13b8d0ca110b04b60e07ed" "/opt/rustwide/cargo-home/bin/cargo" "+1.69.0" "test" "--frozen" "--no-run" "--message-format=json", kill_on_drop: false }`
[INFO] [stdout] 085abfe201e17e78d3916b21a9b3f28ba7240e5f6908e7812918a679a0cc4143
[INFO] running `Command { std: "docker" "start" "-a" "085abfe201e17e78d3916b21a9b3f28ba7240e5f6908e7812918a679a0cc4143", kill_on_drop: false }`
[INFO] [stderr]    Compiling google-prod_tt_sasportal1_alpha1 v5.0.2+20230121 (/opt/rustwide/workdir)
[INFO] [stderr]     Finished test [unoptimized + debuginfo] target(s) in 3.83s
[INFO] running `Command { std: "docker" "inspect" "085abfe201e17e78d3916b21a9b3f28ba7240e5f6908e7812918a679a0cc4143", kill_on_drop: false }`
[INFO] running `Command { std: "docker" "rm" "-f" "085abfe201e17e78d3916b21a9b3f28ba7240e5f6908e7812918a679a0cc4143", kill_on_drop: false }`
[INFO] [stdout] 085abfe201e17e78d3916b21a9b3f28ba7240e5f6908e7812918a679a0cc4143
[INFO] running `Command { std: "docker" "create" "-v" "/var/lib/crater-agent-workspace/builds/worker-2-tc1/target:/opt/rustwide/target:rw,Z" "-v" "/var/lib/crater-agent-workspace/builds/worker-2-tc1/source:/opt/rustwide/workdir:ro,Z" "-v" "/var/lib/crater-agent-workspace/cargo-home:/opt/rustwide/cargo-home:ro,Z" "-v" "/var/lib/crater-agent-workspace/rustup-home:/opt/rustwide/rustup-home:ro,Z" "-e" "SOURCE_DIR=/opt/rustwide/workdir" "-e" "CARGO_TARGET_DIR=/opt/rustwide/target" "-e" "CARGO_INCREMENTAL=0" "-e" "RUST_BACKTRACE=full" "-e" "RUSTFLAGS=--cap-lints=warn" "-e" "RUSTDOCFLAGS=--cap-lints=warn" "-e" "CARGO_HOME=/opt/rustwide/cargo-home" "-e" "RUSTUP_HOME=/opt/rustwide/rustup-home" "-w" "/opt/rustwide/workdir" "-m" "1610612736" "--user" "0:0" "--network" "none" "ghcr.io/rust-lang/crates-build-env/linux@sha256:5ff2268d62e97bff2cde7d5815dd6ed5b47097566f13b8d0ca110b04b60e07ed" "/opt/rustwide/cargo-home/bin/cargo" "+1.69.0" "test" "--frozen", kill_on_drop: false }`
[INFO] [stdout] 457f3c7433c4d2fcceff9d54ff6ed2848d0ac148e3c6239bea8e88819eec16ad
[INFO] running `Command { std: "docker" "start" "-a" "457f3c7433c4d2fcceff9d54ff6ed2848d0ac148e3c6239bea8e88819eec16ad", kill_on_drop: false }`
[INFO] [stderr]     Finished test [unoptimized + debuginfo] target(s) in 0.14s
[INFO] [stderr]      Running unittests src/lib.rs (/opt/rustwide/target/debug/deps/google_prod_tt_sasportal1_alpha1-99166d35096af1a8)
[INFO] [stdout] 
[INFO] [stderr]    Doc-tests google-prod_tt_sasportal1_alpha1
[INFO] [stdout] running 0 tests
[INFO] [stdout] 
[INFO] [stdout] test result: ok. 0 passed; 0 failed; 0 ignored; 0 measured; 0 filtered out; finished in 0.00s
[INFO] [stdout] 
[INFO] [stdout] 
[INFO] [stdout] running 85 tests
[INFO] [stdout] test src/api.rs - api::CustomerDeploymentDeviceListCall (line 3496) - compile ... ok
[INFO] [stdout] test src/api.rs - api::CustomerDeploymentDeviceCreateCall (line 2914) - compile ... ok
[INFO] [stdout] test src/api.rs - api::CustomerDeploymentMoveCall (line 4903) - compile ... ok
[INFO] [stdout] test src/api.rs - api::CustomerDeviceCreateCall (line 5497) - compile ... ok
[INFO] [stdout] test src/api.rs - api::CustomerDeviceCreateSignedCall (line 5788) - compile ... ok
[INFO] [stdout] test src/api.rs - api::CustomerDeviceMoveCall (line 6898) - compile ... ok
[INFO] [stdout] test src/api.rs - api::CustomerDeploymentGetCall (line 4345) - compile ... ok
[INFO] [stdout] test src/api.rs - api::CustomerDevicePatchCall (line 7189) - compile ... FAILED
[INFO] [stdout] test src/api.rs - api::CustomerDeviceSignDeviceCall (line 7492) - compile ... ok
[INFO] [stdout] test src/api.rs - api::CustomerDeviceListCall (line 6601) - compile ... ok
[INFO] [stdout] test src/api.rs - api::CustomerDeploymentListCall (line 4606) - compile ... ok
[INFO] [stdout] test src/api.rs - api::CustomerDeploymentDeviceCreateSignedCall (line 3205) - compile ... ok
[INFO] [stdout] test src/api.rs - api::CustomerDeviceUpdateSignedCall (line 7783) - compile ... ok
[INFO] [stdout] test src/api.rs - api::CustomerListCall (line 12094) - compile ... ok
[INFO] [stdout] test src/api.rs - api::CustomerDeviceGetCall (line 6340) - compile ... ok
[INFO] [stdout] test src/api.rs - api::CustomerNodeCreateCall (line 10129) - compile ... ok
[INFO] [stdout] test src/api.rs - api::CustomerNodeDeviceListCall (line 9244) - compile ... ok
[INFO] [stdout] test src/api.rs - api::CustomerGetCall (line 11833) - compile ... ok
[INFO] [stdout] test src/api.rs - api::CustomerDeploymentCreateCall (line 3793) - compile ... ok
[INFO] [stdout] test src/api.rs - api::CustomerDeviceDeleteCall (line 6079) - compile ... ok
[INFO] [stdout] test src/api.rs - api::CustomerNodeDeviceCreateCall (line 8662) - compile ... ok
[INFO] [stdout] test src/api.rs - api::CustomerNodeDeviceCreateSignedCall (line 8953) - compile ... ok
[INFO] [stdout] test src/api.rs - api::CustomerNodeGetCall (line 10681) - compile ... ok
[INFO] [stdout] test src/api.rs - api::CustomerNodeDeploymentCreateCall (line 8074) - compile ... ok
[INFO] [stdout] test src/api.rs - api::CustomerNodeDeploymentListCall (line 8365) - compile ... ok
[INFO] [stdout] test src/api.rs - api::CustomerDeploymentPatchCall (line 5194) - compile ... FAILED
[INFO] [stdout] test src/api.rs - api::CustomerNodeListCall (line 10942) - compile ... ok
[INFO] [stdout] test src/api.rs - api::CustomerDeploymentDeleteCall (line 4084) - compile ... ok
[INFO] [stdout] test src/api.rs - api::CustomerNodeDeleteCall (line 10420) - compile ... ok
[INFO] [stdout] test src/api.rs - api::CustomerNodeNodeCreateCall (line 9541) - compile ... ok
[INFO] [stdout] test src/api.rs - api::DeploymentDevicePatchCall (line 13476) - compile ... FAILED
[INFO] [stdout] test src/api.rs - api::CustomerMethods (line 1265) - compile ... ok
[INFO] [stdout] test src/api.rs - api::CustomerPatchCall (line 12360) - compile ... FAILED
[INFO] [stdout] test src/api.rs - api::CustomerNodePatchCall (line 11530) - compile ... FAILED
[INFO] [stdout] test src/api.rs - api::DeploymentMethods (line 1944) - compile ... ok
[INFO] [stdout] test src/api.rs - api::InstallerMethods (line 2113) - compile ... ok
[INFO] [stdout] test src/api.rs - api::DeploymentGetCall (line 14361) - compile ... ok
[INFO] [stdout] test src/api.rs - api::DeploymentDeviceMoveCall (line 13185) - compile ... ok
[INFO] [stdout] test src/api.rs - api::InstallerGenerateSecretCall (line 14622) - compile ... ok
[INFO] [stdout] test src/api.rs - api::DeploymentDeviceUpdateSignedCall (line 14070) - compile ... ok
[INFO] [stdout] test src/api.rs - api::CustomerNodeNodeListCall (line 9832) - compile ... ok
[INFO] [stdout] test src/api.rs - api::DeploymentDeviceGetCall (line 12924) - compile ... ok
[INFO] [stdout] test src/api.rs - api::CustomerNodeMoveCall (line 11239) - compile ... ok
[INFO] [stdout] test src/api.rs - api::DeploymentDeviceSignDeviceCall (line 13779) - compile ... ok
[INFO] [stdout] test src/api.rs - api::DeploymentDeviceDeleteCall (line 12663) - compile ... ok
[INFO] [stdout] test src/api.rs - api::InstallerValidateCall (line 14894) - compile ... ok
[INFO] [stdout] test src/api.rs - api::NodeDeploymentDeleteCall (line 16045) - compile ... ok
[INFO] [stdout] test src/api.rs - api::NodeDeploymentDeviceCreateSignedCall (line 15457) - compile ... ok
[INFO] [stdout] test src/api.rs - api::NodeDeploymentListCall (line 16567) - compile ... ok
[INFO] [stdout] test src/api.rs - api::NodeDeviceListCall (line 18562) - compile ... ok
[INFO] [stdout] test src/api.rs - api::NodeDeploymentDeviceListCall (line 15748) - compile ... ok
[INFO] [stdout] test src/api.rs - api::NodeDeviceCreateCall (line 17458) - compile ... ok
[INFO] [stdout] test src/api.rs - api::NodeDeviceMoveCall (line 18859) - compile ... ok
[INFO] [stdout] test src/api.rs - api::NodeDeviceSignDeviceCall (line 19453) - compile ... ok
[INFO] [stdout] test src/api.rs - api::NodeDeviceCreateSignedCall (line 17749) - compile ... ok
[INFO] [stdout] test src/api.rs - api::NodeDeviceGetCall (line 18301) - compile ... ok
[INFO] [stdout] test src/api.rs - api::NodeDevicePatchCall (line 19150) - compile ... FAILED
[INFO] [stdout] test src/api.rs - api::NodeDeviceUpdateSignedCall (line 19744) - compile ... ok
[INFO] [stdout] test src/api.rs - api::NodeGetCall (line 23794) - compile ... ok
[INFO] [stdout] test src/api.rs - api::NodeNodeCreateCall (line 22090) - compile ... ok
[INFO] [stdout] test src/api.rs - api::NodeDeviceDeleteCall (line 18040) - compile ... ok
[INFO] [stdout] test src/api.rs - api::NodeMethods (line 2188) - compile ... ok
[INFO] [stdout] test src/api.rs - api::NodeDeploymentGetCall (line 16306) - compile ... ok
[INFO] [stdout] test src/api.rs - api::NodeDeploymentPatchCall (line 17155) - compile ... FAILED
[INFO] [stdout] test src/api.rs - api::NodeDeploymentMoveCall (line 16864) - compile ... ok
[INFO] [stdout] test src/api.rs - api::NodeNodeDeploymentListCall (line 20326) - compile ... ok
[INFO] [stdout] test src/api.rs - api::NodeDeploymentDeviceCreateCall (line 15166) - compile ... ok
[INFO] [stdout] test src/api.rs - api::NodeNodeDeleteCall (line 22381) - compile ... ok
[INFO] [stdout] test src/api.rs - api::NodeNodeDeploymentCreateCall (line 20035) - compile ... ok
[INFO] [stdout] test src/lib.rs - (line 57) ... ignored
[INFO] [stdout] test src/api.rs - api::NodeNodeDeviceCreateSignedCall (line 20914) - compile ... ok
[INFO] [stdout] test src/api.rs - api::NodeNodeGetCall (line 22642) - compile ... ok
[INFO] [stdout] test src/api.rs - api::NodeNodeDeviceListCall (line 21205) - compile ... ok
[INFO] [stdout] test src/api.rs - api::NodeNodeDeviceCreateCall (line 20623) - compile ... ok
[INFO] [stdout] test src/api.rs - api::NodeNodePatchCall (line 23491) - compile ... FAILED
[INFO] [stdout] test src/api.rs - api::PolicySetCall (line 24327) - compile ... ok
[INFO] [stdout] test src/api.rs - api::NodeNodeNodeCreateCall (line 21502) - compile ... ok
[INFO] [stdout] test src/api.rs - api::PolicyGetCall (line 24055) - compile ... ok
[INFO] [stdout] test src/api.rs - api::NodeNodeNodeListCall (line 21793) - compile ... ok
[INFO] [stdout] test src/api.rs - api::NodeNodeListCall (line 22903) - compile ... ok
[INFO] [stdout] test src/api.rs - api::NodeNodeMoveCall (line 23200) - compile ... ok
[INFO] [stdout] test src/lib.rs - (line 101) - compile ... FAILED
[INFO] [stdout] test src/api.rs - api::PolicyTestCall (line 24599) - compile ... ok
[INFO] [stdout] test src/api.rs - api::PolicyMethods (line 2814) - compile ... ok
[INFO] [stdout] test src/api.rs - api::SASPortalTesting (line 58) - compile ... FAILED
[INFO] [stdout] 
[INFO] [stdout] failures:
[INFO] [stdout] 
[INFO] [stdout] ---- src/api.rs - api::CustomerDevicePatchCall (line 7189) stdout ----
[INFO] [stdout] error[E0308]: mismatched types
[INFO] [stdout]     --> src/api.rs:7213:27
[INFO] [stdout]      |
[INFO] [stdout] 25   |              .update_mask(&Default::default())
[INFO] [stdout]      |               ----------- ^^^^^^^^^^^^^^^^^^^ expected `FieldMask`, found `&_`
[INFO] [stdout]      |               |
[INFO] [stdout]      |               arguments to this method are incorrect
[INFO] [stdout]      |
[INFO] [stdout]      = note: expected struct `FieldMask`
[INFO] [stdout]              found reference `&_`
[INFO] [stdout] note: method defined here
[INFO] [stdout]     --> /opt/rustwide/workdir/src/api.rs:7404:12
[INFO] [stdout]      |
[INFO] [stdout] 7404 |     pub fn update_mask(mut self, new_value: client::FieldMask) -> CustomerDevicePatchCall<'a, S> {
[INFO] [stdout]      |            ^^^^^^^^^^^
[INFO] [stdout] help: consider removing the borrow
[INFO] [stdout]      |
[INFO] [stdout] 25   -              .update_mask(&Default::default())
[INFO] [stdout] 25   +              .update_mask(Default::default())
[INFO] [stdout]      |
[INFO] [stdout] 
[INFO] [stdout] error: aborting due to previous error
[INFO] [stdout] 
[INFO] [stdout] For more information about this error, try `rustc --explain E0308`.
[INFO] [stdout] Couldn't compile the test.
[INFO] [stdout] ---- src/api.rs - api::CustomerDeploymentPatchCall (line 5194) stdout ----
[INFO] [stdout] error[E0308]: mismatched types
[INFO] [stdout]     --> src/api.rs:5218:27
[INFO] [stdout]      |
[INFO] [stdout] 25   |              .update_mask(&Default::default())
[INFO] [stdout]      |               ----------- ^^^^^^^^^^^^^^^^^^^ expected `FieldMask`, found `&_`
[INFO] [stdout]      |               |
[INFO] [stdout]      |               arguments to this method are incorrect
[INFO] [stdout]      |
[INFO] [stdout]      = note: expected struct `FieldMask`
[INFO] [stdout]              found reference `&_`
[INFO] [stdout] note: method defined here
[INFO] [stdout]     --> /opt/rustwide/workdir/src/api.rs:5409:12
[INFO] [stdout]      |
[INFO] [stdout] 5409 |     pub fn update_mask(mut self, new_value: client::FieldMask) -> CustomerDeploymentPatchCall<'a, S> {
[INFO] [stdout]      |            ^^^^^^^^^^^
[INFO] [stdout] help: consider removing the borrow
[INFO] [stdout]      |
[INFO] [stdout] 25   -              .update_mask(&Default::default())
[INFO] [stdout] 25   +              .update_mask(Default::default())
[INFO] [stdout]      |
[INFO] [stdout] 
[INFO] [stdout] error: aborting due to previous error
[INFO] [stdout] 
[INFO] [stdout] For more information about this error, try `rustc --explain E0308`.
[INFO] [stdout] Couldn't compile the test.
[INFO] [stdout] ---- src/api.rs - api::DeploymentDevicePatchCall (line 13476) stdout ----
[INFO] [stdout] error[E0308]: mismatched types
[INFO] [stdout]      --> src/api.rs:13500:27
[INFO] [stdout]       |
[INFO] [stdout] 25    |              .update_mask(&Default::default())
[INFO] [stdout]       |               ----------- ^^^^^^^^^^^^^^^^^^^ expected `FieldMask`, found `&_`
[INFO] [stdout]       |               |
[INFO] [stdout]       |               arguments to this method are incorrect
[INFO] [stdout]       |
[INFO] [stdout]       = note: expected struct `FieldMask`
[INFO] [stdout]               found reference `&_`
[INFO] [stdout] note: method defined here
[INFO] [stdout]      --> /opt/rustwide/workdir/src/api.rs:13691:12
[INFO] [stdout]       |
[INFO] [stdout] 13691 |     pub fn update_mask(mut self, new_value: client::FieldMask) -> DeploymentDevicePatchCall<'a, S> {
[INFO] [stdout]       |            ^^^^^^^^^^^
[INFO] [stdout] help: consider removing the borrow
[INFO] [stdout]       |
[INFO] [stdout] 25    -              .update_mask(&Default::default())
[INFO] [stdout] 25    +              .update_mask(Default::default())
[INFO] [stdout]       |
[INFO] [stdout] 
[INFO] [stdout] error: aborting due to previous error
[INFO] [stdout] 
[INFO] [stdout] For more information about this error, try `rustc --explain E0308`.
[INFO] [stdout] Couldn't compile the test.
[INFO] [stdout] ---- src/api.rs - api::CustomerPatchCall (line 12360) stdout ----
[INFO] [stdout] error[E0308]: mismatched types
[INFO] [stdout]      --> src/api.rs:12384:27
[INFO] [stdout]       |
[INFO] [stdout] 25    |              .update_mask(&Default::default())
[INFO] [stdout]       |               ----------- ^^^^^^^^^^^^^^^^^^^ expected `FieldMask`, found `&_`
[INFO] [stdout]       |               |
[INFO] [stdout]       |               arguments to this method are incorrect
[INFO] [stdout]       |
[INFO] [stdout]       = note: expected struct `FieldMask`
[INFO] [stdout]               found reference `&_`
[INFO] [stdout] note: method defined here
[INFO] [stdout]      --> /opt/rustwide/workdir/src/api.rs:12575:12
[INFO] [stdout]       |
[INFO] [stdout] 12575 |     pub fn update_mask(mut self, new_value: client::FieldMask) -> CustomerPatchCall<'a, S> {
[INFO] [stdout]       |            ^^^^^^^^^^^
[INFO] [stdout] help: consider removing the borrow
[INFO] [stdout]       |
[INFO] [stdout] 25    -              .update_mask(&Default::default())
[INFO] [stdout] 25    +              .update_mask(Default::default())
[INFO] [stdout]       |
[INFO] [stdout] 
[INFO] [stdout] error: aborting due to previous error
[INFO] [stdout] 
[INFO] [stdout] For more information about this error, try `rustc --explain E0308`.
[INFO] [stdout] Couldn't compile the test.
[INFO] [stdout] ---- src/api.rs - api::CustomerNodePatchCall (line 11530) stdout ----
[INFO] [stdout] error[E0308]: mismatched types
[INFO] [stdout]      --> src/api.rs:11554:27
[INFO] [stdout]       |
[INFO] [stdout] 25    |              .update_mask(&Default::default())
[INFO] [stdout]       |               ----------- ^^^^^^^^^^^^^^^^^^^ expected `FieldMask`, found `&_`
[INFO] [stdout]       |               |
[INFO] [stdout]       |               arguments to this method are incorrect
[INFO] [stdout]       |
[INFO] [stdout]       = note: expected struct `FieldMask`
[INFO] [stdout]               found reference `&_`
[INFO] [stdout] note: method defined here
[INFO] [stdout]      --> /opt/rustwide/workdir/src/api.rs:11745:12
[INFO] [stdout]       |
[INFO] [stdout] 11745 |     pub fn update_mask(mut self, new_value: client::FieldMask) -> CustomerNodePatchCall<'a, S> {
[INFO] [stdout]       |            ^^^^^^^^^^^
[INFO] [stdout] help: consider removing the borrow
[INFO] [stdout]       |
[INFO] [stdout] 25    -              .update_mask(&Default::default())
[INFO] [stdout] 25    +              .update_mask(Default::default())
[INFO] [stdout]       |
[INFO] [stdout] 
[INFO] [stdout] error: aborting due to previous error
[INFO] [stdout] 
[INFO] [stdout] For more information about this error, try `rustc --explain E0308`.
[INFO] [stdout] Couldn't compile the test.
[INFO] [stdout] ---- src/api.rs - api::NodeDevicePatchCall (line 19150) stdout ----
[INFO] [stdout] error[E0308]: mismatched types
[INFO] [stdout]      --> src/api.rs:19174:27
[INFO] [stdout]       |
[INFO] [stdout] 25    |              .update_mask(&Default::default())
[INFO] [stdout]       |               ----------- ^^^^^^^^^^^^^^^^^^^ expected `FieldMask`, found `&_`
[INFO] [stdout]       |               |
[INFO] [stdout]       |               arguments to this method are incorrect
[INFO] [stdout]       |
[INFO] [stdout]       = note: expected struct `FieldMask`
[INFO] [stdout]               found reference `&_`
[INFO] [stdout] note: method defined here
[INFO] [stdout]      --> /opt/rustwide/workdir/src/api.rs:19365:12
[INFO] [stdout]       |
[INFO] [stdout] 19365 |     pub fn update_mask(mut self, new_value: client::FieldMask) -> NodeDevicePatchCall<'a, S> {
[INFO] [stdout]       |            ^^^^^^^^^^^
[INFO] [stdout] help: consider removing the borrow
[INFO] [stdout]       |
[INFO] [stdout] 25    -              .update_mask(&Default::default())
[INFO] [stdout] 25    +              .update_mask(Default::default())
[INFO] [stdout]       |
[INFO] [stdout] 
[INFO] [stdout] error: aborting due to previous error
[INFO] [stdout] 
[INFO] [stdout] For more information about this error, try `rustc --explain E0308`.
[INFO] [stdout] Couldn't compile the test.
[INFO] [stdout] ---- src/api.rs - api::NodeDeploymentPatchCall (line 17155) stdout ----
[INFO] [stdout] error[E0308]: mismatched types
[INFO] [stdout]      --> src/api.rs:17179:27
[INFO] [stdout]       |
[INFO] [stdout] 25    |              .update_mask(&Default::default())
[INFO] [stdout]       |               ----------- ^^^^^^^^^^^^^^^^^^^ expected `FieldMask`, found `&_`
[INFO] [stdout]       |               |
[INFO] [stdout]       |               arguments to this method are incorrect
[INFO] [stdout]       |
[INFO] [stdout]       = note: expected struct `FieldMask`
[INFO] [stdout]               found reference `&_`
[INFO] [stdout] note: method defined here
[INFO] [stdout]      --> /opt/rustwide/workdir/src/api.rs:17370:12
[INFO] [stdout]       |
[INFO] [stdout] 17370 |     pub fn update_mask(mut self, new_value: client::FieldMask) -> NodeDeploymentPatchCall<'a, S> {
[INFO] [stdout]       |            ^^^^^^^^^^^
[INFO] [stdout] help: consider removing the borrow
[INFO] [stdout]       |
[INFO] [stdout] 25    -              .update_mask(&Default::default())
[INFO] [stdout] 25    +              .update_mask(Default::default())
[INFO] [stdout]       |
[INFO] [stdout] 
[INFO] [stdout] error: aborting due to previous error
[INFO] [stdout] 
[INFO] [stdout] For more information about this error, try `rustc --explain E0308`.
[INFO] [stdout] Couldn't compile the test.
[INFO] [stdout] ---- src/api.rs - api::NodeNodePatchCall (line 23491) stdout ----
[INFO] [stdout] error[E0308]: mismatched types
[INFO] [stdout]      --> src/api.rs:23515:27
[INFO] [stdout]       |
[INFO] [stdout] 25    |              .update_mask(&Default::default())
[INFO] [stdout]       |               ----------- ^^^^^^^^^^^^^^^^^^^ expected `FieldMask`, found `&_`
[INFO] [stdout]       |               |
[INFO] [stdout]       |               arguments to this method are incorrect
[INFO] [stdout]       |
[INFO] [stdout]       = note: expected struct `FieldMask`
[INFO] [stdout]               found reference `&_`
[INFO] [stdout] note: method defined here
[INFO] [stdout]      --> /opt/rustwide/workdir/src/api.rs:23706:12
[INFO] [stdout]       |
[INFO] [stdout] 23706 |     pub fn update_mask(mut self, new_value: client::FieldMask) -> NodeNodePatchCall<'a, S> {
[INFO] [stdout]       |            ^^^^^^^^^^^
[INFO] [stdout] help: consider removing the borrow
[INFO] [stdout]       |
[INFO] [stdout] 25    -              .update_mask(&Default::default())
[INFO] [stdout] 25    +              .update_mask(Default::default())
[INFO] [stdout]       |
[INFO] [stdout] 
[INFO] [stdout] error: aborting due to previous error
[INFO] [stdout] 
[INFO] [stdout] For more information about this error, try `rustc --explain E0308`.
[INFO] [stdout] Couldn't compile the test.
[INFO] [stdout] ---- src/lib.rs - (line 101) stdout ----
[INFO] [stdout] error[E0308]: mismatched types
[INFO] [stdout]     --> src/lib.rs:133:27
[INFO] [stdout]      |
[INFO] [stdout] 33   |              .update_mask(&Default::default())
[INFO] [stdout]      |               ----------- ^^^^^^^^^^^^^^^^^^^ expected `FieldMask`, found `&_`
[INFO] [stdout]      |               |
[INFO] [stdout]      |               arguments to this method are incorrect
[INFO] [stdout]      |
[INFO] [stdout]      = note: expected struct `FieldMask`
[INFO] [stdout]              found reference `&_`
[INFO] [stdout] note: method defined here
[INFO] [stdout]     --> /opt/rustwide/workdir/src/api.rs:7404:12
[INFO] [stdout]      |
[INFO] [stdout] 7404 |     pub fn update_mask(mut self, new_value: client::FieldMask) -> CustomerDevicePatchCall<'a, S> {
[INFO] [stdout]      |            ^^^^^^^^^^^
[INFO] [stdout] help: consider removing the borrow
[INFO] [stdout]      |
[INFO] [stdout] 33   -              .update_mask(&Default::default())
[INFO] [stdout] 33   +              .update_mask(Default::default())
[INFO] [stdout]      |
[INFO] [stdout] 
[INFO] [stdout] error: aborting due to previous error
[INFO] [stdout] 
[INFO] [stdout] For more information about this error, try `rustc --explain E0308`.
[INFO] [stdout] Couldn't compile the test.
[INFO] [stdout] ---- src/api.rs - api::SASPortalTesting (line 58) stdout ----
[INFO] [stdout] error[E0308]: mismatched types
[INFO] [stdout]     --> src/api.rs:90:27
[INFO] [stdout]      |
[INFO] [stdout] 33   |              .update_mask(&Default::default())
[INFO] [stdout]      |               ----------- ^^^^^^^^^^^^^^^^^^^ expected `FieldMask`, found `&_`
[INFO] [stdout]      |               |
[INFO] [stdout]      |               arguments to this method are incorrect
[INFO] [stdout]      |
[INFO] [stdout]      = note: expected struct `FieldMask`
[INFO] [stdout]              found reference `&_`
[INFO] [stdout] note: method defined here
[INFO] [stdout]     --> /opt/rustwide/workdir/src/api.rs:7404:12
[INFO] [stdout]      |
[INFO] [stdout] 7404 |     pub fn update_mask(mut self, new_value: client::FieldMask) -> CustomerDevicePatchCall<'a, S> {
[INFO] [stdout]      |            ^^^^^^^^^^^
[INFO] [stdout] help: consider removing the borrow
[INFO] [stdout]      |
[INFO] [stdout] 33   -              .update_mask(&Default::default())
[INFO] [stdout] 33   +              .update_mask(Default::default())
[INFO] [stdout]      |
[INFO] [stdout] 
[INFO] [stdout] error: aborting due to previous error
[INFO] [stdout] 
[INFO] [stdout] For more information about this error, try `rustc --explain E0308`.
[INFO] [stdout] Couldn't compile the test.
[INFO] [stdout] 
[INFO] [stdout] failures:
[INFO] [stdout]     src/api.rs - api::CustomerDeploymentPatchCall (line 5194)
[INFO] [stdout]     src/api.rs - api::CustomerDevicePatchCall (line 7189)
[INFO] [stdout]     src/api.rs - api::CustomerNodePatchCall (line 11530)
[INFO] [stdout]     src/api.rs - api::CustomerPatchCall (line 12360)
[INFO] [stdout]     src/api.rs - api::DeploymentDevicePatchCall (line 13476)
[INFO] [stdout]     src/api.rs - api::NodeDeploymentPatchCall (line 17155)
[INFO] [stdout]     src/api.rs - api::NodeDevicePatchCall (line 19150)
[INFO] [stdout]     src/api.rs - api::NodeNodePatchCall (line 23491)
[INFO] [stdout]     src/api.rs - api::SASPortalTesting (line 58)
[INFO] [stdout]     src/lib.rs - (line 101)
[INFO] [stdout] 
[INFO] [stdout] test result: FAILED. 74 passed; 10 failed; 1 ignored; 0 measured; 0 filtered out; finished in 1.17s
[INFO] [stdout] 
[INFO] [stderr] error: doctest failed, to rerun pass `--doc`
[INFO] running `Command { std: "docker" "inspect" "457f3c7433c4d2fcceff9d54ff6ed2848d0ac148e3c6239bea8e88819eec16ad", kill_on_drop: false }`
[INFO] running `Command { std: "docker" "rm" "-f" "457f3c7433c4d2fcceff9d54ff6ed2848d0ac148e3c6239bea8e88819eec16ad", kill_on_drop: false }`
[INFO] [stdout] 457f3c7433c4d2fcceff9d54ff6ed2848d0ac148e3c6239bea8e88819eec16ad
