[INFO] fetching crate google-networksecurity1 5.0.2+20230106...
[INFO] testing google-networksecurity1-5.0.2+20230106 against 1.69.0 for beta-1.70-1
[INFO] extracting crate google-networksecurity1 5.0.2+20230106 into /workspace/builds/worker-6-tc1/source
[INFO] validating manifest of crates.io crate google-networksecurity1 5.0.2+20230106 on toolchain 1.69.0
[INFO] running `Command { std: CARGO_HOME="/workspace/cargo-home" RUSTUP_HOME="/workspace/rustup-home" "/workspace/cargo-home/bin/cargo" "+1.69.0" "metadata" "--manifest-path" "Cargo.toml" "--no-deps", kill_on_drop: false }`
[INFO] started tweaking crates.io crate google-networksecurity1 5.0.2+20230106
[INFO] finished tweaking crates.io crate google-networksecurity1 5.0.2+20230106
[INFO] tweaked toml for crates.io crate google-networksecurity1 5.0.2+20230106 written to /workspace/builds/worker-6-tc1/source/Cargo.toml
[INFO] running `Command { std: CARGO_HOME="/workspace/cargo-home" RUSTUP_HOME="/workspace/rustup-home" __CARGO_TEST_CHANNEL_OVERRIDE_DO_NOT_USE_THIS="nightly" "/workspace/cargo-home/bin/cargo" "+1.69.0" "generate-lockfile" "--manifest-path" "Cargo.toml" "-Zno-index-update", kill_on_drop: false }`
[INFO] running `Command { std: CARGO_HOME="/workspace/cargo-home" RUSTUP_HOME="/workspace/rustup-home" "/workspace/cargo-home/bin/cargo" "+1.69.0" "fetch" "--manifest-path" "Cargo.toml", kill_on_drop: false }`
[INFO] running `Command { std: "docker" "create" "-v" "/var/lib/crater-agent-workspace/builds/worker-6-tc1/target:/opt/rustwide/target:rw,Z" "-v" "/var/lib/crater-agent-workspace/builds/worker-6-tc1/source:/opt/rustwide/workdir:ro,Z" "-v" "/var/lib/crater-agent-workspace/cargo-home:/opt/rustwide/cargo-home:ro,Z" "-v" "/var/lib/crater-agent-workspace/rustup-home:/opt/rustwide/rustup-home:ro,Z" "-e" "SOURCE_DIR=/opt/rustwide/workdir" "-e" "CARGO_TARGET_DIR=/opt/rustwide/target" "-e" "CARGO_HOME=/opt/rustwide/cargo-home" "-e" "RUSTUP_HOME=/opt/rustwide/rustup-home" "-w" "/opt/rustwide/workdir" "-m" "1610612736" "--user" "0:0" "--network" "none" "ghcr.io/rust-lang/crates-build-env/linux@sha256:5ff2268d62e97bff2cde7d5815dd6ed5b47097566f13b8d0ca110b04b60e07ed" "/opt/rustwide/cargo-home/bin/cargo" "+1.69.0" "metadata" "--no-deps" "--format-version=1", kill_on_drop: false }`
[INFO] [stdout] e98816c16ab7f262bc97a29ddf17026847529d70cc64c5f16d46d35d073d628a
[INFO] running `Command { std: "docker" "start" "-a" "e98816c16ab7f262bc97a29ddf17026847529d70cc64c5f16d46d35d073d628a", kill_on_drop: false }`
[INFO] running `Command { std: "docker" "inspect" "e98816c16ab7f262bc97a29ddf17026847529d70cc64c5f16d46d35d073d628a", kill_on_drop: false }`
[INFO] running `Command { std: "docker" "rm" "-f" "e98816c16ab7f262bc97a29ddf17026847529d70cc64c5f16d46d35d073d628a", kill_on_drop: false }`
[INFO] [stdout] e98816c16ab7f262bc97a29ddf17026847529d70cc64c5f16d46d35d073d628a
[INFO] running `Command { std: "docker" "create" "-v" "/var/lib/crater-agent-workspace/builds/worker-6-tc1/target:/opt/rustwide/target:rw,Z" "-v" "/var/lib/crater-agent-workspace/builds/worker-6-tc1/source:/opt/rustwide/workdir:ro,Z" "-v" "/var/lib/crater-agent-workspace/cargo-home:/opt/rustwide/cargo-home:ro,Z" "-v" "/var/lib/crater-agent-workspace/rustup-home:/opt/rustwide/rustup-home:ro,Z" "-e" "SOURCE_DIR=/opt/rustwide/workdir" "-e" "CARGO_TARGET_DIR=/opt/rustwide/target" "-e" "CARGO_INCREMENTAL=0" "-e" "RUST_BACKTRACE=full" "-e" "RUSTFLAGS=--cap-lints=warn" "-e" "RUSTDOCFLAGS=--cap-lints=warn" "-e" "CARGO_HOME=/opt/rustwide/cargo-home" "-e" "RUSTUP_HOME=/opt/rustwide/rustup-home" "-w" "/opt/rustwide/workdir" "-m" "1610612736" "--user" "0:0" "--network" "none" "ghcr.io/rust-lang/crates-build-env/linux@sha256:5ff2268d62e97bff2cde7d5815dd6ed5b47097566f13b8d0ca110b04b60e07ed" "/opt/rustwide/cargo-home/bin/cargo" "+1.69.0" "build" "--frozen" "--message-format=json", kill_on_drop: false }`
[INFO] [stdout] 303285b4f36c8e58cc7b92f205caf3f9cd51e3f8fea85028088bb16a82562b89
[INFO] running `Command { std: "docker" "start" "-a" "303285b4f36c8e58cc7b92f205caf3f9cd51e3f8fea85028088bb16a82562b89", kill_on_drop: false }`
[INFO] [stderr]     Blocking waiting for file lock on package cache
[INFO] [stderr]    Compiling google-networksecurity1 v5.0.2+20230106 (/opt/rustwide/workdir)
[INFO] [stderr]     Finished dev [unoptimized + debuginfo] target(s) in 3.92s
[INFO] running `Command { std: "docker" "inspect" "303285b4f36c8e58cc7b92f205caf3f9cd51e3f8fea85028088bb16a82562b89", kill_on_drop: false }`
[INFO] running `Command { std: "docker" "rm" "-f" "303285b4f36c8e58cc7b92f205caf3f9cd51e3f8fea85028088bb16a82562b89", kill_on_drop: false }`
[INFO] [stdout] 303285b4f36c8e58cc7b92f205caf3f9cd51e3f8fea85028088bb16a82562b89
[INFO] running `Command { std: "docker" "create" "-v" "/var/lib/crater-agent-workspace/builds/worker-6-tc1/target:/opt/rustwide/target:rw,Z" "-v" "/var/lib/crater-agent-workspace/builds/worker-6-tc1/source:/opt/rustwide/workdir:ro,Z" "-v" "/var/lib/crater-agent-workspace/cargo-home:/opt/rustwide/cargo-home:ro,Z" "-v" "/var/lib/crater-agent-workspace/rustup-home:/opt/rustwide/rustup-home:ro,Z" "-e" "SOURCE_DIR=/opt/rustwide/workdir" "-e" "CARGO_TARGET_DIR=/opt/rustwide/target" "-e" "CARGO_INCREMENTAL=0" "-e" "RUST_BACKTRACE=full" "-e" "RUSTFLAGS=--cap-lints=warn" "-e" "RUSTDOCFLAGS=--cap-lints=warn" "-e" "CARGO_HOME=/opt/rustwide/cargo-home" "-e" "RUSTUP_HOME=/opt/rustwide/rustup-home" "-w" "/opt/rustwide/workdir" "-m" "1610612736" "--user" "0:0" "--network" "none" "ghcr.io/rust-lang/crates-build-env/linux@sha256:5ff2268d62e97bff2cde7d5815dd6ed5b47097566f13b8d0ca110b04b60e07ed" "/opt/rustwide/cargo-home/bin/cargo" "+1.69.0" "test" "--frozen" "--no-run" "--message-format=json", kill_on_drop: false }`
[INFO] [stdout] 0af50db479887ed0ecedb055aba5ebd327c40d363ac430c7329b942b5e349206
[INFO] running `Command { std: "docker" "start" "-a" "0af50db479887ed0ecedb055aba5ebd327c40d363ac430c7329b942b5e349206", kill_on_drop: false }`
[INFO] [stderr]     Blocking waiting for file lock on package cache
[INFO] [stderr]    Compiling google-networksecurity1 v5.0.2+20230106 (/opt/rustwide/workdir)
[INFO] [stderr]     Finished test [unoptimized + debuginfo] target(s) in 2.72s
[INFO] running `Command { std: "docker" "inspect" "0af50db479887ed0ecedb055aba5ebd327c40d363ac430c7329b942b5e349206", kill_on_drop: false }`
[INFO] running `Command { std: "docker" "rm" "-f" "0af50db479887ed0ecedb055aba5ebd327c40d363ac430c7329b942b5e349206", kill_on_drop: false }`
[INFO] [stdout] 0af50db479887ed0ecedb055aba5ebd327c40d363ac430c7329b942b5e349206
[INFO] running `Command { std: "docker" "create" "-v" "/var/lib/crater-agent-workspace/builds/worker-6-tc1/target:/opt/rustwide/target:rw,Z" "-v" "/var/lib/crater-agent-workspace/builds/worker-6-tc1/source:/opt/rustwide/workdir:ro,Z" "-v" "/var/lib/crater-agent-workspace/cargo-home:/opt/rustwide/cargo-home:ro,Z" "-v" "/var/lib/crater-agent-workspace/rustup-home:/opt/rustwide/rustup-home:ro,Z" "-e" "SOURCE_DIR=/opt/rustwide/workdir" "-e" "CARGO_TARGET_DIR=/opt/rustwide/target" "-e" "CARGO_INCREMENTAL=0" "-e" "RUST_BACKTRACE=full" "-e" "RUSTFLAGS=--cap-lints=warn" "-e" "RUSTDOCFLAGS=--cap-lints=warn" "-e" "CARGO_HOME=/opt/rustwide/cargo-home" "-e" "RUSTUP_HOME=/opt/rustwide/rustup-home" "-w" "/opt/rustwide/workdir" "-m" "1610612736" "--user" "0:0" "--network" "none" "ghcr.io/rust-lang/crates-build-env/linux@sha256:5ff2268d62e97bff2cde7d5815dd6ed5b47097566f13b8d0ca110b04b60e07ed" "/opt/rustwide/cargo-home/bin/cargo" "+1.69.0" "test" "--frozen", kill_on_drop: false }`
[INFO] [stdout] 65d57b864efc5bb837159ff44813aad753bb72515535afa02464f5308ec8b0f8
[INFO] running `Command { std: "docker" "start" "-a" "65d57b864efc5bb837159ff44813aad753bb72515535afa02464f5308ec8b0f8", kill_on_drop: false }`
[INFO] [stderr]     Finished test [unoptimized + debuginfo] target(s) in 0.15s
[INFO] [stderr]      Running unittests src/lib.rs (/opt/rustwide/target/debug/deps/google_networksecurity1-6eae85fa0ec39cba)
[INFO] [stdout] 
[INFO] [stdout] running 0 tests
[INFO] [stdout] 
[INFO] [stdout] test result: ok. 0 passed; 0 failed; 0 ignored; 0 measured; 0 filtered out; finished in 0.00s
[INFO] [stdout] 
[INFO] [stderr]    Doc-tests google-networksecurity1
[INFO] [stdout] 
[INFO] [stdout] running 34 tests
[INFO] [stdout] test src/api.rs - api::ProjectLocationAuthorizationPolicyGetIamPolicyCall (line 2363) - compile ... ok
[INFO] [stdout] test src/api.rs - api::ProjectLocationClientTlsPolicyGetIamPolicyCall (line 4631) - compile ... ok
[INFO] [stdout] test src/api.rs - api::ProjectLocationAuthorizationPolicyTestIamPermissionCall (line 3515) - compile ... ok
[INFO] [stdout] test src/api.rs - api::ProjectLocationClientTlsPolicySetIamPolicyCall (line 5492) - compile ... ok
[INFO] [stdout] test src/api.rs - api::ProjectLocationAuthorizationPolicyListCall (line 2636) - compile ... ok
[INFO] [stdout] test src/api.rs - api::ProjectLocationAuthorizationPolicyCreateCall (line 1538) - compile ... ok
[INFO] [stdout] test src/api.rs - api::ProjectLocationAuthorizationPolicyDeleteCall (line 1841) - compile ... ok
[INFO] [stdout] test src/api.rs - api::ProjectLocationAuthorizationPolicySetIamPolicyCall (line 3224) - compile ... ok
[INFO] [stdout] test src/api.rs - api::ProjectLocationClientTlsPolicyListCall (line 4904) - compile ... ok
[INFO] [stdout] test src/api.rs - api::ProjectLocationAuthorizationPolicyPatchCall (line 2921) - compile ... FAILED
[INFO] [stdout] test src/api.rs - api::NetworkSecurity (line 58) - compile ... ok
[INFO] [stdout] test src/api.rs - api::ProjectLocationAuthorizationPolicyGetCall (line 2102) - compile ... ok
[INFO] [stdout] test src/api.rs - api::ProjectLocationClientTlsPolicyCreateCall (line 3806) - compile ... ok
[INFO] [stdout] test src/api.rs - api::ProjectLocationClientTlsPolicyDeleteCall (line 4109) - compile ... ok
[INFO] [stdout] test src/api.rs - api::ProjectLocationClientTlsPolicyPatchCall (line 5189) - compile ... FAILED
[INFO] [stdout] test src/api.rs - api::ProjectLocationClientTlsPolicyGetCall (line 4370) - compile ... ok
[INFO] [stdout] test src/api.rs - api::ProjectLocationListCall (line 9713) - compile ... ok
[INFO] [stdout] test src/lib.rs - (line 49) ... ignored
[INFO] [stdout] test src/api.rs - api::ProjectLocationGetCall (line 9452) - compile ... ok
[INFO] [stdout] test src/api.rs - api::ProjectLocationOperationCancelCall (line 6074) - compile ... ok
[INFO] [stdout] test src/api.rs - api::ProjectLocationOperationGetCall (line 6626) - compile ... ok
[INFO] [stdout] test src/api.rs - api::ProjectLocationServerTlsPolicySetIamPolicyCall (line 8870) - compile ... ok
[INFO] [stdout] test src/api.rs - api::ProjectLocationOperationDeleteCall (line 6365) - compile ... ok
[INFO] [stdout] test src/api.rs - api::ProjectLocationClientTlsPolicyTestIamPermissionCall (line 5783) - compile ... ok
[INFO] [stdout] test src/api.rs - api::ProjectLocationServerTlsPolicyPatchCall (line 8567) - compile ... FAILED
[INFO] [stdout] test src/api.rs - api::ProjectLocationOperationListCall (line 6887) - compile ... ok
[INFO] [stdout] test src/api.rs - api::ProjectLocationServerTlsPolicyCreateCall (line 7184) - compile ... ok
[INFO] [stdout] test src/api.rs - api::ProjectLocationServerTlsPolicyDeleteCall (line 7487) - compile ... ok
[INFO] [stdout] test src/api.rs - api::ProjectLocationServerTlsPolicyGetCall (line 7748) - compile ... ok
[INFO] [stdout] test src/api.rs - api::ProjectMethods (line 932) - compile ... ok
[INFO] [stdout] test src/api.rs - api::ProjectLocationServerTlsPolicyGetIamPolicyCall (line 8009) - compile ... ok
[INFO] [stdout] test src/api.rs - api::ProjectLocationServerTlsPolicyListCall (line 8282) - compile ... ok
[INFO] [stdout] test src/api.rs - api::ProjectLocationServerTlsPolicyTestIamPermissionCall (line 9161) - compile ... ok
[INFO] [stdout] test src/lib.rs - (line 82) - compile ... ok
[INFO] [stdout] 
[INFO] [stdout] failures:
[INFO] [stdout] 
[INFO] [stdout] ---- src/api.rs - api::ProjectLocationAuthorizationPolicyPatchCall (line 2921) stdout ----
[INFO] [stdout] error[E0308]: mismatched types
[INFO] [stdout]     --> src/api.rs:2945:27
[INFO] [stdout]      |
[INFO] [stdout] 25   |              .update_mask(&Default::default())
[INFO] [stdout]      |               ----------- ^^^^^^^^^^^^^^^^^^^ expected `FieldMask`, found `&_`
[INFO] [stdout]      |               |
[INFO] [stdout]      |               arguments to this method are incorrect
[INFO] [stdout]      |
[INFO] [stdout]      = note: expected struct `FieldMask`
[INFO] [stdout]              found reference `&_`
[INFO] [stdout] note: method defined here
[INFO] [stdout]     --> /opt/rustwide/workdir/src/api.rs:3136:12
[INFO] [stdout]      |
[INFO] [stdout] 3136 |     pub fn update_mask(mut self, new_value: client::FieldMask) -> ProjectLocationAuthorizationPolicyPatchCall<'a, S> {
[INFO] [stdout]      |            ^^^^^^^^^^^
[INFO] [stdout] help: consider removing the borrow
[INFO] [stdout]      |
[INFO] [stdout] 25   -              .update_mask(&Default::default())
[INFO] [stdout] 25   +              .update_mask(Default::default())
[INFO] [stdout]      |
[INFO] [stdout] 
[INFO] [stdout] error: aborting due to previous error
[INFO] [stdout] 
[INFO] [stdout] For more information about this error, try `rustc --explain E0308`.
[INFO] [stdout] Couldn't compile the test.
[INFO] [stdout] ---- src/api.rs - api::ProjectLocationClientTlsPolicyPatchCall (line 5189) stdout ----
[INFO] [stdout] error[E0308]: mismatched types
[INFO] [stdout]     --> src/api.rs:5213:27
[INFO] [stdout]      |
[INFO] [stdout] 25   |              .update_mask(&Default::default())
[INFO] [stdout]      |               ----------- ^^^^^^^^^^^^^^^^^^^ expected `FieldMask`, found `&_`
[INFO] [stdout]      |               |
[INFO] [stdout]      |               arguments to this method are incorrect
[INFO] [stdout]      |
[INFO] [stdout]      = note: expected struct `FieldMask`
[INFO] [stdout]              found reference `&_`
[INFO] [stdout] note: method defined here
[INFO] [stdout]     --> /opt/rustwide/workdir/src/api.rs:5404:12
[INFO] [stdout]      |
[INFO] [stdout] 5404 |     pub fn update_mask(mut self, new_value: client::FieldMask) -> ProjectLocationClientTlsPolicyPatchCall<'a, S> {
[INFO] [stdout]      |            ^^^^^^^^^^^
[INFO] [stdout] help: consider removing the borrow
[INFO] [stdout]      |
[INFO] [stdout] 25   -              .update_mask(&Default::default())
[INFO] [stdout] 25   +              .update_mask(Default::default())
[INFO] [stdout]      |
[INFO] [stdout] 
[INFO] [stdout] error: aborting due to previous error
[INFO] [stdout] 
[INFO] [stdout] For more information about this error, try `rustc --explain E0308`.
[INFO] [stdout] Couldn't compile the test.
[INFO] [stdout] ---- src/api.rs - api::ProjectLocationServerTlsPolicyPatchCall (line 8567) stdout ----
[INFO] [stdout] error[E0308]: mismatched types
[INFO] [stdout]     --> src/api.rs:8591:27
[INFO] [stdout]      |
[INFO] [stdout] 25   |              .update_mask(&Default::default())
[INFO] [stdout]      |               ----------- ^^^^^^^^^^^^^^^^^^^ expected `FieldMask`, found `&_`
[INFO] [stdout]      |               |
[INFO] [stdout]      |               arguments to this method are incorrect
[INFO] [stdout]      |
[INFO] [stdout]      = note: expected struct `FieldMask`
[INFO] [stdout]              found reference `&_`
[INFO] [stdout] note: method defined here
[INFO] [stdout]     --> /opt/rustwide/workdir/src/api.rs:8782:12
[INFO] [stdout]      |
[INFO] [stdout] 8782 |     pub fn update_mask(mut self, new_value: client::FieldMask) -> ProjectLocationServerTlsPolicyPatchCall<'a, S> {
[INFO] [stdout]      |            ^^^^^^^^^^^
[INFO] [stdout] help: consider removing the borrow
[INFO] [stdout]      |
[INFO] [stdout] 25   -              .update_mask(&Default::default())
[INFO] [stdout] 25   +              .update_mask(Default::default())
[INFO] [stdout]      |
[INFO] [stdout] 
[INFO] [stdout] error: aborting due to previous error
[INFO] [stdout] 
[INFO] [stdout] For more information about this error, try `rustc --explain E0308`.
[INFO] [stdout] Couldn't compile the test.
[INFO] [stdout] 
[INFO] [stdout] failures:
[INFO] [stdout]     src/api.rs - api::ProjectLocationAuthorizationPolicyPatchCall (line 2921)
[INFO] [stdout]     src/api.rs - api::ProjectLocationClientTlsPolicyPatchCall (line 5189)
[INFO] [stdout]     src/api.rs - api::ProjectLocationServerTlsPolicyPatchCall (line 8567)
[INFO] [stdout] 
[INFO] [stdout] test result: FAILED. 30 passed; 3 failed; 1 ignored; 0 measured; 0 filtered out; finished in 1.25s
[INFO] [stdout] 
[INFO] [stderr] error: doctest failed, to rerun pass `--doc`
[INFO] running `Command { std: "docker" "inspect" "65d57b864efc5bb837159ff44813aad753bb72515535afa02464f5308ec8b0f8", kill_on_drop: false }`
[INFO] running `Command { std: "docker" "rm" "-f" "65d57b864efc5bb837159ff44813aad753bb72515535afa02464f5308ec8b0f8", kill_on_drop: false }`
[INFO] [stdout] 65d57b864efc5bb837159ff44813aad753bb72515535afa02464f5308ec8b0f8
