[INFO] fetching crate google-networkmanagement1 5.0.2+20230105...
[INFO] testing google-networkmanagement1-5.0.2+20230105 against 1.69.0 for beta-1.70-1
[INFO] extracting crate google-networkmanagement1 5.0.2+20230105 into /workspace/builds/worker-0-tc1/source
[INFO] validating manifest of crates.io crate google-networkmanagement1 5.0.2+20230105 on toolchain 1.69.0
[INFO] running `Command { std: CARGO_HOME="/workspace/cargo-home" RUSTUP_HOME="/workspace/rustup-home" "/workspace/cargo-home/bin/cargo" "+1.69.0" "metadata" "--manifest-path" "Cargo.toml" "--no-deps", kill_on_drop: false }`
[INFO] started tweaking crates.io crate google-networkmanagement1 5.0.2+20230105
[INFO] finished tweaking crates.io crate google-networkmanagement1 5.0.2+20230105
[INFO] tweaked toml for crates.io crate google-networkmanagement1 5.0.2+20230105 written to /workspace/builds/worker-0-tc1/source/Cargo.toml
[INFO] running `Command { std: CARGO_HOME="/workspace/cargo-home" RUSTUP_HOME="/workspace/rustup-home" __CARGO_TEST_CHANNEL_OVERRIDE_DO_NOT_USE_THIS="nightly" "/workspace/cargo-home/bin/cargo" "+1.69.0" "generate-lockfile" "--manifest-path" "Cargo.toml" "-Zno-index-update", kill_on_drop: false }`
[INFO] running `Command { std: CARGO_HOME="/workspace/cargo-home" RUSTUP_HOME="/workspace/rustup-home" "/workspace/cargo-home/bin/cargo" "+1.69.0" "fetch" "--manifest-path" "Cargo.toml", kill_on_drop: false }`
[INFO] running `Command { std: "docker" "create" "-v" "/var/lib/crater-agent-workspace/builds/worker-0-tc1/target:/opt/rustwide/target:rw,Z" "-v" "/var/lib/crater-agent-workspace/builds/worker-0-tc1/source:/opt/rustwide/workdir:ro,Z" "-v" "/var/lib/crater-agent-workspace/cargo-home:/opt/rustwide/cargo-home:ro,Z" "-v" "/var/lib/crater-agent-workspace/rustup-home:/opt/rustwide/rustup-home:ro,Z" "-e" "SOURCE_DIR=/opt/rustwide/workdir" "-e" "CARGO_TARGET_DIR=/opt/rustwide/target" "-e" "CARGO_HOME=/opt/rustwide/cargo-home" "-e" "RUSTUP_HOME=/opt/rustwide/rustup-home" "-w" "/opt/rustwide/workdir" "-m" "1610612736" "--user" "0:0" "--network" "none" "ghcr.io/rust-lang/crates-build-env/linux@sha256:5ff2268d62e97bff2cde7d5815dd6ed5b47097566f13b8d0ca110b04b60e07ed" "/opt/rustwide/cargo-home/bin/cargo" "+1.69.0" "metadata" "--no-deps" "--format-version=1", kill_on_drop: false }`
[INFO] [stdout] 712989c4626dc8bff74309e82709cda1491888346ed72ab955e50eddfd59e5c0
[INFO] running `Command { std: "docker" "start" "-a" "712989c4626dc8bff74309e82709cda1491888346ed72ab955e50eddfd59e5c0", kill_on_drop: false }`
[INFO] running `Command { std: "docker" "inspect" "712989c4626dc8bff74309e82709cda1491888346ed72ab955e50eddfd59e5c0", kill_on_drop: false }`
[INFO] running `Command { std: "docker" "rm" "-f" "712989c4626dc8bff74309e82709cda1491888346ed72ab955e50eddfd59e5c0", kill_on_drop: false }`
[INFO] [stdout] 712989c4626dc8bff74309e82709cda1491888346ed72ab955e50eddfd59e5c0
[INFO] running `Command { std: "docker" "create" "-v" "/var/lib/crater-agent-workspace/builds/worker-0-tc1/target:/opt/rustwide/target:rw,Z" "-v" "/var/lib/crater-agent-workspace/builds/worker-0-tc1/source:/opt/rustwide/workdir:ro,Z" "-v" "/var/lib/crater-agent-workspace/cargo-home:/opt/rustwide/cargo-home:ro,Z" "-v" "/var/lib/crater-agent-workspace/rustup-home:/opt/rustwide/rustup-home:ro,Z" "-e" "SOURCE_DIR=/opt/rustwide/workdir" "-e" "CARGO_TARGET_DIR=/opt/rustwide/target" "-e" "CARGO_INCREMENTAL=0" "-e" "RUST_BACKTRACE=full" "-e" "RUSTFLAGS=--cap-lints=warn" "-e" "RUSTDOCFLAGS=--cap-lints=warn" "-e" "CARGO_HOME=/opt/rustwide/cargo-home" "-e" "RUSTUP_HOME=/opt/rustwide/rustup-home" "-w" "/opt/rustwide/workdir" "-m" "1610612736" "--user" "0:0" "--network" "none" "ghcr.io/rust-lang/crates-build-env/linux@sha256:5ff2268d62e97bff2cde7d5815dd6ed5b47097566f13b8d0ca110b04b60e07ed" "/opt/rustwide/cargo-home/bin/cargo" "+1.69.0" "build" "--frozen" "--message-format=json", kill_on_drop: false }`
[INFO] [stdout] 49111468c38c6752e848ca3b893c71e114c93fe9ab1fb34e6d43ecb5ed01493e
[INFO] running `Command { std: "docker" "start" "-a" "49111468c38c6752e848ca3b893c71e114c93fe9ab1fb34e6d43ecb5ed01493e", kill_on_drop: false }`
[INFO] [stderr]     Blocking waiting for file lock on package cache
[INFO] [stderr]    Compiling proc-macro2 v1.0.56
[INFO] [stderr]    Compiling libc v0.2.142
[INFO] [stderr]    Compiling pin-project-lite v0.2.9
[INFO] [stderr]    Compiling futures-channel v0.3.28
[INFO] [stderr]    Compiling bytes v1.4.0
[INFO] [stderr]    Compiling futures-sink v0.3.28
[INFO] [stderr]    Compiling ring v0.16.20
[INFO] [stderr]    Compiling futures-task v0.3.28
[INFO] [stderr]    Compiling tokio v1.28.0
[INFO] [stderr]    Compiling futures-util v0.3.28
[INFO] [stderr]    Compiling serde v1.0.160
[INFO] [stderr]    Compiling tinyvec_macros v0.1.1
[INFO] [stderr]    Compiling futures-io v0.3.28
[INFO] [stderr]    Compiling tracing-core v0.1.30
[INFO] [stderr]    Compiling unicode-bidi v0.3.13
[INFO] [stderr]    Compiling httparse v1.8.0
[INFO] [stderr]    Compiling strsim v0.10.0
[INFO] [stderr]    Compiling tinyvec v1.6.0
[INFO] [stderr]    Compiling ident_case v1.0.1
[INFO] [stderr]    Compiling rustls v0.20.8
[INFO] [stderr]    Compiling num-traits v0.2.15
[INFO] [stderr]    Compiling base64 v0.21.0
[INFO] [stderr]    Compiling try-lock v0.2.4
[INFO] [stderr]    Compiling num-integer v0.1.45
[INFO] [stderr]    Compiling want v0.3.0
[INFO] [stderr]    Compiling http v0.2.9
[INFO] [stderr]    Compiling tracing v0.1.37
[INFO] [stderr]    Compiling anyhow v1.0.71
[INFO] [stderr]    Compiling tower-service v0.3.2
[INFO] [stderr]    Compiling serde_json v1.0.96
[INFO] [stderr]    Compiling async-trait v0.1.68
[INFO] [stderr]    Compiling rustls-pemfile v1.0.2
[INFO] [stderr]    Compiling unicode-normalization v0.1.22
[INFO] [stderr]    Compiling matches v0.1.10
[INFO] [stderr]    Compiling num_threads v0.1.6
[INFO] [stderr]    Compiling time-core v0.1.0
[INFO] [stderr]    Compiling rustls-native-certs v0.6.2
[INFO] [stderr]    Compiling iana-time-zone v0.1.56
[INFO] [stderr]    Compiling mime v0.3.17
[INFO] [stderr]    Compiling quote v1.0.26
[INFO] [stderr]    Compiling socket2 v0.4.9
[INFO] [stderr]    Compiling mio v0.8.6
[INFO] [stderr]    Compiling syn v2.0.15
[INFO] [stderr]    Compiling idna v0.3.0
[INFO] [stderr]    Compiling idna v0.1.5
[INFO] [stderr]    Compiling http-body v0.4.5
[INFO] [stderr]    Compiling url v1.7.2
[INFO] [stderr]    Compiling url v2.3.1
[INFO] [stderr]    Compiling webpki v0.22.0
[INFO] [stderr]    Compiling sct v0.7.0
[INFO] [stderr]    Compiling darling_core v0.20.0
[INFO] [stderr]    Compiling tokio-macros v2.1.0
[INFO] [stderr]    Compiling futures-macro v0.3.28
[INFO] [stderr]    Compiling serde_derive v1.0.160
[INFO] [stderr]    Compiling darling_macro v0.20.0
[INFO] [stderr]    Compiling darling v0.20.0
[INFO] [stderr]    Compiling serde_with_macros v2.3.3
[INFO] [stderr]    Compiling futures-executor v0.3.28
[INFO] [stderr]    Compiling futures v0.3.28
[INFO] [stderr]    Compiling tokio-util v0.7.8
[INFO] [stderr]    Compiling tokio-rustls v0.23.4
[INFO] [stderr]    Compiling h2 v0.3.18
[INFO] [stderr]    Compiling time v0.3.20
[INFO] [stderr]    Compiling chrono v0.4.24
[INFO] [stderr]    Compiling serde_with v2.3.3
[INFO] [stderr]    Compiling hyper v0.14.26
[INFO] [stderr]    Compiling hyper-rustls v0.23.2
[INFO] [stderr]    Compiling yup-oauth2 v8.1.1
[INFO] [stderr]    Compiling google-apis-common v5.0.4
[INFO] [stderr]    Compiling google-networkmanagement1 v5.0.2+20230105 (/opt/rustwide/workdir)
[INFO] [stderr]     Finished dev [unoptimized + debuginfo] target(s) in 59.89s
[INFO] running `Command { std: "docker" "inspect" "49111468c38c6752e848ca3b893c71e114c93fe9ab1fb34e6d43ecb5ed01493e", kill_on_drop: false }`
[INFO] running `Command { std: "docker" "rm" "-f" "49111468c38c6752e848ca3b893c71e114c93fe9ab1fb34e6d43ecb5ed01493e", kill_on_drop: false }`
[INFO] [stdout] 49111468c38c6752e848ca3b893c71e114c93fe9ab1fb34e6d43ecb5ed01493e
[INFO] running `Command { std: "docker" "create" "-v" "/var/lib/crater-agent-workspace/builds/worker-0-tc1/target:/opt/rustwide/target:rw,Z" "-v" "/var/lib/crater-agent-workspace/builds/worker-0-tc1/source:/opt/rustwide/workdir:ro,Z" "-v" "/var/lib/crater-agent-workspace/cargo-home:/opt/rustwide/cargo-home:ro,Z" "-v" "/var/lib/crater-agent-workspace/rustup-home:/opt/rustwide/rustup-home:ro,Z" "-e" "SOURCE_DIR=/opt/rustwide/workdir" "-e" "CARGO_TARGET_DIR=/opt/rustwide/target" "-e" "CARGO_INCREMENTAL=0" "-e" "RUST_BACKTRACE=full" "-e" "RUSTFLAGS=--cap-lints=warn" "-e" "RUSTDOCFLAGS=--cap-lints=warn" "-e" "CARGO_HOME=/opt/rustwide/cargo-home" "-e" "RUSTUP_HOME=/opt/rustwide/rustup-home" "-w" "/opt/rustwide/workdir" "-m" "1610612736" "--user" "0:0" "--network" "none" "ghcr.io/rust-lang/crates-build-env/linux@sha256:5ff2268d62e97bff2cde7d5815dd6ed5b47097566f13b8d0ca110b04b60e07ed" "/opt/rustwide/cargo-home/bin/cargo" "+1.69.0" "test" "--frozen" "--no-run" "--message-format=json", kill_on_drop: false }`
[INFO] [stdout] 6b9b6bef2bf1801f25392aa72887d876b2b6c10097c0a8874253f0b451ddb0ef
[INFO] running `Command { std: "docker" "start" "-a" "6b9b6bef2bf1801f25392aa72887d876b2b6c10097c0a8874253f0b451ddb0ef", kill_on_drop: false }`
[INFO] [stderr]    Compiling google-networkmanagement1 v5.0.2+20230105 (/opt/rustwide/workdir)
[INFO] [stderr]     Finished test [unoptimized + debuginfo] target(s) in 2.98s
[INFO] running `Command { std: "docker" "inspect" "6b9b6bef2bf1801f25392aa72887d876b2b6c10097c0a8874253f0b451ddb0ef", kill_on_drop: false }`
[INFO] running `Command { std: "docker" "rm" "-f" "6b9b6bef2bf1801f25392aa72887d876b2b6c10097c0a8874253f0b451ddb0ef", kill_on_drop: false }`
[INFO] [stdout] 6b9b6bef2bf1801f25392aa72887d876b2b6c10097c0a8874253f0b451ddb0ef
[INFO] running `Command { std: "docker" "create" "-v" "/var/lib/crater-agent-workspace/builds/worker-0-tc1/target:/opt/rustwide/target:rw,Z" "-v" "/var/lib/crater-agent-workspace/builds/worker-0-tc1/source:/opt/rustwide/workdir:ro,Z" "-v" "/var/lib/crater-agent-workspace/cargo-home:/opt/rustwide/cargo-home:ro,Z" "-v" "/var/lib/crater-agent-workspace/rustup-home:/opt/rustwide/rustup-home:ro,Z" "-e" "SOURCE_DIR=/opt/rustwide/workdir" "-e" "CARGO_TARGET_DIR=/opt/rustwide/target" "-e" "CARGO_INCREMENTAL=0" "-e" "RUST_BACKTRACE=full" "-e" "RUSTFLAGS=--cap-lints=warn" "-e" "RUSTDOCFLAGS=--cap-lints=warn" "-e" "CARGO_HOME=/opt/rustwide/cargo-home" "-e" "RUSTUP_HOME=/opt/rustwide/rustup-home" "-w" "/opt/rustwide/workdir" "-m" "1610612736" "--user" "0:0" "--network" "none" "ghcr.io/rust-lang/crates-build-env/linux@sha256:5ff2268d62e97bff2cde7d5815dd6ed5b47097566f13b8d0ca110b04b60e07ed" "/opt/rustwide/cargo-home/bin/cargo" "+1.69.0" "test" "--frozen", kill_on_drop: false }`
[INFO] [stdout] 45f7ccab82c347c82a0e6bc57b01ef6028a0dc544820f2737ed63425ea5c1b30
[INFO] running `Command { std: "docker" "start" "-a" "45f7ccab82c347c82a0e6bc57b01ef6028a0dc544820f2737ed63425ea5c1b30", kill_on_drop: false }`
[INFO] [stderr]     Finished test [unoptimized + debuginfo] target(s) in 0.14s
[INFO] [stderr]      Running unittests src/lib.rs (/opt/rustwide/target/debug/deps/google_networkmanagement1-827c4dc43aa1a57e)
[INFO] [stdout] 
[INFO] [stdout] running 0 tests
[INFO] [stdout] 
[INFO] [stdout] test result: ok. 0 passed; 0 failed; 0 ignored; 0 measured; 0 filtered out; finished in 0.00s
[INFO] [stdout] 
[INFO] [stderr]    Doc-tests google-networkmanagement1
[INFO] [stdout] 
[INFO] [stdout] running 19 tests
[INFO] [stdout] test src/api.rs - api::ProjectLocationGlobalConnectivityTestGetIamPolicyCall (line 2655) - compile ... ok
[INFO] [stdout] test src/api.rs - api::NetworkManagement (line 58) - compile ... ok
[INFO] [stdout] test src/lib.rs - (line 49) ... ignored
[INFO] [stdout] test src/api.rs - api::ProjectLocationGlobalOperationDeleteCall (line 4704) - compile ... ok
[INFO] [stdout] test src/api.rs - api::ProjectLocationGlobalOperationListCall (line 5226) - compile ... ok
[INFO] [stdout] test src/api.rs - api::ProjectLocationGlobalConnectivityTestListCall (line 2928) - compile ... ok
[INFO] [stdout] test src/api.rs - api::ProjectLocationListCall (line 5784) - compile ... ok
[INFO] [stdout] test src/api.rs - api::ProjectLocationGlobalConnectivityTestSetIamPolicyCall (line 3831) - compile ... ok
[INFO] [stdout] test src/api.rs - api::ProjectLocationGlobalConnectivityTestTestIamPermissionCall (line 4122) - compile ... ok
[INFO] [stdout] test src/api.rs - api::ProjectMethods (line 1501) - compile ... ok
[INFO] [stdout] test src/api.rs - api::ProjectLocationGetCall (line 5523) - compile ... ok
[INFO] [stdout] test src/api.rs - api::ProjectLocationGlobalConnectivityTestGetCall (line 2394) - compile ... ok
[INFO] [stdout] test src/api.rs - api::ProjectLocationGlobalOperationCancelCall (line 4413) - compile ... ok
[INFO] [stdout] test src/api.rs - api::ProjectLocationGlobalConnectivityTestRerunCall (line 3540) - compile ... ok
[INFO] [stdout] test src/api.rs - api::ProjectLocationGlobalConnectivityTestCreateCall (line 1830) - compile ... ok
[INFO] [stdout] test src/api.rs - api::ProjectLocationGlobalConnectivityTestPatchCall (line 3237) - compile ... FAILED
[INFO] [stdout] test src/api.rs - api::ProjectLocationGlobalOperationGetCall (line 4965) - compile ... ok
[INFO] [stdout] test src/api.rs - api::ProjectLocationGlobalConnectivityTestDeleteCall (line 2133) - compile ... ok
[INFO] [stdout] test src/lib.rs - (line 77) - compile ... ok
[INFO] [stdout] 
[INFO] [stdout] failures:
[INFO] [stdout] 
[INFO] [stdout] ---- src/api.rs - api::ProjectLocationGlobalConnectivityTestPatchCall (line 3237) stdout ----
[INFO] [stdout] error[E0308]: mismatched types
[INFO] [stdout]     --> src/api.rs:3261:27
[INFO] [stdout]      |
[INFO] [stdout] 25   |              .update_mask(&Default::default())
[INFO] [stdout]      |               ----------- ^^^^^^^^^^^^^^^^^^^ expected `FieldMask`, found `&_`
[INFO] [stdout]      |               |
[INFO] [stdout]      |               arguments to this method are incorrect
[INFO] [stdout]      |
[INFO] [stdout]      = note: expected struct `FieldMask`
[INFO] [stdout]              found reference `&_`
[INFO] [stdout] note: method defined here
[INFO] [stdout]     --> /opt/rustwide/workdir/src/api.rs:3452:12
[INFO] [stdout]      |
[INFO] [stdout] 3452 |     pub fn update_mask(mut self, new_value: client::FieldMask) -> ProjectLocationGlobalConnectivityTestPatchCall<'a, S> {
[INFO] [stdout]      |            ^^^^^^^^^^^
[INFO] [stdout] help: consider removing the borrow
[INFO] [stdout]      |
[INFO] [stdout] 25   -              .update_mask(&Default::default())
[INFO] [stdout] 25   +              .update_mask(Default::default())
[INFO] [stdout]      |
[INFO] [stdout] 
[INFO] [stdout] error: aborting due to previous error
[INFO] [stdout] 
[INFO] [stdout] For more information about this error, try `rustc --explain E0308`.
[INFO] [stdout] Couldn't compile the test.
[INFO] [stdout] 
[INFO] [stdout] failures:
[INFO] [stdout]     src/api.rs - api::ProjectLocationGlobalConnectivityTestPatchCall (line 3237)
[INFO] [stdout] 
[INFO] [stdout] test result: FAILED. 17 passed; 1 failed; 1 ignored; 0 measured; 0 filtered out; finished in 0.68s
[INFO] [stdout] 
[INFO] [stderr] error: doctest failed, to rerun pass `--doc`
[INFO] running `Command { std: "docker" "inspect" "45f7ccab82c347c82a0e6bc57b01ef6028a0dc544820f2737ed63425ea5c1b30", kill_on_drop: false }`
[INFO] running `Command { std: "docker" "rm" "-f" "45f7ccab82c347c82a0e6bc57b01ef6028a0dc544820f2737ed63425ea5c1b30", kill_on_drop: false }`
[INFO] [stdout] 45f7ccab82c347c82a0e6bc57b01ef6028a0dc544820f2737ed63425ea5c1b30
