[INFO] fetching crate google-mybusinessnotifications1 5.0.2+20230124...
[INFO] testing google-mybusinessnotifications1-5.0.2+20230124 against 1.69.0 for beta-1.70-1
[INFO] extracting crate google-mybusinessnotifications1 5.0.2+20230124 into /workspace/builds/worker-7-tc1/source
[INFO] validating manifest of crates.io crate google-mybusinessnotifications1 5.0.2+20230124 on toolchain 1.69.0
[INFO] running `Command { std: CARGO_HOME="/workspace/cargo-home" RUSTUP_HOME="/workspace/rustup-home" "/workspace/cargo-home/bin/cargo" "+1.69.0" "metadata" "--manifest-path" "Cargo.toml" "--no-deps", kill_on_drop: false }`
[INFO] started tweaking crates.io crate google-mybusinessnotifications1 5.0.2+20230124
[INFO] finished tweaking crates.io crate google-mybusinessnotifications1 5.0.2+20230124
[INFO] tweaked toml for crates.io crate google-mybusinessnotifications1 5.0.2+20230124 written to /workspace/builds/worker-7-tc1/source/Cargo.toml
[INFO] running `Command { std: CARGO_HOME="/workspace/cargo-home" RUSTUP_HOME="/workspace/rustup-home" __CARGO_TEST_CHANNEL_OVERRIDE_DO_NOT_USE_THIS="nightly" "/workspace/cargo-home/bin/cargo" "+1.69.0" "generate-lockfile" "--manifest-path" "Cargo.toml" "-Zno-index-update", kill_on_drop: false }`
[INFO] running `Command { std: CARGO_HOME="/workspace/cargo-home" RUSTUP_HOME="/workspace/rustup-home" "/workspace/cargo-home/bin/cargo" "+1.69.0" "fetch" "--manifest-path" "Cargo.toml", kill_on_drop: false }`
[INFO] running `Command { std: "docker" "create" "-v" "/var/lib/crater-agent-workspace/builds/worker-7-tc1/target:/opt/rustwide/target:rw,Z" "-v" "/var/lib/crater-agent-workspace/builds/worker-7-tc1/source:/opt/rustwide/workdir:ro,Z" "-v" "/var/lib/crater-agent-workspace/cargo-home:/opt/rustwide/cargo-home:ro,Z" "-v" "/var/lib/crater-agent-workspace/rustup-home:/opt/rustwide/rustup-home:ro,Z" "-e" "SOURCE_DIR=/opt/rustwide/workdir" "-e" "CARGO_TARGET_DIR=/opt/rustwide/target" "-e" "CARGO_HOME=/opt/rustwide/cargo-home" "-e" "RUSTUP_HOME=/opt/rustwide/rustup-home" "-w" "/opt/rustwide/workdir" "-m" "1610612736" "--user" "0:0" "--network" "none" "ghcr.io/rust-lang/crates-build-env/linux@sha256:5ff2268d62e97bff2cde7d5815dd6ed5b47097566f13b8d0ca110b04b60e07ed" "/opt/rustwide/cargo-home/bin/cargo" "+1.69.0" "metadata" "--no-deps" "--format-version=1", kill_on_drop: false }`
[INFO] [stdout] f5089e5fd541e94b52472912ad1ed2f6187774c96316ab4647b9d6137881db01
[INFO] running `Command { std: "docker" "start" "-a" "f5089e5fd541e94b52472912ad1ed2f6187774c96316ab4647b9d6137881db01", kill_on_drop: false }`
[INFO] running `Command { std: "docker" "inspect" "f5089e5fd541e94b52472912ad1ed2f6187774c96316ab4647b9d6137881db01", kill_on_drop: false }`
[INFO] running `Command { std: "docker" "rm" "-f" "f5089e5fd541e94b52472912ad1ed2f6187774c96316ab4647b9d6137881db01", kill_on_drop: false }`
[INFO] [stdout] f5089e5fd541e94b52472912ad1ed2f6187774c96316ab4647b9d6137881db01
[INFO] running `Command { std: "docker" "create" "-v" "/var/lib/crater-agent-workspace/builds/worker-7-tc1/target:/opt/rustwide/target:rw,Z" "-v" "/var/lib/crater-agent-workspace/builds/worker-7-tc1/source:/opt/rustwide/workdir:ro,Z" "-v" "/var/lib/crater-agent-workspace/cargo-home:/opt/rustwide/cargo-home:ro,Z" "-v" "/var/lib/crater-agent-workspace/rustup-home:/opt/rustwide/rustup-home:ro,Z" "-e" "SOURCE_DIR=/opt/rustwide/workdir" "-e" "CARGO_TARGET_DIR=/opt/rustwide/target" "-e" "CARGO_INCREMENTAL=0" "-e" "RUST_BACKTRACE=full" "-e" "RUSTFLAGS=--cap-lints=warn" "-e" "RUSTDOCFLAGS=--cap-lints=warn" "-e" "CARGO_HOME=/opt/rustwide/cargo-home" "-e" "RUSTUP_HOME=/opt/rustwide/rustup-home" "-w" "/opt/rustwide/workdir" "-m" "1610612736" "--user" "0:0" "--network" "none" "ghcr.io/rust-lang/crates-build-env/linux@sha256:5ff2268d62e97bff2cde7d5815dd6ed5b47097566f13b8d0ca110b04b60e07ed" "/opt/rustwide/cargo-home/bin/cargo" "+1.69.0" "build" "--frozen" "--message-format=json", kill_on_drop: false }`
[INFO] [stdout] 95090de25cb472a7861402d8d13408c16814086d1def4d5a04ddfaab3bad808c
[INFO] running `Command { std: "docker" "start" "-a" "95090de25cb472a7861402d8d13408c16814086d1def4d5a04ddfaab3bad808c", kill_on_drop: false }`
[INFO] [stderr]    Compiling proc-macro2 v1.0.56
[INFO] [stderr]    Compiling futures-channel v0.3.28
[INFO] [stderr]    Compiling futures-task v0.3.28
[INFO] [stderr]    Compiling tokio v1.28.0
[INFO] [stderr]    Compiling futures-util v0.3.28
[INFO] [stderr]    Compiling serde_derive v1.0.160
[INFO] [stderr]    Compiling tinyvec_macros v0.1.1
[INFO] [stderr]    Compiling serde v1.0.160
[INFO] [stderr]    Compiling futures-io v0.3.28
[INFO] [stderr]    Compiling tracing v0.1.37
[INFO] [stderr]    Compiling rustls v0.20.8
[INFO] [stderr]    Compiling ident_case v1.0.1
[INFO] [stderr]    Compiling strsim v0.10.0
[INFO] [stderr]    Compiling unicode-bidi v0.3.13
[INFO] [stderr]    Compiling num-traits v0.2.15
[INFO] [stderr]    Compiling num-integer v0.1.45
[INFO] [stderr]    Compiling tinyvec v1.6.0
[INFO] [stderr]    Compiling openssl-probe v0.1.5
[INFO] [stderr]    Compiling serde_json v1.0.96
[INFO] [stderr]    Compiling form_urlencoded v1.1.0
[INFO] [stderr]    Compiling anyhow v1.0.71
[INFO] [stderr]    Compiling rustls-native-certs v0.6.2
[INFO] [stderr]    Compiling either v1.8.1
[INFO] [stderr]    Compiling ryu v1.0.13
[INFO] [stderr]    Compiling time-core v0.1.0
[INFO] [stderr]    Compiling matches v0.1.10
[INFO] [stderr]    Compiling num_threads v0.1.6
[INFO] [stderr]    Compiling percent-encoding v1.0.1
[INFO] [stderr]    Compiling seahash v4.1.0
[INFO] [stderr]    Compiling iana-time-zone v0.1.56
[INFO] [stderr]    Compiling itertools v0.10.5
[INFO] [stderr]    Compiling unicode-normalization v0.1.22
[INFO] [stderr]    Compiling quote v1.0.26
[INFO] [stderr]    Compiling syn v2.0.15
[INFO] [stderr]    Compiling idna v0.3.0
[INFO] [stderr]    Compiling idna v0.1.5
[INFO] [stderr]    Compiling url v1.7.2
[INFO] [stderr]    Compiling url v2.3.1
[INFO] [stderr]    Compiling darling_core v0.20.0
[INFO] [stderr]    Compiling tokio-macros v2.1.0
[INFO] [stderr]    Compiling futures-macro v0.3.28
[INFO] [stderr]    Compiling async-trait v0.1.68
[INFO] [stderr]    Compiling darling_macro v0.20.0
[INFO] [stderr]    Compiling darling v0.20.0
[INFO] [stderr]    Compiling serde_with_macros v2.3.3
[INFO] [stderr]    Compiling futures-executor v0.3.28
[INFO] [stderr]    Compiling futures v0.3.28
[INFO] [stderr]    Compiling tokio-util v0.7.8
[INFO] [stderr]    Compiling tokio-rustls v0.23.4
[INFO] [stderr]    Compiling h2 v0.3.18
[INFO] [stderr]    Compiling time v0.3.20
[INFO] [stderr]    Compiling chrono v0.4.24
[INFO] [stderr]    Compiling serde_with v2.3.3
[INFO] [stderr]    Compiling hyper v0.14.26
[INFO] [stderr]    Compiling hyper-rustls v0.23.2
[INFO] [stderr]    Compiling yup-oauth2 v8.1.1
[INFO] [stderr]    Compiling google-apis-common v5.0.4
[INFO] [stderr]    Compiling google-mybusinessnotifications1 v5.0.2+20230124 (/opt/rustwide/workdir)
[INFO] [stderr]     Finished dev [unoptimized + debuginfo] target(s) in 41.64s
[INFO] running `Command { std: "docker" "inspect" "95090de25cb472a7861402d8d13408c16814086d1def4d5a04ddfaab3bad808c", kill_on_drop: false }`
[INFO] running `Command { std: "docker" "rm" "-f" "95090de25cb472a7861402d8d13408c16814086d1def4d5a04ddfaab3bad808c", kill_on_drop: false }`
[INFO] [stdout] 95090de25cb472a7861402d8d13408c16814086d1def4d5a04ddfaab3bad808c
[INFO] running `Command { std: "docker" "create" "-v" "/var/lib/crater-agent-workspace/builds/worker-7-tc1/target:/opt/rustwide/target:rw,Z" "-v" "/var/lib/crater-agent-workspace/builds/worker-7-tc1/source:/opt/rustwide/workdir:ro,Z" "-v" "/var/lib/crater-agent-workspace/cargo-home:/opt/rustwide/cargo-home:ro,Z" "-v" "/var/lib/crater-agent-workspace/rustup-home:/opt/rustwide/rustup-home:ro,Z" "-e" "SOURCE_DIR=/opt/rustwide/workdir" "-e" "CARGO_TARGET_DIR=/opt/rustwide/target" "-e" "CARGO_INCREMENTAL=0" "-e" "RUST_BACKTRACE=full" "-e" "RUSTFLAGS=--cap-lints=warn" "-e" "RUSTDOCFLAGS=--cap-lints=warn" "-e" "CARGO_HOME=/opt/rustwide/cargo-home" "-e" "RUSTUP_HOME=/opt/rustwide/rustup-home" "-w" "/opt/rustwide/workdir" "-m" "1610612736" "--user" "0:0" "--network" "none" "ghcr.io/rust-lang/crates-build-env/linux@sha256:5ff2268d62e97bff2cde7d5815dd6ed5b47097566f13b8d0ca110b04b60e07ed" "/opt/rustwide/cargo-home/bin/cargo" "+1.69.0" "test" "--frozen" "--no-run" "--message-format=json", kill_on_drop: false }`
[INFO] [stdout] 2babea7d1101ffbf49db610921f97f1e336493a8b38391fee3df4a5dc2bb4bb3
[INFO] running `Command { std: "docker" "start" "-a" "2babea7d1101ffbf49db610921f97f1e336493a8b38391fee3df4a5dc2bb4bb3", kill_on_drop: false }`
[INFO] [stderr]    Compiling google-mybusinessnotifications1 v5.0.2+20230124 (/opt/rustwide/workdir)
[INFO] [stderr]     Finished test [unoptimized + debuginfo] target(s) in 1.01s
[INFO] running `Command { std: "docker" "inspect" "2babea7d1101ffbf49db610921f97f1e336493a8b38391fee3df4a5dc2bb4bb3", kill_on_drop: false }`
[INFO] running `Command { std: "docker" "rm" "-f" "2babea7d1101ffbf49db610921f97f1e336493a8b38391fee3df4a5dc2bb4bb3", kill_on_drop: false }`
[INFO] [stdout] 2babea7d1101ffbf49db610921f97f1e336493a8b38391fee3df4a5dc2bb4bb3
[INFO] running `Command { std: "docker" "create" "-v" "/var/lib/crater-agent-workspace/builds/worker-7-tc1/target:/opt/rustwide/target:rw,Z" "-v" "/var/lib/crater-agent-workspace/builds/worker-7-tc1/source:/opt/rustwide/workdir:ro,Z" "-v" "/var/lib/crater-agent-workspace/cargo-home:/opt/rustwide/cargo-home:ro,Z" "-v" "/var/lib/crater-agent-workspace/rustup-home:/opt/rustwide/rustup-home:ro,Z" "-e" "SOURCE_DIR=/opt/rustwide/workdir" "-e" "CARGO_TARGET_DIR=/opt/rustwide/target" "-e" "CARGO_INCREMENTAL=0" "-e" "RUST_BACKTRACE=full" "-e" "RUSTFLAGS=--cap-lints=warn" "-e" "RUSTDOCFLAGS=--cap-lints=warn" "-e" "CARGO_HOME=/opt/rustwide/cargo-home" "-e" "RUSTUP_HOME=/opt/rustwide/rustup-home" "-w" "/opt/rustwide/workdir" "-m" "1610612736" "--user" "0:0" "--network" "none" "ghcr.io/rust-lang/crates-build-env/linux@sha256:5ff2268d62e97bff2cde7d5815dd6ed5b47097566f13b8d0ca110b04b60e07ed" "/opt/rustwide/cargo-home/bin/cargo" "+1.69.0" "test" "--frozen", kill_on_drop: false }`
[INFO] [stdout] e92d5caccf3fc4a750bb643147e93228778220a9fc18014d79feaae308f1a800
[INFO] running `Command { std: "docker" "start" "-a" "e92d5caccf3fc4a750bb643147e93228778220a9fc18014d79feaae308f1a800", kill_on_drop: false }`
[INFO] [stderr]     Finished test [unoptimized + debuginfo] target(s) in 0.16s
[INFO] [stderr]      Running unittests src/lib.rs (/opt/rustwide/target/debug/deps/google_mybusinessnotifications1-451295714360da75)
[INFO] [stdout] 
[INFO] [stdout] running 0 tests
[INFO] [stdout] 
[INFO] [stdout] test result: ok. 0 passed; 0 failed; 0 ignored; 0 measured; 0 filtered out; finished in 0.00s
[INFO] [stdout] 
[INFO] [stderr]    Doc-tests google-mybusinessnotifications1
[INFO] [stdout] 
[INFO] [stdout] running 6 tests
[INFO] [stdout] test src/lib.rs - (line 49) ... ignored
[INFO] [stdout] test src/api.rs - api::AccountGetNotificationSettingCall (line 272) - compile ... ok
[INFO] [stdout] test src/api.rs - api::AccountMethods (line 188) - compile ... ok
[INFO] [stdout] test src/api.rs - api::MyBusinessNotificationSettings (line 36) - compile ... FAILED
[INFO] [stdout] test src/api.rs - api::AccountUpdateNotificationSettingCall (line 488) - compile ... FAILED
[INFO] [stdout] test src/lib.rs - (line 74) - compile ... FAILED
[INFO] [stdout] 
[INFO] [stdout] failures:
[INFO] [stdout] 
[INFO] [stdout] ---- src/api.rs - api::MyBusinessNotificationSettings (line 36) stdout ----
[INFO] [stdout] error[E0308]: mismatched types
[INFO] [stdout]    --> src/api.rs:68:27
[INFO] [stdout]     |
[INFO] [stdout] 33  |              .update_mask(&Default::default())
[INFO] [stdout]     |               ----------- ^^^^^^^^^^^^^^^^^^^ expected `FieldMask`, found `&_`
[INFO] [stdout]     |               |
[INFO] [stdout]     |               arguments to this method are incorrect
[INFO] [stdout]     |
[INFO] [stdout]     = note: expected struct `FieldMask`
[INFO] [stdout]             found reference `&_`
[INFO] [stdout] note: method defined here
[INFO] [stdout]    --> /opt/rustwide/workdir/src/api.rs:692:12
[INFO] [stdout]     |
[INFO] [stdout] 692 |     pub fn update_mask(mut self, new_value: client::FieldMask) -> AccountUpdateNotificationSettingCall<'a, S> {
[INFO] [stdout]     |            ^^^^^^^^^^^
[INFO] [stdout] help: consider removing the borrow
[INFO] [stdout]     |
[INFO] [stdout] 33  -              .update_mask(&Default::default())
[INFO] [stdout] 33  +              .update_mask(Default::default())
[INFO] [stdout]     |
[INFO] [stdout] 
[INFO] [stdout] error: aborting due to previous error
[INFO] [stdout] 
[INFO] [stdout] For more information about this error, try `rustc --explain E0308`.
[INFO] [stdout] Couldn't compile the test.
[INFO] [stdout] ---- src/api.rs - api::AccountUpdateNotificationSettingCall (line 488) stdout ----
[INFO] [stdout] error[E0308]: mismatched types
[INFO] [stdout]    --> src/api.rs:512:27
[INFO] [stdout]     |
[INFO] [stdout] 25  |              .update_mask(&Default::default())
[INFO] [stdout]     |               ----------- ^^^^^^^^^^^^^^^^^^^ expected `FieldMask`, found `&_`
[INFO] [stdout]     |               |
[INFO] [stdout]     |               arguments to this method are incorrect
[INFO] [stdout]     |
[INFO] [stdout]     = note: expected struct `FieldMask`
[INFO] [stdout]             found reference `&_`
[INFO] [stdout] note: method defined here
[INFO] [stdout]    --> /opt/rustwide/workdir/src/api.rs:692:12
[INFO] [stdout]     |
[INFO] [stdout] 692 |     pub fn update_mask(mut self, new_value: client::FieldMask) -> AccountUpdateNotificationSettingCall<'a, S> {
[INFO] [stdout]     |            ^^^^^^^^^^^
[INFO] [stdout] help: consider removing the borrow
[INFO] [stdout]     |
[INFO] [stdout] 25  -              .update_mask(&Default::default())
[INFO] [stdout] 25  +              .update_mask(Default::default())
[INFO] [stdout]     |
[INFO] [stdout] 
[INFO] [stdout] error: aborting due to previous error
[INFO] [stdout] 
[INFO] [stdout] For more information about this error, try `rustc --explain E0308`.
[INFO] [stdout] Couldn't compile the test.
[INFO] [stdout] ---- src/lib.rs - (line 74) stdout ----
[INFO] [stdout] error[E0308]: mismatched types
[INFO] [stdout]    --> src/lib.rs:106:27
[INFO] [stdout]     |
[INFO] [stdout] 33  |              .update_mask(&Default::default())
[INFO] [stdout]     |               ----------- ^^^^^^^^^^^^^^^^^^^ expected `FieldMask`, found `&_`
[INFO] [stdout]     |               |
[INFO] [stdout]     |               arguments to this method are incorrect
[INFO] [stdout]     |
[INFO] [stdout]     = note: expected struct `FieldMask`
[INFO] [stdout]             found reference `&_`
[INFO] [stdout] note: method defined here
[INFO] [stdout]    --> /opt/rustwide/workdir/src/api.rs:692:12
[INFO] [stdout]     |
[INFO] [stdout] 692 |     pub fn update_mask(mut self, new_value: client::FieldMask) -> AccountUpdateNotificationSettingCall<'a, S> {
[INFO] [stdout]     |            ^^^^^^^^^^^
[INFO] [stdout] help: consider removing the borrow
[INFO] [stdout]     |
[INFO] [stdout] 33  -              .update_mask(&Default::default())
[INFO] [stdout] 33  +              .update_mask(Default::default())
[INFO] [stdout]     |
[INFO] [stdout] 
[INFO] [stdout] error: aborting due to previous error
[INFO] [stdout] 
[INFO] [stdout] For more information about this error, try `rustc --explain E0308`.
[INFO] [stdout] Couldn't compile the test.
[INFO] [stdout] 
[INFO] [stdout] failures:
[INFO] [stdout]     src/api.rs - api::AccountUpdateNotificationSettingCall (line 488)
[INFO] [stdout]     src/api.rs - api::MyBusinessNotificationSettings (line 36)
[INFO] [stdout]     src/lib.rs - (line 74)
[INFO] [stdout] 
[INFO] [stdout] test result: FAILED. 2 passed; 3 failed; 1 ignored; 0 measured; 0 filtered out; finished in 0.24s
[INFO] [stdout] 
[INFO] [stderr] error: doctest failed, to rerun pass `--doc`
[INFO] running `Command { std: "docker" "inspect" "e92d5caccf3fc4a750bb643147e93228778220a9fc18014d79feaae308f1a800", kill_on_drop: false }`
[INFO] running `Command { std: "docker" "rm" "-f" "e92d5caccf3fc4a750bb643147e93228778220a9fc18014d79feaae308f1a800", kill_on_drop: false }`
[INFO] [stdout] e92d5caccf3fc4a750bb643147e93228778220a9fc18014d79feaae308f1a800
