[INFO] fetching crate google-mybusinessaccountmanagement1 5.0.2+20230124...
[INFO] testing google-mybusinessaccountmanagement1-5.0.2+20230124 against 1.69.0 for beta-1.70-1
[INFO] extracting crate google-mybusinessaccountmanagement1 5.0.2+20230124 into /workspace/builds/worker-1-tc1/source
[INFO] validating manifest of crates.io crate google-mybusinessaccountmanagement1 5.0.2+20230124 on toolchain 1.69.0
[INFO] running `Command { std: CARGO_HOME="/workspace/cargo-home" RUSTUP_HOME="/workspace/rustup-home" "/workspace/cargo-home/bin/cargo" "+1.69.0" "metadata" "--manifest-path" "Cargo.toml" "--no-deps", kill_on_drop: false }`
[INFO] started tweaking crates.io crate google-mybusinessaccountmanagement1 5.0.2+20230124
[INFO] finished tweaking crates.io crate google-mybusinessaccountmanagement1 5.0.2+20230124
[INFO] tweaked toml for crates.io crate google-mybusinessaccountmanagement1 5.0.2+20230124 written to /workspace/builds/worker-1-tc1/source/Cargo.toml
[INFO] running `Command { std: CARGO_HOME="/workspace/cargo-home" RUSTUP_HOME="/workspace/rustup-home" __CARGO_TEST_CHANNEL_OVERRIDE_DO_NOT_USE_THIS="nightly" "/workspace/cargo-home/bin/cargo" "+1.69.0" "generate-lockfile" "--manifest-path" "Cargo.toml" "-Zno-index-update", kill_on_drop: false }`
[INFO] running `Command { std: CARGO_HOME="/workspace/cargo-home" RUSTUP_HOME="/workspace/rustup-home" "/workspace/cargo-home/bin/cargo" "+1.69.0" "fetch" "--manifest-path" "Cargo.toml", kill_on_drop: false }`
[INFO] running `Command { std: "docker" "create" "-v" "/var/lib/crater-agent-workspace/builds/worker-1-tc1/target:/opt/rustwide/target:rw,Z" "-v" "/var/lib/crater-agent-workspace/builds/worker-1-tc1/source:/opt/rustwide/workdir:ro,Z" "-v" "/var/lib/crater-agent-workspace/cargo-home:/opt/rustwide/cargo-home:ro,Z" "-v" "/var/lib/crater-agent-workspace/rustup-home:/opt/rustwide/rustup-home:ro,Z" "-e" "SOURCE_DIR=/opt/rustwide/workdir" "-e" "CARGO_TARGET_DIR=/opt/rustwide/target" "-e" "CARGO_HOME=/opt/rustwide/cargo-home" "-e" "RUSTUP_HOME=/opt/rustwide/rustup-home" "-w" "/opt/rustwide/workdir" "-m" "1610612736" "--user" "0:0" "--network" "none" "ghcr.io/rust-lang/crates-build-env/linux@sha256:5ff2268d62e97bff2cde7d5815dd6ed5b47097566f13b8d0ca110b04b60e07ed" "/opt/rustwide/cargo-home/bin/cargo" "+1.69.0" "metadata" "--no-deps" "--format-version=1", kill_on_drop: false }`
[INFO] [stdout] c05611cf952e7583e81d386d7852b0be27f7648bb3a99377b493f433b2ded5c0
[INFO] running `Command { std: "docker" "start" "-a" "c05611cf952e7583e81d386d7852b0be27f7648bb3a99377b493f433b2ded5c0", kill_on_drop: false }`
[INFO] running `Command { std: "docker" "inspect" "c05611cf952e7583e81d386d7852b0be27f7648bb3a99377b493f433b2ded5c0", kill_on_drop: false }`
[INFO] running `Command { std: "docker" "rm" "-f" "c05611cf952e7583e81d386d7852b0be27f7648bb3a99377b493f433b2ded5c0", kill_on_drop: false }`
[INFO] [stdout] c05611cf952e7583e81d386d7852b0be27f7648bb3a99377b493f433b2ded5c0
[INFO] running `Command { std: "docker" "create" "-v" "/var/lib/crater-agent-workspace/builds/worker-1-tc1/target:/opt/rustwide/target:rw,Z" "-v" "/var/lib/crater-agent-workspace/builds/worker-1-tc1/source:/opt/rustwide/workdir:ro,Z" "-v" "/var/lib/crater-agent-workspace/cargo-home:/opt/rustwide/cargo-home:ro,Z" "-v" "/var/lib/crater-agent-workspace/rustup-home:/opt/rustwide/rustup-home:ro,Z" "-e" "SOURCE_DIR=/opt/rustwide/workdir" "-e" "CARGO_TARGET_DIR=/opt/rustwide/target" "-e" "CARGO_INCREMENTAL=0" "-e" "RUST_BACKTRACE=full" "-e" "RUSTFLAGS=--cap-lints=warn" "-e" "RUSTDOCFLAGS=--cap-lints=warn" "-e" "CARGO_HOME=/opt/rustwide/cargo-home" "-e" "RUSTUP_HOME=/opt/rustwide/rustup-home" "-w" "/opt/rustwide/workdir" "-m" "1610612736" "--user" "0:0" "--network" "none" "ghcr.io/rust-lang/crates-build-env/linux@sha256:5ff2268d62e97bff2cde7d5815dd6ed5b47097566f13b8d0ca110b04b60e07ed" "/opt/rustwide/cargo-home/bin/cargo" "+1.69.0" "build" "--frozen" "--message-format=json", kill_on_drop: false }`
[INFO] [stdout] 3ba3d258d973a6211b1af17ab4f6be727e1fc61b114c32f5c677c604988c4f86
[INFO] running `Command { std: "docker" "start" "-a" "3ba3d258d973a6211b1af17ab4f6be727e1fc61b114c32f5c677c604988c4f86", kill_on_drop: false }`
[INFO] [stderr]    Compiling google-mybusinessaccountmanagement1 v5.0.2+20230124 (/opt/rustwide/workdir)
[INFO] [stderr]     Finished dev [unoptimized + debuginfo] target(s) in 1.68s
[INFO] running `Command { std: "docker" "inspect" "3ba3d258d973a6211b1af17ab4f6be727e1fc61b114c32f5c677c604988c4f86", kill_on_drop: false }`
[INFO] running `Command { std: "docker" "rm" "-f" "3ba3d258d973a6211b1af17ab4f6be727e1fc61b114c32f5c677c604988c4f86", kill_on_drop: false }`
[INFO] [stdout] 3ba3d258d973a6211b1af17ab4f6be727e1fc61b114c32f5c677c604988c4f86
[INFO] running `Command { std: "docker" "create" "-v" "/var/lib/crater-agent-workspace/builds/worker-1-tc1/target:/opt/rustwide/target:rw,Z" "-v" "/var/lib/crater-agent-workspace/builds/worker-1-tc1/source:/opt/rustwide/workdir:ro,Z" "-v" "/var/lib/crater-agent-workspace/cargo-home:/opt/rustwide/cargo-home:ro,Z" "-v" "/var/lib/crater-agent-workspace/rustup-home:/opt/rustwide/rustup-home:ro,Z" "-e" "SOURCE_DIR=/opt/rustwide/workdir" "-e" "CARGO_TARGET_DIR=/opt/rustwide/target" "-e" "CARGO_INCREMENTAL=0" "-e" "RUST_BACKTRACE=full" "-e" "RUSTFLAGS=--cap-lints=warn" "-e" "RUSTDOCFLAGS=--cap-lints=warn" "-e" "CARGO_HOME=/opt/rustwide/cargo-home" "-e" "RUSTUP_HOME=/opt/rustwide/rustup-home" "-w" "/opt/rustwide/workdir" "-m" "1610612736" "--user" "0:0" "--network" "none" "ghcr.io/rust-lang/crates-build-env/linux@sha256:5ff2268d62e97bff2cde7d5815dd6ed5b47097566f13b8d0ca110b04b60e07ed" "/opt/rustwide/cargo-home/bin/cargo" "+1.69.0" "test" "--frozen" "--no-run" "--message-format=json", kill_on_drop: false }`
[INFO] [stdout] acd6efe984fac85217bf2f02dbaa2dcb795dd6816e4a0392b923f1e6fdf44d9e
[INFO] running `Command { std: "docker" "start" "-a" "acd6efe984fac85217bf2f02dbaa2dcb795dd6816e4a0392b923f1e6fdf44d9e", kill_on_drop: false }`
[INFO] [stderr]    Compiling google-mybusinessaccountmanagement1 v5.0.2+20230124 (/opt/rustwide/workdir)
[INFO] [stderr]     Finished test [unoptimized + debuginfo] target(s) in 1.68s
[INFO] running `Command { std: "docker" "inspect" "acd6efe984fac85217bf2f02dbaa2dcb795dd6816e4a0392b923f1e6fdf44d9e", kill_on_drop: false }`
[INFO] running `Command { std: "docker" "rm" "-f" "acd6efe984fac85217bf2f02dbaa2dcb795dd6816e4a0392b923f1e6fdf44d9e", kill_on_drop: false }`
[INFO] [stdout] acd6efe984fac85217bf2f02dbaa2dcb795dd6816e4a0392b923f1e6fdf44d9e
[INFO] running `Command { std: "docker" "create" "-v" "/var/lib/crater-agent-workspace/builds/worker-1-tc1/target:/opt/rustwide/target:rw,Z" "-v" "/var/lib/crater-agent-workspace/builds/worker-1-tc1/source:/opt/rustwide/workdir:ro,Z" "-v" "/var/lib/crater-agent-workspace/cargo-home:/opt/rustwide/cargo-home:ro,Z" "-v" "/var/lib/crater-agent-workspace/rustup-home:/opt/rustwide/rustup-home:ro,Z" "-e" "SOURCE_DIR=/opt/rustwide/workdir" "-e" "CARGO_TARGET_DIR=/opt/rustwide/target" "-e" "CARGO_INCREMENTAL=0" "-e" "RUST_BACKTRACE=full" "-e" "RUSTFLAGS=--cap-lints=warn" "-e" "RUSTDOCFLAGS=--cap-lints=warn" "-e" "CARGO_HOME=/opt/rustwide/cargo-home" "-e" "RUSTUP_HOME=/opt/rustwide/rustup-home" "-w" "/opt/rustwide/workdir" "-m" "1610612736" "--user" "0:0" "--network" "none" "ghcr.io/rust-lang/crates-build-env/linux@sha256:5ff2268d62e97bff2cde7d5815dd6ed5b47097566f13b8d0ca110b04b60e07ed" "/opt/rustwide/cargo-home/bin/cargo" "+1.69.0" "test" "--frozen", kill_on_drop: false }`
[INFO] [stdout] 084dcdef27211a3e79b1943230de394c5f8c3c6260d88afc1ed2bed9f3ad5582
[INFO] running `Command { std: "docker" "start" "-a" "084dcdef27211a3e79b1943230de394c5f8c3c6260d88afc1ed2bed9f3ad5582", kill_on_drop: false }`
[INFO] [stderr]     Blocking waiting for file lock on package cache
[INFO] [stderr]     Finished test [unoptimized + debuginfo] target(s) in 0.52s
[INFO] [stderr]      Running unittests src/lib.rs (/opt/rustwide/target/debug/deps/google_mybusinessaccountmanagement1-314c068ec5c4d402)
[INFO] [stdout] 
[INFO] [stdout] running 0 tests
[INFO] [stdout] 
[INFO] [stdout] test result: ok. 0 passed; 0 failed; 0 ignored; 0 measured; 0 filtered out; finished in 0.00s
[INFO] [stdout] 
[INFO] [stderr]    Doc-tests google-mybusinessaccountmanagement1
[INFO] [stdout] 
[INFO] [stdout] running 21 tests
[INFO] [stdout] test src/api.rs - api::AccountAdminCreateCall (line 909) - compile ... ok
[INFO] [stdout] test src/api.rs - api::AccountInvitationAcceptCall (line 1845) - compile ... ok
[INFO] [stdout] test src/api.rs - api::LocationAdminListCall (line 3985) - compile ... ok
[INFO] [stdout] test src/api.rs - api::AccountPatchCall (line 3253) - compile ... FAILED
[INFO] [stdout] test src/lib.rs - (line 51) ... ignored
[INFO] [stdout] test src/api.rs - api::AccountAdminPatchCall (line 1587) - compile ... FAILED
[INFO] [stdout] test src/api.rs - api::AccountGetCall (line 2792) - compile ... ok
[INFO] [stdout] test src/api.rs - api::LocationAdminDeleteCall (line 3769) - compile ... ok
[INFO] [stdout] test src/api.rs - api::LocationAdminPatchCall (line 4201) - compile ... FAILED
[INFO] [stdout] test src/api.rs - api::AccountListCall (line 3008) - compile ... ok
[INFO] [stdout] test src/api.rs - api::AccountInvitationListCall (line 2337) - compile ... ok
[INFO] [stdout] test src/api.rs - api::AccountCreateCall (line 2565) - compile ... ok
[INFO] [stdout] test src/api.rs - api::AccountAdminListCall (line 1371) - compile ... ok
[INFO] [stdout] test src/api.rs - api::AccountMethods (line 543) - compile ... ok
[INFO] [stdout] test src/api.rs - api::MyBusinessAccountManagement (line 36) - compile ... ok
[INFO] [stdout] test src/api.rs - api::AccountAdminDeleteCall (line 1155) - compile ... ok
[INFO] [stdout] test src/api.rs - api::LocationAdminCreateCall (line 3523) - compile ... ok
[INFO] [stdout] test src/api.rs - api::AccountInvitationDeclineCall (line 2091) - compile ... ok
[INFO] [stdout] test src/lib.rs - (line 85) - compile ... ok
[INFO] [stderr] error: doctest failed, to rerun pass `--doc`
[INFO] [stdout] test src/api.rs - api::LocationTransferCall (line 4459) - compile ... ok
[INFO] [stdout] test src/api.rs - api::LocationMethods (line 773) - compile ... ok
[INFO] [stdout] 
[INFO] [stdout] failures:
[INFO] [stdout] 
[INFO] [stdout] ---- src/api.rs - api::AccountPatchCall (line 3253) stdout ----
[INFO] [stdout] error[E0308]: mismatched types
[INFO] [stdout]     --> src/api.rs:3278:27
[INFO] [stdout]      |
[INFO] [stdout] 26   |              .update_mask(&Default::default())
[INFO] [stdout]      |               ----------- ^^^^^^^^^^^^^^^^^^^ expected `FieldMask`, found `&_`
[INFO] [stdout]      |               |
[INFO] [stdout]      |               arguments to this method are incorrect
[INFO] [stdout]      |
[INFO] [stdout]      = note: expected struct `FieldMask`
[INFO] [stdout]              found reference `&_`
[INFO] [stdout] note: method defined here
[INFO] [stdout]     --> /opt/rustwide/workdir/src/api.rs:3469:12
[INFO] [stdout]      |
[INFO] [stdout] 3469 |     pub fn update_mask(mut self, new_value: client::FieldMask) -> AccountPatchCall<'a, S> {
[INFO] [stdout]      |            ^^^^^^^^^^^
[INFO] [stdout] help: consider removing the borrow
[INFO] [stdout]      |
[INFO] [stdout] 26   -              .update_mask(&Default::default())
[INFO] [stdout] 26   +              .update_mask(Default::default())
[INFO] [stdout]      |
[INFO] [stdout] 
[INFO] [stdout] error: aborting due to previous error
[INFO] [stdout] 
[INFO] [stdout] For more information about this error, try `rustc --explain E0308`.
[INFO] [stdout] Couldn't compile the test.
[INFO] [stdout] ---- src/api.rs - api::AccountAdminPatchCall (line 1587) stdout ----
[INFO] [stdout] error[E0308]: mismatched types
[INFO] [stdout]     --> src/api.rs:1611:27
[INFO] [stdout]      |
[INFO] [stdout] 25   |              .update_mask(&Default::default())
[INFO] [stdout]      |               ----------- ^^^^^^^^^^^^^^^^^^^ expected `FieldMask`, found `&_`
[INFO] [stdout]      |               |
[INFO] [stdout]      |               arguments to this method are incorrect
[INFO] [stdout]      |
[INFO] [stdout]      = note: expected struct `FieldMask`
[INFO] [stdout]              found reference `&_`
[INFO] [stdout] note: method defined here
[INFO] [stdout]     --> /opt/rustwide/workdir/src/api.rs:1791:12
[INFO] [stdout]      |
[INFO] [stdout] 1791 |     pub fn update_mask(mut self, new_value: client::FieldMask) -> AccountAdminPatchCall<'a, S> {
[INFO] [stdout]      |            ^^^^^^^^^^^
[INFO] [stdout] help: consider removing the borrow
[INFO] [stdout]      |
[INFO] [stdout] 25   -              .update_mask(&Default::default())
[INFO] [stdout] 25   +              .update_mask(Default::default())
[INFO] [stdout]      |
[INFO] [stdout] 
[INFO] [stdout] error: aborting due to previous error
[INFO] [stdout] 
[INFO] [stdout] For more information about this error, try `rustc --explain E0308`.
[INFO] [stdout] Couldn't compile the test.
[INFO] [stdout] ---- src/api.rs - api::LocationAdminPatchCall (line 4201) stdout ----
[INFO] [stdout] error[E0308]: mismatched types
[INFO] [stdout]     --> src/api.rs:4225:27
[INFO] [stdout]      |
[INFO] [stdout] 25   |              .update_mask(&Default::default())
[INFO] [stdout]      |               ----------- ^^^^^^^^^^^^^^^^^^^ expected `FieldMask`, found `&_`
[INFO] [stdout]      |               |
[INFO] [stdout]      |               arguments to this method are incorrect
[INFO] [stdout]      |
[INFO] [stdout]      = note: expected struct `FieldMask`
[INFO] [stdout]              found reference `&_`
[INFO] [stdout] note: method defined here
[INFO] [stdout]     --> /opt/rustwide/workdir/src/api.rs:4405:12
[INFO] [stdout]      |
[INFO] [stdout] 4405 |     pub fn update_mask(mut self, new_value: client::FieldMask) -> LocationAdminPatchCall<'a, S> {
[INFO] [stdout]      |            ^^^^^^^^^^^
[INFO] [stdout] help: consider removing the borrow
[INFO] [stdout]      |
[INFO] [stdout] 25   -              .update_mask(&Default::default())
[INFO] [stdout] 25   +              .update_mask(Default::default())
[INFO] [stdout]      |
[INFO] [stdout] 
[INFO] [stdout] error: aborting due to previous error
[INFO] [stdout] 
[INFO] [stdout] For more information about this error, try `rustc --explain E0308`.
[INFO] [stdout] Couldn't compile the test.
[INFO] [stdout] 
[INFO] [stdout] failures:
[INFO] [stdout]     src/api.rs - api::AccountAdminPatchCall (line 1587)
[INFO] [stdout]     src/api.rs - api::AccountPatchCall (line 3253)
[INFO] [stdout]     src/api.rs - api::LocationAdminPatchCall (line 4201)
[INFO] [stdout] 
[INFO] [stdout] test result: FAILED. 17 passed; 3 failed; 1 ignored; 0 measured; 0 filtered out; finished in 0.54s
[INFO] [stdout] 
[INFO] running `Command { std: "docker" "inspect" "084dcdef27211a3e79b1943230de394c5f8c3c6260d88afc1ed2bed9f3ad5582", kill_on_drop: false }`
[INFO] running `Command { std: "docker" "rm" "-f" "084dcdef27211a3e79b1943230de394c5f8c3c6260d88afc1ed2bed9f3ad5582", kill_on_drop: false }`
[INFO] [stdout] 084dcdef27211a3e79b1943230de394c5f8c3c6260d88afc1ed2bed9f3ad5582
