[INFO] fetching crate google-monitoring3 5.0.2+20230115...
[INFO] testing google-monitoring3-5.0.2+20230115 against 1.69.0 for beta-1.70-1
[INFO] extracting crate google-monitoring3 5.0.2+20230115 into /workspace/builds/worker-1-tc1/source
[INFO] validating manifest of crates.io crate google-monitoring3 5.0.2+20230115 on toolchain 1.69.0
[INFO] running `Command { std: CARGO_HOME="/workspace/cargo-home" RUSTUP_HOME="/workspace/rustup-home" "/workspace/cargo-home/bin/cargo" "+1.69.0" "metadata" "--manifest-path" "Cargo.toml" "--no-deps", kill_on_drop: false }`
[INFO] started tweaking crates.io crate google-monitoring3 5.0.2+20230115
[INFO] finished tweaking crates.io crate google-monitoring3 5.0.2+20230115
[INFO] tweaked toml for crates.io crate google-monitoring3 5.0.2+20230115 written to /workspace/builds/worker-1-tc1/source/Cargo.toml
[INFO] running `Command { std: CARGO_HOME="/workspace/cargo-home" RUSTUP_HOME="/workspace/rustup-home" __CARGO_TEST_CHANNEL_OVERRIDE_DO_NOT_USE_THIS="nightly" "/workspace/cargo-home/bin/cargo" "+1.69.0" "generate-lockfile" "--manifest-path" "Cargo.toml" "-Zno-index-update", kill_on_drop: false }`
[INFO] running `Command { std: CARGO_HOME="/workspace/cargo-home" RUSTUP_HOME="/workspace/rustup-home" "/workspace/cargo-home/bin/cargo" "+1.69.0" "fetch" "--manifest-path" "Cargo.toml", kill_on_drop: false }`
[INFO] running `Command { std: "docker" "create" "-v" "/var/lib/crater-agent-workspace/builds/worker-1-tc1/target:/opt/rustwide/target:rw,Z" "-v" "/var/lib/crater-agent-workspace/builds/worker-1-tc1/source:/opt/rustwide/workdir:ro,Z" "-v" "/var/lib/crater-agent-workspace/cargo-home:/opt/rustwide/cargo-home:ro,Z" "-v" "/var/lib/crater-agent-workspace/rustup-home:/opt/rustwide/rustup-home:ro,Z" "-e" "SOURCE_DIR=/opt/rustwide/workdir" "-e" "CARGO_TARGET_DIR=/opt/rustwide/target" "-e" "CARGO_HOME=/opt/rustwide/cargo-home" "-e" "RUSTUP_HOME=/opt/rustwide/rustup-home" "-w" "/opt/rustwide/workdir" "-m" "1610612736" "--user" "0:0" "--network" "none" "ghcr.io/rust-lang/crates-build-env/linux@sha256:5ff2268d62e97bff2cde7d5815dd6ed5b47097566f13b8d0ca110b04b60e07ed" "/opt/rustwide/cargo-home/bin/cargo" "+1.69.0" "metadata" "--no-deps" "--format-version=1", kill_on_drop: false }`
[INFO] [stdout] 4a3abbd70f24782fe4c8b8d1814d8e5cc55e379d9c1003f3009c64edbe59962a
[INFO] running `Command { std: "docker" "start" "-a" "4a3abbd70f24782fe4c8b8d1814d8e5cc55e379d9c1003f3009c64edbe59962a", kill_on_drop: false }`
[INFO] running `Command { std: "docker" "inspect" "4a3abbd70f24782fe4c8b8d1814d8e5cc55e379d9c1003f3009c64edbe59962a", kill_on_drop: false }`
[INFO] running `Command { std: "docker" "rm" "-f" "4a3abbd70f24782fe4c8b8d1814d8e5cc55e379d9c1003f3009c64edbe59962a", kill_on_drop: false }`
[INFO] [stdout] 4a3abbd70f24782fe4c8b8d1814d8e5cc55e379d9c1003f3009c64edbe59962a
[INFO] running `Command { std: "docker" "create" "-v" "/var/lib/crater-agent-workspace/builds/worker-1-tc1/target:/opt/rustwide/target:rw,Z" "-v" "/var/lib/crater-agent-workspace/builds/worker-1-tc1/source:/opt/rustwide/workdir:ro,Z" "-v" "/var/lib/crater-agent-workspace/cargo-home:/opt/rustwide/cargo-home:ro,Z" "-v" "/var/lib/crater-agent-workspace/rustup-home:/opt/rustwide/rustup-home:ro,Z" "-e" "SOURCE_DIR=/opt/rustwide/workdir" "-e" "CARGO_TARGET_DIR=/opt/rustwide/target" "-e" "CARGO_INCREMENTAL=0" "-e" "RUST_BACKTRACE=full" "-e" "RUSTFLAGS=--cap-lints=warn" "-e" "RUSTDOCFLAGS=--cap-lints=warn" "-e" "CARGO_HOME=/opt/rustwide/cargo-home" "-e" "RUSTUP_HOME=/opt/rustwide/rustup-home" "-w" "/opt/rustwide/workdir" "-m" "1610612736" "--user" "0:0" "--network" "none" "ghcr.io/rust-lang/crates-build-env/linux@sha256:5ff2268d62e97bff2cde7d5815dd6ed5b47097566f13b8d0ca110b04b60e07ed" "/opt/rustwide/cargo-home/bin/cargo" "+1.69.0" "build" "--frozen" "--message-format=json", kill_on_drop: false }`
[INFO] [stdout] e780633702d5532b3d76ab0d09b3b05bc6f8d981974c9bf70a23dcf633a40b3b
[INFO] running `Command { std: "docker" "start" "-a" "e780633702d5532b3d76ab0d09b3b05bc6f8d981974c9bf70a23dcf633a40b3b", kill_on_drop: false }`
[INFO] [stderr]    Compiling google-monitoring3 v5.0.2+20230115 (/opt/rustwide/workdir)
[INFO] [stderr]     Finished dev [unoptimized + debuginfo] target(s) in 7.72s
[INFO] running `Command { std: "docker" "inspect" "e780633702d5532b3d76ab0d09b3b05bc6f8d981974c9bf70a23dcf633a40b3b", kill_on_drop: false }`
[INFO] running `Command { std: "docker" "rm" "-f" "e780633702d5532b3d76ab0d09b3b05bc6f8d981974c9bf70a23dcf633a40b3b", kill_on_drop: false }`
[INFO] [stdout] e780633702d5532b3d76ab0d09b3b05bc6f8d981974c9bf70a23dcf633a40b3b
[INFO] running `Command { std: "docker" "create" "-v" "/var/lib/crater-agent-workspace/builds/worker-1-tc1/target:/opt/rustwide/target:rw,Z" "-v" "/var/lib/crater-agent-workspace/builds/worker-1-tc1/source:/opt/rustwide/workdir:ro,Z" "-v" "/var/lib/crater-agent-workspace/cargo-home:/opt/rustwide/cargo-home:ro,Z" "-v" "/var/lib/crater-agent-workspace/rustup-home:/opt/rustwide/rustup-home:ro,Z" "-e" "SOURCE_DIR=/opt/rustwide/workdir" "-e" "CARGO_TARGET_DIR=/opt/rustwide/target" "-e" "CARGO_INCREMENTAL=0" "-e" "RUST_BACKTRACE=full" "-e" "RUSTFLAGS=--cap-lints=warn" "-e" "RUSTDOCFLAGS=--cap-lints=warn" "-e" "CARGO_HOME=/opt/rustwide/cargo-home" "-e" "RUSTUP_HOME=/opt/rustwide/rustup-home" "-w" "/opt/rustwide/workdir" "-m" "1610612736" "--user" "0:0" "--network" "none" "ghcr.io/rust-lang/crates-build-env/linux@sha256:5ff2268d62e97bff2cde7d5815dd6ed5b47097566f13b8d0ca110b04b60e07ed" "/opt/rustwide/cargo-home/bin/cargo" "+1.69.0" "test" "--frozen" "--no-run" "--message-format=json", kill_on_drop: false }`
[INFO] [stdout] fd7da7883304daee737e1204ed587ff5aac85f8f1f65757c1c1fa2c242ec9410
[INFO] running `Command { std: "docker" "start" "-a" "fd7da7883304daee737e1204ed587ff5aac85f8f1f65757c1c1fa2c242ec9410", kill_on_drop: false }`
[INFO] [stderr]    Compiling google-monitoring3 v5.0.2+20230115 (/opt/rustwide/workdir)
[INFO] [stderr]     Finished test [unoptimized + debuginfo] target(s) in 5.66s
[INFO] running `Command { std: "docker" "inspect" "fd7da7883304daee737e1204ed587ff5aac85f8f1f65757c1c1fa2c242ec9410", kill_on_drop: false }`
[INFO] running `Command { std: "docker" "rm" "-f" "fd7da7883304daee737e1204ed587ff5aac85f8f1f65757c1c1fa2c242ec9410", kill_on_drop: false }`
[INFO] [stdout] fd7da7883304daee737e1204ed587ff5aac85f8f1f65757c1c1fa2c242ec9410
[INFO] running `Command { std: "docker" "create" "-v" "/var/lib/crater-agent-workspace/builds/worker-1-tc1/target:/opt/rustwide/target:rw,Z" "-v" "/var/lib/crater-agent-workspace/builds/worker-1-tc1/source:/opt/rustwide/workdir:ro,Z" "-v" "/var/lib/crater-agent-workspace/cargo-home:/opt/rustwide/cargo-home:ro,Z" "-v" "/var/lib/crater-agent-workspace/rustup-home:/opt/rustwide/rustup-home:ro,Z" "-e" "SOURCE_DIR=/opt/rustwide/workdir" "-e" "CARGO_TARGET_DIR=/opt/rustwide/target" "-e" "CARGO_INCREMENTAL=0" "-e" "RUST_BACKTRACE=full" "-e" "RUSTFLAGS=--cap-lints=warn" "-e" "RUSTDOCFLAGS=--cap-lints=warn" "-e" "CARGO_HOME=/opt/rustwide/cargo-home" "-e" "RUSTUP_HOME=/opt/rustwide/rustup-home" "-w" "/opt/rustwide/workdir" "-m" "1610612736" "--user" "0:0" "--network" "none" "ghcr.io/rust-lang/crates-build-env/linux@sha256:5ff2268d62e97bff2cde7d5815dd6ed5b47097566f13b8d0ca110b04b60e07ed" "/opt/rustwide/cargo-home/bin/cargo" "+1.69.0" "test" "--frozen", kill_on_drop: false }`
[INFO] [stdout] 0ef9bd7c75a0c32acafc50d53eed7166985b838debbfc5452f7e382df7427a4a
[INFO] running `Command { std: "docker" "start" "-a" "0ef9bd7c75a0c32acafc50d53eed7166985b838debbfc5452f7e382df7427a4a", kill_on_drop: false }`
[INFO] [stderr]     Finished test [unoptimized + debuginfo] target(s) in 0.14s
[INFO] [stderr]      Running unittests src/lib.rs (/opt/rustwide/target/debug/deps/google_monitoring3-c4f8a37c779299d8)
[INFO] [stdout] 
[INFO] [stderr]    Doc-tests google-monitoring3
[INFO] [stdout] running 0 tests
[INFO] [stdout] 
[INFO] [stdout] test result: ok. 0 passed; 0 failed; 0 ignored; 0 measured; 0 filtered out; finished in 0.00s
[INFO] [stdout] 
[INFO] [stdout] 
[INFO] [stdout] running 62 tests
[INFO] [stdout] test src/api.rs - api::ProjectGroupGetCall (line 7807) - compile ... ok
[INFO] [stdout] test src/api.rs - api::ProjectGroupMemberListCall (line 6910) - compile ... ok
[INFO] [stdout] test src/api.rs - api::ProjectGroupListCall (line 8068) - compile ... ok
[INFO] [stdout] test src/api.rs - api::FolderTimeSeryListCall (line 4300) - compile ... ok
[INFO] [stdout] test src/api.rs - api::OrganizationMethods (line 3104) - compile ... ok
[INFO] [stdout] test src/api.rs - api::ProjectCollectdTimeSeryCreateCall (line 6619) - compile ... ok
[INFO] [stdout] test src/api.rs - api::OrganizationTimeSeryListCall (line 4747) - compile ... ok
[INFO] [stdout] test src/api.rs - api::ProjectAlertPolicyDeleteCall (line 5485) - compile ... ok
[INFO] [stdout] test src/api.rs - api::ProjectAlertPolicyGetCall (line 5746) - compile ... ok
[INFO] [stdout] test src/api.rs - api::ProjectGroupDeleteCall (line 7534) - compile ... ok
[INFO] [stdout] test src/api.rs - api::FolderMethods (line 3031) - compile ... ok
[INFO] [stdout] test src/api.rs - api::ProjectAlertPolicyCreateCall (line 5194) - compile ... ok
[INFO] [stdout] test src/api.rs - api::ProjectGroupCreateCall (line 7231) - compile ... ok
[INFO] [stdout] test src/api.rs - api::Monitoring (line 70) - compile ... ok
[INFO] [stdout] test src/api.rs - api::ProjectAlertPolicyPatchCall (line 6316) - compile ... FAILED
[INFO] [stdout] test src/api.rs - api::ProjectAlertPolicyListCall (line 6007) - compile ... ok
[INFO] [stdout] test src/api.rs - api::ProjectMetricDescriptorListCall (line 9505) - compile ... ok
[INFO] [stdout] test src/api.rs - api::ProjectMonitoredResourceDescriptorGetCall (line 9802) - compile ... ok
[INFO] [stdout] test src/api.rs - api::ProjectMetricDescriptorDeleteCall (line 8983) - compile ... ok
[INFO] [stdout] test src/api.rs - api::ProjectMetricDescriptorCreateCall (line 8692) - compile ... ok
[INFO] [stdout] test src/api.rs - api::ProjectNotificationChannelGetCall (line 11470) - compile ... ok
[INFO] [stdout] test src/api.rs - api::ProjectGroupUpdateCall (line 8389) - compile ... ok
[INFO] [stdout] test src/api.rs - api::ProjectMethods (line 3177) - compile ... ok
[INFO] [stdout] test src/api.rs - api::ProjectMonitoredResourceDescriptorListCall (line 10063) - compile ... ok
[INFO] [stdout] test src/api.rs - api::ProjectNotificationChannelDeleteCall (line 11197) - compile ... ok
[INFO] [stdout] test src/api.rs - api::ProjectNotificationChannelCreateCall (line 10906) - compile ... ok
[INFO] [stdout] test src/api.rs - api::ProjectNotificationChannelDescriptorGetCall (line 10360) - compile ... ok
[INFO] [stdout] test src/api.rs - api::ProjectNotificationChannelDescriptorListCall (line 10621) - compile ... ok
[INFO] [stdout] test src/api.rs - api::ProjectMetricDescriptorGetCall (line 9244) - compile ... ok
[INFO] [stdout] test src/api.rs - api::ProjectNotificationChannelSendVerificationCodeCall (line 12634) - compile ... ok
[INFO] [stdout] test src/api.rs - api::ProjectNotificationChannelGetVerificationCodeCall (line 11731) - compile ... ok
[INFO] [stdout] test src/api.rs - api::ProjectTimeSeryCreateServiceCall (line 14659) - compile ... ok
[INFO] [stdout] test src/api.rs - api::ProjectNotificationChannelPatchCall (line 12331) - compile ... FAILED
[INFO] [stdout] test src/api.rs - api::ProjectUptimeCheckConfigDeleteCall (line 15979) - compile ... ok
[INFO] [stdout] test src/api.rs - api::ProjectSnoozeCreateCall (line 13216) - compile ... ok
[INFO] [stdout] test src/api.rs - api::ProjectNotificationChannelListCall (line 12022) - compile ... ok
[INFO] [stdout] test src/api.rs - api::ProjectSnoozeGetCall (line 13507) - compile ... ok
[INFO] [stdout] test src/api.rs - api::ProjectNotificationChannelVerifyCall (line 12925) - compile ... ok
[INFO] [stdout] test src/api.rs - api::ProjectTimeSeryCreateCall (line 14368) - compile ... ok
[INFO] [stdout] test src/api.rs - api::ProjectSnoozeListCall (line 13768) - compile ... ok
[INFO] [stdout] test src/api.rs - api::ProjectUptimeCheckConfigGetCall (line 16240) - compile ... ok
[INFO] [stdout] test src/api.rs - api::ProjectSnoozePatchCall (line 14065) - compile ... FAILED
[INFO] [stdout] test src/api.rs - api::ProjectTimeSeryQueryCall (line 15397) - compile ... ok
[INFO] [stdout] test src/api.rs - api::ProjectTimeSeryListCall (line 14950) - compile ... ok
[INFO] [stdout] test src/api.rs - api::ProjectUptimeCheckConfigListCall (line 16501) - compile ... ok
[INFO] [stdout] test src/lib.rs - (line 57) ... ignored
[INFO] [stdout] test src/api.rs - api::ProjectUptimeCheckConfigPatchCall (line 16798) - compile ... FAILED
[INFO] [stdout] test src/api.rs - api::ServiceDeleteCall (line 18853) - compile ... ok
[INFO] [stdout] test src/api.rs - api::ServiceGetCall (line 19114) - compile ... ok
[INFO] [stdout] test src/api.rs - api::ProjectUptimeCheckConfigCreateCall (line 15688) - compile ... ok
[INFO] [stdout] test src/api.rs - api::ServiceMethods (line 4006) - compile ... ok
[INFO] [stdout] test src/api.rs - api::ServiceCreateCall (line 18550) - compile ... ok
[INFO] [stdout] test src/api.rs - api::ServiceServiceLevelObjectiveListCall (line 17938) - compile ... ok
[INFO] [stdout] test src/api.rs - api::UptimeCheckIpMethods (line 4237) - compile ... ok
[INFO] [stdout] test src/api.rs - api::ServiceListCall (line 19375) - compile ... ok
[INFO] [stdout] test src/api.rs - api::ServiceServiceLevelObjectiveGetCall (line 17665) - compile ... ok
[INFO] [stdout] test src/api.rs - api::ServicePatchCall (line 19672) - compile ... FAILED
[INFO] [stdout] test src/api.rs - api::ServiceServiceLevelObjectivePatchCall (line 18247) - compile ... FAILED
[INFO] [stdout] test src/api.rs - api::UptimeCheckIpListCall (line 19975) - compile ... ok
[INFO] [stdout] test src/api.rs - api::ServiceServiceLevelObjectiveDeleteCall (line 17404) - compile ... ok
[INFO] [stdout] test src/lib.rs - (line 90) - compile ... ok
[INFO] [stdout] test src/api.rs - api::ServiceServiceLevelObjectiveCreateCall (line 17101) - compile ... ok
[INFO] [stderr] error: doctest failed, to rerun pass `--doc`
[INFO] [stdout] 
[INFO] [stdout] failures:
[INFO] [stdout] 
[INFO] [stdout] ---- src/api.rs - api::ProjectAlertPolicyPatchCall (line 6316) stdout ----
[INFO] [stdout] error[E0308]: mismatched types
[INFO] [stdout]     --> src/api.rs:6340:27
[INFO] [stdout]      |
[INFO] [stdout] 25   |              .update_mask(&Default::default())
[INFO] [stdout]      |               ----------- ^^^^^^^^^^^^^^^^^^^ expected `FieldMask`, found `&_`
[INFO] [stdout]      |               |
[INFO] [stdout]      |               arguments to this method are incorrect
[INFO] [stdout]      |
[INFO] [stdout]      = note: expected struct `FieldMask`
[INFO] [stdout]              found reference `&_`
[INFO] [stdout] note: method defined here
[INFO] [stdout]     --> /opt/rustwide/workdir/src/api.rs:6531:12
[INFO] [stdout]      |
[INFO] [stdout] 6531 |     pub fn update_mask(mut self, new_value: client::FieldMask) -> ProjectAlertPolicyPatchCall<'a, S> {
[INFO] [stdout]      |            ^^^^^^^^^^^
[INFO] [stdout] help: consider removing the borrow
[INFO] [stdout]      |
[INFO] [stdout] 25   -              .update_mask(&Default::default())
[INFO] [stdout] 25   +              .update_mask(Default::default())
[INFO] [stdout]      |
[INFO] [stdout] 
[INFO] [stdout] error: aborting due to previous error
[INFO] [stdout] 
[INFO] [stdout] For more information about this error, try `rustc --explain E0308`.
[INFO] [stdout] Couldn't compile the test.
[INFO] [stdout] ---- src/api.rs - api::ProjectNotificationChannelPatchCall (line 12331) stdout ----
[INFO] [stdout] error[E0308]: mismatched types
[INFO] [stdout]      --> src/api.rs:12355:27
[INFO] [stdout]       |
[INFO] [stdout] 25    |              .update_mask(&Default::default())
[INFO] [stdout]       |               ----------- ^^^^^^^^^^^^^^^^^^^ expected `FieldMask`, found `&_`
[INFO] [stdout]       |               |
[INFO] [stdout]       |               arguments to this method are incorrect
[INFO] [stdout]       |
[INFO] [stdout]       = note: expected struct `FieldMask`
[INFO] [stdout]               found reference `&_`
[INFO] [stdout] note: method defined here
[INFO] [stdout]      --> /opt/rustwide/workdir/src/api.rs:12546:12
[INFO] [stdout]       |
[INFO] [stdout] 12546 |     pub fn update_mask(mut self, new_value: client::FieldMask) -> ProjectNotificationChannelPatchCall<'a, S> {
[INFO] [stdout]       |            ^^^^^^^^^^^
[INFO] [stdout] help: consider removing the borrow
[INFO] [stdout]       |
[INFO] [stdout] 25    -              .update_mask(&Default::default())
[INFO] [stdout] 25    +              .update_mask(Default::default())
[INFO] [stdout]       |
[INFO] [stdout] 
[INFO] [stdout] error: aborting due to previous error
[INFO] [stdout] 
[INFO] [stdout] For more information about this error, try `rustc --explain E0308`.
[INFO] [stdout] Couldn't compile the test.
[INFO] [stdout] ---- src/api.rs - api::ProjectSnoozePatchCall (line 14065) stdout ----
[INFO] [stdout] error[E0308]: mismatched types
[INFO] [stdout]      --> src/api.rs:14089:27
[INFO] [stdout]       |
[INFO] [stdout] 25    |              .update_mask(&Default::default())
[INFO] [stdout]       |               ----------- ^^^^^^^^^^^^^^^^^^^ expected `FieldMask`, found `&_`
[INFO] [stdout]       |               |
[INFO] [stdout]       |               arguments to this method are incorrect
[INFO] [stdout]       |
[INFO] [stdout]       = note: expected struct `FieldMask`
[INFO] [stdout]               found reference `&_`
[INFO] [stdout] note: method defined here
[INFO] [stdout]      --> /opt/rustwide/workdir/src/api.rs:14280:12
[INFO] [stdout]       |
[INFO] [stdout] 14280 |     pub fn update_mask(mut self, new_value: client::FieldMask) -> ProjectSnoozePatchCall<'a, S> {
[INFO] [stdout]       |            ^^^^^^^^^^^
[INFO] [stdout] help: consider removing the borrow
[INFO] [stdout]       |
[INFO] [stdout] 25    -              .update_mask(&Default::default())
[INFO] [stdout] 25    +              .update_mask(Default::default())
[INFO] [stdout]       |
[INFO] [stdout] 
[INFO] [stdout] error: aborting due to previous error
[INFO] [stdout] 
[INFO] [stdout] For more information about this error, try `rustc --explain E0308`.
[INFO] [stdout] Couldn't compile the test.
[INFO] [stdout] ---- src/api.rs - api::ProjectUptimeCheckConfigPatchCall (line 16798) stdout ----
[INFO] [stdout] error[E0308]: mismatched types
[INFO] [stdout]      --> src/api.rs:16822:27
[INFO] [stdout]       |
[INFO] [stdout] 25    |              .update_mask(&Default::default())
[INFO] [stdout]       |               ----------- ^^^^^^^^^^^^^^^^^^^ expected `FieldMask`, found `&_`
[INFO] [stdout]       |               |
[INFO] [stdout]       |               arguments to this method are incorrect
[INFO] [stdout]       |
[INFO] [stdout]       = note: expected struct `FieldMask`
[INFO] [stdout]               found reference `&_`
[INFO] [stdout] note: method defined here
[INFO] [stdout]      --> /opt/rustwide/workdir/src/api.rs:17013:12
[INFO] [stdout]       |
[INFO] [stdout] 17013 |     pub fn update_mask(mut self, new_value: client::FieldMask) -> ProjectUptimeCheckConfigPatchCall<'a, S> {
[INFO] [stdout]       |            ^^^^^^^^^^^
[INFO] [stdout] help: consider removing the borrow
[INFO] [stdout]       |
[INFO] [stdout] 25    -              .update_mask(&Default::default())
[INFO] [stdout] 25    +              .update_mask(Default::default())
[INFO] [stdout]       |
[INFO] [stdout] 
[INFO] [stdout] error: aborting due to previous error
[INFO] [stdout] 
[INFO] [stdout] For more information about this error, try `rustc --explain E0308`.
[INFO] [stdout] Couldn't compile the test.
[INFO] [stdout] ---- src/api.rs - api::ServicePatchCall (line 19672) stdout ----
[INFO] [stdout] error[E0308]: mismatched types
[INFO] [stdout]      --> src/api.rs:19696:27
[INFO] [stdout]       |
[INFO] [stdout] 25    |              .update_mask(&Default::default())
[INFO] [stdout]       |               ----------- ^^^^^^^^^^^^^^^^^^^ expected `FieldMask`, found `&_`
[INFO] [stdout]       |               |
[INFO] [stdout]       |               arguments to this method are incorrect
[INFO] [stdout]       |
[INFO] [stdout]       = note: expected struct `FieldMask`
[INFO] [stdout]               found reference `&_`
[INFO] [stdout] note: method defined here
[INFO] [stdout]      --> /opt/rustwide/workdir/src/api.rs:19887:12
[INFO] [stdout]       |
[INFO] [stdout] 19887 |     pub fn update_mask(mut self, new_value: client::FieldMask) -> ServicePatchCall<'a, S> {
[INFO] [stdout]       |            ^^^^^^^^^^^
[INFO] [stdout] help: consider removing the borrow
[INFO] [stdout]       |
[INFO] [stdout] 25    -              .update_mask(&Default::default())
[INFO] [stdout] 25    +              .update_mask(Default::default())
[INFO] [stdout]       |
[INFO] [stdout] 
[INFO] [stdout] error: aborting due to previous error
[INFO] [stdout] 
[INFO] [stdout] For more information about this error, try `rustc --explain E0308`.
[INFO] [stdout] Couldn't compile the test.
[INFO] [stdout] ---- src/api.rs - api::ServiceServiceLevelObjectivePatchCall (line 18247) stdout ----
[INFO] [stdout] error[E0308]: mismatched types
[INFO] [stdout]      --> src/api.rs:18271:27
[INFO] [stdout]       |
[INFO] [stdout] 25    |              .update_mask(&Default::default())
[INFO] [stdout]       |               ----------- ^^^^^^^^^^^^^^^^^^^ expected `FieldMask`, found `&_`
[INFO] [stdout]       |               |
[INFO] [stdout]       |               arguments to this method are incorrect
[INFO] [stdout]       |
[INFO] [stdout]       = note: expected struct `FieldMask`
[INFO] [stdout]               found reference `&_`
[INFO] [stdout] note: method defined here
[INFO] [stdout]      --> /opt/rustwide/workdir/src/api.rs:18462:12
[INFO] [stdout]       |
[INFO] [stdout] 18462 |     pub fn update_mask(mut self, new_value: client::FieldMask) -> ServiceServiceLevelObjectivePatchCall<'a, S> {
[INFO] [stdout]       |            ^^^^^^^^^^^
[INFO] [stdout] help: consider removing the borrow
[INFO] [stdout]       |
[INFO] [stdout] 25    -              .update_mask(&Default::default())
[INFO] [stdout] 25    +              .update_mask(Default::default())
[INFO] [stdout]       |
[INFO] [stdout] 
[INFO] [stdout] error: aborting due to previous error
[INFO] [stdout] 
[INFO] [stdout] For more information about this error, try `rustc --explain E0308`.
[INFO] [stdout] Couldn't compile the test.
[INFO] [stdout] 
[INFO] [stdout] failures:
[INFO] [stdout]     src/api.rs - api::ProjectAlertPolicyPatchCall (line 6316)
[INFO] [stdout]     src/api.rs - api::ProjectNotificationChannelPatchCall (line 12331)
[INFO] [stdout]     src/api.rs - api::ProjectSnoozePatchCall (line 14065)
[INFO] [stdout]     src/api.rs - api::ProjectUptimeCheckConfigPatchCall (line 16798)
[INFO] [stdout]     src/api.rs - api::ServicePatchCall (line 19672)
[INFO] [stdout]     src/api.rs - api::ServiceServiceLevelObjectivePatchCall (line 18247)
[INFO] [stdout] 
[INFO] [stdout] test result: FAILED. 55 passed; 6 failed; 1 ignored; 0 measured; 0 filtered out; finished in 1.71s
[INFO] [stdout] 
[INFO] running `Command { std: "docker" "inspect" "0ef9bd7c75a0c32acafc50d53eed7166985b838debbfc5452f7e382df7427a4a", kill_on_drop: false }`
[INFO] running `Command { std: "docker" "rm" "-f" "0ef9bd7c75a0c32acafc50d53eed7166985b838debbfc5452f7e382df7427a4a", kill_on_drop: false }`
[INFO] [stdout] 0ef9bd7c75a0c32acafc50d53eed7166985b838debbfc5452f7e382df7427a4a
