[INFO] fetching crate google-jobs4 5.0.2+20230120...
[INFO] testing google-jobs4-5.0.2+20230120 against 1.69.0 for beta-1.70-1
[INFO] extracting crate google-jobs4 5.0.2+20230120 into /workspace/builds/worker-5-tc1/source
[INFO] validating manifest of crates.io crate google-jobs4 5.0.2+20230120 on toolchain 1.69.0
[INFO] running `Command { std: CARGO_HOME="/workspace/cargo-home" RUSTUP_HOME="/workspace/rustup-home" "/workspace/cargo-home/bin/cargo" "+1.69.0" "metadata" "--manifest-path" "Cargo.toml" "--no-deps", kill_on_drop: false }`
[INFO] started tweaking crates.io crate google-jobs4 5.0.2+20230120
[INFO] finished tweaking crates.io crate google-jobs4 5.0.2+20230120
[INFO] tweaked toml for crates.io crate google-jobs4 5.0.2+20230120 written to /workspace/builds/worker-5-tc1/source/Cargo.toml
[INFO] running `Command { std: CARGO_HOME="/workspace/cargo-home" RUSTUP_HOME="/workspace/rustup-home" __CARGO_TEST_CHANNEL_OVERRIDE_DO_NOT_USE_THIS="nightly" "/workspace/cargo-home/bin/cargo" "+1.69.0" "generate-lockfile" "--manifest-path" "Cargo.toml" "-Zno-index-update", kill_on_drop: false }`
[INFO] running `Command { std: CARGO_HOME="/workspace/cargo-home" RUSTUP_HOME="/workspace/rustup-home" "/workspace/cargo-home/bin/cargo" "+1.69.0" "fetch" "--manifest-path" "Cargo.toml", kill_on_drop: false }`
[INFO] running `Command { std: "docker" "create" "-v" "/var/lib/crater-agent-workspace/builds/worker-5-tc1/target:/opt/rustwide/target:rw,Z" "-v" "/var/lib/crater-agent-workspace/builds/worker-5-tc1/source:/opt/rustwide/workdir:ro,Z" "-v" "/var/lib/crater-agent-workspace/cargo-home:/opt/rustwide/cargo-home:ro,Z" "-v" "/var/lib/crater-agent-workspace/rustup-home:/opt/rustwide/rustup-home:ro,Z" "-e" "SOURCE_DIR=/opt/rustwide/workdir" "-e" "CARGO_TARGET_DIR=/opt/rustwide/target" "-e" "CARGO_HOME=/opt/rustwide/cargo-home" "-e" "RUSTUP_HOME=/opt/rustwide/rustup-home" "-w" "/opt/rustwide/workdir" "-m" "1610612736" "--user" "0:0" "--network" "none" "ghcr.io/rust-lang/crates-build-env/linux@sha256:5ff2268d62e97bff2cde7d5815dd6ed5b47097566f13b8d0ca110b04b60e07ed" "/opt/rustwide/cargo-home/bin/cargo" "+1.69.0" "metadata" "--no-deps" "--format-version=1", kill_on_drop: false }`
[INFO] [stdout] a516700d06b9b16dd67a8b4a021d64d01b04b43fee70944884b28f99ba9b4d0f
[INFO] running `Command { std: "docker" "start" "-a" "a516700d06b9b16dd67a8b4a021d64d01b04b43fee70944884b28f99ba9b4d0f", kill_on_drop: false }`
[INFO] running `Command { std: "docker" "inspect" "a516700d06b9b16dd67a8b4a021d64d01b04b43fee70944884b28f99ba9b4d0f", kill_on_drop: false }`
[INFO] running `Command { std: "docker" "rm" "-f" "a516700d06b9b16dd67a8b4a021d64d01b04b43fee70944884b28f99ba9b4d0f", kill_on_drop: false }`
[INFO] [stdout] a516700d06b9b16dd67a8b4a021d64d01b04b43fee70944884b28f99ba9b4d0f
[INFO] running `Command { std: "docker" "create" "-v" "/var/lib/crater-agent-workspace/builds/worker-5-tc1/target:/opt/rustwide/target:rw,Z" "-v" "/var/lib/crater-agent-workspace/builds/worker-5-tc1/source:/opt/rustwide/workdir:ro,Z" "-v" "/var/lib/crater-agent-workspace/cargo-home:/opt/rustwide/cargo-home:ro,Z" "-v" "/var/lib/crater-agent-workspace/rustup-home:/opt/rustwide/rustup-home:ro,Z" "-e" "SOURCE_DIR=/opt/rustwide/workdir" "-e" "CARGO_TARGET_DIR=/opt/rustwide/target" "-e" "CARGO_INCREMENTAL=0" "-e" "RUST_BACKTRACE=full" "-e" "RUSTFLAGS=--cap-lints=warn" "-e" "RUSTDOCFLAGS=--cap-lints=warn" "-e" "CARGO_HOME=/opt/rustwide/cargo-home" "-e" "RUSTUP_HOME=/opt/rustwide/rustup-home" "-w" "/opt/rustwide/workdir" "-m" "1610612736" "--user" "0:0" "--network" "none" "ghcr.io/rust-lang/crates-build-env/linux@sha256:5ff2268d62e97bff2cde7d5815dd6ed5b47097566f13b8d0ca110b04b60e07ed" "/opt/rustwide/cargo-home/bin/cargo" "+1.69.0" "build" "--frozen" "--message-format=json", kill_on_drop: false }`
[INFO] [stdout] 767a2f9a7a6b1adc4a864dae088c4afd797c6cd34310c3ed9253b06974493d86
[INFO] running `Command { std: "docker" "start" "-a" "767a2f9a7a6b1adc4a864dae088c4afd797c6cd34310c3ed9253b06974493d86", kill_on_drop: false }`
[INFO] [stderr]    Compiling google-jobs4 v5.0.2+20230120 (/opt/rustwide/workdir)
[INFO] [stderr]     Finished dev [unoptimized + debuginfo] target(s) in 3.90s
[INFO] running `Command { std: "docker" "inspect" "767a2f9a7a6b1adc4a864dae088c4afd797c6cd34310c3ed9253b06974493d86", kill_on_drop: false }`
[INFO] running `Command { std: "docker" "rm" "-f" "767a2f9a7a6b1adc4a864dae088c4afd797c6cd34310c3ed9253b06974493d86", kill_on_drop: false }`
[INFO] [stdout] 767a2f9a7a6b1adc4a864dae088c4afd797c6cd34310c3ed9253b06974493d86
[INFO] running `Command { std: "docker" "create" "-v" "/var/lib/crater-agent-workspace/builds/worker-5-tc1/target:/opt/rustwide/target:rw,Z" "-v" "/var/lib/crater-agent-workspace/builds/worker-5-tc1/source:/opt/rustwide/workdir:ro,Z" "-v" "/var/lib/crater-agent-workspace/cargo-home:/opt/rustwide/cargo-home:ro,Z" "-v" "/var/lib/crater-agent-workspace/rustup-home:/opt/rustwide/rustup-home:ro,Z" "-e" "SOURCE_DIR=/opt/rustwide/workdir" "-e" "CARGO_TARGET_DIR=/opt/rustwide/target" "-e" "CARGO_INCREMENTAL=0" "-e" "RUST_BACKTRACE=full" "-e" "RUSTFLAGS=--cap-lints=warn" "-e" "RUSTDOCFLAGS=--cap-lints=warn" "-e" "CARGO_HOME=/opt/rustwide/cargo-home" "-e" "RUSTUP_HOME=/opt/rustwide/rustup-home" "-w" "/opt/rustwide/workdir" "-m" "1610612736" "--user" "0:0" "--network" "none" "ghcr.io/rust-lang/crates-build-env/linux@sha256:5ff2268d62e97bff2cde7d5815dd6ed5b47097566f13b8d0ca110b04b60e07ed" "/opt/rustwide/cargo-home/bin/cargo" "+1.69.0" "test" "--frozen" "--no-run" "--message-format=json", kill_on_drop: false }`
[INFO] [stdout] 8061ea79755ee81dc5f4fc11d732497e90c6c33d345054c53d3d046dfec73c0d
[INFO] running `Command { std: "docker" "start" "-a" "8061ea79755ee81dc5f4fc11d732497e90c6c33d345054c53d3d046dfec73c0d", kill_on_drop: false }`
[INFO] [stderr]    Compiling google-jobs4 v5.0.2+20230120 (/opt/rustwide/workdir)
[INFO] [stderr]     Finished test [unoptimized + debuginfo] target(s) in 3.24s
[INFO] running `Command { std: "docker" "inspect" "8061ea79755ee81dc5f4fc11d732497e90c6c33d345054c53d3d046dfec73c0d", kill_on_drop: false }`
[INFO] running `Command { std: "docker" "rm" "-f" "8061ea79755ee81dc5f4fc11d732497e90c6c33d345054c53d3d046dfec73c0d", kill_on_drop: false }`
[INFO] [stdout] 8061ea79755ee81dc5f4fc11d732497e90c6c33d345054c53d3d046dfec73c0d
[INFO] running `Command { std: "docker" "create" "-v" "/var/lib/crater-agent-workspace/builds/worker-5-tc1/target:/opt/rustwide/target:rw,Z" "-v" "/var/lib/crater-agent-workspace/builds/worker-5-tc1/source:/opt/rustwide/workdir:ro,Z" "-v" "/var/lib/crater-agent-workspace/cargo-home:/opt/rustwide/cargo-home:ro,Z" "-v" "/var/lib/crater-agent-workspace/rustup-home:/opt/rustwide/rustup-home:ro,Z" "-e" "SOURCE_DIR=/opt/rustwide/workdir" "-e" "CARGO_TARGET_DIR=/opt/rustwide/target" "-e" "CARGO_INCREMENTAL=0" "-e" "RUST_BACKTRACE=full" "-e" "RUSTFLAGS=--cap-lints=warn" "-e" "RUSTDOCFLAGS=--cap-lints=warn" "-e" "CARGO_HOME=/opt/rustwide/cargo-home" "-e" "RUSTUP_HOME=/opt/rustwide/rustup-home" "-w" "/opt/rustwide/workdir" "-m" "1610612736" "--user" "0:0" "--network" "none" "ghcr.io/rust-lang/crates-build-env/linux@sha256:5ff2268d62e97bff2cde7d5815dd6ed5b47097566f13b8d0ca110b04b60e07ed" "/opt/rustwide/cargo-home/bin/cargo" "+1.69.0" "test" "--frozen", kill_on_drop: false }`
[INFO] [stdout] 6c3e046885e1518284a588fd5f13471e9909c6577b28186da7ba25d32965ed54
[INFO] running `Command { std: "docker" "start" "-a" "6c3e046885e1518284a588fd5f13471e9909c6577b28186da7ba25d32965ed54", kill_on_drop: false }`
[INFO] [stderr]     Finished test [unoptimized + debuginfo] target(s) in 0.14s
[INFO] [stderr]      Running unittests src/lib.rs (/opt/rustwide/target/debug/deps/google_jobs4-26123a49ce771618)
[INFO] [stdout] 
[INFO] [stderr]    Doc-tests google-jobs4
[INFO] [stdout] running 0 tests
[INFO] [stdout] 
[INFO] [stdout] test result: ok. 0 passed; 0 failed; 0 ignored; 0 measured; 0 filtered out; finished in 0.00s
[INFO] [stdout] 
[INFO] [stdout] 
[INFO] [stdout] running 27 tests
[INFO] [stdout] test src/api.rs - api::CloudTalentSolution (line 62) - compile ... ok
[INFO] [stdout] test src/api.rs - api::ProjectTenantCompanyCreateCall (line 2588) - compile ... ok
[INFO] [stdout] test src/api.rs - api::ProjectTenantJobBatchDeleteCall (line 4292) - compile ... ok
[INFO] [stdout] test src/api.rs - api::ProjectTenantCompanyGetCall (line 3140) - compile ... ok
[INFO] [stdout] test src/api.rs - api::ProjectTenantDeleteCall (line 7508) - compile ... ok
[INFO] [stdout] test src/api.rs - api::ProjectTenantCompanyDeleteCall (line 2879) - compile ... ok
[INFO] [stdout] test src/api.rs - api::ProjectTenantJobBatchUpdateCall (line 4583) - compile ... ok
[INFO] [stdout] test src/api.rs - api::ProjectMethods (line 1554) - compile ... ok
[INFO] [stdout] test src/api.rs - api::ProjectTenantCompanyPatchCall (line 3698) - compile ... FAILED
[INFO] [stdout] test src/api.rs - api::ProjectOperationGetCall (line 2036) - compile ... ok
[INFO] [stdout] test src/lib.rs - (line 49) ... ignored
[INFO] [stdout] test src/api.rs - api::ProjectTenantClientEventCreateCall (line 2297) - compile ... ok
[INFO] [stdout] test src/api.rs - api::ProjectTenantCompanyListCall (line 3401) - compile ... ok
[INFO] [stdout] test src/api.rs - api::ProjectTenantGetCall (line 7769) - compile ... ok
[INFO] [stdout] test src/api.rs - api::ProjectTenantJobCreateCall (line 4874) - compile ... ok
[INFO] [stdout] test src/api.rs - api::ProjectTenantJobGetCall (line 5426) - compile ... ok
[INFO] [stdout] test src/api.rs - api::ProjectTenantJobSearchCall (line 6299) - compile ... ok
[INFO] [stdout] test src/api.rs - api::ProjectTenantJobPatchCall (line 5996) - compile ... FAILED
[INFO] [stdout] test src/api.rs - api::ProjectTenantPatchCall (line 8315) - compile ... FAILED
[INFO] [stdout] test src/api.rs - api::ProjectTenantJobDeleteCall (line 5165) - compile ... ok
[INFO] [stdout] test src/api.rs - api::ProjectTenantCreateCall (line 7217) - compile ... ok
[INFO] [stdout] test src/api.rs - api::ProjectTenantCompleteQueryCall (line 6881) - compile ... ok
[INFO] [stdout] test src/api.rs - api::ProjectTenantJobListCall (line 5687) - compile ... ok
[INFO] [stdout] test src/api.rs - api::ProjectTenantListCall (line 8030) - compile ... ok
[INFO] [stdout] test src/api.rs - api::ProjectTenantJobBatchCreateCall (line 4001) - compile ... ok
[INFO] [stdout] test src/lib.rs - (line 76) - compile ... ok
[INFO] [stdout] test src/api.rs - api::ProjectTenantJobSearchForAlertCall (line 6590) - compile ... ok
[INFO] [stdout] 
[INFO] [stdout] failures:
[INFO] [stdout] 
[INFO] [stdout] ---- src/api.rs - api::ProjectTenantCompanyPatchCall (line 3698) stdout ----
[INFO] [stdout] error[E0308]: mismatched types
[INFO] [stdout]     --> src/api.rs:3722:27
[INFO] [stdout]      |
[INFO] [stdout] 25   |              .update_mask(&Default::default())
[INFO] [stdout]      |               ----------- ^^^^^^^^^^^^^^^^^^^ expected `FieldMask`, found `&_`
[INFO] [stdout]      |               |
[INFO] [stdout]      |               arguments to this method are incorrect
[INFO] [stdout]      |
[INFO] [stdout]      = note: expected struct `FieldMask`
[INFO] [stdout]              found reference `&_`
[INFO] [stdout] note: method defined here
[INFO] [stdout]     --> /opt/rustwide/workdir/src/api.rs:3913:12
[INFO] [stdout]      |
[INFO] [stdout] 3913 |     pub fn update_mask(mut self, new_value: client::FieldMask) -> ProjectTenantCompanyPatchCall<'a, S> {
[INFO] [stdout]      |            ^^^^^^^^^^^
[INFO] [stdout] help: consider removing the borrow
[INFO] [stdout]      |
[INFO] [stdout] 25   -              .update_mask(&Default::default())
[INFO] [stdout] 25   +              .update_mask(Default::default())
[INFO] [stdout]      |
[INFO] [stdout] 
[INFO] [stdout] error: aborting due to previous error
[INFO] [stdout] 
[INFO] [stdout] For more information about this error, try `rustc --explain E0308`.
[INFO] [stdout] Couldn't compile the test.
[INFO] [stdout] ---- src/api.rs - api::ProjectTenantJobPatchCall (line 5996) stdout ----
[INFO] [stdout] error[E0308]: mismatched types
[INFO] [stdout]     --> src/api.rs:6020:27
[INFO] [stdout]      |
[INFO] [stdout] 25   |              .update_mask(&Default::default())
[INFO] [stdout]      |               ----------- ^^^^^^^^^^^^^^^^^^^ expected `FieldMask`, found `&_`
[INFO] [stdout]      |               |
[INFO] [stdout]      |               arguments to this method are incorrect
[INFO] [stdout]      |
[INFO] [stdout]      = note: expected struct `FieldMask`
[INFO] [stdout]              found reference `&_`
[INFO] [stdout] note: method defined here
[INFO] [stdout]     --> /opt/rustwide/workdir/src/api.rs:6211:12
[INFO] [stdout]      |
[INFO] [stdout] 6211 |     pub fn update_mask(mut self, new_value: client::FieldMask) -> ProjectTenantJobPatchCall<'a, S> {
[INFO] [stdout]      |            ^^^^^^^^^^^
[INFO] [stdout] help: consider removing the borrow
[INFO] [stdout]      |
[INFO] [stdout] 25   -              .update_mask(&Default::default())
[INFO] [stdout] 25   +              .update_mask(Default::default())
[INFO] [stdout]      |
[INFO] [stdout] 
[INFO] [stdout] error: aborting due to previous error
[INFO] [stdout] 
[INFO] [stdout] For more information about this error, try `rustc --explain E0308`.
[INFO] [stdout] Couldn't compile the test.
[INFO] [stdout] ---- src/api.rs - api::ProjectTenantPatchCall (line 8315) stdout ----
[INFO] [stdout] error[E0308]: mismatched types
[INFO] [stdout]     --> src/api.rs:8339:27
[INFO] [stdout]      |
[INFO] [stdout] 25   |              .update_mask(&Default::default())
[INFO] [stdout]      |               ----------- ^^^^^^^^^^^^^^^^^^^ expected `FieldMask`, found `&_`
[INFO] [stdout]      |               |
[INFO] [stdout]      |               arguments to this method are incorrect
[INFO] [stdout]      |
[INFO] [stdout]      = note: expected struct `FieldMask`
[INFO] [stdout]              found reference `&_`
[INFO] [stdout] note: method defined here
[INFO] [stdout]     --> /opt/rustwide/workdir/src/api.rs:8530:12
[INFO] [stdout]      |
[INFO] [stdout] 8530 |     pub fn update_mask(mut self, new_value: client::FieldMask) -> ProjectTenantPatchCall<'a, S> {
[INFO] [stdout]      |            ^^^^^^^^^^^
[INFO] [stdout] help: consider removing the borrow
[INFO] [stdout]      |
[INFO] [stdout] 25   -              .update_mask(&Default::default())
[INFO] [stdout] 25   +              .update_mask(Default::default())
[INFO] [stdout]      |
[INFO] [stdout] 
[INFO] [stdout] error: aborting due to previous error
[INFO] [stdout] 
[INFO] [stdout] For more information about this error, try `rustc --explain E0308`.
[INFO] [stdout] Couldn't compile the test.
[INFO] [stdout] 
[INFO] [stdout] failures:
[INFO] [stdout]     src/api.rs - api::ProjectTenantCompanyPatchCall (line 3698)
[INFO] [stdout]     src/api.rs - api::ProjectTenantJobPatchCall (line 5996)
[INFO] [stdout]     src/api.rs - api::ProjectTenantPatchCall (line 8315)
[INFO] [stdout] 
[INFO] [stdout] test result: FAILED. 23 passed; 3 failed; 1 ignored; 0 measured; 0 filtered out; finished in 0.71s
[INFO] [stdout] 
[INFO] [stderr] error: doctest failed, to rerun pass `--doc`
[INFO] running `Command { std: "docker" "inspect" "6c3e046885e1518284a588fd5f13471e9909c6577b28186da7ba25d32965ed54", kill_on_drop: false }`
[INFO] running `Command { std: "docker" "rm" "-f" "6c3e046885e1518284a588fd5f13471e9909c6577b28186da7ba25d32965ed54", kill_on_drop: false }`
[INFO] [stdout] 6c3e046885e1518284a588fd5f13471e9909c6577b28186da7ba25d32965ed54
