[INFO] fetching crate google-iam1 5.0.2+20230112...
[INFO] testing google-iam1-5.0.2+20230112 against 1.69.0 for beta-1.70-1
[INFO] extracting crate google-iam1 5.0.2+20230112 into /workspace/builds/worker-3-tc1/source
[INFO] validating manifest of crates.io crate google-iam1 5.0.2+20230112 on toolchain 1.69.0
[INFO] running `Command { std: CARGO_HOME="/workspace/cargo-home" RUSTUP_HOME="/workspace/rustup-home" "/workspace/cargo-home/bin/cargo" "+1.69.0" "metadata" "--manifest-path" "Cargo.toml" "--no-deps", kill_on_drop: false }`
[INFO] started tweaking crates.io crate google-iam1 5.0.2+20230112
[INFO] finished tweaking crates.io crate google-iam1 5.0.2+20230112
[INFO] tweaked toml for crates.io crate google-iam1 5.0.2+20230112 written to /workspace/builds/worker-3-tc1/source/Cargo.toml
[INFO] running `Command { std: CARGO_HOME="/workspace/cargo-home" RUSTUP_HOME="/workspace/rustup-home" __CARGO_TEST_CHANNEL_OVERRIDE_DO_NOT_USE_THIS="nightly" "/workspace/cargo-home/bin/cargo" "+1.69.0" "generate-lockfile" "--manifest-path" "Cargo.toml" "-Zno-index-update", kill_on_drop: false }`
[INFO] running `Command { std: CARGO_HOME="/workspace/cargo-home" RUSTUP_HOME="/workspace/rustup-home" "/workspace/cargo-home/bin/cargo" "+1.69.0" "fetch" "--manifest-path" "Cargo.toml", kill_on_drop: false }`
[INFO] running `Command { std: "docker" "create" "-v" "/var/lib/crater-agent-workspace/builds/worker-3-tc1/target:/opt/rustwide/target:rw,Z" "-v" "/var/lib/crater-agent-workspace/builds/worker-3-tc1/source:/opt/rustwide/workdir:ro,Z" "-v" "/var/lib/crater-agent-workspace/cargo-home:/opt/rustwide/cargo-home:ro,Z" "-v" "/var/lib/crater-agent-workspace/rustup-home:/opt/rustwide/rustup-home:ro,Z" "-e" "SOURCE_DIR=/opt/rustwide/workdir" "-e" "CARGO_TARGET_DIR=/opt/rustwide/target" "-e" "CARGO_HOME=/opt/rustwide/cargo-home" "-e" "RUSTUP_HOME=/opt/rustwide/rustup-home" "-w" "/opt/rustwide/workdir" "-m" "1610612736" "--user" "0:0" "--network" "none" "ghcr.io/rust-lang/crates-build-env/linux@sha256:5ff2268d62e97bff2cde7d5815dd6ed5b47097566f13b8d0ca110b04b60e07ed" "/opt/rustwide/cargo-home/bin/cargo" "+1.69.0" "metadata" "--no-deps" "--format-version=1", kill_on_drop: false }`
[INFO] [stdout] e961dadee190140c732d6dd413f73bf30da034514a22d205a2cdd13d21d2e314
[INFO] running `Command { std: "docker" "start" "-a" "e961dadee190140c732d6dd413f73bf30da034514a22d205a2cdd13d21d2e314", kill_on_drop: false }`
[INFO] running `Command { std: "docker" "inspect" "e961dadee190140c732d6dd413f73bf30da034514a22d205a2cdd13d21d2e314", kill_on_drop: false }`
[INFO] running `Command { std: "docker" "rm" "-f" "e961dadee190140c732d6dd413f73bf30da034514a22d205a2cdd13d21d2e314", kill_on_drop: false }`
[INFO] [stdout] e961dadee190140c732d6dd413f73bf30da034514a22d205a2cdd13d21d2e314
[INFO] running `Command { std: "docker" "create" "-v" "/var/lib/crater-agent-workspace/builds/worker-3-tc1/target:/opt/rustwide/target:rw,Z" "-v" "/var/lib/crater-agent-workspace/builds/worker-3-tc1/source:/opt/rustwide/workdir:ro,Z" "-v" "/var/lib/crater-agent-workspace/cargo-home:/opt/rustwide/cargo-home:ro,Z" "-v" "/var/lib/crater-agent-workspace/rustup-home:/opt/rustwide/rustup-home:ro,Z" "-e" "SOURCE_DIR=/opt/rustwide/workdir" "-e" "CARGO_TARGET_DIR=/opt/rustwide/target" "-e" "CARGO_INCREMENTAL=0" "-e" "RUST_BACKTRACE=full" "-e" "RUSTFLAGS=--cap-lints=warn" "-e" "RUSTDOCFLAGS=--cap-lints=warn" "-e" "CARGO_HOME=/opt/rustwide/cargo-home" "-e" "RUSTUP_HOME=/opt/rustwide/rustup-home" "-w" "/opt/rustwide/workdir" "-m" "1610612736" "--user" "0:0" "--network" "none" "ghcr.io/rust-lang/crates-build-env/linux@sha256:5ff2268d62e97bff2cde7d5815dd6ed5b47097566f13b8d0ca110b04b60e07ed" "/opt/rustwide/cargo-home/bin/cargo" "+1.69.0" "build" "--frozen" "--message-format=json", kill_on_drop: false }`
[INFO] [stdout] 06c45c66a4608c866cf557baeda29c5d8c3522264aefd91cf49364f81e34897f
[INFO] running `Command { std: "docker" "start" "-a" "06c45c66a4608c866cf557baeda29c5d8c3522264aefd91cf49364f81e34897f", kill_on_drop: false }`
[INFO] [stderr]    Compiling google-iam1 v5.0.2+20230112 (/opt/rustwide/workdir)
[INFO] [stderr]     Finished dev [unoptimized + debuginfo] target(s) in 4.31s
[INFO] running `Command { std: "docker" "inspect" "06c45c66a4608c866cf557baeda29c5d8c3522264aefd91cf49364f81e34897f", kill_on_drop: false }`
[INFO] running `Command { std: "docker" "rm" "-f" "06c45c66a4608c866cf557baeda29c5d8c3522264aefd91cf49364f81e34897f", kill_on_drop: false }`
[INFO] [stdout] 06c45c66a4608c866cf557baeda29c5d8c3522264aefd91cf49364f81e34897f
[INFO] running `Command { std: "docker" "create" "-v" "/var/lib/crater-agent-workspace/builds/worker-3-tc1/target:/opt/rustwide/target:rw,Z" "-v" "/var/lib/crater-agent-workspace/builds/worker-3-tc1/source:/opt/rustwide/workdir:ro,Z" "-v" "/var/lib/crater-agent-workspace/cargo-home:/opt/rustwide/cargo-home:ro,Z" "-v" "/var/lib/crater-agent-workspace/rustup-home:/opt/rustwide/rustup-home:ro,Z" "-e" "SOURCE_DIR=/opt/rustwide/workdir" "-e" "CARGO_TARGET_DIR=/opt/rustwide/target" "-e" "CARGO_INCREMENTAL=0" "-e" "RUST_BACKTRACE=full" "-e" "RUSTFLAGS=--cap-lints=warn" "-e" "RUSTDOCFLAGS=--cap-lints=warn" "-e" "CARGO_HOME=/opt/rustwide/cargo-home" "-e" "RUSTUP_HOME=/opt/rustwide/rustup-home" "-w" "/opt/rustwide/workdir" "-m" "1610612736" "--user" "0:0" "--network" "none" "ghcr.io/rust-lang/crates-build-env/linux@sha256:5ff2268d62e97bff2cde7d5815dd6ed5b47097566f13b8d0ca110b04b60e07ed" "/opt/rustwide/cargo-home/bin/cargo" "+1.69.0" "test" "--frozen" "--no-run" "--message-format=json", kill_on_drop: false }`
[INFO] [stdout] cea135f18b88343db80ecd6ec62319b666331e4d4508384dddc4ccb5ec6426f2
[INFO] running `Command { std: "docker" "start" "-a" "cea135f18b88343db80ecd6ec62319b666331e4d4508384dddc4ccb5ec6426f2", kill_on_drop: false }`
[INFO] [stderr]    Compiling google-iam1 v5.0.2+20230112 (/opt/rustwide/workdir)
[INFO] [stderr]     Finished test [unoptimized + debuginfo] target(s) in 3.54s
[INFO] running `Command { std: "docker" "inspect" "cea135f18b88343db80ecd6ec62319b666331e4d4508384dddc4ccb5ec6426f2", kill_on_drop: false }`
[INFO] running `Command { std: "docker" "rm" "-f" "cea135f18b88343db80ecd6ec62319b666331e4d4508384dddc4ccb5ec6426f2", kill_on_drop: false }`
[INFO] [stdout] cea135f18b88343db80ecd6ec62319b666331e4d4508384dddc4ccb5ec6426f2
[INFO] running `Command { std: "docker" "create" "-v" "/var/lib/crater-agent-workspace/builds/worker-3-tc1/target:/opt/rustwide/target:rw,Z" "-v" "/var/lib/crater-agent-workspace/builds/worker-3-tc1/source:/opt/rustwide/workdir:ro,Z" "-v" "/var/lib/crater-agent-workspace/cargo-home:/opt/rustwide/cargo-home:ro,Z" "-v" "/var/lib/crater-agent-workspace/rustup-home:/opt/rustwide/rustup-home:ro,Z" "-e" "SOURCE_DIR=/opt/rustwide/workdir" "-e" "CARGO_TARGET_DIR=/opt/rustwide/target" "-e" "CARGO_INCREMENTAL=0" "-e" "RUST_BACKTRACE=full" "-e" "RUSTFLAGS=--cap-lints=warn" "-e" "RUSTDOCFLAGS=--cap-lints=warn" "-e" "CARGO_HOME=/opt/rustwide/cargo-home" "-e" "RUSTUP_HOME=/opt/rustwide/rustup-home" "-w" "/opt/rustwide/workdir" "-m" "1610612736" "--user" "0:0" "--network" "none" "ghcr.io/rust-lang/crates-build-env/linux@sha256:5ff2268d62e97bff2cde7d5815dd6ed5b47097566f13b8d0ca110b04b60e07ed" "/opt/rustwide/cargo-home/bin/cargo" "+1.69.0" "test" "--frozen", kill_on_drop: false }`
[INFO] [stdout] 9ae822ddfd2417ceb88e7fe29c4596287b98781b9374417736366b4624bb511d
[INFO] running `Command { std: "docker" "start" "-a" "9ae822ddfd2417ceb88e7fe29c4596287b98781b9374417736366b4624bb511d", kill_on_drop: false }`
[INFO] [stderr]     Finished test [unoptimized + debuginfo] target(s) in 0.14s
[INFO] [stderr]      Running unittests src/lib.rs (/opt/rustwide/target/debug/deps/google_iam1-169cf9e00b95c96b)
[INFO] [stderr]    Doc-tests google-iam1
[INFO] [stdout] 
[INFO] [stdout] running 0 tests
[INFO] [stdout] 
[INFO] [stdout] test result: ok. 0 passed; 0 failed; 0 ignored; 0 measured; 0 filtered out; finished in 0.00s
[INFO] [stdout] 
[INFO] [stdout] 
[INFO] [stdout] running 67 tests
[INFO] [stdout] test src/api.rs - api::IamPolicyQueryAuditableServiceCall (line 3139) - compile ... ok
[INFO] [stdout] test src/api.rs - api::LocationWorkforcePoolProviderKeyOperationGetCall (line 3672) - compile ... ok
[INFO] [stdout] test src/api.rs - api::Iam (line 58) - compile ... ok
[INFO] [stdout] test src/api.rs - api::IamPolicyMethods (line 1548) - compile ... ok
[INFO] [stdout] test src/api.rs - api::IamPolicyLintPolicyCall (line 2867) - compile ... ok
[INFO] [stdout] test src/api.rs - api::LocationMethods (line 1623) - compile ... ok
[INFO] [stdout] test src/api.rs - api::LocationWorkforcePoolOperationGetCall (line 3411) - compile ... ok
[INFO] [stdout] test src/api.rs - api::LocationWorkforcePoolProviderOperationGetCall (line 3933) - compile ... ok
[INFO] [stdout] test src/api.rs - api::LocationWorkforcePoolSubjectOperationGetCall (line 4194) - compile ... ok
[INFO] [stdout] test src/api.rs - api::OrganizationMethods (line 1732) - compile ... ok
[INFO] [stdout] test src/api.rs - api::OrganizationRoleDeleteCall (line 4746) - compile ... ok
[INFO] [stdout] test src/api.rs - api::OrganizationRoleListCall (line 5280) - compile ... ok
[INFO] [stdout] test src/api.rs - api::OrganizationRolePatchCall (line 5589) - compile ... FAILED
[INFO] [stdout] test src/api.rs - api::OrganizationRoleCreateCall (line 4455) - compile ... ok
[INFO] [stdout] test src/api.rs - api::OrganizationRoleGetCall (line 5019) - compile ... ok
[INFO] [stdout] test src/api.rs - api::PermissionMethods (line 1887) - compile ... ok
[INFO] [stdout] test src/api.rs - api::OrganizationRoleUndeleteCall (line 5892) - compile ... ok
[INFO] [stdout] test src/api.rs - api::ProjectLocationWorkloadIdentityPoolCreateCall (line 8954) - compile ... ok
[INFO] [stdout] test src/api.rs - api::ProjectLocationWorkloadIdentityPoolDeleteCall (line 9257) - compile ... ok
[INFO] [stdout] test src/api.rs - api::PermissionQueryTestablePermissionCall (line 6183) - compile ... ok
[INFO] [stdout] test src/api.rs - api::ProjectLocationWorkloadIdentityPoolGetCall (line 9518) - compile ... ok
[INFO] [stdout] test src/api.rs - api::ProjectLocationWorkloadIdentityPoolPatchCall (line 10076) - compile ... FAILED
[INFO] [stdout] test src/api.rs - api::ProjectLocationWorkloadIdentityPoolListCall (line 9779) - compile ... ok
[INFO] [stdout] test src/api.rs - api::ProjectLocationWorkloadIdentityPoolOperationGetCall (line 6455) - compile ... ok
[INFO] [stdout] test src/api.rs - api::ProjectLocationWorkloadIdentityPoolProviderKeyOperationGetCall (line 6716) - compile ... ok
[INFO] [stdout] test src/api.rs - api::ProjectLocationWorkloadIdentityPoolProviderCreateCall (line 7238) - compile ... ok
[INFO] [stdout] test src/api.rs - api::ProjectLocationWorkloadIdentityPoolProviderDeleteCall (line 7541) - compile ... ok
[INFO] [stdout] test src/api.rs - api::ProjectLocationWorkloadIdentityPoolProviderGetCall (line 7802) - compile ... ok
[INFO] [stdout] test src/api.rs - api::ProjectLocationWorkloadIdentityPoolProviderOperationGetCall (line 6977) - compile ... ok
[INFO] [stdout] test src/api.rs - api::ProjectLocationWorkloadIdentityPoolProviderListCall (line 8063) - compile ... ok
[INFO] [stdout] test src/api.rs - api::ProjectLocationWorkloadIdentityPoolProviderUndeleteCall (line 8663) - compile ... ok
[INFO] [stdout] test src/api.rs - api::ProjectRoleDeleteCall (line 10961) - compile ... ok
[INFO] [stdout] test src/api.rs - api::ProjectLocationWorkloadIdentityPoolUndeleteCall (line 10379) - compile ... ok
[INFO] [stdout] test src/api.rs - api::ProjectRoleCreateCall (line 10670) - compile ... ok
[INFO] [stdout] test src/api.rs - api::ProjectLocationWorkloadIdentityPoolProviderPatchCall (line 8360) - compile ... FAILED
[INFO] [stdout] test src/api.rs - api::ProjectRoleListCall (line 11495) - compile ... ok
[INFO] [stdout] test src/api.rs - api::ProjectRoleGetCall (line 11234) - compile ... ok
[INFO] [stdout] test src/api.rs - api::ProjectMethods (line 1945) - compile ... ok
[INFO] [stdout] test src/api.rs - api::ProjectServiceAccountCreateCall (line 14372) - compile ... ok
[INFO] [stdout] test src/api.rs - api::ProjectRoleUndeleteCall (line 12107) - compile ... ok
[INFO] [stdout] test src/api.rs - api::ProjectServiceAccountDeleteCall (line 14663) - compile ... ok
[INFO] [stdout] test src/api.rs - api::ProjectRolePatchCall (line 11804) - compile ... FAILED
[INFO] [stdout] test src/api.rs - api::ProjectServiceAccountDisableCall (line 14924) - compile ... ok
[INFO] [stdout] test src/api.rs - api::ProjectServiceAccountEnableCall (line 15215) - compile ... ok
[INFO] [stdout] test src/api.rs - api::ProjectServiceAccountGetIamPolicyCall (line 15767) - compile ... ok
[INFO] [stdout] test src/api.rs - api::ProjectServiceAccountGetCall (line 15506) - compile ... ok
[INFO] [stdout] test src/api.rs - api::ProjectServiceAccountKeyListCall (line 13805) - compile ... ok
[INFO] [stdout] test src/api.rs - api::ProjectServiceAccountKeyGetCall (line 13532) - compile ... ok
[INFO] [stdout] test src/api.rs - api::ProjectServiceAccountKeyCreateCall (line 12398) - compile ... ok
[INFO] [stdout] test src/api.rs - api::ProjectServiceAccountKeyUploadCall (line 14081) - compile ... ok
[INFO] [stdout] test src/api.rs - api::ProjectServiceAccountKeyDeleteCall (line 12689) - compile ... ok
[INFO] [stdout] test src/api.rs - api::ProjectServiceAccountKeyEnableCall (line 13241) - compile ... ok
[INFO] [stdout] test src/api.rs - api::ProjectServiceAccountListCall (line 16040) - compile ... ok
[INFO] [stdout] test src/api.rs - api::ProjectServiceAccountKeyDisableCall (line 12950) - compile ... ok
[INFO] [stdout] test src/api.rs - api::ProjectServiceAccountPatchCall (line 16325) - compile ... ok
[INFO] [stdout] test src/api.rs - api::ProjectServiceAccountSignJwtCall (line 17198) - compile ... ok
[INFO] [stdout] test src/api.rs - api::ProjectServiceAccountSignBlobCall (line 16907) - compile ... ok
[INFO] [stdout] test src/api.rs - api::ProjectServiceAccountSetIamPolicyCall (line 16616) - compile ... ok
[INFO] [stdout] test src/lib.rs - (line 59) ... ignored
[INFO] [stdout] test src/api.rs - api::ProjectServiceAccountTestIamPermissionCall (line 17489) - compile ... ok
[INFO] [stdout] test src/api.rs - api::ProjectServiceAccountUndeleteCall (line 17780) - compile ... ok
[INFO] [stdout] test src/api.rs - api::ProjectServiceAccountUpdateCall (line 18071) - compile ... ok
[INFO] [stdout] test src/api.rs - api::RoleGetCall (line 18362) - compile ... ok
[INFO] [stdout] test src/api.rs - api::RoleListCall (line 18623) - compile ... ok
[INFO] [stdout] test src/api.rs - api::RoleMethods (line 2767) - compile ... ok
[INFO] [stdout] test src/api.rs - api::RoleQueryGrantableRoleCall (line 18925) - compile ... ok
[INFO] [stdout] test src/lib.rs - (line 97) - compile ... ok
[INFO] [stdout] 
[INFO] [stdout] failures:
[INFO] [stdout] 
[INFO] [stdout] ---- src/api.rs - api::OrganizationRolePatchCall (line 5589) stdout ----
[INFO] [stdout] error[E0308]: mismatched types
[INFO] [stdout]     --> src/api.rs:5613:27
[INFO] [stdout]      |
[INFO] [stdout] 25   |              .update_mask(&Default::default())
[INFO] [stdout]      |               ----------- ^^^^^^^^^^^^^^^^^^^ expected `FieldMask`, found `&_`
[INFO] [stdout]      |               |
[INFO] [stdout]      |               arguments to this method are incorrect
[INFO] [stdout]      |
[INFO] [stdout]      = note: expected struct `FieldMask`
[INFO] [stdout]              found reference `&_`
[INFO] [stdout] note: method defined here
[INFO] [stdout]     --> /opt/rustwide/workdir/src/api.rs:5804:12
[INFO] [stdout]      |
[INFO] [stdout] 5804 |     pub fn update_mask(mut self, new_value: client::FieldMask) -> OrganizationRolePatchCall<'a, S> {
[INFO] [stdout]      |            ^^^^^^^^^^^
[INFO] [stdout] help: consider removing the borrow
[INFO] [stdout]      |
[INFO] [stdout] 25   -              .update_mask(&Default::default())
[INFO] [stdout] 25   +              .update_mask(Default::default())
[INFO] [stdout]      |
[INFO] [stdout] 
[INFO] [stdout] error: aborting due to previous error
[INFO] [stdout] 
[INFO] [stdout] For more information about this error, try `rustc --explain E0308`.
[INFO] [stdout] Couldn't compile the test.
[INFO] [stdout] ---- src/api.rs - api::ProjectLocationWorkloadIdentityPoolPatchCall (line 10076) stdout ----
[INFO] [stdout] error[E0308]: mismatched types
[INFO] [stdout]      --> src/api.rs:10100:27
[INFO] [stdout]       |
[INFO] [stdout] 25    |              .update_mask(&Default::default())
[INFO] [stdout]       |               ----------- ^^^^^^^^^^^^^^^^^^^ expected `FieldMask`, found `&_`
[INFO] [stdout]       |               |
[INFO] [stdout]       |               arguments to this method are incorrect
[INFO] [stdout]       |
[INFO] [stdout]       = note: expected struct `FieldMask`
[INFO] [stdout]               found reference `&_`
[INFO] [stdout] note: method defined here
[INFO] [stdout]      --> /opt/rustwide/workdir/src/api.rs:10291:12
[INFO] [stdout]       |
[INFO] [stdout] 10291 |     pub fn update_mask(mut self, new_value: client::FieldMask) -> ProjectLocationWorkloadIdentityPoolPatchCall<'a, S> {
[INFO] [stdout]       |            ^^^^^^^^^^^
[INFO] [stdout] help: consider removing the borrow
[INFO] [stdout]       |
[INFO] [stdout] 25    -              .update_mask(&Default::default())
[INFO] [stdout] 25    +              .update_mask(Default::default())
[INFO] [stdout]       |
[INFO] [stdout] 
[INFO] [stdout] error: aborting due to previous error
[INFO] [stdout] 
[INFO] [stdout] For more information about this error, try `rustc --explain E0308`.
[INFO] [stdout] Couldn't compile the test.
[INFO] [stdout] ---- src/api.rs - api::ProjectLocationWorkloadIdentityPoolProviderPatchCall (line 8360) stdout ----
[INFO] [stdout] error[E0308]: mismatched types
[INFO] [stdout]     --> src/api.rs:8384:27
[INFO] [stdout]      |
[INFO] [stdout] 25   |              .update_mask(&Default::default())
[INFO] [stdout]      |               ----------- ^^^^^^^^^^^^^^^^^^^ expected `FieldMask`, found `&_`
[INFO] [stdout]      |               |
[INFO] [stdout]      |               arguments to this method are incorrect
[INFO] [stdout]      |
[INFO] [stdout]      = note: expected struct `FieldMask`
[INFO] [stdout]              found reference `&_`
[INFO] [stdout] note: method defined here
[INFO] [stdout]     --> /opt/rustwide/workdir/src/api.rs:8575:12
[INFO] [stdout]      |
[INFO] [stdout] 8575 |     pub fn update_mask(mut self, new_value: client::FieldMask) -> ProjectLocationWorkloadIdentityPoolProviderPatchCall<'a, S> {
[INFO] [stdout]      |            ^^^^^^^^^^^
[INFO] [stdout] help: consider removing the borrow
[INFO] [stdout]      |
[INFO] [stdout] 25   -              .update_mask(&Default::default())
[INFO] [stdout] 25   +              .update_mask(Default::default())
[INFO] [stdout]      |
[INFO] [stdout] 
[INFO] [stdout] error: aborting due to previous error
[INFO] [stdout] 
[INFO] [stdout] For more information about this error, try `rustc --explain E0308`.
[INFO] [stdout] Couldn't compile the test.
[INFO] [stdout] ---- src/api.rs - api::ProjectRolePatchCall (line 11804) stdout ----
[INFO] [stdout] error[E0308]: mismatched types
[INFO] [stdout]      --> src/api.rs:11828:27
[INFO] [stdout]       |
[INFO] [stdout] 25    |              .update_mask(&Default::default())
[INFO] [stdout]       |               ----------- ^^^^^^^^^^^^^^^^^^^ expected `FieldMask`, found `&_`
[INFO] [stdout]       |               |
[INFO] [stdout]       |               arguments to this method are incorrect
[INFO] [stdout]       |
[INFO] [stdout]       = note: expected struct `FieldMask`
[INFO] [stdout]               found reference `&_`
[INFO] [stdout] note: method defined here
[INFO] [stdout]      --> /opt/rustwide/workdir/src/api.rs:12019:12
[INFO] [stdout]       |
[INFO] [stdout] 12019 |     pub fn update_mask(mut self, new_value: client::FieldMask) -> ProjectRolePatchCall<'a, S> {
[INFO] [stdout]       |            ^^^^^^^^^^^
[INFO] [stdout] help: consider removing the borrow
[INFO] [stdout]       |
[INFO] [stdout] 25    -              .update_mask(&Default::default())
[INFO] [stdout] 25    +              .update_mask(Default::default())
[INFO] [stdout]       |
[INFO] [stdout] 
[INFO] [stdout] error: aborting due to previous error
[INFO] [stdout] 
[INFO] [stdout] For more information about this error, try `rustc --explain E0308`.
[INFO] [stdout] Couldn't compile the test.
[INFO] [stdout] 
[INFO] [stdout] failures:
[INFO] [stdout]     src/api.rs - api::OrganizationRolePatchCall (line 5589)
[INFO] [stdout]     src/api.rs - api::ProjectLocationWorkloadIdentityPoolPatchCall (line 10076)
[INFO] [stdout]     src/api.rs - api::ProjectLocationWorkloadIdentityPoolProviderPatchCall (line 8360)
[INFO] [stdout]     src/api.rs - api::ProjectRolePatchCall (line 11804)
[INFO] [stdout] 
[INFO] [stdout] test result: FAILED. 62 passed; 4 failed; 1 ignored; 0 measured; 0 filtered out; finished in 3.57s
[INFO] [stdout] 
[INFO] [stderr] error: doctest failed, to rerun pass `--doc`
[INFO] running `Command { std: "docker" "inspect" "9ae822ddfd2417ceb88e7fe29c4596287b98781b9374417736366b4624bb511d", kill_on_drop: false }`
[INFO] running `Command { std: "docker" "rm" "-f" "9ae822ddfd2417ceb88e7fe29c4596287b98781b9374417736366b4624bb511d", kill_on_drop: false }`
[INFO] [stdout] 9ae822ddfd2417ceb88e7fe29c4596287b98781b9374417736366b4624bb511d
