[INFO] fetching crate google-healthcare1 5.0.2+20221220...
[INFO] testing google-healthcare1-5.0.2+20221220 against 1.69.0 for beta-1.70-1
[INFO] extracting crate google-healthcare1 5.0.2+20221220 into /workspace/builds/worker-3-tc1/source
[INFO] validating manifest of crates.io crate google-healthcare1 5.0.2+20221220 on toolchain 1.69.0
[INFO] running `Command { std: CARGO_HOME="/workspace/cargo-home" RUSTUP_HOME="/workspace/rustup-home" "/workspace/cargo-home/bin/cargo" "+1.69.0" "metadata" "--manifest-path" "Cargo.toml" "--no-deps", kill_on_drop: false }`
[INFO] started tweaking crates.io crate google-healthcare1 5.0.2+20221220
[INFO] finished tweaking crates.io crate google-healthcare1 5.0.2+20221220
[INFO] tweaked toml for crates.io crate google-healthcare1 5.0.2+20221220 written to /workspace/builds/worker-3-tc1/source/Cargo.toml
[INFO] running `Command { std: CARGO_HOME="/workspace/cargo-home" RUSTUP_HOME="/workspace/rustup-home" __CARGO_TEST_CHANNEL_OVERRIDE_DO_NOT_USE_THIS="nightly" "/workspace/cargo-home/bin/cargo" "+1.69.0" "generate-lockfile" "--manifest-path" "Cargo.toml" "-Zno-index-update", kill_on_drop: false }`
[INFO] running `Command { std: CARGO_HOME="/workspace/cargo-home" RUSTUP_HOME="/workspace/rustup-home" "/workspace/cargo-home/bin/cargo" "+1.69.0" "fetch" "--manifest-path" "Cargo.toml", kill_on_drop: false }`
[INFO] running `Command { std: "docker" "create" "-v" "/var/lib/crater-agent-workspace/builds/worker-3-tc1/target:/opt/rustwide/target:rw,Z" "-v" "/var/lib/crater-agent-workspace/builds/worker-3-tc1/source:/opt/rustwide/workdir:ro,Z" "-v" "/var/lib/crater-agent-workspace/cargo-home:/opt/rustwide/cargo-home:ro,Z" "-v" "/var/lib/crater-agent-workspace/rustup-home:/opt/rustwide/rustup-home:ro,Z" "-e" "SOURCE_DIR=/opt/rustwide/workdir" "-e" "CARGO_TARGET_DIR=/opt/rustwide/target" "-e" "CARGO_HOME=/opt/rustwide/cargo-home" "-e" "RUSTUP_HOME=/opt/rustwide/rustup-home" "-w" "/opt/rustwide/workdir" "-m" "1610612736" "--user" "0:0" "--network" "none" "ghcr.io/rust-lang/crates-build-env/linux@sha256:5ff2268d62e97bff2cde7d5815dd6ed5b47097566f13b8d0ca110b04b60e07ed" "/opt/rustwide/cargo-home/bin/cargo" "+1.69.0" "metadata" "--no-deps" "--format-version=1", kill_on_drop: false }`
[INFO] [stdout] 3b823089d41a3cc6eb15157f4ad0335e3e097e511900e5474c684128acdb20c2
[INFO] running `Command { std: "docker" "start" "-a" "3b823089d41a3cc6eb15157f4ad0335e3e097e511900e5474c684128acdb20c2", kill_on_drop: false }`
[INFO] running `Command { std: "docker" "inspect" "3b823089d41a3cc6eb15157f4ad0335e3e097e511900e5474c684128acdb20c2", kill_on_drop: false }`
[INFO] running `Command { std: "docker" "rm" "-f" "3b823089d41a3cc6eb15157f4ad0335e3e097e511900e5474c684128acdb20c2", kill_on_drop: false }`
[INFO] [stdout] 3b823089d41a3cc6eb15157f4ad0335e3e097e511900e5474c684128acdb20c2
[INFO] running `Command { std: "docker" "create" "-v" "/var/lib/crater-agent-workspace/builds/worker-3-tc1/target:/opt/rustwide/target:rw,Z" "-v" "/var/lib/crater-agent-workspace/builds/worker-3-tc1/source:/opt/rustwide/workdir:ro,Z" "-v" "/var/lib/crater-agent-workspace/cargo-home:/opt/rustwide/cargo-home:ro,Z" "-v" "/var/lib/crater-agent-workspace/rustup-home:/opt/rustwide/rustup-home:ro,Z" "-e" "SOURCE_DIR=/opt/rustwide/workdir" "-e" "CARGO_TARGET_DIR=/opt/rustwide/target" "-e" "CARGO_INCREMENTAL=0" "-e" "RUST_BACKTRACE=full" "-e" "RUSTFLAGS=--cap-lints=warn" "-e" "RUSTDOCFLAGS=--cap-lints=warn" "-e" "CARGO_HOME=/opt/rustwide/cargo-home" "-e" "RUSTUP_HOME=/opt/rustwide/rustup-home" "-w" "/opt/rustwide/workdir" "-m" "1610612736" "--user" "0:0" "--network" "none" "ghcr.io/rust-lang/crates-build-env/linux@sha256:5ff2268d62e97bff2cde7d5815dd6ed5b47097566f13b8d0ca110b04b60e07ed" "/opt/rustwide/cargo-home/bin/cargo" "+1.69.0" "build" "--frozen" "--message-format=json", kill_on_drop: false }`
[INFO] [stdout] 7097d4ff6d3b59087e43a96b37510c7f3cbd579894bf846b56c4eebae70fc9b4
[INFO] running `Command { std: "docker" "start" "-a" "7097d4ff6d3b59087e43a96b37510c7f3cbd579894bf846b56c4eebae70fc9b4", kill_on_drop: false }`
[INFO] [stderr]    Compiling google-healthcare1 v5.0.2+20221220 (/opt/rustwide/workdir)
[INFO] [stdout] warning: method `locations_datasets_fhir_stores_fhir__patient_everything` should have a snake case name
[INFO] [stdout]     --> src/api.rs:4501:12
[INFO] [stdout]      |
[INFO] [stdout] 4501 |     pub fn locations_datasets_fhir_stores_fhir__patient_everything(&self, name: &str) -> ProjectLocationDatasetFhirStoreFhirPatientEveryt...
[INFO] [stdout]      |            ^^^^^^^^^^^^^^^^^^^^^^^^^^^^^^^^^^^^^^^^^^^^^^^^^^^^^^^ help: convert the identifier to snake case: `locations_datasets_fhir_stores_fhir_patient_everything`
[INFO] [stdout]      |
[INFO] [stdout]      = note: `#[warn(non_snake_case)]` on by default
[INFO] [stdout] 
[INFO] [stdout] 
[INFO] [stdout] warning: method `locations_datasets_fhir_stores_fhir__resource_purge` should have a snake case name
[INFO] [stdout]     --> src/api.rs:4524:12
[INFO] [stdout]      |
[INFO] [stdout] 4524 |     pub fn locations_datasets_fhir_stores_fhir__resource_purge(&self, name: &str) -> ProjectLocationDatasetFhirStoreFhirResourcePurgeCall...
[INFO] [stdout]      |            ^^^^^^^^^^^^^^^^^^^^^^^^^^^^^^^^^^^^^^^^^^^^^^^^^^^ help: convert the identifier to snake case: `locations_datasets_fhir_stores_fhir_resource_purge`
[INFO] [stdout] 
[INFO] [stdout] 
[INFO] [stdout] warning: method `locations_datasets_fhir_stores_fhir__resource_validate` should have a snake case name
[INFO] [stdout]     --> src/api.rs:4543:12
[INFO] [stdout]      |
[INFO] [stdout] 4543 |     pub fn locations_datasets_fhir_stores_fhir__resource_validate(&self, request: HttpBody, parent: &str, type_: &str) -> ProjectLocation...
[INFO] [stdout]      |            ^^^^^^^^^^^^^^^^^^^^^^^^^^^^^^^^^^^^^^^^^^^^^^^^^^^^^^ help: convert the identifier to snake case: `locations_datasets_fhir_stores_fhir_resource_validate`
[INFO] [stdout] 
[INFO] [stdout] 
[INFO] [stdout] warning: 3 warnings emitted
[INFO] [stdout] 
[INFO] [stdout] 
[INFO] [stderr]     Finished dev [unoptimized + debuginfo] target(s) in 9.70s
[INFO] running `Command { std: "docker" "inspect" "7097d4ff6d3b59087e43a96b37510c7f3cbd579894bf846b56c4eebae70fc9b4", kill_on_drop: false }`
[INFO] running `Command { std: "docker" "rm" "-f" "7097d4ff6d3b59087e43a96b37510c7f3cbd579894bf846b56c4eebae70fc9b4", kill_on_drop: false }`
[INFO] [stdout] 7097d4ff6d3b59087e43a96b37510c7f3cbd579894bf846b56c4eebae70fc9b4
[INFO] running `Command { std: "docker" "create" "-v" "/var/lib/crater-agent-workspace/builds/worker-3-tc1/target:/opt/rustwide/target:rw,Z" "-v" "/var/lib/crater-agent-workspace/builds/worker-3-tc1/source:/opt/rustwide/workdir:ro,Z" "-v" "/var/lib/crater-agent-workspace/cargo-home:/opt/rustwide/cargo-home:ro,Z" "-v" "/var/lib/crater-agent-workspace/rustup-home:/opt/rustwide/rustup-home:ro,Z" "-e" "SOURCE_DIR=/opt/rustwide/workdir" "-e" "CARGO_TARGET_DIR=/opt/rustwide/target" "-e" "CARGO_INCREMENTAL=0" "-e" "RUST_BACKTRACE=full" "-e" "RUSTFLAGS=--cap-lints=warn" "-e" "RUSTDOCFLAGS=--cap-lints=warn" "-e" "CARGO_HOME=/opt/rustwide/cargo-home" "-e" "RUSTUP_HOME=/opt/rustwide/rustup-home" "-w" "/opt/rustwide/workdir" "-m" "1610612736" "--user" "0:0" "--network" "none" "ghcr.io/rust-lang/crates-build-env/linux@sha256:5ff2268d62e97bff2cde7d5815dd6ed5b47097566f13b8d0ca110b04b60e07ed" "/opt/rustwide/cargo-home/bin/cargo" "+1.69.0" "test" "--frozen" "--no-run" "--message-format=json", kill_on_drop: false }`
[INFO] [stdout] 2b3172ae86cf61f7574319af2116c9db65596c5033e8d4bb6523d83a31834dfa
[INFO] running `Command { std: "docker" "start" "-a" "2b3172ae86cf61f7574319af2116c9db65596c5033e8d4bb6523d83a31834dfa", kill_on_drop: false }`
[INFO] [stdout] warning: method `locations_datasets_fhir_stores_fhir__patient_everything` should have a snake case name
[INFO] [stdout]     --> src/api.rs:4501:12
[INFO] [stdout]      |
[INFO] [stdout] 4501 |     pub fn locations_datasets_fhir_stores_fhir__patient_everything(&self, name: &str) -> ProjectLocationDatasetFhirStoreFhirPatientEveryt...
[INFO] [stdout]      |            ^^^^^^^^^^^^^^^^^^^^^^^^^^^^^^^^^^^^^^^^^^^^^^^^^^^^^^^ help: convert the identifier to snake case: `locations_datasets_fhir_stores_fhir_patient_everything`
[INFO] [stdout]      |
[INFO] [stdout]      = note: `#[warn(non_snake_case)]` on by default
[INFO] [stdout] 
[INFO] [stdout] 
[INFO] [stdout] warning: method `locations_datasets_fhir_stores_fhir__resource_purge` should have a snake case name
[INFO] [stdout]     --> src/api.rs:4524:12
[INFO] [stdout]      |
[INFO] [stdout] 4524 |     pub fn locations_datasets_fhir_stores_fhir__resource_purge(&self, name: &str) -> ProjectLocationDatasetFhirStoreFhirResourcePurgeCall...
[INFO] [stdout]      |            ^^^^^^^^^^^^^^^^^^^^^^^^^^^^^^^^^^^^^^^^^^^^^^^^^^^ help: convert the identifier to snake case: `locations_datasets_fhir_stores_fhir_resource_purge`
[INFO] [stdout] 
[INFO] [stdout] 
[INFO] [stdout] warning: method `locations_datasets_fhir_stores_fhir__resource_validate` should have a snake case name
[INFO] [stdout]     --> src/api.rs:4543:12
[INFO] [stdout]      |
[INFO] [stdout] 4543 |     pub fn locations_datasets_fhir_stores_fhir__resource_validate(&self, request: HttpBody, parent: &str, type_: &str) -> ProjectLocation...
[INFO] [stdout]      |            ^^^^^^^^^^^^^^^^^^^^^^^^^^^^^^^^^^^^^^^^^^^^^^^^^^^^^^ help: convert the identifier to snake case: `locations_datasets_fhir_stores_fhir_resource_validate`
[INFO] [stdout] 
[INFO] [stdout] 
[INFO] [stdout] warning: 3 warnings emitted
[INFO] [stdout] 
[INFO] [stdout] 
[INFO] [stderr]    Compiling google-healthcare1 v5.0.2+20221220 (/opt/rustwide/workdir)
[INFO] [stdout] warning: method `locations_datasets_fhir_stores_fhir__patient_everything` should have a snake case name
[INFO] [stdout]     --> src/api.rs:4501:12
[INFO] [stdout]      |
[INFO] [stdout] 4501 |     pub fn locations_datasets_fhir_stores_fhir__patient_everything(&self, name: &str) -> ProjectLocationDatasetFhirStoreFhirPatientEveryt...
[INFO] [stdout]      |            ^^^^^^^^^^^^^^^^^^^^^^^^^^^^^^^^^^^^^^^^^^^^^^^^^^^^^^^ help: convert the identifier to snake case: `locations_datasets_fhir_stores_fhir_patient_everything`
[INFO] [stdout]      |
[INFO] [stdout]      = note: `#[warn(non_snake_case)]` on by default
[INFO] [stdout] 
[INFO] [stdout] 
[INFO] [stdout] warning: method `locations_datasets_fhir_stores_fhir__resource_purge` should have a snake case name
[INFO] [stdout]     --> src/api.rs:4524:12
[INFO] [stdout]      |
[INFO] [stdout] 4524 |     pub fn locations_datasets_fhir_stores_fhir__resource_purge(&self, name: &str) -> ProjectLocationDatasetFhirStoreFhirResourcePurgeCall...
[INFO] [stdout]      |            ^^^^^^^^^^^^^^^^^^^^^^^^^^^^^^^^^^^^^^^^^^^^^^^^^^^ help: convert the identifier to snake case: `locations_datasets_fhir_stores_fhir_resource_purge`
[INFO] [stdout] 
[INFO] [stdout] 
[INFO] [stdout] warning: method `locations_datasets_fhir_stores_fhir__resource_validate` should have a snake case name
[INFO] [stdout]     --> src/api.rs:4543:12
[INFO] [stdout]      |
[INFO] [stdout] 4543 |     pub fn locations_datasets_fhir_stores_fhir__resource_validate(&self, request: HttpBody, parent: &str, type_: &str) -> ProjectLocation...
[INFO] [stdout]      |            ^^^^^^^^^^^^^^^^^^^^^^^^^^^^^^^^^^^^^^^^^^^^^^^^^^^^^^ help: convert the identifier to snake case: `locations_datasets_fhir_stores_fhir_resource_validate`
[INFO] [stdout] 
[INFO] [stdout] 
[INFO] [stdout] warning: 3 warnings emitted
[INFO] [stdout] 
[INFO] [stdout] 
[INFO] [stderr]     Finished test [unoptimized + debuginfo] target(s) in 7.54s
[INFO] running `Command { std: "docker" "inspect" "2b3172ae86cf61f7574319af2116c9db65596c5033e8d4bb6523d83a31834dfa", kill_on_drop: false }`
[INFO] running `Command { std: "docker" "rm" "-f" "2b3172ae86cf61f7574319af2116c9db65596c5033e8d4bb6523d83a31834dfa", kill_on_drop: false }`
[INFO] [stdout] 2b3172ae86cf61f7574319af2116c9db65596c5033e8d4bb6523d83a31834dfa
[INFO] running `Command { std: "docker" "create" "-v" "/var/lib/crater-agent-workspace/builds/worker-3-tc1/target:/opt/rustwide/target:rw,Z" "-v" "/var/lib/crater-agent-workspace/builds/worker-3-tc1/source:/opt/rustwide/workdir:ro,Z" "-v" "/var/lib/crater-agent-workspace/cargo-home:/opt/rustwide/cargo-home:ro,Z" "-v" "/var/lib/crater-agent-workspace/rustup-home:/opt/rustwide/rustup-home:ro,Z" "-e" "SOURCE_DIR=/opt/rustwide/workdir" "-e" "CARGO_TARGET_DIR=/opt/rustwide/target" "-e" "CARGO_INCREMENTAL=0" "-e" "RUST_BACKTRACE=full" "-e" "RUSTFLAGS=--cap-lints=warn" "-e" "RUSTDOCFLAGS=--cap-lints=warn" "-e" "CARGO_HOME=/opt/rustwide/cargo-home" "-e" "RUSTUP_HOME=/opt/rustwide/rustup-home" "-w" "/opt/rustwide/workdir" "-m" "1610612736" "--user" "0:0" "--network" "none" "ghcr.io/rust-lang/crates-build-env/linux@sha256:5ff2268d62e97bff2cde7d5815dd6ed5b47097566f13b8d0ca110b04b60e07ed" "/opt/rustwide/cargo-home/bin/cargo" "+1.69.0" "test" "--frozen", kill_on_drop: false }`
[INFO] [stdout] 70e13bddbae80aecf45e29302215222188022cfe8d00b63576211bbaa5e9c340
[INFO] running `Command { std: "docker" "start" "-a" "70e13bddbae80aecf45e29302215222188022cfe8d00b63576211bbaa5e9c340", kill_on_drop: false }`
[INFO] [stderr] warning: method `locations_datasets_fhir_stores_fhir__patient_everything` should have a snake case name
[INFO] [stderr]     --> src/api.rs:4501:12
[INFO] [stderr]      |
[INFO] [stderr] 4501 |     pub fn locations_datasets_fhir_stores_fhir__patient_everything(&self, name: &str) -> ProjectLocationDatasetFhirStoreFhirPatientEveryt...
[INFO] [stderr]      |            ^^^^^^^^^^^^^^^^^^^^^^^^^^^^^^^^^^^^^^^^^^^^^^^^^^^^^^^ help: convert the identifier to snake case: `locations_datasets_fhir_stores_fhir_patient_everything`
[INFO] [stderr]      |
[INFO] [stderr]      = note: `#[warn(non_snake_case)]` on by default
[INFO] [stderr] 
[INFO] [stderr] warning: method `locations_datasets_fhir_stores_fhir__resource_purge` should have a snake case name
[INFO] [stderr]     --> src/api.rs:4524:12
[INFO] [stderr]      |
[INFO] [stderr] 4524 |     pub fn locations_datasets_fhir_stores_fhir__resource_purge(&self, name: &str) -> ProjectLocationDatasetFhirStoreFhirResourcePurgeCall...
[INFO] [stderr]      |            ^^^^^^^^^^^^^^^^^^^^^^^^^^^^^^^^^^^^^^^^^^^^^^^^^^^ help: convert the identifier to snake case: `locations_datasets_fhir_stores_fhir_resource_purge`
[INFO] [stderr] 
[INFO] [stderr] warning: method `locations_datasets_fhir_stores_fhir__resource_validate` should have a snake case name
[INFO] [stderr]     --> src/api.rs:4543:12
[INFO] [stderr]      |
[INFO] [stderr] 4543 |     pub fn locations_datasets_fhir_stores_fhir__resource_validate(&self, request: HttpBody, parent: &str, type_: &str) -> ProjectLocation...
[INFO] [stderr]      |            ^^^^^^^^^^^^^^^^^^^^^^^^^^^^^^^^^^^^^^^^^^^^^^^^^^^^^^ help: convert the identifier to snake case: `locations_datasets_fhir_stores_fhir_resource_validate`
[INFO] [stderr] 
[INFO] [stderr] warning: `google-healthcare1` (lib) generated 3 warnings
[INFO] [stderr] warning: `google-healthcare1` (lib test) generated 3 warnings (3 duplicates)
[INFO] [stderr]     Finished test [unoptimized + debuginfo] target(s) in 0.16s
[INFO] [stdout] 
[INFO] [stderr]      Running unittests src/lib.rs (/opt/rustwide/target/debug/deps/google_healthcare1-818dee929039d146)
[INFO] [stdout] running 0 tests
[INFO] [stderr]    Doc-tests google-healthcare1
[INFO] [stdout] 
[INFO] [stdout] test result: ok. 0 passed; 0 failed; 0 ignored; 0 measured; 0 filtered out; finished in 0.00s
[INFO] [stdout] 
[INFO] [stdout] 
[INFO] [stdout] running 127 tests
[INFO] [stdout] test src/api.rs - api::CloudHealthcare (line 58) - compile ... ok
[INFO] [stdout] test src/api.rs - api::ProjectLocationDatasetConsentStoreAttributeDefinitionDeleteCall (line 5874) - compile ... ok
[INFO] [stdout] test src/api.rs - api::ProjectLocationDatasetConsentStoreAttributeDefinitionListCall (line 6396) - compile ... ok
[INFO] [stdout] test src/api.rs - api::ProjectLocationDatasetConsentStoreAttributeDefinitionCreateCall (line 5571) - compile ... ok
[INFO] [stdout] test src/api.rs - api::ProjectLocationDatasetConsentStoreConsentActivateCall (line 8106) - compile ... ok
[INFO] [stdout] test src/api.rs - api::ProjectLocationDatasetConsentStoreAttributeDefinitionPatchCall (line 6693) - compile ... FAILED
[INFO] [stdout] test src/api.rs - api::ProjectLocationDatasetConsentStoreCheckDataAccesCall (line 12654) - compile ... ok
[INFO] [stdout] test src/api.rs - api::ProjectLocationDatasetConsentStoreConsentArtifactCreateCall (line 6996) - compile ... ok
[INFO] [stdout] test src/api.rs - api::ProjectLocationDatasetConsentStoreConsentArtifactGetCall (line 7548) - compile ... ok
[INFO] [stdout] test src/api.rs - api::ProjectLocationDatasetConsentStoreConsentArtifactDeleteCall (line 7287) - compile ... ok
[INFO] [stdout] test src/api.rs - api::ProjectLocationDatasetConsentStoreConsentArtifactListCall (line 7809) - compile ... ok
[INFO] [stdout] test src/api.rs - api::ProjectLocationDatasetConsentStoreAttributeDefinitionGetCall (line 6135) - compile ... ok
[INFO] [stdout] test src/api.rs - api::ProjectLocationDatasetConsentStoreConsentDeleteRevisionCall (line 8949) - compile ... ok
[INFO] [stdout] test src/api.rs - api::ProjectLocationDatasetConsentStoreConsentCreateCall (line 8397) - compile ... ok
[INFO] [stdout] test src/api.rs - api::ProjectLocationDatasetConsentStoreConsentDeleteCall (line 8688) - compile ... ok
[INFO] [stdout] test src/api.rs - api::ProjectLocationDatasetConsentStoreConsentListRevisionCall (line 9768) - compile ... ok
[INFO] [stdout] test src/api.rs - api::ProjectLocationDatasetConsentStoreConsentRejectCall (line 10368) - compile ... ok
[INFO] [stdout] test src/api.rs - api::ProjectLocationDatasetConsentStoreConsentGetCall (line 9210) - compile ... ok
[INFO] [stdout] test src/api.rs - api::ProjectLocationDatasetConsentStoreConsentListCall (line 9471) - compile ... ok
[INFO] [stdout] test src/api.rs - api::ProjectLocationDatasetConsentStoreConsentPatchCall (line 10065) - compile ... FAILED
[INFO] [stdout] test src/api.rs - api::ProjectLocationDatasetConsentStoreConsentRevokeCall (line 10659) - compile ... ok
[INFO] [stdout] test src/api.rs - api::ProjectLocationDatasetConsentStoreCreateCall (line 12945) - compile ... ok
[INFO] [stdout] test src/api.rs - api::ProjectLocationDatasetConsentStoreEvaluateUserConsentCall (line 13509) - compile ... ok
[INFO] [stdout] test src/api.rs - api::ProjectLocationDatasetConsentStoreGetCall (line 13800) - compile ... ok
[INFO] [stdout] test src/api.rs - api::ProjectLocationDatasetConsentStoreListCall (line 14334) - compile ... ok
[INFO] [stdout] test src/api.rs - api::ProjectLocationDatasetConsentStoreGetIamPolicyCall (line 14061) - compile ... ok
[INFO] [stdout] test src/api.rs - api::ProjectLocationDatasetConsentStorePatchCall (line 14631) - compile ... FAILED
[INFO] [stdout] test src/api.rs - api::ProjectLocationDatasetConsentStoreQueryAccessibleDataCall (line 14934) - compile ... ok
[INFO] [stdout] test src/api.rs - api::ProjectLocationDatasetConsentStoreDeleteCall (line 13248) - compile ... ok
[INFO] [stdout] test src/api.rs - api::ProjectLocationDatasetConsentStoreSetIamPolicyCall (line 15225) - compile ... ok
[INFO] [stdout] test src/api.rs - api::ProjectLocationDatasetConsentStoreUserDataMappingArchiveCall (line 10950) - compile ... ok
[INFO] [stdout] test src/api.rs - api::ProjectLocationDatasetConsentStoreTestIamPermissionCall (line 15516) - compile ... ok
[INFO] [stdout] test src/api.rs - api::ProjectLocationDatasetConsentStoreUserDataMappingGetCall (line 11793) - compile ... ok
[INFO] [stdout] test src/api.rs - api::ProjectLocationDatasetConsentStoreUserDataMappingListCall (line 12054) - compile ... ok
[INFO] [stdout] test src/api.rs - api::ProjectLocationDatasetConsentStoreUserDataMappingCreateCall (line 11241) - compile ... ok
[INFO] [stdout] test src/api.rs - api::ProjectLocationDatasetConsentStoreUserDataMappingDeleteCall (line 11532) - compile ... ok
[INFO] [stdout] test src/api.rs - api::ProjectLocationDatasetConsentStoreUserDataMappingPatchCall (line 12351) - compile ... FAILED
[INFO] [stdout] test src/api.rs - api::ProjectLocationDatasetDeidentifyCall (line 37418) - compile ... ok
[INFO] [stdout] test src/api.rs - api::ProjectLocationDatasetDicomStoreDeleteCall (line 20798) - compile ... ok
[INFO] [stdout] test src/api.rs - api::ProjectLocationDatasetCreateCall (line 37115) - compile ... ok
[INFO] [stdout] test src/api.rs - api::ProjectLocationDatasetDeleteCall (line 37709) - compile ... ok
[INFO] [stdout] test src/api.rs - api::ProjectLocationDatasetDicomStoreGetIamPolicyCall (line 21611) - compile ... ok
[INFO] [stdout] test src/api.rs - api::ProjectLocationDatasetDicomStoreCreateCall (line 20204) - compile ... ok
[INFO] [stdout] test src/api.rs - api::ProjectLocationDatasetDicomStoreDeidentifyCall (line 20507) - compile ... ok
[INFO] [stdout] test src/api.rs - api::ProjectLocationDatasetDicomStoreExportCall (line 21059) - compile ... ok
[INFO] [stdout] test src/api.rs - api::ProjectLocationDatasetDicomStoreImportCall (line 21884) - compile ... ok
[INFO] [stdout] test src/api.rs - api::ProjectLocationDatasetDicomStoreGetCall (line 21350) - compile ... ok
[INFO] [stdout] test src/api.rs - api::ProjectLocationDatasetDicomStoreSearchForStudyCall (line 23321) - compile ... ok
[INFO] [stdout] test src/api.rs - api::ProjectLocationDatasetDicomStoreListCall (line 22175) - compile ... ok
[INFO] [stdout] test src/api.rs - api::ProjectLocationDatasetDicomStoreSearchForInstanceCall (line 22775) - compile ... ok
[INFO] [stdout] test src/api.rs - api::ProjectLocationDatasetDicomStorePatchCall (line 22472) - compile ... FAILED
[INFO] [stdout] test src/api.rs - api::ProjectLocationDatasetDicomStoreSearchForSeryCall (line 23048) - compile ... ok
[INFO] [stdout] test src/api.rs - api::ProjectLocationDatasetDicomStoreSetIamPolicyCall (line 23594) - compile ... ok
[INFO] [stdout] test src/api.rs - api::ProjectLocationDatasetDicomStoreStudySearchForInstanceCall (line 19355) - compile ... ok
[INFO] [stdout] test src/api.rs - api::ProjectLocationDatasetDicomStoreStudyRetrieveMetadataCall (line 18809) - compile ... ok
[INFO] [stdout] test src/api.rs - api::ProjectLocationDatasetDicomStoreStoreInstanceCall (line 23885) - compile ... ok
[INFO] [stdout] test src/api.rs - api::ProjectLocationDatasetDicomStoreStudySearchForSeryCall (line 19628) - compile ... ok
[INFO] [stdout] test src/api.rs - api::ProjectLocationDatasetDicomStoreStudyDeleteCall (line 18537) - compile ... ok
[INFO] [stdout] test src/api.rs - api::ProjectLocationDatasetDicomStoreStudyRetrieveStudyCall (line 19082) - compile ... ok
[INFO] [stdout] test src/api.rs - api::ProjectLocationDatasetDicomStoreStudySeriesDeleteCall (line 17445) - compile ... ok
[INFO] [stdout] test src/api.rs - api::ProjectLocationDatasetDicomStoreStudySeriesInstanceDeleteCall (line 16353) - compile ... ok
[INFO] [stdout] test src/api.rs - api::ProjectLocationDatasetDicomStoreStudySeriesInstanceFrameRetrieveFrameCall (line 15807) - compile ... ok
[INFO] [stdout] test src/api.rs - api::ProjectLocationDatasetDicomStoreStudySeriesInstanceFrameRetrieveRenderedCall (line 16080) - compile ... ok
[INFO] [stdout] test src/api.rs - api::ProjectLocationDatasetDicomStoreStudySeriesRetrieveMetadataCall (line 17718) - compile ... ok
[INFO] [stdout] test src/api.rs - api::ProjectLocationDatasetDicomStoreStudySeriesInstanceRetrieveMetadataCall (line 16899) - compile ... ok
[INFO] [stdout] test src/api.rs - api::ProjectLocationDatasetDicomStoreStudySeriesInstanceRetrieveRenderedCall (line 17172) - compile ... ok
[INFO] [stdout] test src/api.rs - api::ProjectLocationDatasetDicomStoreStudySeriesInstanceRetrieveInstanceCall (line 16626) - compile ... ok
[INFO] [stdout] test src/api.rs - api::ProjectLocationDatasetDicomStoreStudySeriesRetrieveSeryCall (line 17991) - compile ... ok
[INFO] [stdout] test src/api.rs - api::ProjectLocationDatasetDicomStoreStudyStoreInstanceCall (line 19901) - compile ... ok
[INFO] [stdout] test src/api.rs - api::ProjectLocationDatasetDicomStoreStudySeriesSearchForInstanceCall (line 18264) - compile ... ok
[INFO] [stdout] test src/api.rs - api::ProjectLocationDatasetFhirStoreDeidentifyCall (line 28814) - compile ... ok
[INFO] [stdout] test src/api.rs - api::ProjectLocationDatasetDicomStoreTestIamPermissionCall (line 24188) - compile ... ok
[INFO] [stdout] test src/api.rs - api::ProjectLocationDatasetFhirStoreDeleteCall (line 29105) - compile ... ok
[INFO] [stdout] test src/api.rs - api::ProjectLocationDatasetFhirStoreFhirCapabilityCall (line 25388) - compile ... ok
[INFO] [stdout] test src/api.rs - api::ProjectLocationDatasetFhirStoreFhirDeleteCall (line 25952) - compile ... ok
[INFO] [stdout] test src/api.rs - api::ProjectLocationDatasetFhirStoreCreateCall (line 28511) - compile ... ok
[INFO] [stdout] test src/api.rs - api::ProjectLocationDatasetFhirStoreExportCall (line 29366) - compile ... ok
[INFO] [stdout] test src/api.rs - api::ProjectLocationDatasetFhirStoreFhirCreateCall (line 25649) - compile ... ok
[INFO] [stdout] test src/api.rs - api::ProjectLocationDatasetFhirStoreFhirExecuteBundleCall (line 26213) - compile ... ok
[INFO] [stdout] test src/api.rs - api::ProjectLocationDatasetFhirStoreFhirHistoryCall (line 26504) - compile ... ok
[INFO] [stdout] test src/api.rs - api::ProjectLocationDatasetFhirStoreFhirReadCall (line 27104) - compile ... ok
[INFO] [stdout] test src/api.rs - api::ProjectLocationDatasetFhirStoreFhirPatientEverythingCall (line 24479) - compile ... ok
[INFO] [stdout] test src/api.rs - api::ProjectLocationDatasetFhirStoreFhirResourceValidateCall (line 25073) - compile ... ok
[INFO] [stdout] test src/api.rs - api::ProjectLocationDatasetFhirStoreFhirPatchCall (line 26813) - compile ... ok
[INFO] [stdout] test src/api.rs - api::ProjectLocationDatasetFhirStoreFhirResourcePurgeCall (line 24812) - compile ... ok
[INFO] [stdout] test src/api.rs - api::ProjectLocationDatasetFhirStoreFhirSearchCall (line 27365) - compile ... ok
[INFO] [stdout] test src/api.rs - api::ProjectLocationDatasetFhirStoreFhirUpdateCall (line 27959) - compile ... ok
[INFO] [stdout] test src/api.rs - api::ProjectLocationDatasetFhirStoreFhirSearchTypeCall (line 27656) - compile ... ok
[INFO] [stdout] test src/api.rs - api::ProjectLocationDatasetFhirStorePatchCall (line 30779) - compile ... FAILED
[INFO] [stdout] test src/api.rs - api::ProjectLocationDatasetFhirStoreFhirVreadCall (line 28250) - compile ... ok
[INFO] [stdout] test src/api.rs - api::ProjectLocationDatasetFhirStoreGetCall (line 29657) - compile ... ok
[INFO] [stdout] test src/api.rs - api::ProjectLocationDatasetFhirStoreGetIamPolicyCall (line 29918) - compile ... ok
[INFO] [stdout] test src/api.rs - api::ProjectLocationDatasetFhirStoreListCall (line 30482) - compile ... ok
[INFO] [stdout] test src/api.rs - api::ProjectLocationDatasetFhirStoreSetIamPolicyCall (line 31082) - compile ... ok
[INFO] [stdout] test src/api.rs - api::ProjectLocationDatasetFhirStoreTestIamPermissionCall (line 31373) - compile ... ok
[INFO] [stdout] test src/api.rs - api::ProjectLocationDatasetFhirStoreImportCall (line 30191) - compile ... ok
[INFO] [stdout] test src/api.rs - api::ProjectLocationDatasetHl7V2StoreCreateCall (line 33404) - compile ... ok
[INFO] [stdout] test src/api.rs - api::ProjectLocationDatasetGetIamPolicyCall (line 38231) - compile ... ok
[INFO] [stdout] test src/api.rs - api::ProjectLocationDatasetHl7V2StoreExportCall (line 33968) - compile ... ok
[INFO] [stdout] test src/api.rs - api::ProjectLocationDatasetHl7V2StoreDeleteCall (line 33707) - compile ... ok
[INFO] [stdout] test src/api.rs - api::ProjectLocationDatasetHl7V2StoreGetIamPolicyCall (line 34520) - compile ... ok
[INFO] [stdout] test src/api.rs - api::ProjectLocationDatasetGetCall (line 37970) - compile ... ok
[INFO] [stdout] test src/api.rs - api::ProjectLocationDatasetHl7V2StoreGetCall (line 34259) - compile ... ok
[INFO] [stdout] test src/api.rs - api::ProjectLocationDatasetHl7V2StoreListCall (line 35084) - compile ... ok
[INFO] [stdout] test src/api.rs - api::ProjectLocationDatasetHl7V2StoreImportCall (line 34793) - compile ... ok
[INFO] [stdout] test src/api.rs - api::ProjectLocationDatasetHl7V2StoreMessagePatchCall (line 33101) - compile ... FAILED
[INFO] [stdout] test src/api.rs - api::ProjectLocationDatasetHl7V2StoreMessageDeleteCall (line 31955) - compile ... ok
[INFO] [stdout] test src/api.rs - api::ProjectLocationDatasetHl7V2StoreMessageGetCall (line 32216) - compile ... ok
[INFO] [stdout] test src/api.rs - api::ProjectLocationDatasetHl7V2StoreMessageCreateCall (line 31664) - compile ... ok
[INFO] [stdout] test src/api.rs - api::ProjectLocationDatasetHl7V2StoreMessageListCall (line 32780) - compile ... ok
[INFO] [stdout] test src/api.rs - api::ProjectLocationDatasetHl7V2StoreMessageIngestCall (line 32489) - compile ... ok
[INFO] [stdout] test src/api.rs - api::ProjectLocationDatasetListCall (line 38504) - compile ... ok
[INFO] [stdout] test src/api.rs - api::ProjectLocationDatasetHl7V2StoreTestIamPermissionCall (line 35975) - compile ... ok
[INFO] [stdout] test src/api.rs - api::ProjectLocationDatasetHl7V2StorePatchCall (line 35381) - compile ... FAILED
[INFO] [stdout] test src/api.rs - api::ProjectLocationDatasetHl7V2StoreSetIamPolicyCall (line 35684) - compile ... ok
[INFO] [stdout] test src/api.rs - api::ProjectLocationDatasetOperationListCall (line 36818) - compile ... ok
[INFO] [stdout] test src/api.rs - api::ProjectLocationDatasetOperationCancelCall (line 36266) - compile ... ok
[INFO] [stdout] test src/api.rs - api::ProjectLocationDatasetOperationGetCall (line 36557) - compile ... ok
[INFO] [stdout] test src/api.rs - api::ProjectLocationDatasetTestIamPermissionCall (line 39383) - compile ... ok
[INFO] [stdout] test src/lib.rs - (line 49) ... ignored
[INFO] [stdout] test src/api.rs - api::ProjectLocationListCall (line 40226) - compile ... ok
[INFO] [stdout] test src/lib.rs - (line 102) - compile ... ok
[INFO] [stdout] test src/api.rs - api::ProjectLocationDatasetPatchCall (line 38789) - compile ... FAILED
[INFO] [stdout] test src/api.rs - api::ProjectMethods (line 3199) - compile ... ok
[INFO] [stdout] test src/api.rs - api::ProjectLocationDatasetSetIamPolicyCall (line 39092) - compile ... ok
[INFO] [stdout] test src/api.rs - api::ProjectLocationServiceNlpAnalyzeEntityCall (line 39674) - compile ... ok
[INFO] [stdout] test src/api.rs - api::ProjectLocationGetCall (line 39965) - compile ... ok
[INFO] [stdout] 
[INFO] [stdout] failures:
[INFO] [stdout] 
[INFO] [stdout] ---- src/api.rs - api::ProjectLocationDatasetConsentStoreAttributeDefinitionPatchCall (line 6693) stdout ----
[INFO] [stdout] error[E0308]: mismatched types
[INFO] [stdout]     --> src/api.rs:6717:27
[INFO] [stdout]      |
[INFO] [stdout] 25   |              .update_mask(&Default::default())
[INFO] [stdout]      |               ----------- ^^^^^^^^^^^^^^^^^^^ expected `FieldMask`, found `&_`
[INFO] [stdout]      |               |
[INFO] [stdout]      |               arguments to this method are incorrect
[INFO] [stdout]      |
[INFO] [stdout]      = note: expected struct `FieldMask`
[INFO] [stdout]              found reference `&_`
[INFO] [stdout] note: method defined here
[INFO] [stdout]     --> /opt/rustwide/workdir/src/api.rs:6908:12
[INFO] [stdout]      |
[INFO] [stdout] 6908 |     pub fn update_mask(mut self, new_value: client::FieldMask) -> ProjectLocationDatasetConsentStoreAttributeDefinitionPatchCall<'a, S> {
[INFO] [stdout]      |            ^^^^^^^^^^^
[INFO] [stdout] help: consider removing the borrow
[INFO] [stdout]      |
[INFO] [stdout] 25   -              .update_mask(&Default::default())
[INFO] [stdout] 25   +              .update_mask(Default::default())
[INFO] [stdout]      |
[INFO] [stdout] 
[INFO] [stdout] error: aborting due to previous error
[INFO] [stdout] 
[INFO] [stdout] For more information about this error, try `rustc --explain E0308`.
[INFO] [stdout] Couldn't compile the test.
[INFO] [stdout] ---- src/api.rs - api::ProjectLocationDatasetConsentStoreConsentPatchCall (line 10065) stdout ----
[INFO] [stdout] error[E0308]: mismatched types
[INFO] [stdout]      --> src/api.rs:10089:27
[INFO] [stdout]       |
[INFO] [stdout] 25    |              .update_mask(&Default::default())
[INFO] [stdout]       |               ----------- ^^^^^^^^^^^^^^^^^^^ expected `FieldMask`, found `&_`
[INFO] [stdout]       |               |
[INFO] [stdout]       |               arguments to this method are incorrect
[INFO] [stdout]       |
[INFO] [stdout]       = note: expected struct `FieldMask`
[INFO] [stdout]               found reference `&_`
[INFO] [stdout] note: method defined here
[INFO] [stdout]      --> /opt/rustwide/workdir/src/api.rs:10280:12
[INFO] [stdout]       |
[INFO] [stdout] 10280 |     pub fn update_mask(mut self, new_value: client::FieldMask) -> ProjectLocationDatasetConsentStoreConsentPatchCall<'a, S> {
[INFO] [stdout]       |            ^^^^^^^^^^^
[INFO] [stdout] help: consider removing the borrow
[INFO] [stdout]       |
[INFO] [stdout] 25    -              .update_mask(&Default::default())
[INFO] [stdout] 25    +              .update_mask(Default::default())
[INFO] [stdout]       |
[INFO] [stdout] 
[INFO] [stdout] error: aborting due to previous error
[INFO] [stdout] 
[INFO] [stdout] For more information about this error, try `rustc --explain E0308`.
[INFO] [stdout] Couldn't compile the test.
[INFO] [stdout] ---- src/api.rs - api::ProjectLocationDatasetConsentStorePatchCall (line 14631) stdout ----
[INFO] [stdout] error[E0308]: mismatched types
[INFO] [stdout]      --> src/api.rs:14655:27
[INFO] [stdout]       |
[INFO] [stdout] 25    |              .update_mask(&Default::default())
[INFO] [stdout]       |               ----------- ^^^^^^^^^^^^^^^^^^^ expected `FieldMask`, found `&_`
[INFO] [stdout]       |               |
[INFO] [stdout]       |               arguments to this method are incorrect
[INFO] [stdout]       |
[INFO] [stdout]       = note: expected struct `FieldMask`
[INFO] [stdout]               found reference `&_`
[INFO] [stdout] note: method defined here
[INFO] [stdout]      --> /opt/rustwide/workdir/src/api.rs:14846:12
[INFO] [stdout]       |
[INFO] [stdout] 14846 |     pub fn update_mask(mut self, new_value: client::FieldMask) -> ProjectLocationDatasetConsentStorePatchCall<'a, S> {
[INFO] [stdout]       |            ^^^^^^^^^^^
[INFO] [stdout] help: consider removing the borrow
[INFO] [stdout]       |
[INFO] [stdout] 25    -              .update_mask(&Default::default())
[INFO] [stdout] 25    +              .update_mask(Default::default())
[INFO] [stdout]       |
[INFO] [stdout] 
[INFO] [stdout] error: aborting due to previous error
[INFO] [stdout] 
[INFO] [stdout] For more information about this error, try `rustc --explain E0308`.
[INFO] [stdout] Couldn't compile the test.
[INFO] [stdout] ---- src/api.rs - api::ProjectLocationDatasetConsentStoreUserDataMappingPatchCall (line 12351) stdout ----
[INFO] [stdout] error[E0308]: mismatched types
[INFO] [stdout]      --> src/api.rs:12375:27
[INFO] [stdout]       |
[INFO] [stdout] 25    |              .update_mask(&Default::default())
[INFO] [stdout]       |               ----------- ^^^^^^^^^^^^^^^^^^^ expected `FieldMask`, found `&_`
[INFO] [stdout]       |               |
[INFO] [stdout]       |               arguments to this method are incorrect
[INFO] [stdout]       |
[INFO] [stdout]       = note: expected struct `FieldMask`
[INFO] [stdout]               found reference `&_`
[INFO] [stdout] note: method defined here
[INFO] [stdout]      --> /opt/rustwide/workdir/src/api.rs:12566:12
[INFO] [stdout]       |
[INFO] [stdout] 12566 |     pub fn update_mask(mut self, new_value: client::FieldMask) -> ProjectLocationDatasetConsentStoreUserDataMappingPatchCall<'a, S> {
[INFO] [stdout]       |            ^^^^^^^^^^^
[INFO] [stdout] help: consider removing the borrow
[INFO] [stdout]       |
[INFO] [stdout] 25    -              .update_mask(&Default::default())
[INFO] [stdout] 25    +              .update_mask(Default::default())
[INFO] [stdout]       |
[INFO] [stdout] 
[INFO] [stdout] error: aborting due to previous error
[INFO] [stdout] 
[INFO] [stdout] For more information about this error, try `rustc --explain E0308`.
[INFO] [stdout] Couldn't compile the test.
[INFO] [stdout] ---- src/api.rs - api::ProjectLocationDatasetDicomStorePatchCall (line 22472) stdout ----
[INFO] [stdout] error[E0308]: mismatched types
[INFO] [stdout]      --> src/api.rs:22496:27
[INFO] [stdout]       |
[INFO] [stdout] 25    |              .update_mask(&Default::default())
[INFO] [stdout]       |               ----------- ^^^^^^^^^^^^^^^^^^^ expected `FieldMask`, found `&_`
[INFO] [stdout]       |               |
[INFO] [stdout]       |               arguments to this method are incorrect
[INFO] [stdout]       |
[INFO] [stdout]       = note: expected struct `FieldMask`
[INFO] [stdout]               found reference `&_`
[INFO] [stdout] note: method defined here
[INFO] [stdout]      --> /opt/rustwide/workdir/src/api.rs:22687:12
[INFO] [stdout]       |
[INFO] [stdout] 22687 |     pub fn update_mask(mut self, new_value: client::FieldMask) -> ProjectLocationDatasetDicomStorePatchCall<'a, S> {
[INFO] [stdout]       |            ^^^^^^^^^^^
[INFO] [stdout] help: consider removing the borrow
[INFO] [stdout]       |
[INFO] [stdout] 25    -              .update_mask(&Default::default())
[INFO] [stdout] 25    +              .update_mask(Default::default())
[INFO] [stdout]       |
[INFO] [stdout] 
[INFO] [stdout] error: aborting due to previous error
[INFO] [stdout] 
[INFO] [stdout] For more information about this error, try `rustc --explain E0308`.
[INFO] [stdout] Couldn't compile the test.
[INFO] [stdout] ---- src/api.rs - api::ProjectLocationDatasetFhirStorePatchCall (line 30779) stdout ----
[INFO] [stdout] error[E0308]: mismatched types
[INFO] [stdout]      --> src/api.rs:30803:27
[INFO] [stdout]       |
[INFO] [stdout] 25    |              .update_mask(&Default::default())
[INFO] [stdout]       |               ----------- ^^^^^^^^^^^^^^^^^^^ expected `FieldMask`, found `&_`
[INFO] [stdout]       |               |
[INFO] [stdout]       |               arguments to this method are incorrect
[INFO] [stdout]       |
[INFO] [stdout]       = note: expected struct `FieldMask`
[INFO] [stdout]               found reference `&_`
[INFO] [stdout] note: method defined here
[INFO] [stdout]      --> /opt/rustwide/workdir/src/api.rs:30994:12
[INFO] [stdout]       |
[INFO] [stdout] 30994 |     pub fn update_mask(mut self, new_value: client::FieldMask) -> ProjectLocationDatasetFhirStorePatchCall<'a, S> {
[INFO] [stdout]       |            ^^^^^^^^^^^
[INFO] [stdout] help: consider removing the borrow
[INFO] [stdout]       |
[INFO] [stdout] 25    -              .update_mask(&Default::default())
[INFO] [stdout] 25    +              .update_mask(Default::default())
[INFO] [stdout]       |
[INFO] [stdout] 
[INFO] [stdout] error: aborting due to previous error
[INFO] [stdout] 
[INFO] [stdout] For more information about this error, try `rustc --explain E0308`.
[INFO] [stdout] Couldn't compile the test.
[INFO] [stdout] ---- src/api.rs - api::ProjectLocationDatasetHl7V2StoreMessagePatchCall (line 33101) stdout ----
[INFO] [stdout] error[E0308]: mismatched types
[INFO] [stdout]      --> src/api.rs:33125:27
[INFO] [stdout]       |
[INFO] [stdout] 25    |              .update_mask(&Default::default())
[INFO] [stdout]       |               ----------- ^^^^^^^^^^^^^^^^^^^ expected `FieldMask`, found `&_`
[INFO] [stdout]       |               |
[INFO] [stdout]       |               arguments to this method are incorrect
[INFO] [stdout]       |
[INFO] [stdout]       = note: expected struct `FieldMask`
[INFO] [stdout]               found reference `&_`
[INFO] [stdout] note: method defined here
[INFO] [stdout]      --> /opt/rustwide/workdir/src/api.rs:33316:12
[INFO] [stdout]       |
[INFO] [stdout] 33316 |     pub fn update_mask(mut self, new_value: client::FieldMask) -> ProjectLocationDatasetHl7V2StoreMessagePatchCall<'a, S> {
[INFO] [stdout]       |            ^^^^^^^^^^^
[INFO] [stdout] help: consider removing the borrow
[INFO] [stdout]       |
[INFO] [stdout] 25    -              .update_mask(&Default::default())
[INFO] [stdout] 25    +              .update_mask(Default::default())
[INFO] [stdout]       |
[INFO] [stdout] 
[INFO] [stdout] error: aborting due to previous error
[INFO] [stdout] 
[INFO] [stdout] For more information about this error, try `rustc --explain E0308`.
[INFO] [stdout] Couldn't compile the test.
[INFO] [stdout] ---- src/api.rs - api::ProjectLocationDatasetHl7V2StorePatchCall (line 35381) stdout ----
[INFO] [stdout] error[E0308]: mismatched types
[INFO] [stdout]      --> src/api.rs:35405:27
[INFO] [stdout]       |
[INFO] [stdout] 25    |              .update_mask(&Default::default())
[INFO] [stdout]       |               ----------- ^^^^^^^^^^^^^^^^^^^ expected `FieldMask`, found `&_`
[INFO] [stdout]       |               |
[INFO] [stdout]       |               arguments to this method are incorrect
[INFO] [stdout]       |
[INFO] [stdout]       = note: expected struct `FieldMask`
[INFO] [stdout]               found reference `&_`
[INFO] [stdout] note: method defined here
[INFO] [stdout]      --> /opt/rustwide/workdir/src/api.rs:35596:12
[INFO] [stdout]       |
[INFO] [stdout] 35596 |     pub fn update_mask(mut self, new_value: client::FieldMask) -> ProjectLocationDatasetHl7V2StorePatchCall<'a, S> {
[INFO] [stdout]       |            ^^^^^^^^^^^
[INFO] [stdout] help: consider removing the borrow
[INFO] [stdout]       |
[INFO] [stdout] 25    -              .update_mask(&Default::default())
[INFO] [stdout] 25    +              .update_mask(Default::default())
[INFO] [stdout]       |
[INFO] [stdout] 
[INFO] [stdout] error: aborting due to previous error
[INFO] [stdout] 
[INFO] [stdout] For more information about this error, try `rustc --explain E0308`.
[INFO] [stdout] Couldn't compile the test.
[INFO] [stdout] ---- src/api.rs - api::ProjectLocationDatasetPatchCall (line 38789) stdout ----
[INFO] [stdout] error[E0308]: mismatched types
[INFO] [stdout]      --> src/api.rs:38813:27
[INFO] [stdout]       |
[INFO] [stdout] 25    |              .update_mask(&Default::default())
[INFO] [stdout]       |               ----------- ^^^^^^^^^^^^^^^^^^^ expected `FieldMask`, found `&_`
[INFO] [stdout]       |               |
[INFO] [stdout]       |               arguments to this method are incorrect
[INFO] [stdout]       |
[INFO] [stdout]       = note: expected struct `FieldMask`
[INFO] [stdout]               found reference `&_`
[INFO] [stdout] note: method defined here
[INFO] [stdout]      --> /opt/rustwide/workdir/src/api.rs:39004:12
[INFO] [stdout]       |
[INFO] [stdout] 39004 |     pub fn update_mask(mut self, new_value: client::FieldMask) -> ProjectLocationDatasetPatchCall<'a, S> {
[INFO] [stdout]       |            ^^^^^^^^^^^
[INFO] [stdout] help: consider removing the borrow
[INFO] [stdout]       |
[INFO] [stdout] 25    -              .update_mask(&Default::default())
[INFO] [stdout] 25    +              .update_mask(Default::default())
[INFO] [stdout]       |
[INFO] [stdout] 
[INFO] [stdout] error: aborting due to previous error
[INFO] [stdout] 
[INFO] [stdout] For more information about this error, try `rustc --explain E0308`.
[INFO] [stdout] Couldn't compile the test.
[INFO] [stdout] 
[INFO] [stdout] failures:
[INFO] [stdout]     src/api.rs - api::ProjectLocationDatasetConsentStoreAttributeDefinitionPatchCall (line 6693)
[INFO] [stdout]     src/api.rs - api::ProjectLocationDatasetConsentStoreConsentPatchCall (line 10065)
[INFO] [stdout]     src/api.rs - api::ProjectLocationDatasetConsentStorePatchCall (line 14631)
[INFO] [stdout]     src/api.rs - api::ProjectLocationDatasetConsentStoreUserDataMappingPatchCall (line 12351)
[INFO] [stdout]     src/api.rs - api::ProjectLocationDatasetDicomStorePatchCall (line 22472)
[INFO] [stdout]     src/api.rs - api::ProjectLocationDatasetFhirStorePatchCall (line 30779)
[INFO] [stdout]     src/api.rs - api::ProjectLocationDatasetHl7V2StoreMessagePatchCall (line 33101)
[INFO] [stdout]     src/api.rs - api::ProjectLocationDatasetHl7V2StorePatchCall (line 35381)
[INFO] [stdout]     src/api.rs - api::ProjectLocationDatasetPatchCall (line 38789)
[INFO] [stdout] 
[INFO] [stdout] test result: FAILED. 117 passed; 9 failed; 1 ignored; 0 measured; 0 filtered out; finished in 6.54s
[INFO] [stdout] 
[INFO] [stderr] error: doctest failed, to rerun pass `--doc`
[INFO] running `Command { std: "docker" "inspect" "70e13bddbae80aecf45e29302215222188022cfe8d00b63576211bbaa5e9c340", kill_on_drop: false }`
[INFO] running `Command { std: "docker" "rm" "-f" "70e13bddbae80aecf45e29302215222188022cfe8d00b63576211bbaa5e9c340", kill_on_drop: false }`
[INFO] [stdout] 70e13bddbae80aecf45e29302215222188022cfe8d00b63576211bbaa5e9c340
