[INFO] fetching crate google-firebasehosting1_beta1 5.0.2+20230123...
[INFO] testing google-firebasehosting1_beta1-5.0.2+20230123 against 1.69.0 for beta-1.70-1
[INFO] extracting crate google-firebasehosting1_beta1 5.0.2+20230123 into /workspace/builds/worker-3-tc1/source
[INFO] validating manifest of crates.io crate google-firebasehosting1_beta1 5.0.2+20230123 on toolchain 1.69.0
[INFO] running `Command { std: CARGO_HOME="/workspace/cargo-home" RUSTUP_HOME="/workspace/rustup-home" "/workspace/cargo-home/bin/cargo" "+1.69.0" "metadata" "--manifest-path" "Cargo.toml" "--no-deps", kill_on_drop: false }`
[INFO] started tweaking crates.io crate google-firebasehosting1_beta1 5.0.2+20230123
[INFO] finished tweaking crates.io crate google-firebasehosting1_beta1 5.0.2+20230123
[INFO] tweaked toml for crates.io crate google-firebasehosting1_beta1 5.0.2+20230123 written to /workspace/builds/worker-3-tc1/source/Cargo.toml
[INFO] running `Command { std: CARGO_HOME="/workspace/cargo-home" RUSTUP_HOME="/workspace/rustup-home" __CARGO_TEST_CHANNEL_OVERRIDE_DO_NOT_USE_THIS="nightly" "/workspace/cargo-home/bin/cargo" "+1.69.0" "generate-lockfile" "--manifest-path" "Cargo.toml" "-Zno-index-update", kill_on_drop: false }`
[INFO] [stderr]     Blocking waiting for file lock on package cache
[INFO] running `Command { std: CARGO_HOME="/workspace/cargo-home" RUSTUP_HOME="/workspace/rustup-home" "/workspace/cargo-home/bin/cargo" "+1.69.0" "fetch" "--manifest-path" "Cargo.toml", kill_on_drop: false }`
[INFO] [stderr]     Blocking waiting for file lock on package cache
[INFO] running `Command { std: "docker" "create" "-v" "/var/lib/crater-agent-workspace/builds/worker-3-tc1/target:/opt/rustwide/target:rw,Z" "-v" "/var/lib/crater-agent-workspace/builds/worker-3-tc1/source:/opt/rustwide/workdir:ro,Z" "-v" "/var/lib/crater-agent-workspace/cargo-home:/opt/rustwide/cargo-home:ro,Z" "-v" "/var/lib/crater-agent-workspace/rustup-home:/opt/rustwide/rustup-home:ro,Z" "-e" "SOURCE_DIR=/opt/rustwide/workdir" "-e" "CARGO_TARGET_DIR=/opt/rustwide/target" "-e" "CARGO_HOME=/opt/rustwide/cargo-home" "-e" "RUSTUP_HOME=/opt/rustwide/rustup-home" "-w" "/opt/rustwide/workdir" "-m" "1610612736" "--user" "0:0" "--network" "none" "ghcr.io/rust-lang/crates-build-env/linux@sha256:97d61d7686bf65f8ecb15491ab51835e82dc9176a96a831f143a431b191fc501" "/opt/rustwide/cargo-home/bin/cargo" "+1.69.0" "metadata" "--no-deps" "--format-version=1", kill_on_drop: false }`
[INFO] [stdout] 52347466367e4ed13418624d6ace7f50188648adbe249a008b5cd044ba8c7b03
[INFO] running `Command { std: "docker" "start" "-a" "52347466367e4ed13418624d6ace7f50188648adbe249a008b5cd044ba8c7b03", kill_on_drop: false }`
[INFO] running `Command { std: "docker" "inspect" "52347466367e4ed13418624d6ace7f50188648adbe249a008b5cd044ba8c7b03", kill_on_drop: false }`
[INFO] running `Command { std: "docker" "rm" "-f" "52347466367e4ed13418624d6ace7f50188648adbe249a008b5cd044ba8c7b03", kill_on_drop: false }`
[INFO] [stdout] 52347466367e4ed13418624d6ace7f50188648adbe249a008b5cd044ba8c7b03
[INFO] running `Command { std: "docker" "create" "-v" "/var/lib/crater-agent-workspace/builds/worker-3-tc1/target:/opt/rustwide/target:rw,Z" "-v" "/var/lib/crater-agent-workspace/builds/worker-3-tc1/source:/opt/rustwide/workdir:ro,Z" "-v" "/var/lib/crater-agent-workspace/cargo-home:/opt/rustwide/cargo-home:ro,Z" "-v" "/var/lib/crater-agent-workspace/rustup-home:/opt/rustwide/rustup-home:ro,Z" "-e" "SOURCE_DIR=/opt/rustwide/workdir" "-e" "CARGO_TARGET_DIR=/opt/rustwide/target" "-e" "CARGO_INCREMENTAL=0" "-e" "RUST_BACKTRACE=full" "-e" "RUSTFLAGS=--cap-lints=warn" "-e" "RUSTDOCFLAGS=--cap-lints=warn" "-e" "CARGO_HOME=/opt/rustwide/cargo-home" "-e" "RUSTUP_HOME=/opt/rustwide/rustup-home" "-w" "/opt/rustwide/workdir" "-m" "1610612736" "--user" "0:0" "--network" "none" "ghcr.io/rust-lang/crates-build-env/linux@sha256:97d61d7686bf65f8ecb15491ab51835e82dc9176a96a831f143a431b191fc501" "/opt/rustwide/cargo-home/bin/cargo" "+1.69.0" "build" "--frozen" "--message-format=json", kill_on_drop: false }`
[INFO] [stdout] 7f429a1062bfce64c58e39062f8298b6797560b0fcc3799b4854904d5d55c8ce
[INFO] running `Command { std: "docker" "start" "-a" "7f429a1062bfce64c58e39062f8298b6797560b0fcc3799b4854904d5d55c8ce", kill_on_drop: false }`
[INFO] [stderr]    Compiling proc-macro2 v1.0.56
[INFO] [stderr]    Compiling pin-project-lite v0.2.9
[INFO] [stderr]    Compiling once_cell v1.17.1
[INFO] [stderr]    Compiling futures-core v0.3.28
[INFO] [stderr]    Compiling fnv v1.0.7
[INFO] [stderr]    Compiling ring v0.16.20
[INFO] [stderr]    Compiling slab v0.4.8
[INFO] [stderr]    Compiling futures-channel v0.3.28
[INFO] [stderr]    Compiling bytes v1.4.0
[INFO] [stderr]    Compiling futures-sink v0.3.28
[INFO] [stderr]    Compiling memchr v2.5.0
[INFO] [stderr]    Compiling futures-task v0.3.28
[INFO] [stderr]    Compiling tokio v1.28.0
[INFO] [stderr]    Compiling futures-util v0.3.28
[INFO] [stderr]    Compiling serde_derive v1.0.160
[INFO] [stderr]    Compiling mio v0.8.6
[INFO] [stderr]    Compiling socket2 v0.4.9
[INFO] [stderr]    Compiling untrusted v0.7.1
[INFO] [stderr]    Compiling pin-utils v0.1.0
[INFO] [stderr]    Compiling tinyvec_macros v0.1.1
[INFO] [stderr]    Compiling serde v1.0.160
[INFO] [stderr]    Compiling itoa v1.0.6
[INFO] [stderr]    Compiling futures-io v0.3.28
[INFO] [stderr]    Compiling quote v1.0.26
[INFO] [stderr]    Compiling spin v0.5.2
[INFO] [stderr]    Compiling syn v2.0.15
[INFO] [stderr]    Compiling tinyvec v1.6.0
[INFO] [stderr]    Compiling tracing-core v0.1.30
[INFO] [stderr]    Compiling indexmap v1.9.3
[INFO] [stderr]    Compiling http v0.2.9
[INFO] [stderr]    Compiling unicode-bidi v0.3.13
[INFO] [stderr]    Compiling strsim v0.10.0
[INFO] [stderr]    Compiling httparse v1.8.0
[INFO] [stderr]    Compiling tracing v0.1.37
[INFO] [stderr]    Compiling ident_case v1.0.1
[INFO] [stderr]    Compiling rustls v0.20.8
[INFO] [stderr]    Compiling hashbrown v0.12.3
[INFO] [stderr]    Compiling num-traits v0.2.15
[INFO] [stderr]    Compiling try-lock v0.2.4
[INFO] [stderr]    Compiling unicode-normalization v0.1.22
[INFO] [stderr]    Compiling base64 v0.21.0
[INFO] [stderr]    Compiling want v0.3.0
[INFO] [stderr]    Compiling rustls-pemfile v1.0.2
[INFO] [stderr]    Compiling http-body v0.4.5
[INFO] [stderr]    Compiling num-integer v0.1.45
[INFO] [stderr]    Compiling httpdate v1.0.2
[INFO] [stderr]    Compiling tower-service v0.3.2
[INFO] [stderr]    Compiling async-trait v0.1.68
[INFO] [stderr]    Compiling anyhow v1.0.71
[INFO] [stderr]    Compiling serde_json v1.0.96
[INFO] [stderr]    Compiling openssl-probe v0.1.5
[INFO] [stderr]    Compiling percent-encoding v2.2.0
[INFO] [stderr]    Compiling rustls-native-certs v0.6.2
[INFO] [stderr]    Compiling form_urlencoded v1.1.0
[INFO] [stderr]    Compiling webpki v0.22.0
[INFO] [stderr]    Compiling sct v0.7.0
[INFO] [stderr]    Compiling idna v0.3.0
[INFO] [stderr]    Compiling num_threads v0.1.6
[INFO] [stderr]    Compiling matches v0.1.10
[INFO] [stderr]    Compiling ryu v1.0.13
[INFO] [stderr]    Compiling either v1.8.1
[INFO] [stderr]    Compiling time-core v0.1.0
[INFO] [stderr]    Compiling url v2.3.1
[INFO] [stderr]    Compiling idna v0.1.5
[INFO] [stderr]    Compiling itertools v0.10.5
[INFO] [stderr]    Compiling seahash v4.1.0
[INFO] [stderr]    Compiling base64 v0.13.1
[INFO] [stderr]    Compiling percent-encoding v1.0.1
[INFO] [stderr]    Compiling iana-time-zone v0.1.56
[INFO] [stderr]    Compiling url v1.7.2
[INFO] [stderr]    Compiling mime v0.3.17
[INFO] [stderr]    Compiling darling_core v0.20.0
[INFO] [stderr]    Compiling futures-macro v0.3.28
[INFO] [stderr]    Compiling tokio-macros v2.1.0
[INFO] [stderr]    Compiling darling_macro v0.20.0
[INFO] [stderr]    Compiling darling v0.20.0
[INFO] [stderr]    Compiling serde_with_macros v2.3.3
[INFO] [stderr]    Compiling futures-executor v0.3.28
[INFO] [stderr]    Compiling futures v0.3.28
[INFO] [stderr]    Compiling tokio-util v0.7.8
[INFO] [stderr]    Compiling tokio-rustls v0.23.4
[INFO] [stderr]    Compiling h2 v0.3.18
[INFO] [stderr]    Compiling time v0.3.20
[INFO] [stderr]    Compiling chrono v0.4.24
[INFO] [stderr]    Compiling serde_with v2.3.3
[INFO] [stderr]    Compiling hyper v0.14.26
[INFO] [stderr]    Compiling hyper-rustls v0.23.2
[INFO] [stderr]    Compiling yup-oauth2 v8.1.1
[INFO] [stderr]    Compiling google-apis-common v5.0.4
[INFO] [stderr]    Compiling google-firebasehosting1_beta1 v5.0.2+20230123 (/opt/rustwide/workdir)
[INFO] [stderr]     Finished dev [unoptimized + debuginfo] target(s) in 1m 51s
[INFO] running `Command { std: "docker" "inspect" "7f429a1062bfce64c58e39062f8298b6797560b0fcc3799b4854904d5d55c8ce", kill_on_drop: false }`
[INFO] running `Command { std: "docker" "rm" "-f" "7f429a1062bfce64c58e39062f8298b6797560b0fcc3799b4854904d5d55c8ce", kill_on_drop: false }`
[INFO] [stdout] 7f429a1062bfce64c58e39062f8298b6797560b0fcc3799b4854904d5d55c8ce
[INFO] running `Command { std: "docker" "create" "-v" "/var/lib/crater-agent-workspace/builds/worker-3-tc1/target:/opt/rustwide/target:rw,Z" "-v" "/var/lib/crater-agent-workspace/builds/worker-3-tc1/source:/opt/rustwide/workdir:ro,Z" "-v" "/var/lib/crater-agent-workspace/cargo-home:/opt/rustwide/cargo-home:ro,Z" "-v" "/var/lib/crater-agent-workspace/rustup-home:/opt/rustwide/rustup-home:ro,Z" "-e" "SOURCE_DIR=/opt/rustwide/workdir" "-e" "CARGO_TARGET_DIR=/opt/rustwide/target" "-e" "CARGO_INCREMENTAL=0" "-e" "RUST_BACKTRACE=full" "-e" "RUSTFLAGS=--cap-lints=warn" "-e" "RUSTDOCFLAGS=--cap-lints=warn" "-e" "CARGO_HOME=/opt/rustwide/cargo-home" "-e" "RUSTUP_HOME=/opt/rustwide/rustup-home" "-w" "/opt/rustwide/workdir" "-m" "1610612736" "--user" "0:0" "--network" "none" "ghcr.io/rust-lang/crates-build-env/linux@sha256:97d61d7686bf65f8ecb15491ab51835e82dc9176a96a831f143a431b191fc501" "/opt/rustwide/cargo-home/bin/cargo" "+1.69.0" "test" "--frozen" "--no-run" "--message-format=json", kill_on_drop: false }`
[INFO] [stdout] d4aae8252222b7c67b63a5b191df2dcedf119d59785ac998deb004af6dccd327
[INFO] running `Command { std: "docker" "start" "-a" "d4aae8252222b7c67b63a5b191df2dcedf119d59785ac998deb004af6dccd327", kill_on_drop: false }`
[INFO] [stderr]    Compiling google-firebasehosting1_beta1 v5.0.2+20230123 (/opt/rustwide/workdir)
[INFO] [stderr]     Finished test [unoptimized + debuginfo] target(s) in 3.19s
[INFO] running `Command { std: "docker" "inspect" "d4aae8252222b7c67b63a5b191df2dcedf119d59785ac998deb004af6dccd327", kill_on_drop: false }`
[INFO] running `Command { std: "docker" "rm" "-f" "d4aae8252222b7c67b63a5b191df2dcedf119d59785ac998deb004af6dccd327", kill_on_drop: false }`
[INFO] [stdout] d4aae8252222b7c67b63a5b191df2dcedf119d59785ac998deb004af6dccd327
[INFO] running `Command { std: "docker" "create" "-v" "/var/lib/crater-agent-workspace/builds/worker-3-tc1/target:/opt/rustwide/target:rw,Z" "-v" "/var/lib/crater-agent-workspace/builds/worker-3-tc1/source:/opt/rustwide/workdir:ro,Z" "-v" "/var/lib/crater-agent-workspace/cargo-home:/opt/rustwide/cargo-home:ro,Z" "-v" "/var/lib/crater-agent-workspace/rustup-home:/opt/rustwide/rustup-home:ro,Z" "-e" "SOURCE_DIR=/opt/rustwide/workdir" "-e" "CARGO_TARGET_DIR=/opt/rustwide/target" "-e" "CARGO_INCREMENTAL=0" "-e" "RUST_BACKTRACE=full" "-e" "RUSTFLAGS=--cap-lints=warn" "-e" "RUSTDOCFLAGS=--cap-lints=warn" "-e" "CARGO_HOME=/opt/rustwide/cargo-home" "-e" "RUSTUP_HOME=/opt/rustwide/rustup-home" "-w" "/opt/rustwide/workdir" "-m" "1610612736" "--user" "0:0" "--network" "none" "ghcr.io/rust-lang/crates-build-env/linux@sha256:97d61d7686bf65f8ecb15491ab51835e82dc9176a96a831f143a431b191fc501" "/opt/rustwide/cargo-home/bin/cargo" "+1.69.0" "test" "--frozen", kill_on_drop: false }`
[INFO] [stdout] 0cd5653d20400a908b4c39ce4c7ac4be3bedcbc8d5fe6faac0a044c34f7a3698
[INFO] running `Command { std: "docker" "start" "-a" "0cd5653d20400a908b4c39ce4c7ac4be3bedcbc8d5fe6faac0a044c34f7a3698", kill_on_drop: false }`
[INFO] [stderr]     Finished test [unoptimized + debuginfo] target(s) in 0.16s
[INFO] [stderr]      Running unittests src/lib.rs (/opt/rustwide/target/debug/deps/google_firebasehosting1_beta1-97c744f7b6323638)
[INFO] [stdout] 
[INFO] [stderr]    Doc-tests google-firebasehosting1_beta1
[INFO] [stdout] running 0 tests
[INFO] [stdout] 
[INFO] [stdout] test result: ok. 0 passed; 0 failed; 0 ignored; 0 measured; 0 filtered out; finished in 0.00s
[INFO] [stdout] 
[INFO] [stdout] 
[INFO] [stdout] running 57 tests
[INFO] [stdout] test src/api.rs - api::FirebaseHosting (line 70) - compile ... ok
[INFO] [stdout] test src/api.rs - api::ProjectSiteChannelListCall (line 3848) - compile ... ok
[INFO] [stdout] test src/api.rs - api::ProjectSiteChannelPatchCall (line 4133) - compile ... FAILED
[INFO] [stdout] test src/api.rs - api::ProjectMethods (line 1104) - compile ... ok
[INFO] [stdout] test src/api.rs - api::ProjectSiteChannelGetCall (line 3587) - compile ... ok
[INFO] [stdout] test src/api.rs - api::ProjectSiteChannelDeleteCall (line 3326) - compile ... ok
[INFO] [stdout] test src/api.rs - api::ProjectOperationGetCall (line 2174) - compile ... ok
[INFO] [stdout] test src/api.rs - api::ProjectSiteChannelCreateCall (line 3023) - compile ... ok
[INFO] [stdout] test src/api.rs - api::ProjectSiteChannelReleaseCreateCall (line 2435) - compile ... ok
[INFO] [stdout] test src/api.rs - api::ProjectSiteChannelReleaseListCall (line 2738) - compile ... ok
[INFO] [stdout] test src/api.rs - api::ProjectSiteCreateCall (line 8468) - compile ... ok
[INFO] [stdout] test src/api.rs - api::ProjectSiteDomainCreateCall (line 4436) - compile ... ok
[INFO] [stdout] test src/api.rs - api::ProjectSiteDomainDeleteCall (line 4727) - compile ... ok
[INFO] [stdout] test src/api.rs - api::ProjectSiteDomainListCall (line 5249) - compile ... ok
[INFO] [stdout] test src/api.rs - api::ProjectSiteDeleteCall (line 8771) - compile ... ok
[INFO] [stdout] test src/api.rs - api::ProjectSiteDomainUpdateCall (line 5534) - compile ... ok
[INFO] [stdout] test src/api.rs - api::ProjectSiteDomainGetCall (line 4988) - compile ... ok
[INFO] [stdout] test src/api.rs - api::ProjectSiteGetCall (line 9032) - compile ... ok
[INFO] [stdout] test src/api.rs - api::ProjectSiteGetConfigCall (line 9293) - compile ... ok
[INFO] [stdout] test src/api.rs - api::ProjectSiteListCall (line 9554) - compile ... ok
[INFO] [stdout] test src/api.rs - api::ProjectSiteVersionCloneCall (line 6710) - compile ... ok
[INFO] [stdout] test src/api.rs - api::ProjectSiteVersionCreateCall (line 7001) - compile ... ok
[INFO] [stdout] test src/api.rs - api::ProjectSiteVersionDeleteCall (line 7316) - compile ... ok
[INFO] [stdout] test src/api.rs - api::ProjectSiteReleaseCreateCall (line 5825) - compile ... ok
[INFO] [stdout] test src/api.rs - api::ProjectSiteUpdateConfigCall (line 10142) - compile ... FAILED
[INFO] [stdout] test src/api.rs - api::ProjectSiteReleaseListCall (line 6128) - compile ... ok
[INFO] [stdout] test src/api.rs - api::ProjectSiteVersionFileListCall (line 6413) - compile ... ok
[INFO] [stdout] test src/api.rs - api::ProjectSitePatchCall (line 9839) - compile ... FAILED
[INFO] [stdout] test src/api.rs - api::ProjectSiteVersionPatchCall (line 7874) - compile ... FAILED
[INFO] [stdout] test src/api.rs - api::ProjectSiteVersionListCall (line 7577) - compile ... ok
[INFO] [stdout] test src/api.rs - api::SiteChannelCreateCall (line 11033) - compile ... ok
[INFO] [stdout] test src/api.rs - api::SiteChannelDeleteCall (line 11336) - compile ... ok
[INFO] [stdout] test src/api.rs - api::SiteChannelListCall (line 11858) - compile ... ok
[INFO] [stdout] test src/api.rs - api::SiteChannelPatchCall (line 12143) - compile ... FAILED
[INFO] [stdout] test src/api.rs - api::ProjectSiteVersionPopulateFileCall (line 8177) - compile ... ok
[INFO] [stdout] test src/api.rs - api::SiteChannelGetCall (line 11597) - compile ... ok
[INFO] [stdout] test src/api.rs - api::SiteDomainCreateCall (line 12446) - compile ... ok
[INFO] [stdout] test src/api.rs - api::SiteChannelReleaseCreateCall (line 10445) - compile ... ok
[INFO] [stdout] test src/api.rs - api::SiteChannelReleaseListCall (line 10748) - compile ... ok
[INFO] [stdout] test src/api.rs - api::SiteDomainGetCall (line 12998) - compile ... ok
[INFO] [stdout] test src/api.rs - api::SiteGetConfigCall (line 16478) - compile ... ok
[INFO] [stdout] test src/api.rs - api::SiteDomainUpdateCall (line 13544) - compile ... ok
[INFO] [stdout] test src/api.rs - api::SiteMethods (line 1690) - compile ... ok
[INFO] [stdout] test src/api.rs - api::SiteDomainDeleteCall (line 12737) - compile ... ok
[INFO] [stdout] test src/api.rs - api::SiteDomainListCall (line 13259) - compile ... ok
[INFO] [stdout] test src/api.rs - api::SiteReleaseCreateCall (line 13835) - compile ... ok
[INFO] [stdout] test src/api.rs - api::SiteReleaseListCall (line 14138) - compile ... ok
[INFO] [stdout] test src/api.rs - api::SiteVersionCloneCall (line 14720) - compile ... ok
[INFO] [stdout] test src/api.rs - api::SiteUpdateConfigCall (line 16739) - compile ... FAILED
[INFO] [stdout] test src/lib.rs - (line 51) ... ignored
[INFO] [stdout] test src/api.rs - api::SiteVersionFileListCall (line 14423) - compile ... ok
[INFO] [stdout] test src/api.rs - api::SiteVersionPatchCall (line 15884) - compile ... FAILED
[INFO] [stdout] test src/api.rs - api::SiteVersionDeleteCall (line 15326) - compile ... ok
[INFO] [stdout] test src/api.rs - api::SiteVersionListCall (line 15587) - compile ... ok
[INFO] [stdout] test src/api.rs - api::SiteVersionPopulateFileCall (line 16187) - compile ... ok
[INFO] [stdout] test src/api.rs - api::SiteVersionCreateCall (line 15011) - compile ... ok
[INFO] [stderr] error: doctest failed, to rerun pass `--doc`
[INFO] [stdout] test src/lib.rs - (line 100) - compile ... ok
[INFO] [stdout] 
[INFO] [stdout] failures:
[INFO] [stdout] 
[INFO] [stdout] ---- src/api.rs - api::ProjectSiteChannelPatchCall (line 4133) stdout ----
[INFO] [stdout] error[E0308]: mismatched types
[INFO] [stdout]     --> src/api.rs:4157:27
[INFO] [stdout]      |
[INFO] [stdout] 25   |              .update_mask(&Default::default())
[INFO] [stdout]      |               ----------- ^^^^^^^^^^^^^^^^^^^ expected `FieldMask`, found `&_`
[INFO] [stdout]      |               |
[INFO] [stdout]      |               arguments to this method are incorrect
[INFO] [stdout]      |
[INFO] [stdout]      = note: expected struct `FieldMask`
[INFO] [stdout]              found reference `&_`
[INFO] [stdout] note: method defined here
[INFO] [stdout]     --> /opt/rustwide/workdir/src/api.rs:4348:12
[INFO] [stdout]      |
[INFO] [stdout] 4348 |     pub fn update_mask(mut self, new_value: client::FieldMask) -> ProjectSiteChannelPatchCall<'a, S> {
[INFO] [stdout]      |            ^^^^^^^^^^^
[INFO] [stdout] help: consider removing the borrow
[INFO] [stdout]      |
[INFO] [stdout] 25   -              .update_mask(&Default::default())
[INFO] [stdout] 25   +              .update_mask(Default::default())
[INFO] [stdout]      |
[INFO] [stdout] 
[INFO] [stdout] error: aborting due to previous error
[INFO] [stdout] 
[INFO] [stdout] For more information about this error, try `rustc --explain E0308`.
[INFO] [stdout] Couldn't compile the test.
[INFO] [stdout] ---- src/api.rs - api::ProjectSiteUpdateConfigCall (line 10142) stdout ----
[INFO] [stdout] error[E0308]: mismatched types
[INFO] [stdout]      --> src/api.rs:10166:27
[INFO] [stdout]       |
[INFO] [stdout] 25    |              .update_mask(&Default::default())
[INFO] [stdout]       |               ----------- ^^^^^^^^^^^^^^^^^^^ expected `FieldMask`, found `&_`
[INFO] [stdout]       |               |
[INFO] [stdout]       |               arguments to this method are incorrect
[INFO] [stdout]       |
[INFO] [stdout]       = note: expected struct `FieldMask`
[INFO] [stdout]               found reference `&_`
[INFO] [stdout] note: method defined here
[INFO] [stdout]      --> /opt/rustwide/workdir/src/api.rs:10357:12
[INFO] [stdout]       |
[INFO] [stdout] 10357 |     pub fn update_mask(mut self, new_value: client::FieldMask) -> ProjectSiteUpdateConfigCall<'a, S> {
[INFO] [stdout]       |            ^^^^^^^^^^^
[INFO] [stdout] help: consider removing the borrow
[INFO] [stdout]       |
[INFO] [stdout] 25    -              .update_mask(&Default::default())
[INFO] [stdout] 25    +              .update_mask(Default::default())
[INFO] [stdout]       |
[INFO] [stdout] 
[INFO] [stdout] error: aborting due to previous error
[INFO] [stdout] 
[INFO] [stdout] For more information about this error, try `rustc --explain E0308`.
[INFO] [stdout] Couldn't compile the test.
[INFO] [stdout] ---- src/api.rs - api::ProjectSitePatchCall (line 9839) stdout ----
[INFO] [stdout] error[E0308]: mismatched types
[INFO] [stdout]      --> src/api.rs:9863:27
[INFO] [stdout]       |
[INFO] [stdout] 25    |              .update_mask(&Default::default())
[INFO] [stdout]       |               ----------- ^^^^^^^^^^^^^^^^^^^ expected `FieldMask`, found `&_`
[INFO] [stdout]       |               |
[INFO] [stdout]       |               arguments to this method are incorrect
[INFO] [stdout]       |
[INFO] [stdout]       = note: expected struct `FieldMask`
[INFO] [stdout]               found reference `&_`
[INFO] [stdout] note: method defined here
[INFO] [stdout]      --> /opt/rustwide/workdir/src/api.rs:10054:12
[INFO] [stdout]       |
[INFO] [stdout] 10054 |     pub fn update_mask(mut self, new_value: client::FieldMask) -> ProjectSitePatchCall<'a, S> {
[INFO] [stdout]       |            ^^^^^^^^^^^
[INFO] [stdout] help: consider removing the borrow
[INFO] [stdout]       |
[INFO] [stdout] 25    -              .update_mask(&Default::default())
[INFO] [stdout] 25    +              .update_mask(Default::default())
[INFO] [stdout]       |
[INFO] [stdout] 
[INFO] [stdout] error: aborting due to previous error
[INFO] [stdout] 
[INFO] [stdout] For more information about this error, try `rustc --explain E0308`.
[INFO] [stdout] Couldn't compile the test.
[INFO] [stdout] ---- src/api.rs - api::ProjectSiteVersionPatchCall (line 7874) stdout ----
[INFO] [stdout] error[E0308]: mismatched types
[INFO] [stdout]     --> src/api.rs:7898:27
[INFO] [stdout]      |
[INFO] [stdout] 25   |              .update_mask(&Default::default())
[INFO] [stdout]      |               ----------- ^^^^^^^^^^^^^^^^^^^ expected `FieldMask`, found `&_`
[INFO] [stdout]      |               |
[INFO] [stdout]      |               arguments to this method are incorrect
[INFO] [stdout]      |
[INFO] [stdout]      = note: expected struct `FieldMask`
[INFO] [stdout]              found reference `&_`
[INFO] [stdout] note: method defined here
[INFO] [stdout]     --> /opt/rustwide/workdir/src/api.rs:8089:12
[INFO] [stdout]      |
[INFO] [stdout] 8089 |     pub fn update_mask(mut self, new_value: client::FieldMask) -> ProjectSiteVersionPatchCall<'a, S> {
[INFO] [stdout]      |            ^^^^^^^^^^^
[INFO] [stdout] help: consider removing the borrow
[INFO] [stdout]      |
[INFO] [stdout] 25   -              .update_mask(&Default::default())
[INFO] [stdout] 25   +              .update_mask(Default::default())
[INFO] [stdout]      |
[INFO] [stdout] 
[INFO] [stdout] error: aborting due to previous error
[INFO] [stdout] 
[INFO] [stdout] For more information about this error, try `rustc --explain E0308`.
[INFO] [stdout] Couldn't compile the test.
[INFO] [stdout] ---- src/api.rs - api::SiteChannelPatchCall (line 12143) stdout ----
[INFO] [stdout] error[E0308]: mismatched types
[INFO] [stdout]      --> src/api.rs:12167:27
[INFO] [stdout]       |
[INFO] [stdout] 25    |              .update_mask(&Default::default())
[INFO] [stdout]       |               ----------- ^^^^^^^^^^^^^^^^^^^ expected `FieldMask`, found `&_`
[INFO] [stdout]       |               |
[INFO] [stdout]       |               arguments to this method are incorrect
[INFO] [stdout]       |
[INFO] [stdout]       = note: expected struct `FieldMask`
[INFO] [stdout]               found reference `&_`
[INFO] [stdout] note: method defined here
[INFO] [stdout]      --> /opt/rustwide/workdir/src/api.rs:12358:12
[INFO] [stdout]       |
[INFO] [stdout] 12358 |     pub fn update_mask(mut self, new_value: client::FieldMask) -> SiteChannelPatchCall<'a, S> {
[INFO] [stdout]       |            ^^^^^^^^^^^
[INFO] [stdout] help: consider removing the borrow
[INFO] [stdout]       |
[INFO] [stdout] 25    -              .update_mask(&Default::default())
[INFO] [stdout] 25    +              .update_mask(Default::default())
[INFO] [stdout]       |
[INFO] [stdout] 
[INFO] [stdout] error: aborting due to previous error
[INFO] [stdout] 
[INFO] [stdout] For more information about this error, try `rustc --explain E0308`.
[INFO] [stdout] Couldn't compile the test.
[INFO] [stdout] ---- src/api.rs - api::SiteUpdateConfigCall (line 16739) stdout ----
[INFO] [stdout] error[E0308]: mismatched types
[INFO] [stdout]      --> src/api.rs:16763:27
[INFO] [stdout]       |
[INFO] [stdout] 25    |              .update_mask(&Default::default())
[INFO] [stdout]       |               ----------- ^^^^^^^^^^^^^^^^^^^ expected `FieldMask`, found `&_`
[INFO] [stdout]       |               |
[INFO] [stdout]       |               arguments to this method are incorrect
[INFO] [stdout]       |
[INFO] [stdout]       = note: expected struct `FieldMask`
[INFO] [stdout]               found reference `&_`
[INFO] [stdout] note: method defined here
[INFO] [stdout]      --> /opt/rustwide/workdir/src/api.rs:16954:12
[INFO] [stdout]       |
[INFO] [stdout] 16954 |     pub fn update_mask(mut self, new_value: client::FieldMask) -> SiteUpdateConfigCall<'a, S> {
[INFO] [stdout]       |            ^^^^^^^^^^^
[INFO] [stdout] help: consider removing the borrow
[INFO] [stdout]       |
[INFO] [stdout] 25    -              .update_mask(&Default::default())
[INFO] [stdout] 25    +              .update_mask(Default::default())
[INFO] [stdout]       |
[INFO] [stdout] 
[INFO] [stdout] error: aborting due to previous error
[INFO] [stdout] 
[INFO] [stdout] For more information about this error, try `rustc --explain E0308`.
[INFO] [stdout] Couldn't compile the test.
[INFO] [stdout] ---- src/api.rs - api::SiteVersionPatchCall (line 15884) stdout ----
[INFO] [stdout] error[E0308]: mismatched types
[INFO] [stdout]      --> src/api.rs:15908:27
[INFO] [stdout]       |
[INFO] [stdout] 25    |              .update_mask(&Default::default())
[INFO] [stdout]       |               ----------- ^^^^^^^^^^^^^^^^^^^ expected `FieldMask`, found `&_`
[INFO] [stdout]       |               |
[INFO] [stdout]       |               arguments to this method are incorrect
[INFO] [stdout]       |
[INFO] [stdout]       = note: expected struct `FieldMask`
[INFO] [stdout]               found reference `&_`
[INFO] [stdout] note: method defined here
[INFO] [stdout]      --> /opt/rustwide/workdir/src/api.rs:16099:12
[INFO] [stdout]       |
[INFO] [stdout] 16099 |     pub fn update_mask(mut self, new_value: client::FieldMask) -> SiteVersionPatchCall<'a, S> {
[INFO] [stdout]       |            ^^^^^^^^^^^
[INFO] [stdout] help: consider removing the borrow
[INFO] [stdout]       |
[INFO] [stdout] 25    -              .update_mask(&Default::default())
[INFO] [stdout] 25    +              .update_mask(Default::default())
[INFO] [stdout]       |
[INFO] [stdout] 
[INFO] [stdout] error: aborting due to previous error
[INFO] [stdout] 
[INFO] [stdout] For more information about this error, try `rustc --explain E0308`.
[INFO] [stdout] Couldn't compile the test.
[INFO] [stdout] 
[INFO] [stdout] failures:
[INFO] [stdout]     src/api.rs - api::ProjectSiteChannelPatchCall (line 4133)
[INFO] [stdout]     src/api.rs - api::ProjectSitePatchCall (line 9839)
[INFO] [stdout]     src/api.rs - api::ProjectSiteUpdateConfigCall (line 10142)
[INFO] [stdout]     src/api.rs - api::ProjectSiteVersionPatchCall (line 7874)
[INFO] [stdout]     src/api.rs - api::SiteChannelPatchCall (line 12143)
[INFO] [stdout]     src/api.rs - api::SiteUpdateConfigCall (line 16739)
[INFO] [stdout]     src/api.rs - api::SiteVersionPatchCall (line 15884)
[INFO] [stdout] 
[INFO] [stdout] test result: FAILED. 49 passed; 7 failed; 1 ignored; 0 measured; 0 filtered out; finished in 3.63s
[INFO] [stdout] 
[INFO] running `Command { std: "docker" "inspect" "0cd5653d20400a908b4c39ce4c7ac4be3bedcbc8d5fe6faac0a044c34f7a3698", kill_on_drop: false }`
[INFO] running `Command { std: "docker" "rm" "-f" "0cd5653d20400a908b4c39ce4c7ac4be3bedcbc8d5fe6faac0a044c34f7a3698", kill_on_drop: false }`
[INFO] [stdout] 0cd5653d20400a908b4c39ce4c7ac4be3bedcbc8d5fe6faac0a044c34f7a3698
