[INFO] fetching crate google-firebaseappcheck1_beta 5.0.2+20230116...
[INFO] testing google-firebaseappcheck1_beta-5.0.2+20230116 against 1.69.0 for beta-1.70-1
[INFO] extracting crate google-firebaseappcheck1_beta 5.0.2+20230116 into /workspace/builds/worker-0-tc1/source
[INFO] validating manifest of crates.io crate google-firebaseappcheck1_beta 5.0.2+20230116 on toolchain 1.69.0
[INFO] running `Command { std: CARGO_HOME="/workspace/cargo-home" RUSTUP_HOME="/workspace/rustup-home" "/workspace/cargo-home/bin/cargo" "+1.69.0" "metadata" "--manifest-path" "Cargo.toml" "--no-deps", kill_on_drop: false }`
[INFO] started tweaking crates.io crate google-firebaseappcheck1_beta 5.0.2+20230116
[INFO] finished tweaking crates.io crate google-firebaseappcheck1_beta 5.0.2+20230116
[INFO] tweaked toml for crates.io crate google-firebaseappcheck1_beta 5.0.2+20230116 written to /workspace/builds/worker-0-tc1/source/Cargo.toml
[INFO] running `Command { std: CARGO_HOME="/workspace/cargo-home" RUSTUP_HOME="/workspace/rustup-home" __CARGO_TEST_CHANNEL_OVERRIDE_DO_NOT_USE_THIS="nightly" "/workspace/cargo-home/bin/cargo" "+1.69.0" "generate-lockfile" "--manifest-path" "Cargo.toml" "-Zno-index-update", kill_on_drop: false }`
[INFO] running `Command { std: CARGO_HOME="/workspace/cargo-home" RUSTUP_HOME="/workspace/rustup-home" "/workspace/cargo-home/bin/cargo" "+1.69.0" "fetch" "--manifest-path" "Cargo.toml", kill_on_drop: false }`
[INFO] [stderr]     Blocking waiting for file lock on package cache
[INFO] running `Command { std: "docker" "create" "-v" "/var/lib/crater-agent-workspace/builds/worker-0-tc1/target:/opt/rustwide/target:rw,Z" "-v" "/var/lib/crater-agent-workspace/builds/worker-0-tc1/source:/opt/rustwide/workdir:ro,Z" "-v" "/var/lib/crater-agent-workspace/cargo-home:/opt/rustwide/cargo-home:ro,Z" "-v" "/var/lib/crater-agent-workspace/rustup-home:/opt/rustwide/rustup-home:ro,Z" "-e" "SOURCE_DIR=/opt/rustwide/workdir" "-e" "CARGO_TARGET_DIR=/opt/rustwide/target" "-e" "CARGO_HOME=/opt/rustwide/cargo-home" "-e" "RUSTUP_HOME=/opt/rustwide/rustup-home" "-w" "/opt/rustwide/workdir" "-m" "1610612736" "--user" "0:0" "--network" "none" "ghcr.io/rust-lang/crates-build-env/linux@sha256:5ff2268d62e97bff2cde7d5815dd6ed5b47097566f13b8d0ca110b04b60e07ed" "/opt/rustwide/cargo-home/bin/cargo" "+1.69.0" "metadata" "--no-deps" "--format-version=1", kill_on_drop: false }`
[INFO] [stdout] b5b7a140a2f95d8a8b797deee2f2b43b83a0ac650e631ea92f79a83a7ddae13c
[INFO] running `Command { std: "docker" "start" "-a" "b5b7a140a2f95d8a8b797deee2f2b43b83a0ac650e631ea92f79a83a7ddae13c", kill_on_drop: false }`
[INFO] running `Command { std: "docker" "inspect" "b5b7a140a2f95d8a8b797deee2f2b43b83a0ac650e631ea92f79a83a7ddae13c", kill_on_drop: false }`
[INFO] running `Command { std: "docker" "rm" "-f" "b5b7a140a2f95d8a8b797deee2f2b43b83a0ac650e631ea92f79a83a7ddae13c", kill_on_drop: false }`
[INFO] [stdout] b5b7a140a2f95d8a8b797deee2f2b43b83a0ac650e631ea92f79a83a7ddae13c
[INFO] running `Command { std: "docker" "create" "-v" "/var/lib/crater-agent-workspace/builds/worker-0-tc1/target:/opt/rustwide/target:rw,Z" "-v" "/var/lib/crater-agent-workspace/builds/worker-0-tc1/source:/opt/rustwide/workdir:ro,Z" "-v" "/var/lib/crater-agent-workspace/cargo-home:/opt/rustwide/cargo-home:ro,Z" "-v" "/var/lib/crater-agent-workspace/rustup-home:/opt/rustwide/rustup-home:ro,Z" "-e" "SOURCE_DIR=/opt/rustwide/workdir" "-e" "CARGO_TARGET_DIR=/opt/rustwide/target" "-e" "CARGO_INCREMENTAL=0" "-e" "RUST_BACKTRACE=full" "-e" "RUSTFLAGS=--cap-lints=warn" "-e" "RUSTDOCFLAGS=--cap-lints=warn" "-e" "CARGO_HOME=/opt/rustwide/cargo-home" "-e" "RUSTUP_HOME=/opt/rustwide/rustup-home" "-w" "/opt/rustwide/workdir" "-m" "1610612736" "--user" "0:0" "--network" "none" "ghcr.io/rust-lang/crates-build-env/linux@sha256:5ff2268d62e97bff2cde7d5815dd6ed5b47097566f13b8d0ca110b04b60e07ed" "/opt/rustwide/cargo-home/bin/cargo" "+1.69.0" "build" "--frozen" "--message-format=json", kill_on_drop: false }`
[INFO] [stdout] 64df94c76f9837e62c8fd90344e2d09d9f719f480b2696c8f2ea396758f027a0
[INFO] running `Command { std: "docker" "start" "-a" "64df94c76f9837e62c8fd90344e2d09d9f719f480b2696c8f2ea396758f027a0", kill_on_drop: false }`
[INFO] [stderr]    Compiling google-firebaseappcheck1_beta v5.0.2+20230116 (/opt/rustwide/workdir)
[INFO] [stderr]     Finished dev [unoptimized + debuginfo] target(s) in 3.67s
[INFO] running `Command { std: "docker" "inspect" "64df94c76f9837e62c8fd90344e2d09d9f719f480b2696c8f2ea396758f027a0", kill_on_drop: false }`
[INFO] running `Command { std: "docker" "rm" "-f" "64df94c76f9837e62c8fd90344e2d09d9f719f480b2696c8f2ea396758f027a0", kill_on_drop: false }`
[INFO] [stdout] 64df94c76f9837e62c8fd90344e2d09d9f719f480b2696c8f2ea396758f027a0
[INFO] running `Command { std: "docker" "create" "-v" "/var/lib/crater-agent-workspace/builds/worker-0-tc1/target:/opt/rustwide/target:rw,Z" "-v" "/var/lib/crater-agent-workspace/builds/worker-0-tc1/source:/opt/rustwide/workdir:ro,Z" "-v" "/var/lib/crater-agent-workspace/cargo-home:/opt/rustwide/cargo-home:ro,Z" "-v" "/var/lib/crater-agent-workspace/rustup-home:/opt/rustwide/rustup-home:ro,Z" "-e" "SOURCE_DIR=/opt/rustwide/workdir" "-e" "CARGO_TARGET_DIR=/opt/rustwide/target" "-e" "CARGO_INCREMENTAL=0" "-e" "RUST_BACKTRACE=full" "-e" "RUSTFLAGS=--cap-lints=warn" "-e" "RUSTDOCFLAGS=--cap-lints=warn" "-e" "CARGO_HOME=/opt/rustwide/cargo-home" "-e" "RUSTUP_HOME=/opt/rustwide/rustup-home" "-w" "/opt/rustwide/workdir" "-m" "1610612736" "--user" "0:0" "--network" "none" "ghcr.io/rust-lang/crates-build-env/linux@sha256:5ff2268d62e97bff2cde7d5815dd6ed5b47097566f13b8d0ca110b04b60e07ed" "/opt/rustwide/cargo-home/bin/cargo" "+1.69.0" "test" "--frozen" "--no-run" "--message-format=json", kill_on_drop: false }`
[INFO] [stdout] 83f5ffb07a5e6f56778c99c7e965f2b07156ab14ccc59a338d602e6761ca1573
[INFO] running `Command { std: "docker" "start" "-a" "83f5ffb07a5e6f56778c99c7e965f2b07156ab14ccc59a338d602e6761ca1573", kill_on_drop: false }`
[INFO] [stderr]     Blocking waiting for file lock on package cache
[INFO] [stderr]    Compiling google-firebaseappcheck1_beta v5.0.2+20230116 (/opt/rustwide/workdir)
[INFO] [stderr]     Finished test [unoptimized + debuginfo] target(s) in 2.53s
[INFO] running `Command { std: "docker" "inspect" "83f5ffb07a5e6f56778c99c7e965f2b07156ab14ccc59a338d602e6761ca1573", kill_on_drop: false }`
[INFO] running `Command { std: "docker" "rm" "-f" "83f5ffb07a5e6f56778c99c7e965f2b07156ab14ccc59a338d602e6761ca1573", kill_on_drop: false }`
[INFO] [stdout] 83f5ffb07a5e6f56778c99c7e965f2b07156ab14ccc59a338d602e6761ca1573
[INFO] running `Command { std: "docker" "create" "-v" "/var/lib/crater-agent-workspace/builds/worker-0-tc1/target:/opt/rustwide/target:rw,Z" "-v" "/var/lib/crater-agent-workspace/builds/worker-0-tc1/source:/opt/rustwide/workdir:ro,Z" "-v" "/var/lib/crater-agent-workspace/cargo-home:/opt/rustwide/cargo-home:ro,Z" "-v" "/var/lib/crater-agent-workspace/rustup-home:/opt/rustwide/rustup-home:ro,Z" "-e" "SOURCE_DIR=/opt/rustwide/workdir" "-e" "CARGO_TARGET_DIR=/opt/rustwide/target" "-e" "CARGO_INCREMENTAL=0" "-e" "RUST_BACKTRACE=full" "-e" "RUSTFLAGS=--cap-lints=warn" "-e" "RUSTDOCFLAGS=--cap-lints=warn" "-e" "CARGO_HOME=/opt/rustwide/cargo-home" "-e" "RUSTUP_HOME=/opt/rustwide/rustup-home" "-w" "/opt/rustwide/workdir" "-m" "1610612736" "--user" "0:0" "--network" "none" "ghcr.io/rust-lang/crates-build-env/linux@sha256:5ff2268d62e97bff2cde7d5815dd6ed5b47097566f13b8d0ca110b04b60e07ed" "/opt/rustwide/cargo-home/bin/cargo" "+1.69.0" "test" "--frozen", kill_on_drop: false }`
[INFO] [stdout] 8a37424b6cb5360eaacb70bff2b901ac1d0bd6645dd6de0ae7942c74e5d95fa1
[INFO] running `Command { std: "docker" "start" "-a" "8a37424b6cb5360eaacb70bff2b901ac1d0bd6645dd6de0ae7942c74e5d95fa1", kill_on_drop: false }`
[INFO] [stderr]     Finished test [unoptimized + debuginfo] target(s) in 0.09s
[INFO] [stderr]      Running unittests src/lib.rs (/opt/rustwide/target/debug/deps/google_firebaseappcheck1_beta-2443539b224b3653)
[INFO] [stderr]    Doc-tests google-firebaseappcheck1_beta
[INFO] [stdout] 
[INFO] [stdout] running 0 tests
[INFO] [stdout] 
[INFO] [stdout] test result: ok. 0 passed; 0 failed; 0 ignored; 0 measured; 0 filtered out; finished in 0.00s
[INFO] [stdout] 
[INFO] [stdout] 
[INFO] [stdout] running 48 tests
[INFO] [stdout] test src/api.rs - api::JwkGetCall (line 2063) - compile ... ok
[INFO] [stdout] test src/api.rs - api::ProjectAppAppAttestConfigGetCall (line 2600) - compile ... ok
[INFO] [stdout] test src/api.rs - api::JwkMethods (line 1176) - compile ... ok
[INFO] [stdout] test src/api.rs - api::ProjectAppAppAttestConfigBatchGetCall (line 2324) - compile ... ok
[INFO] [stdout] test src/api.rs - api::ProjectAppDebugTokenCreateCall (line 3164) - compile ... ok
[INFO] [stdout] test src/api.rs - api::ProjectAppDeviceCheckConfigGetCall (line 4841) - compile ... ok
[INFO] [stdout] test src/api.rs - api::ProjectAppDeviceCheckConfigBatchGetCall (line 4565) - compile ... ok
[INFO] [stdout] test src/api.rs - api::ProjectAppExchangeAppAttestAttestationCall (line 9896) - compile ... ok
[INFO] [stdout] test src/api.rs - api::ProjectAppDebugTokenListCall (line 3977) - compile ... ok
[INFO] [stdout] test src/api.rs - api::Firebaseappcheck (line 62) - compile ... ok
[INFO] [stdout] test src/api.rs - api::ProjectAppExchangeDeviceCheckTokenCall (line 10769) - compile ... ok
[INFO] [stdout] test src/api.rs - api::ProjectAppExchangeCustomTokenCall (line 10187) - compile ... ok
[INFO] [stdout] test src/api.rs - api::ProjectAppExchangeAppAttestAssertionCall (line 9605) - compile ... ok
[INFO] [stdout] test src/api.rs - api::ProjectAppDebugTokenGetCall (line 3716) - compile ... ok
[INFO] [stdout] test src/api.rs - api::ProjectAppDeviceCheckConfigPatchCall (line 5102) - compile ... FAILED
[INFO] [stdout] test src/api.rs - api::ProjectAppDebugTokenDeleteCall (line 3455) - compile ... ok
[INFO] [stdout] test src/api.rs - api::ProjectAppAppAttestConfigPatchCall (line 2861) - compile ... FAILED
[INFO] [stdout] test src/api.rs - api::ProjectAppDebugTokenPatchCall (line 4262) - compile ... FAILED
[INFO] [stdout] test src/api.rs - api::ProjectAppExchangeSafetyNetTokenCall (line 12224) - compile ... ok
[INFO] [stdout] test src/api.rs - api::ProjectAppExchangeRecaptchaEnterpriseTokenCall (line 11351) - compile ... ok
[INFO] [stdout] test src/api.rs - api::ProjectAppExchangeRecaptchaTokenCall (line 11642) - compile ... ok
[INFO] [stdout] test src/api.rs - api::ProjectAppExchangeRecaptchaV3TokenCall (line 11933) - compile ... ok
[INFO] [stdout] test src/api.rs - api::ProjectAppRecaptchaConfigBatchGetCall (line 6245) - compile ... ok
[INFO] [stdout] test src/api.rs - api::ProjectAppGeneratePlayIntegrityChallengeCall (line 12806) - compile ... ok
[INFO] [stdout] test src/api.rs - api::ProjectAppExchangePlayIntegrityTokenCall (line 11060) - compile ... ok
[INFO] [stdout] test src/api.rs - api::ProjectAppRecaptchaEnterpriseConfigBatchGetCall (line 7085) - compile ... ok
[INFO] [stdout] test src/api.rs - api::ProjectAppExchangeDebugTokenCall (line 10478) - compile ... ok
[INFO] [stdout] test src/api.rs - api::ProjectAppGenerateAppAttestChallengeCall (line 12515) - compile ... ok
[INFO] [stdout] test src/api.rs - api::ProjectAppRecaptchaV3ConfigBatchGetCall (line 7925) - compile ... ok
[INFO] [stdout] test src/api.rs - api::ProjectAppPlayIntegrityConfigPatchCall (line 5942) - compile ... FAILED
[INFO] [stdout] test src/api.rs - api::ProjectAppPlayIntegrityConfigGetCall (line 5681) - compile ... ok
[INFO] [stdout] test src/lib.rs - (line 51) ... ignored
[INFO] [stdout] test src/api.rs - api::ProjectAppRecaptchaV3ConfigPatchCall (line 8462) - compile ... FAILED
[INFO] [stdout] test src/api.rs - api::ProjectAppRecaptchaEnterpriseConfigPatchCall (line 7622) - compile ... FAILED
[INFO] [stdout] test src/api.rs - api::ProjectAppRecaptchaV3ConfigGetCall (line 8201) - compile ... ok
[INFO] [stdout] test src/api.rs - api::ProjectAppRecaptchaConfigGetCall (line 6521) - compile ... ok
[INFO] [stdout] test src/api.rs - api::ProjectAppRecaptchaEnterpriseConfigGetCall (line 7361) - compile ... ok
[INFO] [stdout] test src/api.rs - api::ProjectAppSafetyNetConfigPatchCall (line 9302) - compile ... FAILED
[INFO] [stdout] test src/api.rs - api::ProjectAppRecaptchaConfigPatchCall (line 6782) - compile ... FAILED
[INFO] [stdout] test src/api.rs - api::ProjectAppPlayIntegrityConfigBatchGetCall (line 5405) - compile ... ok
[INFO] [stdout] test src/api.rs - api::ProjectAppSafetyNetConfigGetCall (line 9041) - compile ... ok
[INFO] [stdout] test src/api.rs - api::ProjectServiceGetCall (line 13388) - compile ... ok
[INFO] [stdout] test src/api.rs - api::ProjectMethods (line 1234) - compile ... ok
[INFO] [stdout] test src/api.rs - api::ProjectAppSafetyNetConfigBatchGetCall (line 8765) - compile ... ok
[INFO] [stdout] test src/api.rs - api::ProjectServiceListCall (line 13649) - compile ... ok
[INFO] [stdout] test src/lib.rs - (line 83) - compile ... ok
[INFO] [stdout] test src/api.rs - api::ProjectServicePatchCall (line 13934) - compile ... FAILED
[INFO] [stdout] test src/api.rs - api::ProjectServiceBatchUpdateCall (line 13097) - compile ... ok
[INFO] [stdout] 
[INFO] [stdout] failures:
[INFO] [stdout] 
[INFO] [stdout] ---- src/api.rs - api::ProjectAppDeviceCheckConfigPatchCall (line 5102) stdout ----
[INFO] [stdout] error[E0308]: mismatched types
[INFO] [stdout]     --> src/api.rs:5126:27
[INFO] [stdout]      |
[INFO] [stdout] 25   |              .update_mask(&Default::default())
[INFO] [stdout]      |               ----------- ^^^^^^^^^^^^^^^^^^^ expected `FieldMask`, found `&_`
[INFO] [stdout]      |               |
[INFO] [stdout]      |               arguments to this method are incorrect
[INFO] [stdout]      |
[INFO] [stdout]      = note: expected struct `FieldMask`
[INFO] [stdout]              found reference `&_`
[INFO] [stdout] note: method defined here
[INFO] [stdout]     --> /opt/rustwide/workdir/src/api.rs:5317:12
[INFO] [stdout]      |
[INFO] [stdout] 5317 |     pub fn update_mask(mut self, new_value: client::FieldMask) -> ProjectAppDeviceCheckConfigPatchCall<'a, S> {
[INFO] [stdout]      |            ^^^^^^^^^^^
[INFO] [stdout] help: consider removing the borrow
[INFO] [stdout]      |
[INFO] [stdout] 25   -              .update_mask(&Default::default())
[INFO] [stdout] 25   +              .update_mask(Default::default())
[INFO] [stdout]      |
[INFO] [stdout] 
[INFO] [stdout] error: aborting due to previous error
[INFO] [stdout] 
[INFO] [stdout] For more information about this error, try `rustc --explain E0308`.
[INFO] [stdout] Couldn't compile the test.
[INFO] [stdout] ---- src/api.rs - api::ProjectAppAppAttestConfigPatchCall (line 2861) stdout ----
[INFO] [stdout] error[E0308]: mismatched types
[INFO] [stdout]     --> src/api.rs:2885:27
[INFO] [stdout]      |
[INFO] [stdout] 25   |              .update_mask(&Default::default())
[INFO] [stdout]      |               ----------- ^^^^^^^^^^^^^^^^^^^ expected `FieldMask`, found `&_`
[INFO] [stdout]      |               |
[INFO] [stdout]      |               arguments to this method are incorrect
[INFO] [stdout]      |
[INFO] [stdout]      = note: expected struct `FieldMask`
[INFO] [stdout]              found reference `&_`
[INFO] [stdout] note: method defined here
[INFO] [stdout]     --> /opt/rustwide/workdir/src/api.rs:3076:12
[INFO] [stdout]      |
[INFO] [stdout] 3076 |     pub fn update_mask(mut self, new_value: client::FieldMask) -> ProjectAppAppAttestConfigPatchCall<'a, S> {
[INFO] [stdout]      |            ^^^^^^^^^^^
[INFO] [stdout] help: consider removing the borrow
[INFO] [stdout]      |
[INFO] [stdout] 25   -              .update_mask(&Default::default())
[INFO] [stdout] 25   +              .update_mask(Default::default())
[INFO] [stdout]      |
[INFO] [stdout] 
[INFO] [stdout] error: aborting due to previous error
[INFO] [stdout] 
[INFO] [stdout] For more information about this error, try `rustc --explain E0308`.
[INFO] [stdout] Couldn't compile the test.
[INFO] [stdout] ---- src/api.rs - api::ProjectAppDebugTokenPatchCall (line 4262) stdout ----
[INFO] [stdout] error[E0308]: mismatched types
[INFO] [stdout]     --> src/api.rs:4286:27
[INFO] [stdout]      |
[INFO] [stdout] 25   |              .update_mask(&Default::default())
[INFO] [stdout]      |               ----------- ^^^^^^^^^^^^^^^^^^^ expected `FieldMask`, found `&_`
[INFO] [stdout]      |               |
[INFO] [stdout]      |               arguments to this method are incorrect
[INFO] [stdout]      |
[INFO] [stdout]      = note: expected struct `FieldMask`
[INFO] [stdout]              found reference `&_`
[INFO] [stdout] note: method defined here
[INFO] [stdout]     --> /opt/rustwide/workdir/src/api.rs:4477:12
[INFO] [stdout]      |
[INFO] [stdout] 4477 |     pub fn update_mask(mut self, new_value: client::FieldMask) -> ProjectAppDebugTokenPatchCall<'a, S> {
[INFO] [stdout]      |            ^^^^^^^^^^^
[INFO] [stdout] help: consider removing the borrow
[INFO] [stdout]      |
[INFO] [stdout] 25   -              .update_mask(&Default::default())
[INFO] [stdout] 25   +              .update_mask(Default::default())
[INFO] [stdout]      |
[INFO] [stdout] 
[INFO] [stdout] error: aborting due to previous error
[INFO] [stdout] 
[INFO] [stdout] For more information about this error, try `rustc --explain E0308`.
[INFO] [stdout] Couldn't compile the test.
[INFO] [stdout] ---- src/api.rs - api::ProjectAppPlayIntegrityConfigPatchCall (line 5942) stdout ----
[INFO] [stdout] error[E0308]: mismatched types
[INFO] [stdout]     --> src/api.rs:5966:27
[INFO] [stdout]      |
[INFO] [stdout] 25   |              .update_mask(&Default::default())
[INFO] [stdout]      |               ----------- ^^^^^^^^^^^^^^^^^^^ expected `FieldMask`, found `&_`
[INFO] [stdout]      |               |
[INFO] [stdout]      |               arguments to this method are incorrect
[INFO] [stdout]      |
[INFO] [stdout]      = note: expected struct `FieldMask`
[INFO] [stdout]              found reference `&_`
[INFO] [stdout] note: method defined here
[INFO] [stdout]     --> /opt/rustwide/workdir/src/api.rs:6157:12
[INFO] [stdout]      |
[INFO] [stdout] 6157 |     pub fn update_mask(mut self, new_value: client::FieldMask) -> ProjectAppPlayIntegrityConfigPatchCall<'a, S> {
[INFO] [stdout]      |            ^^^^^^^^^^^
[INFO] [stdout] help: consider removing the borrow
[INFO] [stdout]      |
[INFO] [stdout] 25   -              .update_mask(&Default::default())
[INFO] [stdout] 25   +              .update_mask(Default::default())
[INFO] [stdout]      |
[INFO] [stdout] 
[INFO] [stdout] error: aborting due to previous error
[INFO] [stdout] 
[INFO] [stdout] For more information about this error, try `rustc --explain E0308`.
[INFO] [stdout] Couldn't compile the test.
[INFO] [stdout] ---- src/api.rs - api::ProjectAppRecaptchaV3ConfigPatchCall (line 8462) stdout ----
[INFO] [stdout] error[E0308]: mismatched types
[INFO] [stdout]     --> src/api.rs:8486:27
[INFO] [stdout]      |
[INFO] [stdout] 25   |              .update_mask(&Default::default())
[INFO] [stdout]      |               ----------- ^^^^^^^^^^^^^^^^^^^ expected `FieldMask`, found `&_`
[INFO] [stdout]      |               |
[INFO] [stdout]      |               arguments to this method are incorrect
[INFO] [stdout]      |
[INFO] [stdout]      = note: expected struct `FieldMask`
[INFO] [stdout]              found reference `&_`
[INFO] [stdout] note: method defined here
[INFO] [stdout]     --> /opt/rustwide/workdir/src/api.rs:8677:12
[INFO] [stdout]      |
[INFO] [stdout] 8677 |     pub fn update_mask(mut self, new_value: client::FieldMask) -> ProjectAppRecaptchaV3ConfigPatchCall<'a, S> {
[INFO] [stdout]      |            ^^^^^^^^^^^
[INFO] [stdout] help: consider removing the borrow
[INFO] [stdout]      |
[INFO] [stdout] 25   -              .update_mask(&Default::default())
[INFO] [stdout] 25   +              .update_mask(Default::default())
[INFO] [stdout]      |
[INFO] [stdout] 
[INFO] [stdout] error: aborting due to previous error
[INFO] [stdout] 
[INFO] [stdout] For more information about this error, try `rustc --explain E0308`.
[INFO] [stdout] Couldn't compile the test.
[INFO] [stdout] ---- src/api.rs - api::ProjectAppRecaptchaEnterpriseConfigPatchCall (line 7622) stdout ----
[INFO] [stdout] error[E0308]: mismatched types
[INFO] [stdout]     --> src/api.rs:7646:27
[INFO] [stdout]      |
[INFO] [stdout] 25   |              .update_mask(&Default::default())
[INFO] [stdout]      |               ----------- ^^^^^^^^^^^^^^^^^^^ expected `FieldMask`, found `&_`
[INFO] [stdout]      |               |
[INFO] [stdout]      |               arguments to this method are incorrect
[INFO] [stdout]      |
[INFO] [stdout]      = note: expected struct `FieldMask`
[INFO] [stdout]              found reference `&_`
[INFO] [stdout] note: method defined here
[INFO] [stdout]     --> /opt/rustwide/workdir/src/api.rs:7837:12
[INFO] [stdout]      |
[INFO] [stdout] 7837 |     pub fn update_mask(mut self, new_value: client::FieldMask) -> ProjectAppRecaptchaEnterpriseConfigPatchCall<'a, S> {
[INFO] [stdout]      |            ^^^^^^^^^^^
[INFO] [stdout] help: consider removing the borrow
[INFO] [stdout]      |
[INFO] [stdout] 25   -              .update_mask(&Default::default())
[INFO] [stdout] 25   +              .update_mask(Default::default())
[INFO] [stdout]      |
[INFO] [stdout] 
[INFO] [stdout] error: aborting due to previous error
[INFO] [stdout] 
[INFO] [stdout] For more information about this error, try `rustc --explain E0308`.
[INFO] [stdout] Couldn't compile the test.
[INFO] [stdout] ---- src/api.rs - api::ProjectAppSafetyNetConfigPatchCall (line 9302) stdout ----
[INFO] [stdout] error[E0308]: mismatched types
[INFO] [stdout]     --> src/api.rs:9326:27
[INFO] [stdout]      |
[INFO] [stdout] 25   |              .update_mask(&Default::default())
[INFO] [stdout]      |               ----------- ^^^^^^^^^^^^^^^^^^^ expected `FieldMask`, found `&_`
[INFO] [stdout]      |               |
[INFO] [stdout]      |               arguments to this method are incorrect
[INFO] [stdout]      |
[INFO] [stdout]      = note: expected struct `FieldMask`
[INFO] [stdout]              found reference `&_`
[INFO] [stdout] note: method defined here
[INFO] [stdout]     --> /opt/rustwide/workdir/src/api.rs:9517:12
[INFO] [stdout]      |
[INFO] [stdout] 9517 |     pub fn update_mask(mut self, new_value: client::FieldMask) -> ProjectAppSafetyNetConfigPatchCall<'a, S> {
[INFO] [stdout]      |            ^^^^^^^^^^^
[INFO] [stdout] help: consider removing the borrow
[INFO] [stdout]      |
[INFO] [stdout] 25   -              .update_mask(&Default::default())
[INFO] [stdout] 25   +              .update_mask(Default::default())
[INFO] [stdout]      |
[INFO] [stdout] 
[INFO] [stdout] error: aborting due to previous error
[INFO] [stdout] 
[INFO] [stdout] For more information about this error, try `rustc --explain E0308`.
[INFO] [stdout] Couldn't compile the test.
[INFO] [stdout] ---- src/api.rs - api::ProjectAppRecaptchaConfigPatchCall (line 6782) stdout ----
[INFO] [stdout] error[E0308]: mismatched types
[INFO] [stdout]     --> src/api.rs:6806:27
[INFO] [stdout]      |
[INFO] [stdout] 25   |              .update_mask(&Default::default())
[INFO] [stdout]      |               ----------- ^^^^^^^^^^^^^^^^^^^ expected `FieldMask`, found `&_`
[INFO] [stdout]      |               |
[INFO] [stdout]      |               arguments to this method are incorrect
[INFO] [stdout]      |
[INFO] [stdout]      = note: expected struct `FieldMask`
[INFO] [stdout]              found reference `&_`
[INFO] [stdout] note: method defined here
[INFO] [stdout]     --> /opt/rustwide/workdir/src/api.rs:6997:12
[INFO] [stdout]      |
[INFO] [stdout] 6997 |     pub fn update_mask(mut self, new_value: client::FieldMask) -> ProjectAppRecaptchaConfigPatchCall<'a, S> {
[INFO] [stdout]      |            ^^^^^^^^^^^
[INFO] [stdout] help: consider removing the borrow
[INFO] [stdout]      |
[INFO] [stdout] 25   -              .update_mask(&Default::default())
[INFO] [stdout] 25   +              .update_mask(Default::default())
[INFO] [stdout]      |
[INFO] [stdout] 
[INFO] [stdout] error: aborting due to previous error
[INFO] [stdout] 
[INFO] [stdout] For more information about this error, try `rustc --explain E0308`.
[INFO] [stdout] Couldn't compile the test.
[INFO] [stdout] ---- src/api.rs - api::ProjectServicePatchCall (line 13934) stdout ----
[INFO] [stdout] error[E0308]: mismatched types
[INFO] [stdout]      --> src/api.rs:13958:27
[INFO] [stdout]       |
[INFO] [stdout] 25    |              .update_mask(&Default::default())
[INFO] [stdout]       |               ----------- ^^^^^^^^^^^^^^^^^^^ expected `FieldMask`, found `&_`
[INFO] [stdout]       |               |
[INFO] [stdout]       |               arguments to this method are incorrect
[INFO] [stdout]       |
[INFO] [stdout]       = note: expected struct `FieldMask`
[INFO] [stdout]               found reference `&_`
[INFO] [stdout] note: method defined here
[INFO] [stdout]      --> /opt/rustwide/workdir/src/api.rs:14149:12
[INFO] [stdout]       |
[INFO] [stdout] 14149 |     pub fn update_mask(mut self, new_value: client::FieldMask) -> ProjectServicePatchCall<'a, S> {
[INFO] [stdout]       |            ^^^^^^^^^^^
[INFO] [stdout] help: consider removing the borrow
[INFO] [stdout]       |
[INFO] [stdout] 25    -              .update_mask(&Default::default())
[INFO] [stdout] 25    +              .update_mask(Default::default())
[INFO] [stdout]       |
[INFO] [stdout] 
[INFO] [stdout] error: aborting due to previous error
[INFO] [stdout] 
[INFO] [stdout] For more information about this error, try `rustc --explain E0308`.
[INFO] [stdout] Couldn't compile the test.
[INFO] [stdout] 
[INFO] [stdout] failures:
[INFO] [stdout]     src/api.rs - api::ProjectAppAppAttestConfigPatchCall (line 2861)
[INFO] [stdout]     src/api.rs - api::ProjectAppDebugTokenPatchCall (line 4262)
[INFO] [stdout]     src/api.rs - api::ProjectAppDeviceCheckConfigPatchCall (line 5102)
[INFO] [stdout]     src/api.rs - api::ProjectAppPlayIntegrityConfigPatchCall (line 5942)
[INFO] [stdout]     src/api.rs - api::ProjectAppRecaptchaConfigPatchCall (line 6782)
[INFO] [stdout]     src/api.rs - api::ProjectAppRecaptchaEnterpriseConfigPatchCall (line 7622)
[INFO] [stdout]     src/api.rs - api::ProjectAppRecaptchaV3ConfigPatchCall (line 8462)
[INFO] [stdout]     src/api.rs - api::ProjectAppSafetyNetConfigPatchCall (line 9302)
[INFO] [stdout]     src/api.rs - api::ProjectServicePatchCall (line 13934)
[INFO] [stdout] 
[INFO] [stdout] test result: FAILED. 38 passed; 9 failed; 1 ignored; 0 measured; 0 filtered out; finished in 0.81s
[INFO] [stdout] 
[INFO] [stderr] error: doctest failed, to rerun pass `--doc`
[INFO] running `Command { std: "docker" "inspect" "8a37424b6cb5360eaacb70bff2b901ac1d0bd6645dd6de0ae7942c74e5d95fa1", kill_on_drop: false }`
[INFO] running `Command { std: "docker" "rm" "-f" "8a37424b6cb5360eaacb70bff2b901ac1d0bd6645dd6de0ae7942c74e5d95fa1", kill_on_drop: false }`
[INFO] [stdout] 8a37424b6cb5360eaacb70bff2b901ac1d0bd6645dd6de0ae7942c74e5d95fa1
