[INFO] fetching crate google-firebase1_beta1 5.0.2+20230123...
[INFO] testing google-firebase1_beta1-5.0.2+20230123 against 1.69.0 for beta-1.70-1
[INFO] extracting crate google-firebase1_beta1 5.0.2+20230123 into /workspace/builds/worker-0-tc1/source
[INFO] validating manifest of crates.io crate google-firebase1_beta1 5.0.2+20230123 on toolchain 1.69.0
[INFO] running `Command { std: CARGO_HOME="/workspace/cargo-home" RUSTUP_HOME="/workspace/rustup-home" "/workspace/cargo-home/bin/cargo" "+1.69.0" "metadata" "--manifest-path" "Cargo.toml" "--no-deps", kill_on_drop: false }`
[INFO] started tweaking crates.io crate google-firebase1_beta1 5.0.2+20230123
[INFO] finished tweaking crates.io crate google-firebase1_beta1 5.0.2+20230123
[INFO] tweaked toml for crates.io crate google-firebase1_beta1 5.0.2+20230123 written to /workspace/builds/worker-0-tc1/source/Cargo.toml
[INFO] running `Command { std: CARGO_HOME="/workspace/cargo-home" RUSTUP_HOME="/workspace/rustup-home" __CARGO_TEST_CHANNEL_OVERRIDE_DO_NOT_USE_THIS="nightly" "/workspace/cargo-home/bin/cargo" "+1.69.0" "generate-lockfile" "--manifest-path" "Cargo.toml" "-Zno-index-update", kill_on_drop: false }`
[INFO] running `Command { std: CARGO_HOME="/workspace/cargo-home" RUSTUP_HOME="/workspace/rustup-home" "/workspace/cargo-home/bin/cargo" "+1.69.0" "fetch" "--manifest-path" "Cargo.toml", kill_on_drop: false }`
[INFO] running `Command { std: "docker" "create" "-v" "/var/lib/crater-agent-workspace/builds/worker-0-tc1/target:/opt/rustwide/target:rw,Z" "-v" "/var/lib/crater-agent-workspace/builds/worker-0-tc1/source:/opt/rustwide/workdir:ro,Z" "-v" "/var/lib/crater-agent-workspace/cargo-home:/opt/rustwide/cargo-home:ro,Z" "-v" "/var/lib/crater-agent-workspace/rustup-home:/opt/rustwide/rustup-home:ro,Z" "-e" "SOURCE_DIR=/opt/rustwide/workdir" "-e" "CARGO_TARGET_DIR=/opt/rustwide/target" "-e" "CARGO_HOME=/opt/rustwide/cargo-home" "-e" "RUSTUP_HOME=/opt/rustwide/rustup-home" "-w" "/opt/rustwide/workdir" "-m" "1610612736" "--user" "0:0" "--network" "none" "ghcr.io/rust-lang/crates-build-env/linux@sha256:5ff2268d62e97bff2cde7d5815dd6ed5b47097566f13b8d0ca110b04b60e07ed" "/opt/rustwide/cargo-home/bin/cargo" "+1.69.0" "metadata" "--no-deps" "--format-version=1", kill_on_drop: false }`
[INFO] [stdout] 36b789aa40d1d924ea210070261816d830ae84e559ad48ce8ba70af535fb408b
[INFO] running `Command { std: "docker" "start" "-a" "36b789aa40d1d924ea210070261816d830ae84e559ad48ce8ba70af535fb408b", kill_on_drop: false }`
[INFO] running `Command { std: "docker" "inspect" "36b789aa40d1d924ea210070261816d830ae84e559ad48ce8ba70af535fb408b", kill_on_drop: false }`
[INFO] running `Command { std: "docker" "rm" "-f" "36b789aa40d1d924ea210070261816d830ae84e559ad48ce8ba70af535fb408b", kill_on_drop: false }`
[INFO] [stdout] 36b789aa40d1d924ea210070261816d830ae84e559ad48ce8ba70af535fb408b
[INFO] running `Command { std: "docker" "create" "-v" "/var/lib/crater-agent-workspace/builds/worker-0-tc1/target:/opt/rustwide/target:rw,Z" "-v" "/var/lib/crater-agent-workspace/builds/worker-0-tc1/source:/opt/rustwide/workdir:ro,Z" "-v" "/var/lib/crater-agent-workspace/cargo-home:/opt/rustwide/cargo-home:ro,Z" "-v" "/var/lib/crater-agent-workspace/rustup-home:/opt/rustwide/rustup-home:ro,Z" "-e" "SOURCE_DIR=/opt/rustwide/workdir" "-e" "CARGO_TARGET_DIR=/opt/rustwide/target" "-e" "CARGO_INCREMENTAL=0" "-e" "RUST_BACKTRACE=full" "-e" "RUSTFLAGS=--cap-lints=warn" "-e" "RUSTDOCFLAGS=--cap-lints=warn" "-e" "CARGO_HOME=/opt/rustwide/cargo-home" "-e" "RUSTUP_HOME=/opt/rustwide/rustup-home" "-w" "/opt/rustwide/workdir" "-m" "1610612736" "--user" "0:0" "--network" "none" "ghcr.io/rust-lang/crates-build-env/linux@sha256:5ff2268d62e97bff2cde7d5815dd6ed5b47097566f13b8d0ca110b04b60e07ed" "/opt/rustwide/cargo-home/bin/cargo" "+1.69.0" "build" "--frozen" "--message-format=json", kill_on_drop: false }`
[INFO] [stdout] c8e41387aa971d936ea8e11c4d9150b5f3cce1954b33243b4d30088c3ea0e7e8
[INFO] running `Command { std: "docker" "start" "-a" "c8e41387aa971d936ea8e11c4d9150b5f3cce1954b33243b4d30088c3ea0e7e8", kill_on_drop: false }`
[INFO] [stderr]    Compiling proc-macro2 v1.0.56
[INFO] [stderr]    Compiling log v0.4.17
[INFO] [stderr]    Compiling once_cell v1.17.1
[INFO] [stderr]    Compiling pin-project-lite v0.2.9
[INFO] [stderr]    Compiling fnv v1.0.7
[INFO] [stderr]    Compiling futures-core v0.3.28
[INFO] [stderr]    Compiling cc v1.0.79
[INFO] [stderr]    Compiling futures-sink v0.3.28
[INFO] [stderr]    Compiling futures-task v0.3.28
[INFO] [stderr]    Compiling futures-channel v0.3.28
[INFO] [stderr]    Compiling memchr v2.5.0
[INFO] [stderr]    Compiling slab v0.4.8
[INFO] [stderr]    Compiling bytes v1.4.0
[INFO] [stderr]    Compiling tokio v1.28.0
[INFO] [stderr]    Compiling serde_derive v1.0.160
[INFO] [stderr]    Compiling futures-util v0.3.28
[INFO] [stderr]    Compiling socket2 v0.4.9
[INFO] [stderr]    Compiling futures-io v0.3.28
[INFO] [stderr]    Compiling spin v0.5.2
[INFO] [stderr]    Compiling itoa v1.0.6
[INFO] [stderr]    Compiling untrusted v0.7.1
[INFO] [stderr]    Compiling pin-utils v0.1.0
[INFO] [stderr]    Compiling serde v1.0.160
[INFO] [stderr]    Compiling tinyvec_macros v0.1.1
[INFO] [stderr]    Compiling tinyvec v1.6.0
[INFO] [stderr]    Compiling tracing-core v0.1.30
[INFO] [stderr]    Compiling indexmap v1.9.3
[INFO] [stderr]    Compiling http v0.2.9
[INFO] [stderr]    Compiling unicode-bidi v0.3.13
[INFO] [stderr]    Compiling mio v0.8.6
[INFO] [stderr]    Compiling rustls v0.20.8
[INFO] [stderr]    Compiling ident_case v1.0.1
[INFO] [stderr]    Compiling strsim v0.10.0
[INFO] [stderr]    Compiling httparse v1.8.0
[INFO] [stderr]    Compiling num-traits v0.2.15
[INFO] [stderr]    Compiling tracing v0.1.37
[INFO] [stderr]    Compiling try-lock v0.2.4
[INFO] [stderr]    Compiling base64 v0.21.0
[INFO] [stderr]    Compiling num-integer v0.1.45
[INFO] [stderr]    Compiling quote v1.0.26
[INFO] [stderr]    Compiling unicode-normalization v0.1.22
[INFO] [stderr]    Compiling want v0.3.0
[INFO] [stderr]    Compiling syn v2.0.15
[INFO] [stderr]    Compiling httpdate v1.0.2
[INFO] [stderr]    Compiling http-body v0.4.5
[INFO] [stderr]    Compiling rustls-pemfile v1.0.2
[INFO] [stderr]    Compiling anyhow v1.0.71
[INFO] [stderr]    Compiling tower-service v0.3.2
[INFO] [stderr]    Compiling ring v0.16.20
[INFO] [stderr]    Compiling openssl-probe v0.1.5
[INFO] [stderr]    Compiling serde_json v1.0.96
[INFO] [stderr]    Compiling async-trait v0.1.68
[INFO] [stderr]    Compiling percent-encoding v2.2.0
[INFO] [stderr]    Compiling rustls-native-certs v0.6.2
[INFO] [stderr]    Compiling idna v0.3.0
[INFO] [stderr]    Compiling time-core v0.1.0
[INFO] [stderr]    Compiling matches v0.1.10
[INFO] [stderr]    Compiling ryu v1.0.13
[INFO] [stderr]    Compiling num_threads v0.1.6
[INFO] [stderr]    Compiling either v1.8.1
[INFO] [stderr]    Compiling form_urlencoded v1.1.0
[INFO] [stderr]    Compiling idna v0.1.5
[INFO] [stderr]    Compiling seahash v4.1.0
[INFO] [stderr]    Compiling base64 v0.13.1
[INFO] [stderr]    Compiling iana-time-zone v0.1.56
[INFO] [stderr]    Compiling itertools v0.10.5
[INFO] [stderr]    Compiling percent-encoding v1.0.1
[INFO] [stderr]    Compiling mime v0.3.17
[INFO] [stderr]    Compiling url v2.3.1
[INFO] [stderr]    Compiling url v1.7.2
[INFO] [stderr]    Compiling darling_core v0.20.0
[INFO] [stderr]    Compiling sct v0.7.0
[INFO] [stderr]    Compiling webpki v0.22.0
[INFO] [stderr]    Compiling tokio-macros v2.1.0
[INFO] [stderr]    Compiling futures-macro v0.3.28
[INFO] [stderr]    Compiling darling_macro v0.20.0
[INFO] [stderr]    Compiling darling v0.20.0
[INFO] [stderr]    Compiling serde_with_macros v2.3.3
[INFO] [stderr]    Compiling futures-executor v0.3.28
[INFO] [stderr]    Compiling futures v0.3.28
[INFO] [stderr]    Compiling tokio-util v0.7.8
[INFO] [stderr]    Compiling tokio-rustls v0.23.4
[INFO] [stderr]    Compiling h2 v0.3.18
[INFO] [stderr]    Compiling time v0.3.20
[INFO] [stderr]    Compiling serde_with v2.3.3
[INFO] [stderr]    Compiling chrono v0.4.24
[INFO] [stderr]    Compiling hyper v0.14.26
[INFO] [stderr]    Compiling hyper-rustls v0.23.2
[INFO] [stderr]    Compiling yup-oauth2 v8.1.1
[INFO] [stderr]    Compiling google-apis-common v5.0.4
[INFO] [stderr]    Compiling google-firebase1_beta1 v5.0.2+20230123 (/opt/rustwide/workdir)
[INFO] [stderr]     Finished dev [unoptimized + debuginfo] target(s) in 32.69s
[INFO] running `Command { std: "docker" "inspect" "c8e41387aa971d936ea8e11c4d9150b5f3cce1954b33243b4d30088c3ea0e7e8", kill_on_drop: false }`
[INFO] running `Command { std: "docker" "rm" "-f" "c8e41387aa971d936ea8e11c4d9150b5f3cce1954b33243b4d30088c3ea0e7e8", kill_on_drop: false }`
[INFO] [stdout] c8e41387aa971d936ea8e11c4d9150b5f3cce1954b33243b4d30088c3ea0e7e8
[INFO] running `Command { std: "docker" "create" "-v" "/var/lib/crater-agent-workspace/builds/worker-0-tc1/target:/opt/rustwide/target:rw,Z" "-v" "/var/lib/crater-agent-workspace/builds/worker-0-tc1/source:/opt/rustwide/workdir:ro,Z" "-v" "/var/lib/crater-agent-workspace/cargo-home:/opt/rustwide/cargo-home:ro,Z" "-v" "/var/lib/crater-agent-workspace/rustup-home:/opt/rustwide/rustup-home:ro,Z" "-e" "SOURCE_DIR=/opt/rustwide/workdir" "-e" "CARGO_TARGET_DIR=/opt/rustwide/target" "-e" "CARGO_INCREMENTAL=0" "-e" "RUST_BACKTRACE=full" "-e" "RUSTFLAGS=--cap-lints=warn" "-e" "RUSTDOCFLAGS=--cap-lints=warn" "-e" "CARGO_HOME=/opt/rustwide/cargo-home" "-e" "RUSTUP_HOME=/opt/rustwide/rustup-home" "-w" "/opt/rustwide/workdir" "-m" "1610612736" "--user" "0:0" "--network" "none" "ghcr.io/rust-lang/crates-build-env/linux@sha256:5ff2268d62e97bff2cde7d5815dd6ed5b47097566f13b8d0ca110b04b60e07ed" "/opt/rustwide/cargo-home/bin/cargo" "+1.69.0" "test" "--frozen" "--no-run" "--message-format=json", kill_on_drop: false }`
[INFO] [stdout] 0f6ebfccd9025f0cc00642f02af6be70b8683abd8ae3080e776839f30851bc42
[INFO] running `Command { std: "docker" "start" "-a" "0f6ebfccd9025f0cc00642f02af6be70b8683abd8ae3080e776839f30851bc42", kill_on_drop: false }`
[INFO] [stderr]     Blocking waiting for file lock on package cache
[INFO] [stderr]    Compiling google-firebase1_beta1 v5.0.2+20230123 (/opt/rustwide/workdir)
[INFO] [stderr]     Finished test [unoptimized + debuginfo] target(s) in 3.05s
[INFO] running `Command { std: "docker" "inspect" "0f6ebfccd9025f0cc00642f02af6be70b8683abd8ae3080e776839f30851bc42", kill_on_drop: false }`
[INFO] running `Command { std: "docker" "rm" "-f" "0f6ebfccd9025f0cc00642f02af6be70b8683abd8ae3080e776839f30851bc42", kill_on_drop: false }`
[INFO] [stdout] 0f6ebfccd9025f0cc00642f02af6be70b8683abd8ae3080e776839f30851bc42
[INFO] running `Command { std: "docker" "create" "-v" "/var/lib/crater-agent-workspace/builds/worker-0-tc1/target:/opt/rustwide/target:rw,Z" "-v" "/var/lib/crater-agent-workspace/builds/worker-0-tc1/source:/opt/rustwide/workdir:ro,Z" "-v" "/var/lib/crater-agent-workspace/cargo-home:/opt/rustwide/cargo-home:ro,Z" "-v" "/var/lib/crater-agent-workspace/rustup-home:/opt/rustwide/rustup-home:ro,Z" "-e" "SOURCE_DIR=/opt/rustwide/workdir" "-e" "CARGO_TARGET_DIR=/opt/rustwide/target" "-e" "CARGO_INCREMENTAL=0" "-e" "RUST_BACKTRACE=full" "-e" "RUSTFLAGS=--cap-lints=warn" "-e" "RUSTDOCFLAGS=--cap-lints=warn" "-e" "CARGO_HOME=/opt/rustwide/cargo-home" "-e" "RUSTUP_HOME=/opt/rustwide/rustup-home" "-w" "/opt/rustwide/workdir" "-m" "1610612736" "--user" "0:0" "--network" "none" "ghcr.io/rust-lang/crates-build-env/linux@sha256:5ff2268d62e97bff2cde7d5815dd6ed5b47097566f13b8d0ca110b04b60e07ed" "/opt/rustwide/cargo-home/bin/cargo" "+1.69.0" "test" "--frozen", kill_on_drop: false }`
[INFO] [stdout] c937c60d8a9c82e783e8cc7630e417e0e54f1931cec0c0c26572fb74c26ea2b5
[INFO] running `Command { std: "docker" "start" "-a" "c937c60d8a9c82e783e8cc7630e417e0e54f1931cec0c0c26572fb74c26ea2b5", kill_on_drop: false }`
[INFO] [stderr]     Finished test [unoptimized + debuginfo] target(s) in 0.20s
[INFO] [stderr]      Running unittests src/lib.rs (/opt/rustwide/target/debug/deps/google_firebase1_beta1-a0b6407cfa865e1d)
[INFO] [stdout] 
[INFO] [stderr]    Doc-tests google-firebase1_beta1
[INFO] [stdout] running 0 tests
[INFO] [stdout] 
[INFO] [stdout] test result: ok. 0 passed; 0 failed; 0 ignored; 0 measured; 0 filtered out; finished in 0.00s
[INFO] [stdout] 
[INFO] [stdout] 
[INFO] [stdout] running 43 tests
[INFO] [stdout] test src/api.rs - api::ProjectAndroidAppGetConfigCall (line 3987) - compile ... ok
[INFO] [stdout] test src/api.rs - api::ProjectAddGoogleAnalyticCall (line 10287) - compile ... ok
[INFO] [stdout] test src/api.rs - api::ProjectAndroidAppListCall (line 4248) - compile ... ok
[INFO] [stdout] test src/api.rs - api::ProjectAndroidAppCreateCall (line 3435) - compile ... ok
[INFO] [stdout] test src/api.rs - api::ProjectAndroidAppShaCreateCall (line 2622) - compile ... ok
[INFO] [stdout] test src/api.rs - api::ProjectAndroidAppRemoveCall (line 4848) - compile ... ok
[INFO] [stdout] test src/api.rs - api::AvailableProjectMethods (line 1285) - compile ... ok
[INFO] [stdout] test src/api.rs - api::ProjectAndroidAppShaDeleteCall (line 2913) - compile ... ok
[INFO] [stdout] test src/api.rs - api::OperationMethods (line 1340) - compile ... ok
[INFO] [stdout] test src/api.rs - api::ProjectAndroidAppGetCall (line 3726) - compile ... ok
[INFO] [stdout] test src/api.rs - api::ProjectAndroidAppShaListCall (line 3174) - compile ... ok
[INFO] [stdout] test src/api.rs - api::ProjectAddFirebaseCall (line 9996) - compile ... ok
[INFO] [stdout] test src/api.rs - api::OperationGetCall (line 2361) - compile ... ok
[INFO] [stdout] test src/api.rs - api::ProjectAndroidAppUndeleteCall (line 5139) - compile ... ok
[INFO] [stdout] test src/api.rs - api::AvailableProjectListCall (line 2095) - compile ... ok
[INFO] [stdout] test src/api.rs - api::ProjectAvailableLocationListCall (line 5430) - compile ... ok
[INFO] [stdout] test src/api.rs - api::ProjectDefaultLocationFinalizeCall (line 5715) - compile ... ok
[INFO] [stdout] test src/api.rs - api::FirebaseManagement (line 70) - compile ... ok
[INFO] [stdout] test src/api.rs - api::ProjectListCall (line 11361) - compile ... ok
[INFO] [stdout] test src/api.rs - api::ProjectIosAppCreateCall (line 6006) - compile ... ok
[INFO] [stdout] test src/api.rs - api::ProjectAndroidAppPatchCall (line 4545) - compile ... FAILED
[INFO] [stdout] test src/api.rs - api::ProjectGetCall (line 10578) - compile ... ok
[INFO] [stdout] test src/api.rs - api::ProjectIosAppGetCall (line 6297) - compile ... ok
[INFO] [stdout] test src/api.rs - api::ProjectMethods (line 1398) - compile ... ok
[INFO] [stdout] test src/api.rs - api::ProjectGetAnalyticsDetailCall (line 11100) - compile ... ok
[INFO] [stdout] test src/api.rs - api::ProjectIosAppGetConfigCall (line 6558) - compile ... ok
[INFO] [stdout] test src/lib.rs - (line 53) ... ignored
[INFO] [stdout] test src/api.rs - api::ProjectIosAppPatchCall (line 7116) - compile ... FAILED
[INFO] [stdout] test src/api.rs - api::ProjectGetAdminSdkConfigCall (line 10839) - compile ... ok
[INFO] [stdout] test src/api.rs - api::ProjectPatchCall (line 11639) - compile ... FAILED
[INFO] [stdout] test src/api.rs - api::ProjectIosAppUndeleteCall (line 7710) - compile ... ok
[INFO] [stdout] test src/api.rs - api::ProjectSearchAppCall (line 12233) - compile ... ok
[INFO] [stdout] test src/api.rs - api::ProjectWebAppRemoveCall (line 9414) - compile ... ok
[INFO] [stdout] test src/lib.rs - (line 89) - compile ... ok
[INFO] [stdout] test src/api.rs - api::ProjectWebAppGetCall (line 8292) - compile ... ok
[INFO] [stdout] test src/api.rs - api::ProjectIosAppListCall (line 6819) - compile ... ok
[INFO] [stdout] test src/api.rs - api::ProjectWebAppUndeleteCall (line 9705) - compile ... ok
[INFO] [stdout] test src/api.rs - api::ProjectIosAppRemoveCall (line 7419) - compile ... ok
[INFO] [stdout] test src/api.rs - api::ProjectRemoveAnalyticCall (line 11942) - compile ... ok
[INFO] [stdout] test src/api.rs - api::ProjectWebAppPatchCall (line 9111) - compile ... FAILED
[INFO] [stdout] test src/api.rs - api::ProjectWebAppCreateCall (line 8001) - compile ... ok
[INFO] [stdout] test src/api.rs - api::ProjectWebAppGetConfigCall (line 8553) - compile ... ok
[INFO] [stdout] test src/api.rs - api::ProjectWebAppListCall (line 8814) - compile ... ok
[INFO] [stdout] 
[INFO] [stdout] failures:
[INFO] [stdout] 
[INFO] [stdout] ---- src/api.rs - api::ProjectAndroidAppPatchCall (line 4545) stdout ----
[INFO] [stdout] error[E0308]: mismatched types
[INFO] [stdout]     --> src/api.rs:4569:27
[INFO] [stdout]      |
[INFO] [stdout] 25   |              .update_mask(&Default::default())
[INFO] [stdout]      |               ----------- ^^^^^^^^^^^^^^^^^^^ expected `FieldMask`, found `&_`
[INFO] [stdout]      |               |
[INFO] [stdout]      |               arguments to this method are incorrect
[INFO] [stdout]      |
[INFO] [stdout]      = note: expected struct `FieldMask`
[INFO] [stdout]              found reference `&_`
[INFO] [stdout] note: method defined here
[INFO] [stdout]     --> /opt/rustwide/workdir/src/api.rs:4760:12
[INFO] [stdout]      |
[INFO] [stdout] 4760 |     pub fn update_mask(mut self, new_value: client::FieldMask) -> ProjectAndroidAppPatchCall<'a, S> {
[INFO] [stdout]      |            ^^^^^^^^^^^
[INFO] [stdout] help: consider removing the borrow
[INFO] [stdout]      |
[INFO] [stdout] 25   -              .update_mask(&Default::default())
[INFO] [stdout] 25   +              .update_mask(Default::default())
[INFO] [stdout]      |
[INFO] [stdout] 
[INFO] [stdout] error: aborting due to previous error
[INFO] [stdout] 
[INFO] [stdout] For more information about this error, try `rustc --explain E0308`.
[INFO] [stdout] Couldn't compile the test.
[INFO] [stdout] ---- src/api.rs - api::ProjectIosAppPatchCall (line 7116) stdout ----
[INFO] [stdout] error[E0308]: mismatched types
[INFO] [stdout]     --> src/api.rs:7140:27
[INFO] [stdout]      |
[INFO] [stdout] 25   |              .update_mask(&Default::default())
[INFO] [stdout]      |               ----------- ^^^^^^^^^^^^^^^^^^^ expected `FieldMask`, found `&_`
[INFO] [stdout]      |               |
[INFO] [stdout]      |               arguments to this method are incorrect
[INFO] [stdout]      |
[INFO] [stdout]      = note: expected struct `FieldMask`
[INFO] [stdout]              found reference `&_`
[INFO] [stdout] note: method defined here
[INFO] [stdout]     --> /opt/rustwide/workdir/src/api.rs:7331:12
[INFO] [stdout]      |
[INFO] [stdout] 7331 |     pub fn update_mask(mut self, new_value: client::FieldMask) -> ProjectIosAppPatchCall<'a, S> {
[INFO] [stdout]      |            ^^^^^^^^^^^
[INFO] [stdout] help: consider removing the borrow
[INFO] [stdout]      |
[INFO] [stdout] 25   -              .update_mask(&Default::default())
[INFO] [stdout] 25   +              .update_mask(Default::default())
[INFO] [stdout]      |
[INFO] [stdout] 
[INFO] [stdout] error: aborting due to previous error
[INFO] [stdout] 
[INFO] [stdout] For more information about this error, try `rustc --explain E0308`.
[INFO] [stdout] Couldn't compile the test.
[INFO] [stdout] ---- src/api.rs - api::ProjectPatchCall (line 11639) stdout ----
[INFO] [stdout] error[E0308]: mismatched types
[INFO] [stdout]      --> src/api.rs:11663:27
[INFO] [stdout]       |
[INFO] [stdout] 25    |              .update_mask(&Default::default())
[INFO] [stdout]       |               ----------- ^^^^^^^^^^^^^^^^^^^ expected `FieldMask`, found `&_`
[INFO] [stdout]       |               |
[INFO] [stdout]       |               arguments to this method are incorrect
[INFO] [stdout]       |
[INFO] [stdout]       = note: expected struct `FieldMask`
[INFO] [stdout]               found reference `&_`
[INFO] [stdout] note: method defined here
[INFO] [stdout]      --> /opt/rustwide/workdir/src/api.rs:11854:12
[INFO] [stdout]       |
[INFO] [stdout] 11854 |     pub fn update_mask(mut self, new_value: client::FieldMask) -> ProjectPatchCall<'a, S> {
[INFO] [stdout]       |            ^^^^^^^^^^^
[INFO] [stdout] help: consider removing the borrow
[INFO] [stdout]       |
[INFO] [stdout] 25    -              .update_mask(&Default::default())
[INFO] [stdout] 25    +              .update_mask(Default::default())
[INFO] [stdout]       |
[INFO] [stdout] 
[INFO] [stdout] error: aborting due to previous error
[INFO] [stdout] 
[INFO] [stdout] For more information about this error, try `rustc --explain E0308`.
[INFO] [stdout] Couldn't compile the test.
[INFO] [stdout] ---- src/api.rs - api::ProjectWebAppPatchCall (line 9111) stdout ----
[INFO] [stdout] error[E0308]: mismatched types
[INFO] [stdout]     --> src/api.rs:9135:27
[INFO] [stdout]      |
[INFO] [stdout] 25   |              .update_mask(&Default::default())
[INFO] [stdout]      |               ----------- ^^^^^^^^^^^^^^^^^^^ expected `FieldMask`, found `&_`
[INFO] [stdout]      |               |
[INFO] [stdout]      |               arguments to this method are incorrect
[INFO] [stdout]      |
[INFO] [stdout]      = note: expected struct `FieldMask`
[INFO] [stdout]              found reference `&_`
[INFO] [stdout] note: method defined here
[INFO] [stdout]     --> /opt/rustwide/workdir/src/api.rs:9326:12
[INFO] [stdout]      |
[INFO] [stdout] 9326 |     pub fn update_mask(mut self, new_value: client::FieldMask) -> ProjectWebAppPatchCall<'a, S> {
[INFO] [stdout]      |            ^^^^^^^^^^^
[INFO] [stdout] help: consider removing the borrow
[INFO] [stdout]      |
[INFO] [stdout] 25   -              .update_mask(&Default::default())
[INFO] [stdout] 25   +              .update_mask(Default::default())
[INFO] [stdout]      |
[INFO] [stdout] 
[INFO] [stdout] error: aborting due to previous error
[INFO] [stdout] 
[INFO] [stdout] For more information about this error, try `rustc --explain E0308`.
[INFO] [stdout] Couldn't compile the test.
[INFO] [stdout] 
[INFO] [stdout] failures:
[INFO] [stdout]     src/api.rs - api::ProjectAndroidAppPatchCall (line 4545)
[INFO] [stdout]     src/api.rs - api::ProjectIosAppPatchCall (line 7116)
[INFO] [stdout]     src/api.rs - api::ProjectPatchCall (line 11639)
[INFO] [stdout]     src/api.rs - api::ProjectWebAppPatchCall (line 9111)
[INFO] [stdout] 
[INFO] [stdout] test result: FAILED. 38 passed; 4 failed; 1 ignored; 0 measured; 0 filtered out; finished in 0.61s
[INFO] [stdout] 
[INFO] [stderr] error: doctest failed, to rerun pass `--doc`
[INFO] running `Command { std: "docker" "inspect" "c937c60d8a9c82e783e8cc7630e417e0e54f1931cec0c0c26572fb74c26ea2b5", kill_on_drop: false }`
[INFO] running `Command { std: "docker" "rm" "-f" "c937c60d8a9c82e783e8cc7630e417e0e54f1931cec0c0c26572fb74c26ea2b5", kill_on_drop: false }`
[INFO] [stdout] c937c60d8a9c82e783e8cc7630e417e0e54f1931cec0c0c26572fb74c26ea2b5
