[INFO] fetching crate google-file1_beta1 5.0.2+20230103...
[INFO] testing google-file1_beta1-5.0.2+20230103 against 1.69.0 for beta-1.70-1
[INFO] extracting crate google-file1_beta1 5.0.2+20230103 into /workspace/builds/worker-0-tc1/source
[INFO] validating manifest of crates.io crate google-file1_beta1 5.0.2+20230103 on toolchain 1.69.0
[INFO] running `Command { std: CARGO_HOME="/workspace/cargo-home" RUSTUP_HOME="/workspace/rustup-home" "/workspace/cargo-home/bin/cargo" "+1.69.0" "metadata" "--manifest-path" "Cargo.toml" "--no-deps", kill_on_drop: false }`
[INFO] started tweaking crates.io crate google-file1_beta1 5.0.2+20230103
[INFO] finished tweaking crates.io crate google-file1_beta1 5.0.2+20230103
[INFO] tweaked toml for crates.io crate google-file1_beta1 5.0.2+20230103 written to /workspace/builds/worker-0-tc1/source/Cargo.toml
[INFO] running `Command { std: CARGO_HOME="/workspace/cargo-home" RUSTUP_HOME="/workspace/rustup-home" __CARGO_TEST_CHANNEL_OVERRIDE_DO_NOT_USE_THIS="nightly" "/workspace/cargo-home/bin/cargo" "+1.69.0" "generate-lockfile" "--manifest-path" "Cargo.toml" "-Zno-index-update", kill_on_drop: false }`
[INFO] running `Command { std: CARGO_HOME="/workspace/cargo-home" RUSTUP_HOME="/workspace/rustup-home" "/workspace/cargo-home/bin/cargo" "+1.69.0" "fetch" "--manifest-path" "Cargo.toml", kill_on_drop: false }`
[INFO] running `Command { std: "docker" "create" "-v" "/var/lib/crater-agent-workspace/builds/worker-0-tc1/target:/opt/rustwide/target:rw,Z" "-v" "/var/lib/crater-agent-workspace/builds/worker-0-tc1/source:/opt/rustwide/workdir:ro,Z" "-v" "/var/lib/crater-agent-workspace/cargo-home:/opt/rustwide/cargo-home:ro,Z" "-v" "/var/lib/crater-agent-workspace/rustup-home:/opt/rustwide/rustup-home:ro,Z" "-e" "SOURCE_DIR=/opt/rustwide/workdir" "-e" "CARGO_TARGET_DIR=/opt/rustwide/target" "-e" "CARGO_HOME=/opt/rustwide/cargo-home" "-e" "RUSTUP_HOME=/opt/rustwide/rustup-home" "-w" "/opt/rustwide/workdir" "-m" "1610612736" "--user" "0:0" "--network" "none" "ghcr.io/rust-lang/crates-build-env/linux@sha256:5ff2268d62e97bff2cde7d5815dd6ed5b47097566f13b8d0ca110b04b60e07ed" "/opt/rustwide/cargo-home/bin/cargo" "+1.69.0" "metadata" "--no-deps" "--format-version=1", kill_on_drop: false }`
[INFO] [stdout] b21ec79a838e653303bf2227610e15c9361132e0c76a31e1776a251fbb636ca3
[INFO] running `Command { std: "docker" "start" "-a" "b21ec79a838e653303bf2227610e15c9361132e0c76a31e1776a251fbb636ca3", kill_on_drop: false }`
[INFO] running `Command { std: "docker" "inspect" "b21ec79a838e653303bf2227610e15c9361132e0c76a31e1776a251fbb636ca3", kill_on_drop: false }`
[INFO] running `Command { std: "docker" "rm" "-f" "b21ec79a838e653303bf2227610e15c9361132e0c76a31e1776a251fbb636ca3", kill_on_drop: false }`
[INFO] [stdout] b21ec79a838e653303bf2227610e15c9361132e0c76a31e1776a251fbb636ca3
[INFO] running `Command { std: "docker" "create" "-v" "/var/lib/crater-agent-workspace/builds/worker-0-tc1/target:/opt/rustwide/target:rw,Z" "-v" "/var/lib/crater-agent-workspace/builds/worker-0-tc1/source:/opt/rustwide/workdir:ro,Z" "-v" "/var/lib/crater-agent-workspace/cargo-home:/opt/rustwide/cargo-home:ro,Z" "-v" "/var/lib/crater-agent-workspace/rustup-home:/opt/rustwide/rustup-home:ro,Z" "-e" "SOURCE_DIR=/opt/rustwide/workdir" "-e" "CARGO_TARGET_DIR=/opt/rustwide/target" "-e" "CARGO_INCREMENTAL=0" "-e" "RUST_BACKTRACE=full" "-e" "RUSTFLAGS=--cap-lints=warn" "-e" "RUSTDOCFLAGS=--cap-lints=warn" "-e" "CARGO_HOME=/opt/rustwide/cargo-home" "-e" "RUSTUP_HOME=/opt/rustwide/rustup-home" "-w" "/opt/rustwide/workdir" "-m" "1610612736" "--user" "0:0" "--network" "none" "ghcr.io/rust-lang/crates-build-env/linux@sha256:5ff2268d62e97bff2cde7d5815dd6ed5b47097566f13b8d0ca110b04b60e07ed" "/opt/rustwide/cargo-home/bin/cargo" "+1.69.0" "build" "--frozen" "--message-format=json", kill_on_drop: false }`
[INFO] [stdout] 175feb375960df727e2590445456042a9bffba049494913aaab535eac7745df7
[INFO] running `Command { std: "docker" "start" "-a" "175feb375960df727e2590445456042a9bffba049494913aaab535eac7745df7", kill_on_drop: false }`
[INFO] [stderr]     Blocking waiting for file lock on package cache
[INFO] [stderr]    Compiling log v0.4.17
[INFO] [stderr]    Compiling cc v1.0.79
[INFO] [stderr]    Compiling futures-channel v0.3.28
[INFO] [stderr]    Compiling syn v2.0.15
[INFO] [stderr]    Compiling tokio v1.28.0
[INFO] [stderr]    Compiling socket2 v0.4.9
[INFO] [stderr]    Compiling serde v1.0.160
[INFO] [stderr]    Compiling spin v0.5.2
[INFO] [stderr]    Compiling untrusted v0.7.1
[INFO] [stderr]    Compiling mio v0.8.6
[INFO] [stderr]    Compiling tracing-core v0.1.30
[INFO] [stderr]    Compiling http v0.2.9
[INFO] [stderr]    Compiling ident_case v1.0.1
[INFO] [stderr]    Compiling strsim v0.10.0
[INFO] [stderr]    Compiling rustls v0.20.8
[INFO] [stderr]    Compiling num-traits v0.2.15
[INFO] [stderr]    Compiling base64 v0.21.0
[INFO] [stderr]    Compiling try-lock v0.2.4
[INFO] [stderr]    Compiling tracing v0.1.37
[INFO] [stderr]    Compiling rustls-pemfile v1.0.2
[INFO] [stderr]    Compiling http-body v0.4.5
[INFO] [stderr]    Compiling want v0.3.0
[INFO] [stderr]    Compiling num-integer v0.1.45
[INFO] [stderr]    Compiling httpdate v1.0.2
[INFO] [stderr]    Compiling rustls-native-certs v0.6.2
[INFO] [stderr]    Compiling ring v0.16.20
[INFO] [stderr]    Compiling num_threads v0.1.6
[INFO] [stderr]    Compiling time-core v0.1.0
[INFO] [stderr]    Compiling either v1.8.1
[INFO] [stderr]    Compiling matches v0.1.10
[INFO] [stderr]    Compiling url v2.3.1
[INFO] [stderr]    Compiling idna v0.1.5
[INFO] [stderr]    Compiling percent-encoding v1.0.1
[INFO] [stderr]    Compiling iana-time-zone v0.1.56
[INFO] [stderr]    Compiling itertools v0.10.5
[INFO] [stderr]    Compiling seahash v4.1.0
[INFO] [stderr]    Compiling base64 v0.13.1
[INFO] [stderr]    Compiling url v1.7.2
[INFO] [stderr]    Compiling mime v0.3.17
[INFO] [stderr]    Compiling darling_core v0.20.0
[INFO] [stderr]    Compiling sct v0.7.0
[INFO] [stderr]    Compiling webpki v0.22.0
[INFO] [stderr]    Compiling futures-macro v0.3.28
[INFO] [stderr]    Compiling tokio-macros v2.1.0
[INFO] [stderr]    Compiling serde_derive v1.0.160
[INFO] [stderr]    Compiling async-trait v0.1.68
[INFO] [stderr]    Compiling futures-util v0.3.28
[INFO] [stderr]    Compiling darling_macro v0.20.0
[INFO] [stderr]    Compiling darling v0.20.0
[INFO] [stderr]    Compiling serde_with_macros v2.3.3
[INFO] [stderr]    Compiling futures-executor v0.3.28
[INFO] [stderr]    Compiling futures v0.3.28
[INFO] [stderr]    Compiling tokio-util v0.7.8
[INFO] [stderr]    Compiling tokio-rustls v0.23.4
[INFO] [stderr]    Compiling h2 v0.3.18
[INFO] [stderr]    Compiling serde_json v1.0.96
[INFO] [stderr]    Compiling time v0.3.20
[INFO] [stderr]    Compiling chrono v0.4.24
[INFO] [stderr]    Compiling serde_with v2.3.3
[INFO] [stderr]    Compiling hyper v0.14.26
[INFO] [stderr]    Compiling hyper-rustls v0.23.2
[INFO] [stderr]    Compiling yup-oauth2 v8.1.1
[INFO] [stderr]    Compiling google-apis-common v5.0.4
[INFO] [stderr]    Compiling google-file1_beta1 v5.0.2+20230103 (/opt/rustwide/workdir)
[INFO] [stderr]     Finished dev [unoptimized + debuginfo] target(s) in 1m 34s
[INFO] running `Command { std: "docker" "inspect" "175feb375960df727e2590445456042a9bffba049494913aaab535eac7745df7", kill_on_drop: false }`
[INFO] running `Command { std: "docker" "rm" "-f" "175feb375960df727e2590445456042a9bffba049494913aaab535eac7745df7", kill_on_drop: false }`
[INFO] [stdout] 175feb375960df727e2590445456042a9bffba049494913aaab535eac7745df7
[INFO] running `Command { std: "docker" "create" "-v" "/var/lib/crater-agent-workspace/builds/worker-0-tc1/target:/opt/rustwide/target:rw,Z" "-v" "/var/lib/crater-agent-workspace/builds/worker-0-tc1/source:/opt/rustwide/workdir:ro,Z" "-v" "/var/lib/crater-agent-workspace/cargo-home:/opt/rustwide/cargo-home:ro,Z" "-v" "/var/lib/crater-agent-workspace/rustup-home:/opt/rustwide/rustup-home:ro,Z" "-e" "SOURCE_DIR=/opt/rustwide/workdir" "-e" "CARGO_TARGET_DIR=/opt/rustwide/target" "-e" "CARGO_INCREMENTAL=0" "-e" "RUST_BACKTRACE=full" "-e" "RUSTFLAGS=--cap-lints=warn" "-e" "RUSTDOCFLAGS=--cap-lints=warn" "-e" "CARGO_HOME=/opt/rustwide/cargo-home" "-e" "RUSTUP_HOME=/opt/rustwide/rustup-home" "-w" "/opt/rustwide/workdir" "-m" "1610612736" "--user" "0:0" "--network" "none" "ghcr.io/rust-lang/crates-build-env/linux@sha256:5ff2268d62e97bff2cde7d5815dd6ed5b47097566f13b8d0ca110b04b60e07ed" "/opt/rustwide/cargo-home/bin/cargo" "+1.69.0" "test" "--frozen" "--no-run" "--message-format=json", kill_on_drop: false }`
[INFO] [stdout] 701a448aaef1cf3187ec49820dc11b4f6c020941be1bc417b600f8244e35badc
[INFO] running `Command { std: "docker" "start" "-a" "701a448aaef1cf3187ec49820dc11b4f6c020941be1bc417b600f8244e35badc", kill_on_drop: false }`
[INFO] [stderr]    Compiling google-file1_beta1 v5.0.2+20230103 (/opt/rustwide/workdir)
[INFO] [stderr]     Finished test [unoptimized + debuginfo] target(s) in 2.16s
[INFO] running `Command { std: "docker" "inspect" "701a448aaef1cf3187ec49820dc11b4f6c020941be1bc417b600f8244e35badc", kill_on_drop: false }`
[INFO] running `Command { std: "docker" "rm" "-f" "701a448aaef1cf3187ec49820dc11b4f6c020941be1bc417b600f8244e35badc", kill_on_drop: false }`
[INFO] [stdout] 701a448aaef1cf3187ec49820dc11b4f6c020941be1bc417b600f8244e35badc
[INFO] running `Command { std: "docker" "create" "-v" "/var/lib/crater-agent-workspace/builds/worker-0-tc1/target:/opt/rustwide/target:rw,Z" "-v" "/var/lib/crater-agent-workspace/builds/worker-0-tc1/source:/opt/rustwide/workdir:ro,Z" "-v" "/var/lib/crater-agent-workspace/cargo-home:/opt/rustwide/cargo-home:ro,Z" "-v" "/var/lib/crater-agent-workspace/rustup-home:/opt/rustwide/rustup-home:ro,Z" "-e" "SOURCE_DIR=/opt/rustwide/workdir" "-e" "CARGO_TARGET_DIR=/opt/rustwide/target" "-e" "CARGO_INCREMENTAL=0" "-e" "RUST_BACKTRACE=full" "-e" "RUSTFLAGS=--cap-lints=warn" "-e" "RUSTDOCFLAGS=--cap-lints=warn" "-e" "CARGO_HOME=/opt/rustwide/cargo-home" "-e" "RUSTUP_HOME=/opt/rustwide/rustup-home" "-w" "/opt/rustwide/workdir" "-m" "1610612736" "--user" "0:0" "--network" "none" "ghcr.io/rust-lang/crates-build-env/linux@sha256:5ff2268d62e97bff2cde7d5815dd6ed5b47097566f13b8d0ca110b04b60e07ed" "/opt/rustwide/cargo-home/bin/cargo" "+1.69.0" "test" "--frozen", kill_on_drop: false }`
[INFO] [stdout] 01e2d1ac1351b226dce07cc97fd7dda2c96647a47584787ab7ab39eccb901c32
[INFO] running `Command { std: "docker" "start" "-a" "01e2d1ac1351b226dce07cc97fd7dda2c96647a47584787ab7ab39eccb901c32", kill_on_drop: false }`
[INFO] [stderr]     Finished test [unoptimized + debuginfo] target(s) in 0.17s
[INFO] [stderr]      Running unittests src/lib.rs (/opt/rustwide/target/debug/deps/google_file1_beta1-ac0b6945577005e9)
[INFO] [stdout] 
[INFO] [stdout] running 0 tests
[INFO] [stdout] 
[INFO] [stdout] test result: ok. 0 passed; 0 failed; 0 ignored; 0 measured; 0 filtered out; finished in 0.00s
[INFO] [stdout] 
[INFO] [stderr]    Doc-tests google-file1_beta1
[INFO] [stdout] 
[INFO] [stdout] running 32 tests
[INFO] [stdout] test src/api.rs - api::ProjectLocationBackupCreateCall (line 1441) - compile ... ok
[INFO] [stdout] test src/api.rs - api::ProjectLocationInstanceCreateCall (line 5752) - compile ... ok
[INFO] [stdout] test src/api.rs - api::ProjectLocationBackupDeleteCall (line 1744) - compile ... ok
[INFO] [stdout] test src/api.rs - api::ProjectLocationBackupGetCall (line 2005) - compile ... ok
[INFO] [stdout] test src/api.rs - api::CloudFilestore (line 58) - compile ... ok
[INFO] [stdout] test src/api.rs - api::ProjectLocationBackupPatchCall (line 2575) - compile ... FAILED
[INFO] [stdout] test src/api.rs - api::ProjectLocationGetCall (line 8893) - compile ... ok
[INFO] [stdout] test src/api.rs - api::ProjectLocationBackupListCall (line 2266) - compile ... ok
[INFO] [stdout] test src/api.rs - api::ProjectLocationInstanceDeleteCall (line 6055) - compile ... ok
[INFO] [stdout] test src/api.rs - api::ProjectLocationInstanceRestoreCall (line 7201) - compile ... ok
[INFO] [stdout] test src/api.rs - api::ProjectLocationInstanceGetCall (line 6328) - compile ... ok
[INFO] [stdout] test src/api.rs - api::ProjectLocationInstancePatchCall (line 6898) - compile ... FAILED
[INFO] [stdout] test src/api.rs - api::ProjectLocationInstanceShareGetCall (line 3442) - compile ... ok
[INFO] [stdout] test src/api.rs - api::ProjectLocationInstanceListCall (line 6589) - compile ... ok
[INFO] [stdout] test src/api.rs - api::ProjectLocationInstanceShareDeleteCall (line 3181) - compile ... ok
[INFO] [stdout] test src/api.rs - api::ProjectLocationInstanceShareCreateCall (line 2878) - compile ... ok
[INFO] [stdout] test src/api.rs - api::ProjectLocationInstanceRevertCall (line 7492) - compile ... ok
[INFO] [stdout] test src/api.rs - api::ProjectLocationInstanceShareListCall (line 3703) - compile ... ok
[INFO] [stdout] test src/api.rs - api::ProjectLocationInstanceSharePatchCall (line 4012) - compile ... FAILED
[INFO] [stdout] test src/api.rs - api::ProjectLocationInstanceSnapshotCreateCall (line 4315) - compile ... ok
[INFO] [stdout] test src/api.rs - api::ProjectLocationInstanceSnapshotDeleteCall (line 4618) - compile ... ok
[INFO] [stdout] test src/api.rs - api::ProjectLocationInstanceSnapshotGetCall (line 4879) - compile ... ok
[INFO] [stdout] test src/api.rs - api::ProjectLocationInstanceSnapshotPatchCall (line 5449) - compile ... FAILED
[INFO] [stdout] test src/api.rs - api::ProjectLocationInstanceSnapshotListCall (line 5140) - compile ... ok
[INFO] [stdout] test src/lib.rs - (line 49) ... ignored
[INFO] [stdout] test src/api.rs - api::ProjectLocationListCall (line 9154) - compile ... ok
[INFO] [stdout] test src/api.rs - api::ProjectLocationOperationCancelCall (line 7783) - compile ... ok
[INFO] [stdout] test src/api.rs - api::ProjectLocationOperationDeleteCall (line 8074) - compile ... ok
[INFO] [stdout] test src/api.rs - api::ProjectLocationOperationGetCall (line 8335) - compile ... ok
[INFO] [stdout] test src/api.rs - api::ProjectMethods (line 862) - compile ... ok
[INFO] [stdout] test src/api.rs - api::ProjectLocationOperationListCall (line 8596) - compile ... ok
[INFO] [stdout] test src/lib.rs - (line 87) - compile ... ok
[INFO] [stdout] 
[INFO] [stdout] failures:
[INFO] [stdout] 
[INFO] [stdout] ---- src/api.rs - api::ProjectLocationBackupPatchCall (line 2575) stdout ----
[INFO] [stdout] error[E0308]: mismatched types
[INFO] [stdout]     --> src/api.rs:2599:27
[INFO] [stdout]      |
[INFO] [stdout] 25   |              .update_mask(&Default::default())
[INFO] [stdout]      |               ----------- ^^^^^^^^^^^^^^^^^^^ expected `FieldMask`, found `&_`
[INFO] [stdout]      |               |
[INFO] [stdout]      |               arguments to this method are incorrect
[INFO] [stdout]      |
[INFO] [stdout]      = note: expected struct `FieldMask`
[INFO] [stdout]              found reference `&_`
[INFO] [stdout] note: method defined here
[INFO] [stdout]     --> /opt/rustwide/workdir/src/api.rs:2790:12
[INFO] [stdout]      |
[INFO] [stdout] 2790 |     pub fn update_mask(mut self, new_value: client::FieldMask) -> ProjectLocationBackupPatchCall<'a, S> {
[INFO] [stdout]      |            ^^^^^^^^^^^
[INFO] [stdout] help: consider removing the borrow
[INFO] [stdout]      |
[INFO] [stdout] 25   -              .update_mask(&Default::default())
[INFO] [stdout] 25   +              .update_mask(Default::default())
[INFO] [stdout]      |
[INFO] [stdout] 
[INFO] [stdout] error: aborting due to previous error
[INFO] [stdout] 
[INFO] [stdout] For more information about this error, try `rustc --explain E0308`.
[INFO] [stdout] Couldn't compile the test.
[INFO] [stdout] ---- src/api.rs - api::ProjectLocationInstancePatchCall (line 6898) stdout ----
[INFO] [stdout] error[E0308]: mismatched types
[INFO] [stdout]     --> src/api.rs:6922:27
[INFO] [stdout]      |
[INFO] [stdout] 25   |              .update_mask(&Default::default())
[INFO] [stdout]      |               ----------- ^^^^^^^^^^^^^^^^^^^ expected `FieldMask`, found `&_`
[INFO] [stdout]      |               |
[INFO] [stdout]      |               arguments to this method are incorrect
[INFO] [stdout]      |
[INFO] [stdout]      = note: expected struct `FieldMask`
[INFO] [stdout]              found reference `&_`
[INFO] [stdout] note: method defined here
[INFO] [stdout]     --> /opt/rustwide/workdir/src/api.rs:7113:12
[INFO] [stdout]      |
[INFO] [stdout] 7113 |     pub fn update_mask(mut self, new_value: client::FieldMask) -> ProjectLocationInstancePatchCall<'a, S> {
[INFO] [stdout]      |            ^^^^^^^^^^^
[INFO] [stdout] help: consider removing the borrow
[INFO] [stdout]      |
[INFO] [stdout] 25   -              .update_mask(&Default::default())
[INFO] [stdout] 25   +              .update_mask(Default::default())
[INFO] [stdout]      |
[INFO] [stdout] 
[INFO] [stdout] error: aborting due to previous error
[INFO] [stdout] 
[INFO] [stdout] For more information about this error, try `rustc --explain E0308`.
[INFO] [stdout] Couldn't compile the test.
[INFO] [stdout] ---- src/api.rs - api::ProjectLocationInstanceSharePatchCall (line 4012) stdout ----
[INFO] [stdout] error[E0308]: mismatched types
[INFO] [stdout]     --> src/api.rs:4036:27
[INFO] [stdout]      |
[INFO] [stdout] 25   |              .update_mask(&Default::default())
[INFO] [stdout]      |               ----------- ^^^^^^^^^^^^^^^^^^^ expected `FieldMask`, found `&_`
[INFO] [stdout]      |               |
[INFO] [stdout]      |               arguments to this method are incorrect
[INFO] [stdout]      |
[INFO] [stdout]      = note: expected struct `FieldMask`
[INFO] [stdout]              found reference `&_`
[INFO] [stdout] note: method defined here
[INFO] [stdout]     --> /opt/rustwide/workdir/src/api.rs:4227:12
[INFO] [stdout]      |
[INFO] [stdout] 4227 |     pub fn update_mask(mut self, new_value: client::FieldMask) -> ProjectLocationInstanceSharePatchCall<'a, S> {
[INFO] [stdout]      |            ^^^^^^^^^^^
[INFO] [stdout] help: consider removing the borrow
[INFO] [stdout]      |
[INFO] [stdout] 25   -              .update_mask(&Default::default())
[INFO] [stdout] 25   +              .update_mask(Default::default())
[INFO] [stdout]      |
[INFO] [stdout] 
[INFO] [stdout] error: aborting due to previous error
[INFO] [stdout] 
[INFO] [stdout] For more information about this error, try `rustc --explain E0308`.
[INFO] [stdout] Couldn't compile the test.
[INFO] [stdout] ---- src/api.rs - api::ProjectLocationInstanceSnapshotPatchCall (line 5449) stdout ----
[INFO] [stdout] error[E0308]: mismatched types
[INFO] [stdout]     --> src/api.rs:5473:27
[INFO] [stdout]      |
[INFO] [stdout] 25   |              .update_mask(&Default::default())
[INFO] [stdout]      |               ----------- ^^^^^^^^^^^^^^^^^^^ expected `FieldMask`, found `&_`
[INFO] [stdout]      |               |
[INFO] [stdout]      |               arguments to this method are incorrect
[INFO] [stdout]      |
[INFO] [stdout]      = note: expected struct `FieldMask`
[INFO] [stdout]              found reference `&_`
[INFO] [stdout] note: method defined here
[INFO] [stdout]     --> /opt/rustwide/workdir/src/api.rs:5664:12
[INFO] [stdout]      |
[INFO] [stdout] 5664 |     pub fn update_mask(mut self, new_value: client::FieldMask) -> ProjectLocationInstanceSnapshotPatchCall<'a, S> {
[INFO] [stdout]      |            ^^^^^^^^^^^
[INFO] [stdout] help: consider removing the borrow
[INFO] [stdout]      |
[INFO] [stdout] 25   -              .update_mask(&Default::default())
[INFO] [stdout] 25   +              .update_mask(Default::default())
[INFO] [stdout]      |
[INFO] [stdout] 
[INFO] [stdout] error: aborting due to previous error
[INFO] [stdout] 
[INFO] [stdout] For more information about this error, try `rustc --explain E0308`.
[INFO] [stdout] Couldn't compile the test.
[INFO] [stdout] 
[INFO] [stdout] failures:
[INFO] [stdout]     src/api.rs - api::ProjectLocationBackupPatchCall (line 2575)
[INFO] [stdout]     src/api.rs - api::ProjectLocationInstancePatchCall (line 6898)
[INFO] [stdout]     src/api.rs - api::ProjectLocationInstanceSharePatchCall (line 4012)
[INFO] [stdout]     src/api.rs - api::ProjectLocationInstanceSnapshotPatchCall (line 5449)
[INFO] [stdout] 
[INFO] [stdout] test result: FAILED. 27 passed; 4 failed; 1 ignored; 0 measured; 0 filtered out; finished in 2.01s
[INFO] [stdout] 
[INFO] [stderr] error: doctest failed, to rerun pass `--doc`
[INFO] running `Command { std: "docker" "inspect" "01e2d1ac1351b226dce07cc97fd7dda2c96647a47584787ab7ab39eccb901c32", kill_on_drop: false }`
[INFO] running `Command { std: "docker" "rm" "-f" "01e2d1ac1351b226dce07cc97fd7dda2c96647a47584787ab7ab39eccb901c32", kill_on_drop: false }`
[INFO] [stdout] 01e2d1ac1351b226dce07cc97fd7dda2c96647a47584787ab7ab39eccb901c32
