[INFO] fetching crate google-eventarc1 5.0.2+20230113...
[INFO] testing google-eventarc1-5.0.2+20230113 against 1.69.0 for beta-1.70-1
[INFO] extracting crate google-eventarc1 5.0.2+20230113 into /workspace/builds/worker-1-tc1/source
[INFO] validating manifest of crates.io crate google-eventarc1 5.0.2+20230113 on toolchain 1.69.0
[INFO] running `Command { std: CARGO_HOME="/workspace/cargo-home" RUSTUP_HOME="/workspace/rustup-home" "/workspace/cargo-home/bin/cargo" "+1.69.0" "metadata" "--manifest-path" "Cargo.toml" "--no-deps", kill_on_drop: false }`
[INFO] started tweaking crates.io crate google-eventarc1 5.0.2+20230113
[INFO] finished tweaking crates.io crate google-eventarc1 5.0.2+20230113
[INFO] tweaked toml for crates.io crate google-eventarc1 5.0.2+20230113 written to /workspace/builds/worker-1-tc1/source/Cargo.toml
[INFO] running `Command { std: CARGO_HOME="/workspace/cargo-home" RUSTUP_HOME="/workspace/rustup-home" __CARGO_TEST_CHANNEL_OVERRIDE_DO_NOT_USE_THIS="nightly" "/workspace/cargo-home/bin/cargo" "+1.69.0" "generate-lockfile" "--manifest-path" "Cargo.toml" "-Zno-index-update", kill_on_drop: false }`
[INFO] [stderr]     Blocking waiting for file lock on package cache
[INFO] running `Command { std: CARGO_HOME="/workspace/cargo-home" RUSTUP_HOME="/workspace/rustup-home" "/workspace/cargo-home/bin/cargo" "+1.69.0" "fetch" "--manifest-path" "Cargo.toml", kill_on_drop: false }`
[INFO] [stderr]     Blocking waiting for file lock on package cache
[INFO] [stderr]     Blocking waiting for file lock on package cache
[INFO] running `Command { std: "docker" "create" "-v" "/var/lib/crater-agent-workspace/builds/worker-1-tc1/target:/opt/rustwide/target:rw,Z" "-v" "/var/lib/crater-agent-workspace/builds/worker-1-tc1/source:/opt/rustwide/workdir:ro,Z" "-v" "/var/lib/crater-agent-workspace/cargo-home:/opt/rustwide/cargo-home:ro,Z" "-v" "/var/lib/crater-agent-workspace/rustup-home:/opt/rustwide/rustup-home:ro,Z" "-e" "SOURCE_DIR=/opt/rustwide/workdir" "-e" "CARGO_TARGET_DIR=/opt/rustwide/target" "-e" "CARGO_HOME=/opt/rustwide/cargo-home" "-e" "RUSTUP_HOME=/opt/rustwide/rustup-home" "-w" "/opt/rustwide/workdir" "-m" "1610612736" "--user" "0:0" "--network" "none" "ghcr.io/rust-lang/crates-build-env/linux@sha256:5ff2268d62e97bff2cde7d5815dd6ed5b47097566f13b8d0ca110b04b60e07ed" "/opt/rustwide/cargo-home/bin/cargo" "+1.69.0" "metadata" "--no-deps" "--format-version=1", kill_on_drop: false }`
[INFO] [stdout] 942444d5d1b37c8da679625bd7245dc0fdf0647373cf374923b8bd65715ddeb3
[INFO] running `Command { std: "docker" "start" "-a" "942444d5d1b37c8da679625bd7245dc0fdf0647373cf374923b8bd65715ddeb3", kill_on_drop: false }`
[INFO] running `Command { std: "docker" "inspect" "942444d5d1b37c8da679625bd7245dc0fdf0647373cf374923b8bd65715ddeb3", kill_on_drop: false }`
[INFO] running `Command { std: "docker" "rm" "-f" "942444d5d1b37c8da679625bd7245dc0fdf0647373cf374923b8bd65715ddeb3", kill_on_drop: false }`
[INFO] [stdout] 942444d5d1b37c8da679625bd7245dc0fdf0647373cf374923b8bd65715ddeb3
[INFO] running `Command { std: "docker" "create" "-v" "/var/lib/crater-agent-workspace/builds/worker-1-tc1/target:/opt/rustwide/target:rw,Z" "-v" "/var/lib/crater-agent-workspace/builds/worker-1-tc1/source:/opt/rustwide/workdir:ro,Z" "-v" "/var/lib/crater-agent-workspace/cargo-home:/opt/rustwide/cargo-home:ro,Z" "-v" "/var/lib/crater-agent-workspace/rustup-home:/opt/rustwide/rustup-home:ro,Z" "-e" "SOURCE_DIR=/opt/rustwide/workdir" "-e" "CARGO_TARGET_DIR=/opt/rustwide/target" "-e" "CARGO_INCREMENTAL=0" "-e" "RUST_BACKTRACE=full" "-e" "RUSTFLAGS=--cap-lints=warn" "-e" "RUSTDOCFLAGS=--cap-lints=warn" "-e" "CARGO_HOME=/opt/rustwide/cargo-home" "-e" "RUSTUP_HOME=/opt/rustwide/rustup-home" "-w" "/opt/rustwide/workdir" "-m" "1610612736" "--user" "0:0" "--network" "none" "ghcr.io/rust-lang/crates-build-env/linux@sha256:5ff2268d62e97bff2cde7d5815dd6ed5b47097566f13b8d0ca110b04b60e07ed" "/opt/rustwide/cargo-home/bin/cargo" "+1.69.0" "build" "--frozen" "--message-format=json", kill_on_drop: false }`
[INFO] [stdout] 434d4a8ee65e7a7c28f6d133b798ed09d5cc7c8104687977fc459e5616b14dd5
[INFO] running `Command { std: "docker" "start" "-a" "434d4a8ee65e7a7c28f6d133b798ed09d5cc7c8104687977fc459e5616b14dd5", kill_on_drop: false }`
[INFO] [stderr]    Compiling google-eventarc1 v5.0.2+20230113 (/opt/rustwide/workdir)
[INFO] [stderr]     Finished dev [unoptimized + debuginfo] target(s) in 3.43s
[INFO] running `Command { std: "docker" "inspect" "434d4a8ee65e7a7c28f6d133b798ed09d5cc7c8104687977fc459e5616b14dd5", kill_on_drop: false }`
[INFO] running `Command { std: "docker" "rm" "-f" "434d4a8ee65e7a7c28f6d133b798ed09d5cc7c8104687977fc459e5616b14dd5", kill_on_drop: false }`
[INFO] [stdout] 434d4a8ee65e7a7c28f6d133b798ed09d5cc7c8104687977fc459e5616b14dd5
[INFO] running `Command { std: "docker" "create" "-v" "/var/lib/crater-agent-workspace/builds/worker-1-tc1/target:/opt/rustwide/target:rw,Z" "-v" "/var/lib/crater-agent-workspace/builds/worker-1-tc1/source:/opt/rustwide/workdir:ro,Z" "-v" "/var/lib/crater-agent-workspace/cargo-home:/opt/rustwide/cargo-home:ro,Z" "-v" "/var/lib/crater-agent-workspace/rustup-home:/opt/rustwide/rustup-home:ro,Z" "-e" "SOURCE_DIR=/opt/rustwide/workdir" "-e" "CARGO_TARGET_DIR=/opt/rustwide/target" "-e" "CARGO_INCREMENTAL=0" "-e" "RUST_BACKTRACE=full" "-e" "RUSTFLAGS=--cap-lints=warn" "-e" "RUSTDOCFLAGS=--cap-lints=warn" "-e" "CARGO_HOME=/opt/rustwide/cargo-home" "-e" "RUSTUP_HOME=/opt/rustwide/rustup-home" "-w" "/opt/rustwide/workdir" "-m" "1610612736" "--user" "0:0" "--network" "none" "ghcr.io/rust-lang/crates-build-env/linux@sha256:5ff2268d62e97bff2cde7d5815dd6ed5b47097566f13b8d0ca110b04b60e07ed" "/opt/rustwide/cargo-home/bin/cargo" "+1.69.0" "test" "--frozen" "--no-run" "--message-format=json", kill_on_drop: false }`
[INFO] [stdout] 30945c6a6cce61e0bf529c05af28f06125d0d8172319548eac81d6ac497f5fa8
[INFO] running `Command { std: "docker" "start" "-a" "30945c6a6cce61e0bf529c05af28f06125d0d8172319548eac81d6ac497f5fa8", kill_on_drop: false }`
[INFO] [stderr]    Compiling google-eventarc1 v5.0.2+20230113 (/opt/rustwide/workdir)
[INFO] [stderr]     Finished test [unoptimized + debuginfo] target(s) in 2.71s
[INFO] running `Command { std: "docker" "inspect" "30945c6a6cce61e0bf529c05af28f06125d0d8172319548eac81d6ac497f5fa8", kill_on_drop: false }`
[INFO] running `Command { std: "docker" "rm" "-f" "30945c6a6cce61e0bf529c05af28f06125d0d8172319548eac81d6ac497f5fa8", kill_on_drop: false }`
[INFO] [stdout] 30945c6a6cce61e0bf529c05af28f06125d0d8172319548eac81d6ac497f5fa8
[INFO] running `Command { std: "docker" "create" "-v" "/var/lib/crater-agent-workspace/builds/worker-1-tc1/target:/opt/rustwide/target:rw,Z" "-v" "/var/lib/crater-agent-workspace/builds/worker-1-tc1/source:/opt/rustwide/workdir:ro,Z" "-v" "/var/lib/crater-agent-workspace/cargo-home:/opt/rustwide/cargo-home:ro,Z" "-v" "/var/lib/crater-agent-workspace/rustup-home:/opt/rustwide/rustup-home:ro,Z" "-e" "SOURCE_DIR=/opt/rustwide/workdir" "-e" "CARGO_TARGET_DIR=/opt/rustwide/target" "-e" "CARGO_INCREMENTAL=0" "-e" "RUST_BACKTRACE=full" "-e" "RUSTFLAGS=--cap-lints=warn" "-e" "RUSTDOCFLAGS=--cap-lints=warn" "-e" "CARGO_HOME=/opt/rustwide/cargo-home" "-e" "RUSTUP_HOME=/opt/rustwide/rustup-home" "-w" "/opt/rustwide/workdir" "-m" "1610612736" "--user" "0:0" "--network" "none" "ghcr.io/rust-lang/crates-build-env/linux@sha256:5ff2268d62e97bff2cde7d5815dd6ed5b47097566f13b8d0ca110b04b60e07ed" "/opt/rustwide/cargo-home/bin/cargo" "+1.69.0" "test" "--frozen", kill_on_drop: false }`
[INFO] [stdout] d4735c099a83170f2fa058d077f8c6d47890ab89ad11a45a7244b0602022d770
[INFO] running `Command { std: "docker" "start" "-a" "d4735c099a83170f2fa058d077f8c6d47890ab89ad11a45a7244b0602022d770", kill_on_drop: false }`
[INFO] [stderr]     Finished test [unoptimized + debuginfo] target(s) in 0.14s
[INFO] [stderr]      Running unittests src/lib.rs (/opt/rustwide/target/debug/deps/google_eventarc1-e39f574f0e9cf61e)
[INFO] [stdout] 
[INFO] [stdout] running 0 tests
[INFO] [stdout] 
[INFO] [stdout] test result: ok. 0 passed; 0 failed; 0 ignored; 0 measured; 0 filtered out; finished in 0.00s
[INFO] [stdout] 
[INFO] [stderr]    Doc-tests google-eventarc1
[INFO] [stdout] 
[INFO] [stdout] running 37 tests
[INFO] [stdout] test src/api.rs - api::ProjectLocationChannelConnectionCreateCall (line 1738) - compile ... ok
[INFO] [stdout] test src/api.rs - api::ProjectLocationChannelConnectionTestIamPermissionCall (line 3412) - compile ... ok
[INFO] [stdout] test src/api.rs - api::Eventarc (line 58) - compile ... FAILED
[INFO] [stdout] test src/api.rs - api::ProjectLocationChannelTestIamPermissionCall (line 5728) - compile ... ok
[INFO] [stdout] test src/api.rs - api::ProjectLocationChannelGetIamPolicyCall (line 4552) - compile ... ok
[INFO] [stdout] test src/api.rs - api::ProjectLocationChannelPatchCall (line 5122) - compile ... FAILED
[INFO] [stdout] test src/api.rs - api::ProjectLocationChannelListCall (line 4825) - compile ... ok
[INFO] [stdout] test src/api.rs - api::ProjectLocationChannelConnectionDeleteCall (line 2041) - compile ... ok
[INFO] [stdout] test src/api.rs - api::ProjectLocationChannelSetIamPolicyCall (line 5437) - compile ... ok
[INFO] [stdout] test src/api.rs - api::ProjectLocationChannelConnectionListCall (line 2836) - compile ... ok
[INFO] [stdout] test src/api.rs - api::ProjectLocationChannelGetCall (line 4291) - compile ... ok
[INFO] [stdout] test src/api.rs - api::ProjectLocationChannelCreateCall (line 3703) - compile ... ok
[INFO] [stdout] test src/api.rs - api::ProjectLocationChannelConnectionGetCall (line 2302) - compile ... ok
[INFO] [stdout] test src/api.rs - api::ProjectLocationChannelConnectionSetIamPolicyCall (line 3121) - compile ... ok
[INFO] [stdout] test src/api.rs - api::ProjectLocationOperationGetCall (line 6571) - compile ... ok
[INFO] [stdout] test src/api.rs - api::ProjectLocationOperationDeleteCall (line 6310) - compile ... ok
[INFO] [stdout] test src/api.rs - api::ProjectLocationChannelDeleteCall (line 4018) - compile ... ok
[INFO] [stdout] test src/api.rs - api::ProjectLocationChannelConnectionGetIamPolicyCall (line 2563) - compile ... ok
[INFO] [stdout] test src/api.rs - api::ProjectLocationGetCall (line 10063) - compile ... ok
[INFO] [stdout] test src/api.rs - api::ProjectLocationGetGoogleChannelConfigCall (line 10324) - compile ... ok
[INFO] [stdout] test src/lib.rs - (line 49) ... ignored
[INFO] [stdout] test src/api.rs - api::ProjectLocationOperationListCall (line 6832) - compile ... ok
[INFO] [stdout] test src/api.rs - api::ProjectLocationTriggerGetCall (line 8311) - compile ... ok
[INFO] [stdout] test src/api.rs - api::ProjectLocationProviderListCall (line 7390) - compile ... ok
[INFO] [stdout] test src/api.rs - api::ProjectLocationOperationCancelCall (line 6019) - compile ... ok
[INFO] [stdout] test src/api.rs - api::ProjectLocationListCall (line 10585) - compile ... ok
[INFO] [stdout] test src/api.rs - api::ProjectLocationTriggerDeleteCall (line 8014) - compile ... ok
[INFO] [stdout] test src/api.rs - api::ProjectLocationTriggerGetIamPolicyCall (line 8572) - compile ... ok
[INFO] [stdout] test src/api.rs - api::ProjectLocationProviderGetCall (line 7129) - compile ... ok
[INFO] [stdout] test src/api.rs - api::ProjectLocationTriggerCreateCall (line 7699) - compile ... ok
[INFO] [stdout] test src/api.rs - api::ProjectMethods (line 1065) - compile ... ok
[INFO] [stdout] test src/api.rs - api::ProjectLocationUpdateGoogleChannelConfigCall (line 10882) - compile ... FAILED
[INFO] [stdout] test src/api.rs - api::ProjectLocationTriggerTestIamPermissionCall (line 9772) - compile ... ok
[INFO] [stdout] test src/api.rs - api::ProjectLocationTriggerListCall (line 8845) - compile ... ok
[INFO] [stdout] test src/api.rs - api::ProjectLocationTriggerPatchCall (line 9154) - compile ... FAILED
[INFO] [stdout] test src/lib.rs - (line 81) - compile ... FAILED
[INFO] [stdout] test src/api.rs - api::ProjectLocationTriggerSetIamPolicyCall (line 9481) - compile ... ok
[INFO] [stdout] 
[INFO] [stdout] failures:
[INFO] [stdout] 
[INFO] [stdout] ---- src/api.rs - api::Eventarc (line 58) stdout ----
[INFO] [stdout] error[E0308]: mismatched types
[INFO] [stdout]     --> src/api.rs:91:27
[INFO] [stdout]      |
[INFO] [stdout] 34   |              .update_mask(&Default::default())
[INFO] [stdout]      |               ----------- ^^^^^^^^^^^^^^^^^^^ expected `FieldMask`, found `&_`
[INFO] [stdout]      |               |
[INFO] [stdout]      |               arguments to this method are incorrect
[INFO] [stdout]      |
[INFO] [stdout]      = note: expected struct `FieldMask`
[INFO] [stdout]              found reference `&_`
[INFO] [stdout] note: method defined here
[INFO] [stdout]     --> /opt/rustwide/workdir/src/api.rs:9386:12
[INFO] [stdout]      |
[INFO] [stdout] 9386 |     pub fn update_mask(mut self, new_value: client::FieldMask) -> ProjectLocationTriggerPatchCall<'a, S> {
[INFO] [stdout]      |            ^^^^^^^^^^^
[INFO] [stdout] help: consider removing the borrow
[INFO] [stdout]      |
[INFO] [stdout] 34   -              .update_mask(&Default::default())
[INFO] [stdout] 34   +              .update_mask(Default::default())
[INFO] [stdout]      |
[INFO] [stdout] 
[INFO] [stdout] error: aborting due to previous error
[INFO] [stdout] 
[INFO] [stdout] For more information about this error, try `rustc --explain E0308`.
[INFO] [stdout] Couldn't compile the test.
[INFO] [stdout] ---- src/api.rs - api::ProjectLocationChannelPatchCall (line 5122) stdout ----
[INFO] [stdout] error[E0308]: mismatched types
[INFO] [stdout]     --> src/api.rs:5147:27
[INFO] [stdout]      |
[INFO] [stdout] 26   |              .update_mask(&Default::default())
[INFO] [stdout]      |               ----------- ^^^^^^^^^^^^^^^^^^^ expected `FieldMask`, found `&_`
[INFO] [stdout]      |               |
[INFO] [stdout]      |               arguments to this method are incorrect
[INFO] [stdout]      |
[INFO] [stdout]      = note: expected struct `FieldMask`
[INFO] [stdout]              found reference `&_`
[INFO] [stdout] note: method defined here
[INFO] [stdout]     --> /opt/rustwide/workdir/src/api.rs:5349:12
[INFO] [stdout]      |
[INFO] [stdout] 5349 |     pub fn update_mask(mut self, new_value: client::FieldMask) -> ProjectLocationChannelPatchCall<'a, S> {
[INFO] [stdout]      |            ^^^^^^^^^^^
[INFO] [stdout] help: consider removing the borrow
[INFO] [stdout]      |
[INFO] [stdout] 26   -              .update_mask(&Default::default())
[INFO] [stdout] 26   +              .update_mask(Default::default())
[INFO] [stdout]      |
[INFO] [stdout] 
[INFO] [stdout] error: aborting due to previous error
[INFO] [stdout] 
[INFO] [stdout] For more information about this error, try `rustc --explain E0308`.
[INFO] [stdout] Couldn't compile the test.
[INFO] [stdout] ---- src/api.rs - api::ProjectLocationUpdateGoogleChannelConfigCall (line 10882) stdout ----
[INFO] [stdout] error[E0308]: mismatched types
[INFO] [stdout]      --> src/api.rs:10906:27
[INFO] [stdout]       |
[INFO] [stdout] 25    |              .update_mask(&Default::default())
[INFO] [stdout]       |               ----------- ^^^^^^^^^^^^^^^^^^^ expected `FieldMask`, found `&_`
[INFO] [stdout]       |               |
[INFO] [stdout]       |               arguments to this method are incorrect
[INFO] [stdout]       |
[INFO] [stdout]       = note: expected struct `FieldMask`
[INFO] [stdout]               found reference `&_`
[INFO] [stdout] note: method defined here
[INFO] [stdout]      --> /opt/rustwide/workdir/src/api.rs:11097:12
[INFO] [stdout]       |
[INFO] [stdout] 11097 |     pub fn update_mask(mut self, new_value: client::FieldMask) -> ProjectLocationUpdateGoogleChannelConfigCall<'a, S> {
[INFO] [stdout]       |            ^^^^^^^^^^^
[INFO] [stdout] help: consider removing the borrow
[INFO] [stdout]       |
[INFO] [stdout] 25    -              .update_mask(&Default::default())
[INFO] [stdout] 25    +              .update_mask(Default::default())
[INFO] [stdout]       |
[INFO] [stdout] 
[INFO] [stdout] error: aborting due to previous error
[INFO] [stdout] 
[INFO] [stdout] For more information about this error, try `rustc --explain E0308`.
[INFO] [stdout] Couldn't compile the test.
[INFO] [stdout] ---- src/api.rs - api::ProjectLocationTriggerPatchCall (line 9154) stdout ----
[INFO] [stdout] error[E0308]: mismatched types
[INFO] [stdout]     --> src/api.rs:9179:27
[INFO] [stdout]      |
[INFO] [stdout] 26   |              .update_mask(&Default::default())
[INFO] [stdout]      |               ----------- ^^^^^^^^^^^^^^^^^^^ expected `FieldMask`, found `&_`
[INFO] [stdout]      |               |
[INFO] [stdout]      |               arguments to this method are incorrect
[INFO] [stdout]      |
[INFO] [stdout]      = note: expected struct `FieldMask`
[INFO] [stdout]              found reference `&_`
[INFO] [stdout] note: method defined here
[INFO] [stdout]     --> /opt/rustwide/workdir/src/api.rs:9386:12
[INFO] [stdout]      |
[INFO] [stdout] 9386 |     pub fn update_mask(mut self, new_value: client::FieldMask) -> ProjectLocationTriggerPatchCall<'a, S> {
[INFO] [stdout]      |            ^^^^^^^^^^^
[INFO] [stdout] help: consider removing the borrow
[INFO] [stdout]      |
[INFO] [stdout] 26   -              .update_mask(&Default::default())
[INFO] [stdout] 26   +              .update_mask(Default::default())
[INFO] [stdout]      |
[INFO] [stdout] 
[INFO] [stdout] error: aborting due to previous error
[INFO] [stdout] 
[INFO] [stdout] For more information about this error, try `rustc --explain E0308`.
[INFO] [stdout] Couldn't compile the test.
[INFO] [stdout] ---- src/lib.rs - (line 81) stdout ----
[INFO] [stdout] error[E0308]: mismatched types
[INFO] [stdout]     --> src/lib.rs:114:27
[INFO] [stdout]      |
[INFO] [stdout] 34   |              .update_mask(&Default::default())
[INFO] [stdout]      |               ----------- ^^^^^^^^^^^^^^^^^^^ expected `FieldMask`, found `&_`
[INFO] [stdout]      |               |
[INFO] [stdout]      |               arguments to this method are incorrect
[INFO] [stdout]      |
[INFO] [stdout]      = note: expected struct `FieldMask`
[INFO] [stdout]              found reference `&_`
[INFO] [stdout] note: method defined here
[INFO] [stdout]     --> /opt/rustwide/workdir/src/api.rs:9386:12
[INFO] [stdout]      |
[INFO] [stdout] 9386 |     pub fn update_mask(mut self, new_value: client::FieldMask) -> ProjectLocationTriggerPatchCall<'a, S> {
[INFO] [stdout]      |            ^^^^^^^^^^^
[INFO] [stdout] help: consider removing the borrow
[INFO] [stdout]      |
[INFO] [stdout] 34   -              .update_mask(&Default::default())
[INFO] [stdout] 34   +              .update_mask(Default::default())
[INFO] [stdout]      |
[INFO] [stdout] 
[INFO] [stdout] error: aborting due to previous error
[INFO] [stdout] 
[INFO] [stdout] For more information about this error, try `rustc --explain E0308`.
[INFO] [stdout] Couldn't compile the test.
[INFO] [stdout] 
[INFO] [stdout] failures:
[INFO] [stdout]     src/api.rs - api::Eventarc (line 58)
[INFO] [stdout]     src/api.rs - api::ProjectLocationChannelPatchCall (line 5122)
[INFO] [stdout]     src/api.rs - api::ProjectLocationTriggerPatchCall (line 9154)
[INFO] [stdout]     src/api.rs - api::ProjectLocationUpdateGoogleChannelConfigCall (line 10882)
[INFO] [stdout]     src/lib.rs - (line 81)
[INFO] [stdout] 
[INFO] [stdout] test result: FAILED. 31 passed; 5 failed; 1 ignored; 0 measured; 0 filtered out; finished in 0.99s
[INFO] [stdout] 
[INFO] [stderr] error: doctest failed, to rerun pass `--doc`
[INFO] running `Command { std: "docker" "inspect" "d4735c099a83170f2fa058d077f8c6d47890ab89ad11a45a7244b0602022d770", kill_on_drop: false }`
[INFO] running `Command { std: "docker" "rm" "-f" "d4735c099a83170f2fa058d077f8c6d47890ab89ad11a45a7244b0602022d770", kill_on_drop: false }`
[INFO] [stdout] d4735c099a83170f2fa058d077f8c6d47890ab89ad11a45a7244b0602022d770
