[INFO] fetching crate google-domains1_beta1 5.0.2+20230105...
[INFO] testing google-domains1_beta1-5.0.2+20230105 against 1.69.0 for beta-1.70-1
[INFO] extracting crate google-domains1_beta1 5.0.2+20230105 into /workspace/builds/worker-1-tc1/source
[INFO] validating manifest of crates.io crate google-domains1_beta1 5.0.2+20230105 on toolchain 1.69.0
[INFO] running `Command { std: CARGO_HOME="/workspace/cargo-home" RUSTUP_HOME="/workspace/rustup-home" "/workspace/cargo-home/bin/cargo" "+1.69.0" "metadata" "--manifest-path" "Cargo.toml" "--no-deps", kill_on_drop: false }`
[INFO] started tweaking crates.io crate google-domains1_beta1 5.0.2+20230105
[INFO] finished tweaking crates.io crate google-domains1_beta1 5.0.2+20230105
[INFO] tweaked toml for crates.io crate google-domains1_beta1 5.0.2+20230105 written to /workspace/builds/worker-1-tc1/source/Cargo.toml
[INFO] running `Command { std: CARGO_HOME="/workspace/cargo-home" RUSTUP_HOME="/workspace/rustup-home" __CARGO_TEST_CHANNEL_OVERRIDE_DO_NOT_USE_THIS="nightly" "/workspace/cargo-home/bin/cargo" "+1.69.0" "generate-lockfile" "--manifest-path" "Cargo.toml" "-Zno-index-update", kill_on_drop: false }`
[INFO] running `Command { std: CARGO_HOME="/workspace/cargo-home" RUSTUP_HOME="/workspace/rustup-home" "/workspace/cargo-home/bin/cargo" "+1.69.0" "fetch" "--manifest-path" "Cargo.toml", kill_on_drop: false }`
[INFO] running `Command { std: "docker" "create" "-v" "/var/lib/crater-agent-workspace/builds/worker-1-tc1/target:/opt/rustwide/target:rw,Z" "-v" "/var/lib/crater-agent-workspace/builds/worker-1-tc1/source:/opt/rustwide/workdir:ro,Z" "-v" "/var/lib/crater-agent-workspace/cargo-home:/opt/rustwide/cargo-home:ro,Z" "-v" "/var/lib/crater-agent-workspace/rustup-home:/opt/rustwide/rustup-home:ro,Z" "-e" "SOURCE_DIR=/opt/rustwide/workdir" "-e" "CARGO_TARGET_DIR=/opt/rustwide/target" "-e" "CARGO_HOME=/opt/rustwide/cargo-home" "-e" "RUSTUP_HOME=/opt/rustwide/rustup-home" "-w" "/opt/rustwide/workdir" "-m" "1610612736" "--user" "0:0" "--network" "none" "ghcr.io/rust-lang/crates-build-env/linux@sha256:5ff2268d62e97bff2cde7d5815dd6ed5b47097566f13b8d0ca110b04b60e07ed" "/opt/rustwide/cargo-home/bin/cargo" "+1.69.0" "metadata" "--no-deps" "--format-version=1", kill_on_drop: false }`
[INFO] [stdout] 0eb449cdf7c9204f6de2bfb5f08615c864bbe88308553184f80c33dbfea311ed
[INFO] running `Command { std: "docker" "start" "-a" "0eb449cdf7c9204f6de2bfb5f08615c864bbe88308553184f80c33dbfea311ed", kill_on_drop: false }`
[INFO] running `Command { std: "docker" "inspect" "0eb449cdf7c9204f6de2bfb5f08615c864bbe88308553184f80c33dbfea311ed", kill_on_drop: false }`
[INFO] running `Command { std: "docker" "rm" "-f" "0eb449cdf7c9204f6de2bfb5f08615c864bbe88308553184f80c33dbfea311ed", kill_on_drop: false }`
[INFO] [stdout] 0eb449cdf7c9204f6de2bfb5f08615c864bbe88308553184f80c33dbfea311ed
[INFO] running `Command { std: "docker" "create" "-v" "/var/lib/crater-agent-workspace/builds/worker-1-tc1/target:/opt/rustwide/target:rw,Z" "-v" "/var/lib/crater-agent-workspace/builds/worker-1-tc1/source:/opt/rustwide/workdir:ro,Z" "-v" "/var/lib/crater-agent-workspace/cargo-home:/opt/rustwide/cargo-home:ro,Z" "-v" "/var/lib/crater-agent-workspace/rustup-home:/opt/rustwide/rustup-home:ro,Z" "-e" "SOURCE_DIR=/opt/rustwide/workdir" "-e" "CARGO_TARGET_DIR=/opt/rustwide/target" "-e" "CARGO_INCREMENTAL=0" "-e" "RUST_BACKTRACE=full" "-e" "RUSTFLAGS=--cap-lints=warn" "-e" "RUSTDOCFLAGS=--cap-lints=warn" "-e" "CARGO_HOME=/opt/rustwide/cargo-home" "-e" "RUSTUP_HOME=/opt/rustwide/rustup-home" "-w" "/opt/rustwide/workdir" "-m" "1610612736" "--user" "0:0" "--network" "none" "ghcr.io/rust-lang/crates-build-env/linux@sha256:5ff2268d62e97bff2cde7d5815dd6ed5b47097566f13b8d0ca110b04b60e07ed" "/opt/rustwide/cargo-home/bin/cargo" "+1.69.0" "build" "--frozen" "--message-format=json", kill_on_drop: false }`
[INFO] [stdout] 89655fca18fed7b2f854aa5164bb0663bd23f88d88c722bff5b8424675fafeec
[INFO] running `Command { std: "docker" "start" "-a" "89655fca18fed7b2f854aa5164bb0663bd23f88d88c722bff5b8424675fafeec", kill_on_drop: false }`
[INFO] [stderr]    Compiling syn v2.0.15
[INFO] [stderr]    Compiling futures-channel v0.3.28
[INFO] [stderr]    Compiling ring v0.16.20
[INFO] [stderr]    Compiling futures-task v0.3.28
[INFO] [stderr]    Compiling tokio v1.28.0
[INFO] [stderr]    Compiling futures-util v0.3.28
[INFO] [stderr]    Compiling mio v0.8.6
[INFO] [stderr]    Compiling socket2 v0.4.9
[INFO] [stderr]    Compiling spin v0.5.2
[INFO] [stderr]    Compiling untrusted v0.7.1
[INFO] [stderr]    Compiling futures-io v0.3.28
[INFO] [stderr]    Compiling rustls v0.20.8
[INFO] [stderr]    Compiling base64 v0.21.0
[INFO] [stderr]    Compiling openssl-probe v0.1.5
[INFO] [stderr]    Compiling anyhow v1.0.71
[INFO] [stderr]    Compiling async-trait v0.1.68
[INFO] [stderr]    Compiling time-core v0.1.0
[INFO] [stderr]    Compiling seahash v4.1.0
[INFO] [stderr]    Compiling rustls-pemfile v1.0.2
[INFO] [stderr]    Compiling rustls-native-certs v0.6.2
[INFO] [stderr]    Compiling sct v0.7.0
[INFO] [stderr]    Compiling webpki v0.22.0
[INFO] [stderr]    Compiling darling_core v0.20.0
[INFO] [stderr]    Compiling futures-macro v0.3.28
[INFO] [stderr]    Compiling tokio-macros v2.1.0
[INFO] [stderr]    Compiling serde_derive v1.0.160
[INFO] [stderr]    Compiling darling_macro v0.20.0
[INFO] [stderr]    Compiling darling v0.20.0
[INFO] [stderr]    Compiling serde_with_macros v2.3.3
[INFO] [stderr]    Compiling serde v1.0.160
[INFO] [stderr]    Compiling futures-executor v0.3.28
[INFO] [stderr]    Compiling futures v0.3.28
[INFO] [stderr]    Compiling tokio-util v0.7.8
[INFO] [stderr]    Compiling tokio-rustls v0.23.4
[INFO] [stderr]    Compiling h2 v0.3.18
[INFO] [stderr]    Compiling time v0.3.20
[INFO] [stderr]    Compiling serde_json v1.0.96
[INFO] [stderr]    Compiling serde_with v2.3.3
[INFO] [stderr]    Compiling chrono v0.4.24
[INFO] [stderr]    Compiling hyper v0.14.26
[INFO] [stderr]    Compiling hyper-rustls v0.23.2
[INFO] [stderr]    Compiling yup-oauth2 v8.1.1
[INFO] [stderr]    Compiling google-apis-common v5.0.4
[INFO] [stderr]    Compiling google-domains1_beta1 v5.0.2+20230105 (/opt/rustwide/workdir)
[INFO] [stderr]     Finished dev [unoptimized + debuginfo] target(s) in 1m 18s
[INFO] running `Command { std: "docker" "inspect" "89655fca18fed7b2f854aa5164bb0663bd23f88d88c722bff5b8424675fafeec", kill_on_drop: false }`
[INFO] running `Command { std: "docker" "rm" "-f" "89655fca18fed7b2f854aa5164bb0663bd23f88d88c722bff5b8424675fafeec", kill_on_drop: false }`
[INFO] [stdout] 89655fca18fed7b2f854aa5164bb0663bd23f88d88c722bff5b8424675fafeec
[INFO] running `Command { std: "docker" "create" "-v" "/var/lib/crater-agent-workspace/builds/worker-1-tc1/target:/opt/rustwide/target:rw,Z" "-v" "/var/lib/crater-agent-workspace/builds/worker-1-tc1/source:/opt/rustwide/workdir:ro,Z" "-v" "/var/lib/crater-agent-workspace/cargo-home:/opt/rustwide/cargo-home:ro,Z" "-v" "/var/lib/crater-agent-workspace/rustup-home:/opt/rustwide/rustup-home:ro,Z" "-e" "SOURCE_DIR=/opt/rustwide/workdir" "-e" "CARGO_TARGET_DIR=/opt/rustwide/target" "-e" "CARGO_INCREMENTAL=0" "-e" "RUST_BACKTRACE=full" "-e" "RUSTFLAGS=--cap-lints=warn" "-e" "RUSTDOCFLAGS=--cap-lints=warn" "-e" "CARGO_HOME=/opt/rustwide/cargo-home" "-e" "RUSTUP_HOME=/opt/rustwide/rustup-home" "-w" "/opt/rustwide/workdir" "-m" "1610612736" "--user" "0:0" "--network" "none" "ghcr.io/rust-lang/crates-build-env/linux@sha256:5ff2268d62e97bff2cde7d5815dd6ed5b47097566f13b8d0ca110b04b60e07ed" "/opt/rustwide/cargo-home/bin/cargo" "+1.69.0" "test" "--frozen" "--no-run" "--message-format=json", kill_on_drop: false }`
[INFO] [stdout] 2847d5ca3567ef09781d56cb7fb4047e9af3ea83b4f5c63e9533e89e1188c40f
[INFO] running `Command { std: "docker" "start" "-a" "2847d5ca3567ef09781d56cb7fb4047e9af3ea83b4f5c63e9533e89e1188c40f", kill_on_drop: false }`
[INFO] [stderr]    Compiling google-domains1_beta1 v5.0.2+20230105 (/opt/rustwide/workdir)
[INFO] [stderr]     Finished test [unoptimized + debuginfo] target(s) in 2.67s
[INFO] running `Command { std: "docker" "inspect" "2847d5ca3567ef09781d56cb7fb4047e9af3ea83b4f5c63e9533e89e1188c40f", kill_on_drop: false }`
[INFO] running `Command { std: "docker" "rm" "-f" "2847d5ca3567ef09781d56cb7fb4047e9af3ea83b4f5c63e9533e89e1188c40f", kill_on_drop: false }`
[INFO] [stdout] 2847d5ca3567ef09781d56cb7fb4047e9af3ea83b4f5c63e9533e89e1188c40f
[INFO] running `Command { std: "docker" "create" "-v" "/var/lib/crater-agent-workspace/builds/worker-1-tc1/target:/opt/rustwide/target:rw,Z" "-v" "/var/lib/crater-agent-workspace/builds/worker-1-tc1/source:/opt/rustwide/workdir:ro,Z" "-v" "/var/lib/crater-agent-workspace/cargo-home:/opt/rustwide/cargo-home:ro,Z" "-v" "/var/lib/crater-agent-workspace/rustup-home:/opt/rustwide/rustup-home:ro,Z" "-e" "SOURCE_DIR=/opt/rustwide/workdir" "-e" "CARGO_TARGET_DIR=/opt/rustwide/target" "-e" "CARGO_INCREMENTAL=0" "-e" "RUST_BACKTRACE=full" "-e" "RUSTFLAGS=--cap-lints=warn" "-e" "RUSTDOCFLAGS=--cap-lints=warn" "-e" "CARGO_HOME=/opt/rustwide/cargo-home" "-e" "RUSTUP_HOME=/opt/rustwide/rustup-home" "-w" "/opt/rustwide/workdir" "-m" "1610612736" "--user" "0:0" "--network" "none" "ghcr.io/rust-lang/crates-build-env/linux@sha256:5ff2268d62e97bff2cde7d5815dd6ed5b47097566f13b8d0ca110b04b60e07ed" "/opt/rustwide/cargo-home/bin/cargo" "+1.69.0" "test" "--frozen", kill_on_drop: false }`
[INFO] [stdout] 2894199230ff4e6af074db1759dd447e022a1b7a91e9cdd3f90f8c5cb190528e
[INFO] running `Command { std: "docker" "start" "-a" "2894199230ff4e6af074db1759dd447e022a1b7a91e9cdd3f90f8c5cb190528e", kill_on_drop: false }`
[INFO] [stderr]     Finished test [unoptimized + debuginfo] target(s) in 0.19s
[INFO] [stderr]      Running unittests src/lib.rs (/opt/rustwide/target/debug/deps/google_domains1_beta1-b8b51b373a8b7a20)
[INFO] [stderr]    Doc-tests google-domains1_beta1
[INFO] [stdout] 
[INFO] [stdout] running 0 tests
[INFO] [stdout] 
[INFO] [stdout] test result: ok. 0 passed; 0 failed; 0 ignored; 0 measured; 0 filtered out; finished in 0.00s
[INFO] [stdout] 
[INFO] [stdout] 
[INFO] [stdout] running 28 tests
[INFO] [stdout] test src/api.rs - api::ProjectLocationRegistrationConfigureDnsSettingCall (line 2627) - compile ... ok
[INFO] [stdout] test src/api.rs - api::ProjectLocationOperationGetCall (line 1778) - compile ... ok
[INFO] [stdout] test src/api.rs - api::CloudDomains (line 58) - compile ... FAILED
[INFO] [stdout] test src/api.rs - api::ProjectLocationListCall (line 8267) - compile ... ok
[INFO] [stdout] test src/api.rs - api::ProjectLocationOperationListCall (line 2039) - compile ... ok
[INFO] [stdout] test src/api.rs - api::ProjectLocationGetCall (line 8006) - compile ... ok
[INFO] [stdout] test src/api.rs - api::ProjectLocationRegistrationConfigureManagementSettingCall (line 2918) - compile ... ok
[INFO] [stdout] test src/api.rs - api::ProjectLocationRegistrationConfigureContactSettingCall (line 2336) - compile ... ok
[INFO] [stdout] test src/api.rs - api::ProjectLocationRegistrationExportCall (line 3470) - compile ... ok
[INFO] [stdout] test src/api.rs - api::ProjectLocationRegistrationImportCall (line 4295) - compile ... ok
[INFO] [stdout] test src/api.rs - api::ProjectLocationRegistrationGetCall (line 3761) - compile ... ok
[INFO] [stdout] test src/api.rs - api::ProjectLocationRegistrationListCall (line 4586) - compile ... ok
[INFO] [stdout] test src/api.rs - api::ProjectLocationRegistrationRegisterCall (line 5186) - compile ... ok
[INFO] [stdout] test src/api.rs - api::ProjectLocationRegistrationGetIamPolicyCall (line 4022) - compile ... ok
[INFO] [stdout] test src/api.rs - api::ProjectLocationRegistrationDeleteCall (line 3209) - compile ... ok
[INFO] [stdout] test src/api.rs - api::ProjectLocationRegistrationPatchCall (line 4883) - compile ... FAILED
[INFO] [stdout] test src/api.rs - api::ProjectLocationRegistrationRetrieveRegisterParameterCall (line 6314) - compile ... ok
[INFO] [stdout] test src/api.rs - api::ProjectLocationRegistrationResetAuthorizationCodeCall (line 5477) - compile ... ok
[INFO] [stdout] test src/api.rs - api::ProjectLocationRegistrationRetrieveTransferParameterCall (line 6587) - compile ... ok
[INFO] [stdout] test src/lib.rs - (line 49) ... ignored
[INFO] [stdout] test src/api.rs - api::ProjectLocationRegistrationRetrieveAuthorizationCodeCall (line 5768) - compile ... ok
[INFO] [stdout] test src/lib.rs - (line 82) - compile ... FAILED
[INFO] [stdout] test src/api.rs - api::ProjectLocationRegistrationSearchDomainCall (line 6860) - compile ... ok
[INFO] [stdout] test src/api.rs - api::ProjectLocationRegistrationTransferCall (line 7715) - compile ... ok
[INFO] [stdout] test src/api.rs - api::ProjectLocationRegistrationRetrieveImportableDomainCall (line 6029) - compile ... ok
[INFO] [stdout] test src/api.rs - api::ProjectLocationRegistrationTestIamPermissionCall (line 7424) - compile ... ok
[INFO] [stdout] test src/api.rs - api::ProjectMethods (line 1283) - compile ... ok
[INFO] [stdout] test src/api.rs - api::ProjectLocationRegistrationSetIamPolicyCall (line 7133) - compile ... ok
[INFO] [stdout] 
[INFO] [stdout] failures:
[INFO] [stdout] 
[INFO] [stdout] ---- src/api.rs - api::CloudDomains (line 58) stdout ----
[INFO] [stdout] error[E0308]: mismatched types
[INFO] [stdout]     --> src/api.rs:90:27
[INFO] [stdout]      |
[INFO] [stdout] 33   |              .update_mask(&Default::default())
[INFO] [stdout]      |               ----------- ^^^^^^^^^^^^^^^^^^^ expected `FieldMask`, found `&_`
[INFO] [stdout]      |               |
[INFO] [stdout]      |               arguments to this method are incorrect
[INFO] [stdout]      |
[INFO] [stdout]      = note: expected struct `FieldMask`
[INFO] [stdout]              found reference `&_`
[INFO] [stdout] note: method defined here
[INFO] [stdout]     --> /opt/rustwide/workdir/src/api.rs:5098:12
[INFO] [stdout]      |
[INFO] [stdout] 5098 |     pub fn update_mask(mut self, new_value: client::FieldMask) -> ProjectLocationRegistrationPatchCall<'a, S> {
[INFO] [stdout]      |            ^^^^^^^^^^^
[INFO] [stdout] help: consider removing the borrow
[INFO] [stdout]      |
[INFO] [stdout] 33   -              .update_mask(&Default::default())
[INFO] [stdout] 33   +              .update_mask(Default::default())
[INFO] [stdout]      |
[INFO] [stdout] 
[INFO] [stdout] error: aborting due to previous error
[INFO] [stdout] 
[INFO] [stdout] For more information about this error, try `rustc --explain E0308`.
[INFO] [stdout] Couldn't compile the test.
[INFO] [stdout] ---- src/api.rs - api::ProjectLocationRegistrationPatchCall (line 4883) stdout ----
[INFO] [stdout] error[E0308]: mismatched types
[INFO] [stdout]     --> src/api.rs:4907:27
[INFO] [stdout]      |
[INFO] [stdout] 25   |              .update_mask(&Default::default())
[INFO] [stdout]      |               ----------- ^^^^^^^^^^^^^^^^^^^ expected `FieldMask`, found `&_`
[INFO] [stdout]      |               |
[INFO] [stdout]      |               arguments to this method are incorrect
[INFO] [stdout]      |
[INFO] [stdout]      = note: expected struct `FieldMask`
[INFO] [stdout]              found reference `&_`
[INFO] [stdout] note: method defined here
[INFO] [stdout]     --> /opt/rustwide/workdir/src/api.rs:5098:12
[INFO] [stdout]      |
[INFO] [stdout] 5098 |     pub fn update_mask(mut self, new_value: client::FieldMask) -> ProjectLocationRegistrationPatchCall<'a, S> {
[INFO] [stdout]      |            ^^^^^^^^^^^
[INFO] [stdout] help: consider removing the borrow
[INFO] [stdout]      |
[INFO] [stdout] 25   -              .update_mask(&Default::default())
[INFO] [stdout] 25   +              .update_mask(Default::default())
[INFO] [stdout]      |
[INFO] [stdout] 
[INFO] [stdout] error: aborting due to previous error
[INFO] [stdout] 
[INFO] [stdout] For more information about this error, try `rustc --explain E0308`.
[INFO] [stdout] Couldn't compile the test.
[INFO] [stdout] ---- src/lib.rs - (line 82) stdout ----
[INFO] [stdout] error[E0308]: mismatched types
[INFO] [stdout]     --> src/lib.rs:114:27
[INFO] [stdout]      |
[INFO] [stdout] 33   |              .update_mask(&Default::default())
[INFO] [stdout]      |               ----------- ^^^^^^^^^^^^^^^^^^^ expected `FieldMask`, found `&_`
[INFO] [stdout]      |               |
[INFO] [stdout]      |               arguments to this method are incorrect
[INFO] [stdout]      |
[INFO] [stdout]      = note: expected struct `FieldMask`
[INFO] [stdout]              found reference `&_`
[INFO] [stdout] note: method defined here
[INFO] [stdout]     --> /opt/rustwide/workdir/src/api.rs:5098:12
[INFO] [stdout]      |
[INFO] [stdout] 5098 |     pub fn update_mask(mut self, new_value: client::FieldMask) -> ProjectLocationRegistrationPatchCall<'a, S> {
[INFO] [stdout]      |            ^^^^^^^^^^^
[INFO] [stdout] help: consider removing the borrow
[INFO] [stdout]      |
[INFO] [stdout] 33   -              .update_mask(&Default::default())
[INFO] [stdout] 33   +              .update_mask(Default::default())
[INFO] [stdout]      |
[INFO] [stdout] 
[INFO] [stdout] error: aborting due to previous error
[INFO] [stdout] 
[INFO] [stdout] For more information about this error, try `rustc --explain E0308`.
[INFO] [stdout] Couldn't compile the test.
[INFO] [stdout] 
[INFO] [stdout] failures:
[INFO] [stdout]     src/api.rs - api::CloudDomains (line 58)
[INFO] [stdout]     src/api.rs - api::ProjectLocationRegistrationPatchCall (line 4883)
[INFO] [stdout]     src/lib.rs - (line 82)
[INFO] [stdout] 
[INFO] [stdout] test result: FAILED. 24 passed; 3 failed; 1 ignored; 0 measured; 0 filtered out; finished in 1.47s
[INFO] [stdout] 
[INFO] [stderr] error: doctest failed, to rerun pass `--doc`
[INFO] running `Command { std: "docker" "inspect" "2894199230ff4e6af074db1759dd447e022a1b7a91e9cdd3f90f8c5cb190528e", kill_on_drop: false }`
[INFO] running `Command { std: "docker" "rm" "-f" "2894199230ff4e6af074db1759dd447e022a1b7a91e9cdd3f90f8c5cb190528e", kill_on_drop: false }`
[INFO] [stdout] 2894199230ff4e6af074db1759dd447e022a1b7a91e9cdd3f90f8c5cb190528e
