[INFO] fetching crate google-displayvideo1 5.0.2+20230119...
[INFO] testing google-displayvideo1-5.0.2+20230119 against 1.69.0 for beta-1.70-1
[INFO] extracting crate google-displayvideo1 5.0.2+20230119 into /workspace/builds/worker-6-tc1/source
[INFO] validating manifest of crates.io crate google-displayvideo1 5.0.2+20230119 on toolchain 1.69.0
[INFO] running `Command { std: CARGO_HOME="/workspace/cargo-home" RUSTUP_HOME="/workspace/rustup-home" "/workspace/cargo-home/bin/cargo" "+1.69.0" "metadata" "--manifest-path" "Cargo.toml" "--no-deps", kill_on_drop: false }`
[INFO] started tweaking crates.io crate google-displayvideo1 5.0.2+20230119
[INFO] finished tweaking crates.io crate google-displayvideo1 5.0.2+20230119
[INFO] tweaked toml for crates.io crate google-displayvideo1 5.0.2+20230119 written to /workspace/builds/worker-6-tc1/source/Cargo.toml
[INFO] running `Command { std: CARGO_HOME="/workspace/cargo-home" RUSTUP_HOME="/workspace/rustup-home" __CARGO_TEST_CHANNEL_OVERRIDE_DO_NOT_USE_THIS="nightly" "/workspace/cargo-home/bin/cargo" "+1.69.0" "generate-lockfile" "--manifest-path" "Cargo.toml" "-Zno-index-update", kill_on_drop: false }`
[INFO] running `Command { std: CARGO_HOME="/workspace/cargo-home" RUSTUP_HOME="/workspace/rustup-home" "/workspace/cargo-home/bin/cargo" "+1.69.0" "fetch" "--manifest-path" "Cargo.toml", kill_on_drop: false }`
[INFO] [stderr]  Downloading crates ...
[INFO] [stderr]   Downloaded google-apis-common v5.0.4
[INFO] [stderr]   Downloaded yup-oauth2 v8.1.1
[INFO] [stderr]   Downloaded serde_with v2.3.3
[INFO] [stderr]   Downloaded darling v0.20.0
[INFO] [stderr]   Downloaded serde_with_macros v2.3.3
[INFO] running `Command { std: "docker" "create" "-v" "/var/lib/crater-agent-workspace/builds/worker-6-tc1/target:/opt/rustwide/target:rw,Z" "-v" "/var/lib/crater-agent-workspace/builds/worker-6-tc1/source:/opt/rustwide/workdir:ro,Z" "-v" "/var/lib/crater-agent-workspace/cargo-home:/opt/rustwide/cargo-home:ro,Z" "-v" "/var/lib/crater-agent-workspace/rustup-home:/opt/rustwide/rustup-home:ro,Z" "-e" "SOURCE_DIR=/opt/rustwide/workdir" "-e" "CARGO_TARGET_DIR=/opt/rustwide/target" "-e" "CARGO_HOME=/opt/rustwide/cargo-home" "-e" "RUSTUP_HOME=/opt/rustwide/rustup-home" "-w" "/opt/rustwide/workdir" "-m" "1610612736" "--user" "0:0" "--network" "none" "ghcr.io/rust-lang/crates-build-env/linux@sha256:5ff2268d62e97bff2cde7d5815dd6ed5b47097566f13b8d0ca110b04b60e07ed" "/opt/rustwide/cargo-home/bin/cargo" "+1.69.0" "metadata" "--no-deps" "--format-version=1", kill_on_drop: false }`
[INFO] [stdout] 81681e430fcf531b4a2d41340bb1e80b377cb665de5ac48a86d9802c895a5bd5
[INFO] running `Command { std: "docker" "start" "-a" "81681e430fcf531b4a2d41340bb1e80b377cb665de5ac48a86d9802c895a5bd5", kill_on_drop: false }`
[INFO] running `Command { std: "docker" "inspect" "81681e430fcf531b4a2d41340bb1e80b377cb665de5ac48a86d9802c895a5bd5", kill_on_drop: false }`
[INFO] running `Command { std: "docker" "rm" "-f" "81681e430fcf531b4a2d41340bb1e80b377cb665de5ac48a86d9802c895a5bd5", kill_on_drop: false }`
[INFO] [stdout] 81681e430fcf531b4a2d41340bb1e80b377cb665de5ac48a86d9802c895a5bd5
[INFO] running `Command { std: "docker" "create" "-v" "/var/lib/crater-agent-workspace/builds/worker-6-tc1/target:/opt/rustwide/target:rw,Z" "-v" "/var/lib/crater-agent-workspace/builds/worker-6-tc1/source:/opt/rustwide/workdir:ro,Z" "-v" "/var/lib/crater-agent-workspace/cargo-home:/opt/rustwide/cargo-home:ro,Z" "-v" "/var/lib/crater-agent-workspace/rustup-home:/opt/rustwide/rustup-home:ro,Z" "-e" "SOURCE_DIR=/opt/rustwide/workdir" "-e" "CARGO_TARGET_DIR=/opt/rustwide/target" "-e" "CARGO_INCREMENTAL=0" "-e" "RUST_BACKTRACE=full" "-e" "RUSTFLAGS=--cap-lints=warn" "-e" "RUSTDOCFLAGS=--cap-lints=warn" "-e" "CARGO_HOME=/opt/rustwide/cargo-home" "-e" "RUSTUP_HOME=/opt/rustwide/rustup-home" "-w" "/opt/rustwide/workdir" "-m" "1610612736" "--user" "0:0" "--network" "none" "ghcr.io/rust-lang/crates-build-env/linux@sha256:5ff2268d62e97bff2cde7d5815dd6ed5b47097566f13b8d0ca110b04b60e07ed" "/opt/rustwide/cargo-home/bin/cargo" "+1.69.0" "build" "--frozen" "--message-format=json", kill_on_drop: false }`
[INFO] [stdout] 4cedce2600ad09da5bb2b630488c013fa62964c0e9dacd0d418d6556248ebaa7
[INFO] running `Command { std: "docker" "start" "-a" "4cedce2600ad09da5bb2b630488c013fa62964c0e9dacd0d418d6556248ebaa7", kill_on_drop: false }`
[INFO] [stderr]    Compiling proc-macro2 v1.0.56
[INFO] [stderr]    Compiling ring v0.16.20
[INFO] [stderr]    Compiling futures-channel v0.3.28
[INFO] [stderr]    Compiling tokio v1.28.0
[INFO] [stderr]    Compiling untrusted v0.7.1
[INFO] [stderr]    Compiling spin v0.5.2
[INFO] [stderr]    Compiling tracing v0.1.37
[INFO] [stderr]    Compiling ident_case v1.0.1
[INFO] [stderr]    Compiling strsim v0.10.0
[INFO] [stderr]    Compiling rustls v0.20.8
[INFO] [stderr]    Compiling rustls-pemfile v1.0.2
[INFO] [stderr]    Compiling rustls-native-certs v0.6.2
[INFO] [stderr]    Compiling num_threads v0.1.6
[INFO] [stderr]    Compiling seahash v4.1.0
[INFO] [stderr]    Compiling quote v1.0.26
[INFO] [stderr]    Compiling syn v2.0.15
[INFO] [stderr]    Compiling sct v0.7.0
[INFO] [stderr]    Compiling webpki v0.22.0
[INFO] [stderr]    Compiling darling_core v0.20.0
[INFO] [stderr]    Compiling tokio-macros v2.1.0
[INFO] [stderr]    Compiling futures-macro v0.3.28
[INFO] [stderr]    Compiling serde_derive v1.0.160
[INFO] [stderr]    Compiling async-trait v0.1.68
[INFO] [stderr]    Compiling futures-util v0.3.28
[INFO] [stderr]    Compiling darling_macro v0.20.0
[INFO] [stderr]    Compiling darling v0.20.0
[INFO] [stderr]    Compiling serde_with_macros v2.3.3
[INFO] [stderr]    Compiling serde v1.0.160
[INFO] [stderr]    Compiling futures-executor v0.3.28
[INFO] [stderr]    Compiling futures v0.3.28
[INFO] [stderr]    Compiling tokio-util v0.7.8
[INFO] [stderr]    Compiling tokio-rustls v0.23.4
[INFO] [stderr]    Compiling h2 v0.3.18
[INFO] [stderr]    Compiling serde_json v1.0.96
[INFO] [stderr]    Compiling time v0.3.20
[INFO] [stderr]    Compiling serde_with v2.3.3
[INFO] [stderr]    Compiling chrono v0.4.24
[INFO] [stderr]    Compiling hyper v0.14.26
[INFO] [stderr]    Compiling hyper-rustls v0.23.2
[INFO] [stderr]    Compiling yup-oauth2 v8.1.1
[INFO] [stderr]    Compiling google-apis-common v5.0.4
[INFO] [stderr]    Compiling google-displayvideo1 v5.0.2+20230119 (/opt/rustwide/workdir)
[INFO] [stderr]     Finished dev [unoptimized + debuginfo] target(s) in 1m 42s
[INFO] running `Command { std: "docker" "inspect" "4cedce2600ad09da5bb2b630488c013fa62964c0e9dacd0d418d6556248ebaa7", kill_on_drop: false }`
[INFO] running `Command { std: "docker" "rm" "-f" "4cedce2600ad09da5bb2b630488c013fa62964c0e9dacd0d418d6556248ebaa7", kill_on_drop: false }`
[INFO] [stdout] 4cedce2600ad09da5bb2b630488c013fa62964c0e9dacd0d418d6556248ebaa7
[INFO] running `Command { std: "docker" "create" "-v" "/var/lib/crater-agent-workspace/builds/worker-6-tc1/target:/opt/rustwide/target:rw,Z" "-v" "/var/lib/crater-agent-workspace/builds/worker-6-tc1/source:/opt/rustwide/workdir:ro,Z" "-v" "/var/lib/crater-agent-workspace/cargo-home:/opt/rustwide/cargo-home:ro,Z" "-v" "/var/lib/crater-agent-workspace/rustup-home:/opt/rustwide/rustup-home:ro,Z" "-e" "SOURCE_DIR=/opt/rustwide/workdir" "-e" "CARGO_TARGET_DIR=/opt/rustwide/target" "-e" "CARGO_INCREMENTAL=0" "-e" "RUST_BACKTRACE=full" "-e" "RUSTFLAGS=--cap-lints=warn" "-e" "RUSTDOCFLAGS=--cap-lints=warn" "-e" "CARGO_HOME=/opt/rustwide/cargo-home" "-e" "RUSTUP_HOME=/opt/rustwide/rustup-home" "-w" "/opt/rustwide/workdir" "-m" "1610612736" "--user" "0:0" "--network" "none" "ghcr.io/rust-lang/crates-build-env/linux@sha256:5ff2268d62e97bff2cde7d5815dd6ed5b47097566f13b8d0ca110b04b60e07ed" "/opt/rustwide/cargo-home/bin/cargo" "+1.69.0" "test" "--frozen" "--no-run" "--message-format=json", kill_on_drop: false }`
[INFO] [stdout] afddc8f0e570174bdbabf444764f80fa346574bb9f3632a98d890138fefa42f8
[INFO] running `Command { std: "docker" "start" "-a" "afddc8f0e570174bdbabf444764f80fa346574bb9f3632a98d890138fefa42f8", kill_on_drop: false }`
[INFO] [stderr]    Compiling google-displayvideo1 v5.0.2+20230119 (/opt/rustwide/workdir)
[INFO] [stderr]     Finished test [unoptimized + debuginfo] target(s) in 15.09s
[INFO] running `Command { std: "docker" "inspect" "afddc8f0e570174bdbabf444764f80fa346574bb9f3632a98d890138fefa42f8", kill_on_drop: false }`
[INFO] running `Command { std: "docker" "rm" "-f" "afddc8f0e570174bdbabf444764f80fa346574bb9f3632a98d890138fefa42f8", kill_on_drop: false }`
[INFO] [stdout] afddc8f0e570174bdbabf444764f80fa346574bb9f3632a98d890138fefa42f8
[INFO] running `Command { std: "docker" "create" "-v" "/var/lib/crater-agent-workspace/builds/worker-6-tc1/target:/opt/rustwide/target:rw,Z" "-v" "/var/lib/crater-agent-workspace/builds/worker-6-tc1/source:/opt/rustwide/workdir:ro,Z" "-v" "/var/lib/crater-agent-workspace/cargo-home:/opt/rustwide/cargo-home:ro,Z" "-v" "/var/lib/crater-agent-workspace/rustup-home:/opt/rustwide/rustup-home:ro,Z" "-e" "SOURCE_DIR=/opt/rustwide/workdir" "-e" "CARGO_TARGET_DIR=/opt/rustwide/target" "-e" "CARGO_INCREMENTAL=0" "-e" "RUST_BACKTRACE=full" "-e" "RUSTFLAGS=--cap-lints=warn" "-e" "RUSTDOCFLAGS=--cap-lints=warn" "-e" "CARGO_HOME=/opt/rustwide/cargo-home" "-e" "RUSTUP_HOME=/opt/rustwide/rustup-home" "-w" "/opt/rustwide/workdir" "-m" "1610612736" "--user" "0:0" "--network" "none" "ghcr.io/rust-lang/crates-build-env/linux@sha256:5ff2268d62e97bff2cde7d5815dd6ed5b47097566f13b8d0ca110b04b60e07ed" "/opt/rustwide/cargo-home/bin/cargo" "+1.69.0" "test" "--frozen", kill_on_drop: false }`
[INFO] [stdout] 132283a2d366b5fc2b475c5934e03707fce35a148dd1b4d9beb34ee7aa081be4
[INFO] running `Command { std: "docker" "start" "-a" "132283a2d366b5fc2b475c5934e03707fce35a148dd1b4d9beb34ee7aa081be4", kill_on_drop: false }`
[INFO] [stderr]     Blocking waiting for file lock on package cache
[INFO] [stderr]     Finished test [unoptimized + debuginfo] target(s) in 0.36s
[INFO] [stdout] 
[INFO] [stderr]      Running unittests src/lib.rs (/opt/rustwide/target/debug/deps/google_displayvideo1-1e86dc7313960c98)
[INFO] [stdout] running 0 tests
[INFO] [stderr]    Doc-tests google-displayvideo1
[INFO] [stdout] 
[INFO] [stdout] test result: ok. 0 passed; 0 failed; 0 ignored; 0 measured; 0 filtered out; finished in 0.00s
[INFO] [stdout] 
[INFO] [stdout] 
[INFO] [stdout] running 168 tests
[INFO] [stdout] test src/api.rs - api::AdvertiserCampaignDeleteCall (line 13338) - compile ... ok
[INFO] [stdout] test src/api.rs - api::AdvertiserCampaignBulkListCampaignAssignedTargetingOptionCall (line 12726) - compile ... ok
[INFO] [stdout] test src/api.rs - api::AdvertiserCampaignCreateCall (line 13047) - compile ... ok
[INFO] [stdout] test src/api.rs - api::AdvertiserBulkEditAdvertiserAssignedTargetingOptionCall (line 33981) - compile ... ok
[INFO] [stdout] test src/api.rs - api::AdvertiserCampaignGetCall (line 13611) - compile ... ok
[INFO] [stdout] test src/api.rs - api::AdvertiserAssetUploadCall (line 11773) - compile ... ok
[INFO] [stdout] test src/api.rs - api::AdvertiserBulkListAdvertiserAssignedTargetingOptionCall (line 34272) - compile ... ok
[INFO] [stdout] test src/api.rs - api::AdvertiserAuditCall (line 33708) - compile ... FAILED
[INFO] [stdout] test src/api.rs - api::AdvertiserChannelCreateCall (line 16059) - compile ... ok
[INFO] [stdout] test src/api.rs - api::AdvertiserChannelListCall (line 16647) - compile ... ok
[INFO] [stdout] test src/api.rs - api::AdvertiserCampaignTargetingTypeAssignedTargetingOptionListCall (line 12393) - compile ... ok
[INFO] [stdout] test src/api.rs - api::AdvertiserChannelGetCall (line 16362) - compile ... ok
[INFO] [stdout] test src/api.rs - api::AdvertiserCampaignTargetingTypeAssignedTargetingOptionGetCall (line 12096) - compile ... ok
[INFO] [stdout] test src/api.rs - api::AdvertiserCampaignPatchCall (line 14193) - compile ... FAILED
[INFO] [stdout] test src/api.rs - api::AdvertiserChannelPatchCall (line 16968) - compile ... FAILED
[INFO] [stdout] test src/api.rs - api::AdvertiserCampaignListCall (line 13884) - compile ... ok
[INFO] [stdout] test src/api.rs - api::AdvertiserChannelSiteListCall (line 15423) - compile ... ok
[INFO] [stdout] test src/api.rs - api::AdvertiserChannelSiteReplaceCall (line 15756) - compile ... ok
[INFO] [stdout] test src/api.rs - api::AdvertiserChannelSiteBulkEditCall (line 14508) - compile ... ok
[INFO] [stdout] test src/api.rs - api::AdvertiserChannelSiteDeleteCall (line 15126) - compile ... ok
[INFO] [stdout] test src/api.rs - api::AdvertiserChannelSiteCreateCall (line 14811) - compile ... ok
[INFO] [stdout] test src/api.rs - api::AdvertiserCreativeCreateCall (line 17295) - compile ... ok
[INFO] [stdout] test src/api.rs - api::AdvertiserCreateCall (line 34581) - compile ... ok
[INFO] [stdout] test src/api.rs - api::AdvertiserCreativeDeleteCall (line 17586) - compile ... ok
[INFO] [stdout] test src/api.rs - api::AdvertiserCreativeListCall (line 18132) - compile ... ok
[INFO] [stdout] test src/api.rs - api::AdvertiserInsertionOrderCreateCall (line 19707) - compile ... ok
[INFO] [stdout] test src/api.rs - api::AdvertiserCreativeGetCall (line 17859) - compile ... ok
[INFO] [stdout] test src/api.rs - api::AdvertiserInsertionOrderBulkListInsertionOrderAssignedTargetingOptionCall (line 19386) - compile ... ok
[INFO] [stdout] test src/api.rs - api::AdvertiserCreativePatchCall (line 18441) - compile ... FAILED
[INFO] [stdout] test src/api.rs - api::AdvertiserDeleteCall (line 34853) - compile ... ok
[INFO] [stdout] test src/api.rs - api::AdvertiserGetCall (line 35114) - compile ... ok
[INFO] [stdout] test src/api.rs - api::AdvertiserInsertionOrderDeleteCall (line 19998) - compile ... ok
[INFO] [stdout] test src/api.rs - api::AdvertiserInsertionOrderGetCall (line 20271) - compile ... ok
[INFO] [stdout] test src/api.rs - api::AdvertiserInsertionOrderListCall (line 20544) - compile ... ok
[INFO] [stdout] test src/api.rs - api::AdvertiserInsertionOrderTargetingTypeAssignedTargetingOptionGetCall (line 18756) - compile ... ok
[INFO] [stdout] test src/api.rs - api::AdvertiserInsertionOrderPatchCall (line 20853) - compile ... FAILED
[INFO] [stdout] test src/api.rs - api::AdvertiserInsertionOrderTargetingTypeAssignedTargetingOptionListCall (line 19053) - compile ... ok
[INFO] [stdout] test src/api.rs - api::AdvertiserInvoiceLookupInvoiceCurrencyCall (line 21477) - compile ... ok
[INFO] [stdout] test src/api.rs - api::AdvertiserInvoiceListCall (line 21168) - compile ... ok
[INFO] [stdout] test src/api.rs - api::AdvertiserLineItemBulkEditLineItemAssignedTargetingOptionCall (line 22992) - compile ... ok
[INFO] [stdout] test src/api.rs - api::AdvertiserLineItemGenerateDefaultCall (line 24180) - compile ... ok
[INFO] [stdout] test src/api.rs - api::AdvertiserLineItemGetCall (line 24471) - compile ... ok
[INFO] [stdout] test src/api.rs - api::AdvertiserLineItemCreateCall (line 23616) - compile ... ok
[INFO] [stdout] test src/api.rs - api::AdvertiserLineItemBulkListLineItemAssignedTargetingOptionCall (line 23295) - compile ... ok
[INFO] [stdout] test src/api.rs - api::AdvertiserLineItemListCall (line 24744) - compile ... ok
[INFO] [stdout] test src/api.rs - api::AdvertiserLineItemDeleteCall (line 23907) - compile ... ok
[INFO] [stdout] test src/api.rs - api::AdvertiserLineItemTargetingTypeAssignedTargetingOptionCreateCall (line 21750) - compile ... ok
[INFO] [stdout] test src/api.rs - api::AdvertiserLineItemPatchCall (line 25053) - compile ... FAILED
[INFO] [stdout] test src/api.rs - api::AdvertiserLineItemTargetingTypeAssignedTargetingOptionListCall (line 22659) - compile ... ok
[INFO] [stdout] test src/api.rs - api::AdvertiserListCall (line 35375) - compile ... ok
[INFO] [stdout] test src/api.rs - api::AdvertiserLineItemTargetingTypeAssignedTargetingOptionDeleteCall (line 22065) - compile ... ok
[INFO] [stdout] test src/api.rs - api::AdvertiserLineItemTargetingTypeAssignedTargetingOptionGetCall (line 22362) - compile ... ok
[INFO] [stdout] test src/api.rs - api::AdvertiserLocationListAssignedLocationCreateCall (line 25671) - compile ... ok
[INFO] [stdout] test src/api.rs - api::AdvertiserLocationListAssignedLocationBulkEditCall (line 25368) - compile ... ok
[INFO] [stdout] test src/api.rs - api::AdvertiserLocationListAssignedLocationDeleteCall (line 25974) - compile ... ok
[INFO] [stdout] test src/api.rs - api::AdvertiserLocationListAssignedLocationListCall (line 26259) - compile ... ok
[INFO] [stdout] test src/api.rs - api::AdvertiserLocationListPatchCall (line 27453) - compile ... FAILED
[INFO] [stdout] test src/api.rs - api::AdvertiserLocationListGetCall (line 26871) - compile ... ok
[INFO] [stdout] test src/api.rs - api::AdvertiserLocationListListCall (line 27144) - compile ... ok
[INFO] [stdout] test src/api.rs - api::AdvertiserLocationListCreateCall (line 26580) - compile ... ok
[INFO] [stdout] test src/api.rs - api::AdvertiserManualTriggerActivateCall (line 27768) - compile ... ok
[INFO] [stdout] test src/api.rs - api::AdvertiserManualTriggerDeactivateCall (line 28362) - compile ... ok
[INFO] [stdout] test src/api.rs - api::AdvertiserManualTriggerCreateCall (line 28071) - compile ... ok
[INFO] [stdout] test src/api.rs - api::AdvertiserManualTriggerGetCall (line 28665) - compile ... ok
[INFO] [stdout] test src/api.rs - api::AdvertiserManualTriggerListCall (line 28938) - compile ... ok
[INFO] [stdout] test src/api.rs - api::AdvertiserManualTriggerPatchCall (line 29247) - compile ... FAILED
[INFO] [stdout] test src/api.rs - api::AdvertiserMethods (line 8127) - compile ... ok
[INFO] [stdout] test src/api.rs - api::AdvertiserNegativeKeywordListCreateCall (line 31077) - compile ... ok
[INFO] [stdout] test src/api.rs - api::AdvertiserNegativeKeywordListDeleteCall (line 31368) - compile ... ok
[INFO] [stdout] test src/api.rs - api::AdvertiserNegativeKeywordListGetCall (line 31641) - compile ... ok
[INFO] [stdout] test src/api.rs - api::AdvertiserNegativeKeywordListListCall (line 31914) - compile ... ok
[INFO] [stdout] test src/api.rs - api::AdvertiserNegativeKeywordListNegativeKeywordBulkEditCall (line 29562) - compile ... ok
[INFO] [stdout] test src/api.rs - api::AdvertiserNegativeKeywordListNegativeKeywordCreateCall (line 29865) - compile ... ok
[INFO] [stdout] test src/api.rs - api::AdvertiserNegativeKeywordListNegativeKeywordDeleteCall (line 30168) - compile ... ok
[INFO] [stdout] test src/api.rs - api::AdvertiserNegativeKeywordListPatchCall (line 32199) - compile ... FAILED
[INFO] [stdout] test src/api.rs - api::AdvertiserNegativeKeywordListNegativeKeywordListCall (line 30453) - compile ... ok
[INFO] [stdout] test src/api.rs - api::AdvertiserNegativeKeywordListNegativeKeywordReplaceCall (line 30774) - compile ... ok
[INFO] [stdout] test src/api.rs - api::AdvertiserPatchCall (line 35677) - compile ... FAILED
[INFO] [stdout] test src/api.rs - api::AdvertiserTargetingTypeAssignedTargetingOptionCreateCall (line 32514) - compile ... ok
[INFO] [stdout] test src/api.rs - api::CombinedAudienceGetCall (line 35980) - compile ... ok
[INFO] [stdout] test src/api.rs - api::AdvertiserTargetingTypeAssignedTargetingOptionListCall (line 33387) - compile ... ok
[INFO] [stdout] test src/api.rs - api::AdvertiserTargetingTypeAssignedTargetingOptionDeleteCall (line 32817) - compile ... ok
[INFO] [stdout] test src/api.rs - api::AdvertiserTargetingTypeAssignedTargetingOptionGetCall (line 33102) - compile ... ok
[INFO] [stdout] test src/api.rs - api::CombinedAudienceListCall (line 36265) - compile ... ok
[INFO] [stdout] test src/api.rs - api::CombinedAudienceMethods (line 9847) - compile ... ok
[INFO] [stdout] test src/api.rs - api::CustomBiddingAlgorithmGetCall (line 37784) - compile ... ok
[INFO] [stdout] test src/api.rs - api::CustomBiddingAlgorithmCreateCall (line 37512) - compile ... ok
[INFO] [stdout] test src/api.rs - api::CustomBiddingAlgorithmMethods (line 9925) - compile ... ok
[INFO] [stdout] test src/api.rs - api::CustomBiddingAlgorithmScriptCreateCall (line 36579) - compile ... ok
[INFO] [stdout] test src/api.rs - api::CustomBiddingAlgorithmPatchCall (line 38383) - compile ... FAILED
[INFO] [stdout] test src/api.rs - api::CustomBiddingAlgorithmListCall (line 38069) - compile ... ok
[INFO] [stdout] test src/api.rs - api::CustomBiddingAlgorithmScriptGetCall (line 36894) - compile ... ok
[INFO] [stdout] test src/api.rs - api::CustomBiddingAlgorithmScriptListCall (line 37191) - compile ... ok
[INFO] [stdout] test src/api.rs - api::CustomBiddingAlgorithmUploadScriptCall (line 38686) - compile ... ok
[INFO] [stdout] test src/api.rs - api::CustomListGetCall (line 38971) - compile ... ok
[INFO] [stdout] test src/api.rs - api::FirstAndThirdPartyAudienceEditCustomerMatchMemberCall (line 39830) - compile ... ok
[INFO] [stdout] test src/api.rs - api::FirstAndThirdPartyAudienceGetCall (line 40121) - compile ... ok
[INFO] [stdout] test src/api.rs - api::CustomListMethods (line 10123) - compile ... ok
[INFO] [stdout] test src/api.rs - api::DisplayVideo (line 70) - compile ... ok
[INFO] [stdout] test src/api.rs - api::CustomListListCall (line 39244) - compile ... ok
[INFO] [stdout] test src/api.rs - api::FirstAndThirdPartyAudienceListCall (line 40406) - compile ... ok
[INFO] [stdout] test src/api.rs - api::FirstAndThirdPartyAudienceMethods (line 10199) - compile ... ok
[INFO] [stdout] test src/api.rs - api::FirstAndThirdPartyAudienceCreateCall (line 39546) - compile ... ok
[INFO] [stdout] test src/api.rs - api::FloodlightGroupGetCall (line 41035) - compile ... ok
[INFO] [stdout] test src/api.rs - api::FloodlightGroupMethods (line 10335) - compile ... ok
[INFO] [stdout] test src/api.rs - api::FirstAndThirdPartyAudiencePatchCall (line 40720) - compile ... FAILED
[INFO] [stdout] test src/api.rs - api::GoogleAudienceGetCall (line 41623) - compile ... ok
[INFO] [stdout] test src/api.rs - api::GoogleAudienceListCall (line 41908) - compile ... ok
[INFO] [stdout] test src/api.rs - api::FloodlightGroupPatchCall (line 41308) - compile ... FAILED
[INFO] [stdout] test src/api.rs - api::GoogleAudienceMethods (line 10415) - compile ... ok
[INFO] [stdout] test src/api.rs - api::GuaranteedOrderCreateCall (line 42222) - compile ... ok
[INFO] [stdout] test src/api.rs - api::GuaranteedOrderGetCall (line 42809) - compile ... ok
[INFO] [stdout] test src/api.rs - api::GuaranteedOrderListCall (line 43094) - compile ... ok
[INFO] [stdout] test src/api.rs - api::GuaranteedOrderMethods (line 10493) - compile ... ok
[INFO] [stdout] test src/api.rs - api::InventorySourceGetCall (line 47065) - compile ... ok
[INFO] [stdout] test src/api.rs - api::GuaranteedOrderEditGuaranteedOrderReadAccessorCall (line 42518) - compile ... ok
[INFO] [stdout] test src/api.rs - api::InventorySourceGroupAssignedInventorySourceBulkEditCall (line 43735) - compile ... ok
[INFO] [stdout] test src/api.rs - api::InventorySourceGroupCreateCall (line 44971) - compile ... ok
[INFO] [stdout] test src/api.rs - api::InventorySourceGroupAssignedInventorySourceCreateCall (line 44026) - compile ... ok
[INFO] [stdout] test src/api.rs - api::InventorySourceGroupAssignedInventorySourceListCall (line 44638) - compile ... ok
[INFO] [stdout] test src/api.rs - api::InventorySourceEditInventorySourceReadWriteAccessorCall (line 46774) - compile ... ok
[INFO] [stdout] test src/api.rs - api::GuaranteedOrderPatchCall (line 43408) - compile ... FAILED
[INFO] [stdout] test src/api.rs - api::InventorySourceCreateCall (line 46478) - compile ... ok
[INFO] [stdout] test src/api.rs - api::InventorySourceGroupAssignedInventorySourceDeleteCall (line 44341) - compile ... ok
[INFO] [stdout] test src/api.rs - api::InventorySourceGroupDeleteCall (line 45267) - compile ... ok
[INFO] [stdout] test src/api.rs - api::InventorySourceGroupMethods (line 10631) - compile ... ok
[INFO] [stdout] test src/api.rs - api::InventorySourceGroupGetCall (line 45552) - compile ... ok
[INFO] [stdout] test src/api.rs - api::InventorySourceMethods (line 10853) - compile ... ok
[INFO] [stdout] test src/api.rs - api::InventorySourceGroupListCall (line 45837) - compile ... ok
[INFO] [stdout] test src/api.rs - api::InventorySourceGroupPatchCall (line 46151) - compile ... FAILED
[INFO] [stdout] test src/api.rs - api::InventorySourceListCall (line 47338) - compile ... ok
[INFO] [stdout] test src/api.rs - api::InventorySourcePatchCall (line 47652) - compile ... FAILED
[INFO] [stdout] test src/api.rs - api::MediaMethods (line 10990) - compile ... ok
[INFO] [stdout] test src/api.rs - api::MediaDownloadCall (line 47984) - compile ... ok
[INFO] [stdout] test src/api.rs - api::MediaUploadCall (line 48254) - compile ... ok
[INFO] [stdout] test src/api.rs - api::PartnerChannelListCall (line 50716) - compile ... ok
[INFO] [stdout] test src/api.rs - api::PartnerChannelCreateCall (line 50128) - compile ... ok
[INFO] [stdout] test src/api.rs - api::PartnerChannelGetCall (line 50431) - compile ... ok
[INFO] [stdout] test src/api.rs - api::PartnerChannelPatchCall (line 51037) - compile ... FAILED
[INFO] [stdout] test src/api.rs - api::PartnerBulkEditPartnerAssignedTargetingOptionCall (line 52558) - compile ... ok
[INFO] [stdout] test src/api.rs - api::PartnerChannelSiteCreateCall (line 48880) - compile ... ok
[INFO] [stdout] test src/api.rs - api::PartnerChannelSiteBulkEditCall (line 48577) - compile ... ok
[INFO] [stdout] test src/api.rs - api::PartnerGetCall (line 52849) - compile ... ok
[INFO] [stdout] test src/api.rs - api::PartnerChannelSiteListCall (line 49492) - compile ... ok
[INFO] [stdout] test src/api.rs - api::PartnerChannelSiteReplaceCall (line 49825) - compile ... ok
[INFO] [stdout] test src/api.rs - api::PartnerChannelSiteDeleteCall (line 49195) - compile ... ok
[INFO] [stdout] test src/api.rs - api::PartnerListCall (line 53110) - compile ... ok
[INFO] [stdout] test src/api.rs - api::PartnerTargetingTypeAssignedTargetingOptionDeleteCall (line 51667) - compile ... ok
[INFO] [stdout] test src/api.rs - api::PartnerTargetingTypeAssignedTargetingOptionCreateCall (line 51364) - compile ... ok
[INFO] [stdout] test src/api.rs - api::PartnerMethods (line 11067) - compile ... ok
[INFO] [stdout] test src/api.rs - api::SdfdownloadtaskMethods (line 11441) - compile ... ok
[INFO] [stdout] test src/api.rs - api::TargetingTypeMethods (line 11516) - compile ... ok
[INFO] [stdout] test src/api.rs - api::SdfdownloadtaskOperationGetCall (line 53400) - compile ... ok
[INFO] [stdout] test src/api.rs - api::PartnerTargetingTypeAssignedTargetingOptionGetCall (line 51952) - compile ... ok
[INFO] [stdout] test src/api.rs - api::TargetingTypeTargetingOptionGetCall (line 53933) - compile ... ok
[INFO] [stdout] test src/api.rs - api::PartnerTargetingTypeAssignedTargetingOptionListCall (line 52237) - compile ... ok
[INFO] [stdout] test src/api.rs - api::SdfdownloadtaskCreateCall (line 53661) - compile ... ok
[INFO] [stdout] test src/api.rs - api::TargetingTypeTargetingOptionListCall (line 54218) - compile ... ok
[INFO] [stdout] test src/api.rs - api::TargetingTypeTargetingOptionSearchCall (line 54539) - compile ... ok
[INFO] [stdout] test src/api.rs - api::UserBulkEditAssignedUserRoleCall (line 54830) - compile ... ok
[INFO] [stdout] test src/lib.rs - (line 86) ... ignored
[INFO] [stdout] test src/api.rs - api::UserDeleteCall (line 55393) - compile ... ok
[INFO] [stdout] test src/api.rs - api::UserGetCall (line 55654) - compile ... ok
[INFO] [stdout] test src/api.rs - api::UserMethods (line 11618) - compile ... ok
[INFO] [stdout] test src/api.rs - api::UserCreateCall (line 55121) - compile ... ok
[INFO] [stdout] test src/api.rs - api::UserListCall (line 55915) - compile ... ok
[INFO] [stdout] test src/api.rs - api::UserPatchCall (line 56205) - compile ... FAILED
[INFO] [stdout] test src/lib.rs - (line 190) - compile ... ok
[INFO] [stdout] 
[INFO] [stdout] failures:
[INFO] [stdout] 
[INFO] [stdout] ---- src/api.rs - api::AdvertiserAuditCall (line 33708) stdout ----
[INFO] [stdout] error[E0308]: mismatched types
[INFO] [stdout]      --> src/api.rs:33726:25
[INFO] [stdout]       |
[INFO] [stdout] 19    |              .read_mask(&Default::default())
[INFO] [stdout]       |               --------- ^^^^^^^^^^^^^^^^^^^ expected `FieldMask`, found `&_`
[INFO] [stdout]       |               |
[INFO] [stdout]       |               arguments to this method are incorrect
[INFO] [stdout]       |
[INFO] [stdout]       = note: expected struct `FieldMask`
[INFO] [stdout]               found reference `&_`
[INFO] [stdout] note: method defined here
[INFO] [stdout]      --> /opt/rustwide/workdir/src/api.rs:33893:12
[INFO] [stdout]       |
[INFO] [stdout] 33893 |     pub fn read_mask(mut self, new_value: client::FieldMask) -> AdvertiserAuditCall<'a, S> {
[INFO] [stdout]       |            ^^^^^^^^^
[INFO] [stdout] help: consider removing the borrow
[INFO] [stdout]       |
[INFO] [stdout] 19    -              .read_mask(&Default::default())
[INFO] [stdout] 19    +              .read_mask(Default::default())
[INFO] [stdout]       |
[INFO] [stdout] 
[INFO] [stdout] error: aborting due to previous error
[INFO] [stdout] 
[INFO] [stdout] For more information about this error, try `rustc --explain E0308`.
[INFO] [stdout] Couldn't compile the test.
[INFO] [stdout] ---- src/api.rs - api::AdvertiserCampaignPatchCall (line 14193) stdout ----
[INFO] [stdout] error[E0308]: mismatched types
[INFO] [stdout]      --> src/api.rs:14217:27
[INFO] [stdout]       |
[INFO] [stdout] 25    |              .update_mask(&Default::default())
[INFO] [stdout]       |               ----------- ^^^^^^^^^^^^^^^^^^^ expected `FieldMask`, found `&_`
[INFO] [stdout]       |               |
[INFO] [stdout]       |               arguments to this method are incorrect
[INFO] [stdout]       |
[INFO] [stdout]       = note: expected struct `FieldMask`
[INFO] [stdout]               found reference `&_`
[INFO] [stdout] note: method defined here
[INFO] [stdout]      --> /opt/rustwide/workdir/src/api.rs:14420:12
[INFO] [stdout]       |
[INFO] [stdout] 14420 |     pub fn update_mask(mut self, new_value: client::FieldMask) -> AdvertiserCampaignPatchCall<'a, S> {
[INFO] [stdout]       |            ^^^^^^^^^^^
[INFO] [stdout] help: consider removing the borrow
[INFO] [stdout]       |
[INFO] [stdout] 25    -              .update_mask(&Default::default())
[INFO] [stdout] 25    +              .update_mask(Default::default())
[INFO] [stdout]       |
[INFO] [stdout] 
[INFO] [stdout] error: aborting due to previous error
[INFO] [stdout] 
[INFO] [stdout] For more information about this error, try `rustc --explain E0308`.
[INFO] [stdout] Couldn't compile the test.
[INFO] [stdout] ---- src/api.rs - api::AdvertiserChannelPatchCall (line 16968) stdout ----
[INFO] [stdout] error[E0308]: mismatched types
[INFO] [stdout]      --> src/api.rs:16992:27
[INFO] [stdout]       |
[INFO] [stdout] 25    |              .update_mask(&Default::default())
[INFO] [stdout]       |               ----------- ^^^^^^^^^^^^^^^^^^^ expected `FieldMask`, found `&_`
[INFO] [stdout]       |               |
[INFO] [stdout]       |               arguments to this method are incorrect
[INFO] [stdout]       |
[INFO] [stdout]       = note: expected struct `FieldMask`
[INFO] [stdout]               found reference `&_`
[INFO] [stdout] note: method defined here
[INFO] [stdout]      --> /opt/rustwide/workdir/src/api.rs:17200:12
[INFO] [stdout]       |
[INFO] [stdout] 17200 |     pub fn update_mask(mut self, new_value: client::FieldMask) -> AdvertiserChannelPatchCall<'a, S> {
[INFO] [stdout]       |            ^^^^^^^^^^^
[INFO] [stdout] help: consider removing the borrow
[INFO] [stdout]       |
[INFO] [stdout] 25    -              .update_mask(&Default::default())
[INFO] [stdout] 25    +              .update_mask(Default::default())
[INFO] [stdout]       |
[INFO] [stdout] 
[INFO] [stdout] error: aborting due to previous error
[INFO] [stdout] 
[INFO] [stdout] For more information about this error, try `rustc --explain E0308`.
[INFO] [stdout] Couldn't compile the test.
[INFO] [stdout] ---- src/api.rs - api::AdvertiserCreativePatchCall (line 18441) stdout ----
[INFO] [stdout] error[E0308]: mismatched types
[INFO] [stdout]      --> src/api.rs:18465:27
[INFO] [stdout]       |
[INFO] [stdout] 25    |              .update_mask(&Default::default())
[INFO] [stdout]       |               ----------- ^^^^^^^^^^^^^^^^^^^ expected `FieldMask`, found `&_`
[INFO] [stdout]       |               |
[INFO] [stdout]       |               arguments to this method are incorrect
[INFO] [stdout]       |
[INFO] [stdout]       = note: expected struct `FieldMask`
[INFO] [stdout]               found reference `&_`
[INFO] [stdout] note: method defined here
[INFO] [stdout]      --> /opt/rustwide/workdir/src/api.rs:18668:12
[INFO] [stdout]       |
[INFO] [stdout] 18668 |     pub fn update_mask(mut self, new_value: client::FieldMask) -> AdvertiserCreativePatchCall<'a, S> {
[INFO] [stdout]       |            ^^^^^^^^^^^
[INFO] [stdout] help: consider removing the borrow
[INFO] [stdout]       |
[INFO] [stdout] 25    -              .update_mask(&Default::default())
[INFO] [stdout] 25    +              .update_mask(Default::default())
[INFO] [stdout]       |
[INFO] [stdout] 
[INFO] [stdout] error: aborting due to previous error
[INFO] [stdout] 
[INFO] [stdout] For more information about this error, try `rustc --explain E0308`.
[INFO] [stdout] Couldn't compile the test.
[INFO] [stdout] ---- src/api.rs - api::AdvertiserInsertionOrderPatchCall (line 20853) stdout ----
[INFO] [stdout] error[E0308]: mismatched types
[INFO] [stdout]      --> src/api.rs:20877:27
[INFO] [stdout]       |
[INFO] [stdout] 25    |              .update_mask(&Default::default())
[INFO] [stdout]       |               ----------- ^^^^^^^^^^^^^^^^^^^ expected `FieldMask`, found `&_`
[INFO] [stdout]       |               |
[INFO] [stdout]       |               arguments to this method are incorrect
[INFO] [stdout]       |
[INFO] [stdout]       = note: expected struct `FieldMask`
[INFO] [stdout]               found reference `&_`
[INFO] [stdout] note: method defined here
[INFO] [stdout]      --> /opt/rustwide/workdir/src/api.rs:21080:12
[INFO] [stdout]       |
[INFO] [stdout] 21080 |     pub fn update_mask(mut self, new_value: client::FieldMask) -> AdvertiserInsertionOrderPatchCall<'a, S> {
[INFO] [stdout]       |            ^^^^^^^^^^^
[INFO] [stdout] help: consider removing the borrow
[INFO] [stdout]       |
[INFO] [stdout] 25    -              .update_mask(&Default::default())
[INFO] [stdout] 25    +              .update_mask(Default::default())
[INFO] [stdout]       |
[INFO] [stdout] 
[INFO] [stdout] error: aborting due to previous error
[INFO] [stdout] 
[INFO] [stdout] For more information about this error, try `rustc --explain E0308`.
[INFO] [stdout] Couldn't compile the test.
[INFO] [stdout] ---- src/api.rs - api::AdvertiserLineItemPatchCall (line 25053) stdout ----
[INFO] [stdout] error[E0308]: mismatched types
[INFO] [stdout]      --> src/api.rs:25077:27
[INFO] [stdout]       |
[INFO] [stdout] 25    |              .update_mask(&Default::default())
[INFO] [stdout]       |               ----------- ^^^^^^^^^^^^^^^^^^^ expected `FieldMask`, found `&_`
[INFO] [stdout]       |               |
[INFO] [stdout]       |               arguments to this method are incorrect
[INFO] [stdout]       |
[INFO] [stdout]       = note: expected struct `FieldMask`
[INFO] [stdout]               found reference `&_`
[INFO] [stdout] note: method defined here
[INFO] [stdout]      --> /opt/rustwide/workdir/src/api.rs:25280:12
[INFO] [stdout]       |
[INFO] [stdout] 25280 |     pub fn update_mask(mut self, new_value: client::FieldMask) -> AdvertiserLineItemPatchCall<'a, S> {
[INFO] [stdout]       |            ^^^^^^^^^^^
[INFO] [stdout] help: consider removing the borrow
[INFO] [stdout]       |
[INFO] [stdout] 25    -              .update_mask(&Default::default())
[INFO] [stdout] 25    +              .update_mask(Default::default())
[INFO] [stdout]       |
[INFO] [stdout] 
[INFO] [stdout] error: aborting due to previous error
[INFO] [stdout] 
[INFO] [stdout] For more information about this error, try `rustc --explain E0308`.
[INFO] [stdout] Couldn't compile the test.
[INFO] [stdout] ---- src/api.rs - api::AdvertiserLocationListPatchCall (line 27453) stdout ----
[INFO] [stdout] error[E0308]: mismatched types
[INFO] [stdout]      --> src/api.rs:27477:27
[INFO] [stdout]       |
[INFO] [stdout] 25    |              .update_mask(&Default::default())
[INFO] [stdout]       |               ----------- ^^^^^^^^^^^^^^^^^^^ expected `FieldMask`, found `&_`
[INFO] [stdout]       |               |
[INFO] [stdout]       |               arguments to this method are incorrect
[INFO] [stdout]       |
[INFO] [stdout]       = note: expected struct `FieldMask`
[INFO] [stdout]               found reference `&_`
[INFO] [stdout] note: method defined here
[INFO] [stdout]      --> /opt/rustwide/workdir/src/api.rs:27680:12
[INFO] [stdout]       |
[INFO] [stdout] 27680 |     pub fn update_mask(mut self, new_value: client::FieldMask) -> AdvertiserLocationListPatchCall<'a, S> {
[INFO] [stdout]       |            ^^^^^^^^^^^
[INFO] [stdout] help: consider removing the borrow
[INFO] [stdout]       |
[INFO] [stdout] 25    -              .update_mask(&Default::default())
[INFO] [stdout] 25    +              .update_mask(Default::default())
[INFO] [stdout]       |
[INFO] [stdout] 
[INFO] [stdout] error: aborting due to previous error
[INFO] [stdout] 
[INFO] [stdout] For more information about this error, try `rustc --explain E0308`.
[INFO] [stdout] Couldn't compile the test.
[INFO] [stdout] ---- src/api.rs - api::AdvertiserManualTriggerPatchCall (line 29247) stdout ----
[INFO] [stdout] error[E0308]: mismatched types
[INFO] [stdout]      --> src/api.rs:29271:27
[INFO] [stdout]       |
[INFO] [stdout] 25    |              .update_mask(&Default::default())
[INFO] [stdout]       |               ----------- ^^^^^^^^^^^^^^^^^^^ expected `FieldMask`, found `&_`
[INFO] [stdout]       |               |
[INFO] [stdout]       |               arguments to this method are incorrect
[INFO] [stdout]       |
[INFO] [stdout]       = note: expected struct `FieldMask`
[INFO] [stdout]               found reference `&_`
[INFO] [stdout] note: method defined here
[INFO] [stdout]      --> /opt/rustwide/workdir/src/api.rs:29474:12
[INFO] [stdout]       |
[INFO] [stdout] 29474 |     pub fn update_mask(mut self, new_value: client::FieldMask) -> AdvertiserManualTriggerPatchCall<'a, S> {
[INFO] [stdout]       |            ^^^^^^^^^^^
[INFO] [stdout] help: consider removing the borrow
[INFO] [stdout]       |
[INFO] [stdout] 25    -              .update_mask(&Default::default())
[INFO] [stdout] 25    +              .update_mask(Default::default())
[INFO] [stdout]       |
[INFO] [stdout] 
[INFO] [stdout] error: aborting due to previous error
[INFO] [stdout] 
[INFO] [stdout] For more information about this error, try `rustc --explain E0308`.
[INFO] [stdout] Couldn't compile the test.
[INFO] [stdout] ---- src/api.rs - api::AdvertiserNegativeKeywordListPatchCall (line 32199) stdout ----
[INFO] [stdout] error[E0308]: mismatched types
[INFO] [stdout]      --> src/api.rs:32223:27
[INFO] [stdout]       |
[INFO] [stdout] 25    |              .update_mask(&Default::default())
[INFO] [stdout]       |               ----------- ^^^^^^^^^^^^^^^^^^^ expected `FieldMask`, found `&_`
[INFO] [stdout]       |               |
[INFO] [stdout]       |               arguments to this method are incorrect
[INFO] [stdout]       |
[INFO] [stdout]       = note: expected struct `FieldMask`
[INFO] [stdout]               found reference `&_`
[INFO] [stdout] note: method defined here
[INFO] [stdout]      --> /opt/rustwide/workdir/src/api.rs:32426:12
[INFO] [stdout]       |
[INFO] [stdout] 32426 |     pub fn update_mask(mut self, new_value: client::FieldMask) -> AdvertiserNegativeKeywordListPatchCall<'a, S> {
[INFO] [stdout]       |            ^^^^^^^^^^^
[INFO] [stdout] help: consider removing the borrow
[INFO] [stdout]       |
[INFO] [stdout] 25    -              .update_mask(&Default::default())
[INFO] [stdout] 25    +              .update_mask(Default::default())
[INFO] [stdout]       |
[INFO] [stdout] 
[INFO] [stdout] error: aborting due to previous error
[INFO] [stdout] 
[INFO] [stdout] For more information about this error, try `rustc --explain E0308`.
[INFO] [stdout] Couldn't compile the test.
[INFO] [stdout] ---- src/api.rs - api::AdvertiserPatchCall (line 35677) stdout ----
[INFO] [stdout] error[E0308]: mismatched types
[INFO] [stdout]      --> src/api.rs:35701:27
[INFO] [stdout]       |
[INFO] [stdout] 25    |              .update_mask(&Default::default())
[INFO] [stdout]       |               ----------- ^^^^^^^^^^^^^^^^^^^ expected `FieldMask`, found `&_`
[INFO] [stdout]       |               |
[INFO] [stdout]       |               arguments to this method are incorrect
[INFO] [stdout]       |
[INFO] [stdout]       = note: expected struct `FieldMask`
[INFO] [stdout]               found reference `&_`
[INFO] [stdout] note: method defined here
[INFO] [stdout]      --> /opt/rustwide/workdir/src/api.rs:35892:12
[INFO] [stdout]       |
[INFO] [stdout] 35892 |     pub fn update_mask(mut self, new_value: client::FieldMask) -> AdvertiserPatchCall<'a, S> {
[INFO] [stdout]       |            ^^^^^^^^^^^
[INFO] [stdout] help: consider removing the borrow
[INFO] [stdout]       |
[INFO] [stdout] 25    -              .update_mask(&Default::default())
[INFO] [stdout] 25    +              .update_mask(Default::default())
[INFO] [stdout]       |
[INFO] [stdout] 
[INFO] [stdout] error: aborting due to previous error
[INFO] [stdout] 
[INFO] [stdout] For more information about this error, try `rustc --explain E0308`.
[INFO] [stdout] Couldn't compile the test.
[INFO] [stdout] ---- src/api.rs - api::CustomBiddingAlgorithmPatchCall (line 38383) stdout ----
[INFO] [stdout] error[E0308]: mismatched types
[INFO] [stdout]      --> src/api.rs:38407:27
[INFO] [stdout]       |
[INFO] [stdout] 25    |              .update_mask(&Default::default())
[INFO] [stdout]       |               ----------- ^^^^^^^^^^^^^^^^^^^ expected `FieldMask`, found `&_`
[INFO] [stdout]       |               |
[INFO] [stdout]       |               arguments to this method are incorrect
[INFO] [stdout]       |
[INFO] [stdout]       = note: expected struct `FieldMask`
[INFO] [stdout]               found reference `&_`
[INFO] [stdout] note: method defined here
[INFO] [stdout]      --> /opt/rustwide/workdir/src/api.rs:38598:12
[INFO] [stdout]       |
[INFO] [stdout] 38598 |     pub fn update_mask(mut self, new_value: client::FieldMask) -> CustomBiddingAlgorithmPatchCall<'a, S> {
[INFO] [stdout]       |            ^^^^^^^^^^^
[INFO] [stdout] help: consider removing the borrow
[INFO] [stdout]       |
[INFO] [stdout] 25    -              .update_mask(&Default::default())
[INFO] [stdout] 25    +              .update_mask(Default::default())
[INFO] [stdout]       |
[INFO] [stdout] 
[INFO] [stdout] error: aborting due to previous error
[INFO] [stdout] 
[INFO] [stdout] For more information about this error, try `rustc --explain E0308`.
[INFO] [stdout] Couldn't compile the test.
[INFO] [stdout] ---- src/api.rs - api::FirstAndThirdPartyAudiencePatchCall (line 40720) stdout ----
[INFO] [stdout] error[E0308]: mismatched types
[INFO] [stdout]      --> src/api.rs:40744:27
[INFO] [stdout]       |
[INFO] [stdout] 25    |              .update_mask(&Default::default())
[INFO] [stdout]       |               ----------- ^^^^^^^^^^^^^^^^^^^ expected `FieldMask`, found `&_`
[INFO] [stdout]       |               |
[INFO] [stdout]       |               arguments to this method are incorrect
[INFO] [stdout]       |
[INFO] [stdout]       = note: expected struct `FieldMask`
[INFO] [stdout]               found reference `&_`
[INFO] [stdout] note: method defined here
[INFO] [stdout]      --> /opt/rustwide/workdir/src/api.rs:40940:12
[INFO] [stdout]       |
[INFO] [stdout] 40940 |     pub fn update_mask(mut self, new_value: client::FieldMask) -> FirstAndThirdPartyAudiencePatchCall<'a, S> {
[INFO] [stdout]       |            ^^^^^^^^^^^
[INFO] [stdout] help: consider removing the borrow
[INFO] [stdout]       |
[INFO] [stdout] 25    -              .update_mask(&Default::default())
[INFO] [stdout] 25    +              .update_mask(Default::default())
[INFO] [stdout]       |
[INFO] [stdout] 
[INFO] [stdout] error: aborting due to previous error
[INFO] [stdout] 
[INFO] [stdout] For more information about this error, try `rustc --explain E0308`.
[INFO] [stdout] Couldn't compile the test.
[INFO] [stdout] ---- src/api.rs - api::FloodlightGroupPatchCall (line 41308) stdout ----
[INFO] [stdout] error[E0308]: mismatched types
[INFO] [stdout]      --> src/api.rs:41332:27
[INFO] [stdout]       |
[INFO] [stdout] 25    |              .update_mask(&Default::default())
[INFO] [stdout]       |               ----------- ^^^^^^^^^^^^^^^^^^^ expected `FieldMask`, found `&_`
[INFO] [stdout]       |               |
[INFO] [stdout]       |               arguments to this method are incorrect
[INFO] [stdout]       |
[INFO] [stdout]       = note: expected struct `FieldMask`
[INFO] [stdout]               found reference `&_`
[INFO] [stdout] note: method defined here
[INFO] [stdout]      --> /opt/rustwide/workdir/src/api.rs:41528:12
[INFO] [stdout]       |
[INFO] [stdout] 41528 |     pub fn update_mask(mut self, new_value: client::FieldMask) -> FloodlightGroupPatchCall<'a, S> {
[INFO] [stdout]       |            ^^^^^^^^^^^
[INFO] [stdout] help: consider removing the borrow
[INFO] [stdout]       |
[INFO] [stdout] 25    -              .update_mask(&Default::default())
[INFO] [stdout] 25    +              .update_mask(Default::default())
[INFO] [stdout]       |
[INFO] [stdout] 
[INFO] [stdout] error: aborting due to previous error
[INFO] [stdout] 
[INFO] [stdout] For more information about this error, try `rustc --explain E0308`.
[INFO] [stdout] Couldn't compile the test.
[INFO] [stdout] ---- src/api.rs - api::GuaranteedOrderPatchCall (line 43408) stdout ----
[INFO] [stdout] error[E0308]: mismatched types
[INFO] [stdout]      --> src/api.rs:43432:27
[INFO] [stdout]       |
[INFO] [stdout] 25    |              .update_mask(&Default::default())
[INFO] [stdout]       |               ----------- ^^^^^^^^^^^^^^^^^^^ expected `FieldMask`, found `&_`
[INFO] [stdout]       |               |
[INFO] [stdout]       |               arguments to this method are incorrect
[INFO] [stdout]       |
[INFO] [stdout]       = note: expected struct `FieldMask`
[INFO] [stdout]               found reference `&_`
[INFO] [stdout] note: method defined here
[INFO] [stdout]      --> /opt/rustwide/workdir/src/api.rs:43633:12
[INFO] [stdout]       |
[INFO] [stdout] 43633 |     pub fn update_mask(mut self, new_value: client::FieldMask) -> GuaranteedOrderPatchCall<'a, S> {
[INFO] [stdout]       |            ^^^^^^^^^^^
[INFO] [stdout] help: consider removing the borrow
[INFO] [stdout]       |
[INFO] [stdout] 25    -              .update_mask(&Default::default())
[INFO] [stdout] 25    +              .update_mask(Default::default())
[INFO] [stdout]       |
[INFO] [stdout] 
[INFO] [stdout] error: aborting due to previous error
[INFO] [stdout] 
[INFO] [stdout] For more information about this error, try `rustc --explain E0308`.
[INFO] [stdout] Couldn't compile the test.
[INFO] [stdout] ---- src/api.rs - api::InventorySourceGroupPatchCall (line 46151) stdout ----
[INFO] [stdout] error[E0308]: mismatched types
[INFO] [stdout]      --> src/api.rs:46175:27
[INFO] [stdout]       |
[INFO] [stdout] 25    |              .update_mask(&Default::default())
[INFO] [stdout]       |               ----------- ^^^^^^^^^^^^^^^^^^^ expected `FieldMask`, found `&_`
[INFO] [stdout]       |               |
[INFO] [stdout]       |               arguments to this method are incorrect
[INFO] [stdout]       |
[INFO] [stdout]       = note: expected struct `FieldMask`
[INFO] [stdout]               found reference `&_`
[INFO] [stdout] note: method defined here
[INFO] [stdout]      --> /opt/rustwide/workdir/src/api.rs:46376:12
[INFO] [stdout]       |
[INFO] [stdout] 46376 |     pub fn update_mask(mut self, new_value: client::FieldMask) -> InventorySourceGroupPatchCall<'a, S> {
[INFO] [stdout]       |            ^^^^^^^^^^^
[INFO] [stdout] help: consider removing the borrow
[INFO] [stdout]       |
[INFO] [stdout] 25    -              .update_mask(&Default::default())
[INFO] [stdout] 25    +              .update_mask(Default::default())
[INFO] [stdout]       |
[INFO] [stdout] 
[INFO] [stdout] error: aborting due to previous error
[INFO] [stdout] 
[INFO] [stdout] For more information about this error, try `rustc --explain E0308`.
[INFO] [stdout] Couldn't compile the test.
[INFO] [stdout] ---- src/api.rs - api::InventorySourcePatchCall (line 47652) stdout ----
[INFO] [stdout] error[E0308]: mismatched types
[INFO] [stdout]      --> src/api.rs:47676:27
[INFO] [stdout]       |
[INFO] [stdout] 25    |              .update_mask(&Default::default())
[INFO] [stdout]       |               ----------- ^^^^^^^^^^^^^^^^^^^ expected `FieldMask`, found `&_`
[INFO] [stdout]       |               |
[INFO] [stdout]       |               arguments to this method are incorrect
[INFO] [stdout]       |
[INFO] [stdout]       = note: expected struct `FieldMask`
[INFO] [stdout]               found reference `&_`
[INFO] [stdout] note: method defined here
[INFO] [stdout]      --> /opt/rustwide/workdir/src/api.rs:47877:12
[INFO] [stdout]       |
[INFO] [stdout] 47877 |     pub fn update_mask(mut self, new_value: client::FieldMask) -> InventorySourcePatchCall<'a, S> {
[INFO] [stdout]       |            ^^^^^^^^^^^
[INFO] [stdout] help: consider removing the borrow
[INFO] [stdout]       |
[INFO] [stdout] 25    -              .update_mask(&Default::default())
[INFO] [stdout] 25    +              .update_mask(Default::default())
[INFO] [stdout]       |
[INFO] [stdout] 
[INFO] [stdout] error: aborting due to previous error
[INFO] [stdout] 
[INFO] [stdout] For more information about this error, try `rustc --explain E0308`.
[INFO] [stdout] Couldn't compile the test.
[INFO] [stdout] ---- src/api.rs - api::PartnerChannelPatchCall (line 51037) stdout ----
[INFO] [stdout] error[E0308]: mismatched types
[INFO] [stdout]      --> src/api.rs:51061:27
[INFO] [stdout]       |
[INFO] [stdout] 25    |              .update_mask(&Default::default())
[INFO] [stdout]       |               ----------- ^^^^^^^^^^^^^^^^^^^ expected `FieldMask`, found `&_`
[INFO] [stdout]       |               |
[INFO] [stdout]       |               arguments to this method are incorrect
[INFO] [stdout]       |
[INFO] [stdout]       = note: expected struct `FieldMask`
[INFO] [stdout]               found reference `&_`
[INFO] [stdout] note: method defined here
[INFO] [stdout]      --> /opt/rustwide/workdir/src/api.rs:51269:12
[INFO] [stdout]       |
[INFO] [stdout] 51269 |     pub fn update_mask(mut self, new_value: client::FieldMask) -> PartnerChannelPatchCall<'a, S> {
[INFO] [stdout]       |            ^^^^^^^^^^^
[INFO] [stdout] help: consider removing the borrow
[INFO] [stdout]       |
[INFO] [stdout] 25    -              .update_mask(&Default::default())
[INFO] [stdout] 25    +              .update_mask(Default::default())
[INFO] [stdout]       |
[INFO] [stdout] 
[INFO] [stdout] error: aborting due to previous error
[INFO] [stdout] 
[INFO] [stdout] For more information about this error, try `rustc --explain E0308`.
[INFO] [stdout] Couldn't compile the test.
[INFO] [stdout] ---- src/api.rs - api::UserPatchCall (line 56205) stdout ----
[INFO] [stdout] error[E0308]: mismatched types
[INFO] [stdout]      --> src/api.rs:56229:27
[INFO] [stdout]       |
[INFO] [stdout] 25    |              .update_mask(&Default::default())
[INFO] [stdout]       |               ----------- ^^^^^^^^^^^^^^^^^^^ expected `FieldMask`, found `&_`
[INFO] [stdout]       |               |
[INFO] [stdout]       |               arguments to this method are incorrect
[INFO] [stdout]       |
[INFO] [stdout]       = note: expected struct `FieldMask`
[INFO] [stdout]               found reference `&_`
[INFO] [stdout] note: method defined here
[INFO] [stdout]      --> /opt/rustwide/workdir/src/api.rs:56420:12
[INFO] [stdout]       |
[INFO] [stdout] 56420 |     pub fn update_mask(mut self, new_value: client::FieldMask) -> UserPatchCall<'a, S> {
[INFO] [stdout]       |            ^^^^^^^^^^^
[INFO] [stdout] help: consider removing the borrow
[INFO] [stdout]       |
[INFO] [stdout] 25    -              .update_mask(&Default::default())
[INFO] [stdout] 25    +              .update_mask(Default::default())
[INFO] [stdout]       |
[INFO] [stdout] 
[INFO] [stdout] error: aborting due to previous error
[INFO] [stdout] 
[INFO] [stdout] For more information about this error, try `rustc --explain E0308`.
[INFO] [stdout] Couldn't compile the test.
[INFO] [stdout] 
[INFO] [stdout] failures:
[INFO] [stdout]     src/api.rs - api::AdvertiserAuditCall (line 33708)
[INFO] [stdout]     src/api.rs - api::AdvertiserCampaignPatchCall (line 14193)
[INFO] [stdout]     src/api.rs - api::AdvertiserChannelPatchCall (line 16968)
[INFO] [stdout]     src/api.rs - api::AdvertiserCreativePatchCall (line 18441)
[INFO] [stdout]     src/api.rs - api::AdvertiserInsertionOrderPatchCall (line 20853)
[INFO] [stdout]     src/api.rs - api::AdvertiserLineItemPatchCall (line 25053)
[INFO] [stdout]     src/api.rs - api::AdvertiserLocationListPatchCall (line 27453)
[INFO] [stdout]     src/api.rs - api::AdvertiserManualTriggerPatchCall (line 29247)
[INFO] [stdout]     src/api.rs - api::AdvertiserNegativeKeywordListPatchCall (line 32199)
[INFO] [stdout]     src/api.rs - api::AdvertiserPatchCall (line 35677)
[INFO] [stdout]     src/api.rs - api::CustomBiddingAlgorithmPatchCall (line 38383)
[INFO] [stdout]     src/api.rs - api::FirstAndThirdPartyAudiencePatchCall (line 40720)
[INFO] [stdout]     src/api.rs - api::FloodlightGroupPatchCall (line 41308)
[INFO] [stdout]     src/api.rs - api::GuaranteedOrderPatchCall (line 43408)
[INFO] [stdout]     src/api.rs - api::InventorySourceGroupPatchCall (line 46151)
[INFO] [stdout]     src/api.rs - api::InventorySourcePatchCall (line 47652)
[INFO] [stdout]     src/api.rs - api::PartnerChannelPatchCall (line 51037)
[INFO] [stdout]     src/api.rs - api::UserPatchCall (line 56205)
[INFO] [stdout] 
[INFO] [stdout] test result: FAILED. 149 passed; 18 failed; 1 ignored; 0 measured; 0 filtered out; finished in 11.49s
[INFO] [stdout] 
[INFO] [stderr] error: doctest failed, to rerun pass `--doc`
[INFO] running `Command { std: "docker" "inspect" "132283a2d366b5fc2b475c5934e03707fce35a148dd1b4d9beb34ee7aa081be4", kill_on_drop: false }`
[INFO] running `Command { std: "docker" "rm" "-f" "132283a2d366b5fc2b475c5934e03707fce35a148dd1b4d9beb34ee7aa081be4", kill_on_drop: false }`
[INFO] [stdout] 132283a2d366b5fc2b475c5934e03707fce35a148dd1b4d9beb34ee7aa081be4
