[INFO] fetching crate google-dialogflow2 5.0.2+20230110...
[INFO] testing google-dialogflow2-5.0.2+20230110 against 1.69.0 for beta-1.70-1
[INFO] extracting crate google-dialogflow2 5.0.2+20230110 into /workspace/builds/worker-3-tc1/source
[INFO] validating manifest of crates.io crate google-dialogflow2 5.0.2+20230110 on toolchain 1.69.0
[INFO] running `Command { std: CARGO_HOME="/workspace/cargo-home" RUSTUP_HOME="/workspace/rustup-home" "/workspace/cargo-home/bin/cargo" "+1.69.0" "metadata" "--manifest-path" "Cargo.toml" "--no-deps", kill_on_drop: false }`
[INFO] started tweaking crates.io crate google-dialogflow2 5.0.2+20230110
[INFO] finished tweaking crates.io crate google-dialogflow2 5.0.2+20230110
[INFO] tweaked toml for crates.io crate google-dialogflow2 5.0.2+20230110 written to /workspace/builds/worker-3-tc1/source/Cargo.toml
[INFO] running `Command { std: CARGO_HOME="/workspace/cargo-home" RUSTUP_HOME="/workspace/rustup-home" __CARGO_TEST_CHANNEL_OVERRIDE_DO_NOT_USE_THIS="nightly" "/workspace/cargo-home/bin/cargo" "+1.69.0" "generate-lockfile" "--manifest-path" "Cargo.toml" "-Zno-index-update", kill_on_drop: false }`
[INFO] running `Command { std: CARGO_HOME="/workspace/cargo-home" RUSTUP_HOME="/workspace/rustup-home" "/workspace/cargo-home/bin/cargo" "+1.69.0" "fetch" "--manifest-path" "Cargo.toml", kill_on_drop: false }`
[INFO] running `Command { std: "docker" "create" "-v" "/var/lib/crater-agent-workspace/builds/worker-3-tc1/target:/opt/rustwide/target:rw,Z" "-v" "/var/lib/crater-agent-workspace/builds/worker-3-tc1/source:/opt/rustwide/workdir:ro,Z" "-v" "/var/lib/crater-agent-workspace/cargo-home:/opt/rustwide/cargo-home:ro,Z" "-v" "/var/lib/crater-agent-workspace/rustup-home:/opt/rustwide/rustup-home:ro,Z" "-e" "SOURCE_DIR=/opt/rustwide/workdir" "-e" "CARGO_TARGET_DIR=/opt/rustwide/target" "-e" "CARGO_HOME=/opt/rustwide/cargo-home" "-e" "RUSTUP_HOME=/opt/rustwide/rustup-home" "-w" "/opt/rustwide/workdir" "-m" "1610612736" "--user" "0:0" "--network" "none" "ghcr.io/rust-lang/crates-build-env/linux@sha256:5ff2268d62e97bff2cde7d5815dd6ed5b47097566f13b8d0ca110b04b60e07ed" "/opt/rustwide/cargo-home/bin/cargo" "+1.69.0" "metadata" "--no-deps" "--format-version=1", kill_on_drop: false }`
[INFO] [stdout] 955debe4953a8335244746a64faac7e32af34810d99b8c5cafcdf6b07cfe0427
[INFO] running `Command { std: "docker" "start" "-a" "955debe4953a8335244746a64faac7e32af34810d99b8c5cafcdf6b07cfe0427", kill_on_drop: false }`
[INFO] running `Command { std: "docker" "inspect" "955debe4953a8335244746a64faac7e32af34810d99b8c5cafcdf6b07cfe0427", kill_on_drop: false }`
[INFO] running `Command { std: "docker" "rm" "-f" "955debe4953a8335244746a64faac7e32af34810d99b8c5cafcdf6b07cfe0427", kill_on_drop: false }`
[INFO] [stdout] 955debe4953a8335244746a64faac7e32af34810d99b8c5cafcdf6b07cfe0427
[INFO] running `Command { std: "docker" "create" "-v" "/var/lib/crater-agent-workspace/builds/worker-3-tc1/target:/opt/rustwide/target:rw,Z" "-v" "/var/lib/crater-agent-workspace/builds/worker-3-tc1/source:/opt/rustwide/workdir:ro,Z" "-v" "/var/lib/crater-agent-workspace/cargo-home:/opt/rustwide/cargo-home:ro,Z" "-v" "/var/lib/crater-agent-workspace/rustup-home:/opt/rustwide/rustup-home:ro,Z" "-e" "SOURCE_DIR=/opt/rustwide/workdir" "-e" "CARGO_TARGET_DIR=/opt/rustwide/target" "-e" "CARGO_INCREMENTAL=0" "-e" "RUST_BACKTRACE=full" "-e" "RUSTFLAGS=--cap-lints=warn" "-e" "RUSTDOCFLAGS=--cap-lints=warn" "-e" "CARGO_HOME=/opt/rustwide/cargo-home" "-e" "RUSTUP_HOME=/opt/rustwide/rustup-home" "-w" "/opt/rustwide/workdir" "-m" "1610612736" "--user" "0:0" "--network" "none" "ghcr.io/rust-lang/crates-build-env/linux@sha256:5ff2268d62e97bff2cde7d5815dd6ed5b47097566f13b8d0ca110b04b60e07ed" "/opt/rustwide/cargo-home/bin/cargo" "+1.69.0" "build" "--frozen" "--message-format=json", kill_on_drop: false }`
[INFO] [stdout] de583096de6024caad2478bc970194b7c28ec9a3e339c660baac5432554aed8e
[INFO] running `Command { std: "docker" "start" "-a" "de583096de6024caad2478bc970194b7c28ec9a3e339c660baac5432554aed8e", kill_on_drop: false }`
[INFO] [stderr]    Compiling proc-macro2 v1.0.56
[INFO] [stderr]    Compiling libc v0.2.142
[INFO] [stderr]    Compiling pin-project-lite v0.2.9
[INFO] [stderr]    Compiling futures-core v0.3.28
[INFO] [stderr]    Compiling bytes v1.4.0
[INFO] [stderr]    Compiling futures-sink v0.3.28
[INFO] [stderr]    Compiling futures-channel v0.3.28
[INFO] [stderr]    Compiling ring v0.16.20
[INFO] [stderr]    Compiling slab v0.4.8
[INFO] [stderr]    Compiling futures-task v0.3.28
[INFO] [stderr]    Compiling tokio v1.28.0
[INFO] [stderr]    Compiling memchr v2.5.0
[INFO] [stderr]    Compiling futures-util v0.3.28
[INFO] [stderr]    Compiling pin-utils v0.1.0
[INFO] [stderr]    Compiling untrusted v0.7.1
[INFO] [stderr]    Compiling serde v1.0.160
[INFO] [stderr]    Compiling tinyvec_macros v0.1.1
[INFO] [stderr]    Compiling itoa v1.0.6
[INFO] [stderr]    Compiling spin v0.5.2
[INFO] [stderr]    Compiling futures-io v0.3.28
[INFO] [stderr]    Compiling tinyvec v1.6.0
[INFO] [stderr]    Compiling tracing-core v0.1.30
[INFO] [stderr]    Compiling indexmap v1.9.3
[INFO] [stderr]    Compiling strsim v0.10.0
[INFO] [stderr]    Compiling unicode-bidi v0.3.13
[INFO] [stderr]    Compiling http v0.2.9
[INFO] [stderr]    Compiling rustls v0.20.8
[INFO] [stderr]    Compiling ident_case v1.0.1
[INFO] [stderr]    Compiling tracing v0.1.37
[INFO] [stderr]    Compiling httparse v1.8.0
[INFO] [stderr]    Compiling hashbrown v0.12.3
[INFO] [stderr]    Compiling num-traits v0.2.15
[INFO] [stderr]    Compiling try-lock v0.2.4
[INFO] [stderr]    Compiling base64 v0.21.0
[INFO] [stderr]    Compiling num-integer v0.1.45
[INFO] [stderr]    Compiling want v0.3.0
[INFO] [stderr]    Compiling openssl-probe v0.1.5
[INFO] [stderr]    Compiling serde_json v1.0.96
[INFO] [stderr]    Compiling anyhow v1.0.71
[INFO] [stderr]    Compiling quote v1.0.26
[INFO] [stderr]    Compiling unicode-normalization v0.1.22
[INFO] [stderr]    Compiling rustls-pemfile v1.0.2
[INFO] [stderr]    Compiling tower-service v0.3.2
[INFO] [stderr]    Compiling httpdate v1.0.2
[INFO] [stderr]    Compiling syn v2.0.15
[INFO] [stderr]    Compiling socket2 v0.4.9
[INFO] [stderr]    Compiling mio v0.8.6
[INFO] [stderr]    Compiling http-body v0.4.5
[INFO] [stderr]    Compiling async-trait v0.1.68
[INFO] [stderr]    Compiling idna v0.3.0
[INFO] [stderr]    Compiling rustls-native-certs v0.6.2
[INFO] [stderr]    Compiling form_urlencoded v1.1.0
[INFO] [stderr]    Compiling either v1.8.1
[INFO] [stderr]    Compiling time-core v0.1.0
[INFO] [stderr]    Compiling matches v0.1.10
[INFO] [stderr]    Compiling ryu v1.0.13
[INFO] [stderr]    Compiling num_threads v0.1.6
[INFO] [stderr]    Compiling idna v0.1.5
[INFO] [stderr]    Compiling itertools v0.10.5
[INFO] [stderr]    Compiling seahash v4.1.0
[INFO] [stderr]    Compiling base64 v0.13.1
[INFO] [stderr]    Compiling iana-time-zone v0.1.56
[INFO] [stderr]    Compiling percent-encoding v1.0.1
[INFO] [stderr]    Compiling mime v0.3.17
[INFO] [stderr]    Compiling url v2.3.1
[INFO] [stderr]    Compiling url v1.7.2
[INFO] [stderr]    Compiling sct v0.7.0
[INFO] [stderr]    Compiling webpki v0.22.0
[INFO] [stderr]    Compiling darling_core v0.20.0
[INFO] [stderr]    Compiling futures-macro v0.3.28
[INFO] [stderr]    Compiling tokio-macros v2.1.0
[INFO] [stderr]    Compiling serde_derive v1.0.160
[INFO] [stderr]    Compiling darling_macro v0.20.0
[INFO] [stderr]    Compiling darling v0.20.0
[INFO] [stderr]    Compiling serde_with_macros v2.3.3
[INFO] [stderr]    Compiling futures-executor v0.3.28
[INFO] [stderr]    Compiling futures v0.3.28
[INFO] [stderr]    Compiling tokio-util v0.7.8
[INFO] [stderr]    Compiling tokio-rustls v0.23.4
[INFO] [stderr]    Compiling h2 v0.3.18
[INFO] [stderr]    Compiling time v0.3.20
[INFO] [stderr]    Compiling serde_with v2.3.3
[INFO] [stderr]    Compiling chrono v0.4.24
[INFO] [stderr]    Compiling hyper v0.14.26
[INFO] [stderr]    Compiling hyper-rustls v0.23.2
[INFO] [stderr]    Compiling yup-oauth2 v8.1.1
[INFO] [stderr]    Compiling google-apis-common v5.0.4
[INFO] [stderr]    Compiling google-dialogflow2 v5.0.2+20230110 (/opt/rustwide/workdir)
[INFO] [stderr]     Finished dev [unoptimized + debuginfo] target(s) in 1m 03s
[INFO] running `Command { std: "docker" "inspect" "de583096de6024caad2478bc970194b7c28ec9a3e339c660baac5432554aed8e", kill_on_drop: false }`
[INFO] running `Command { std: "docker" "rm" "-f" "de583096de6024caad2478bc970194b7c28ec9a3e339c660baac5432554aed8e", kill_on_drop: false }`
[INFO] [stdout] de583096de6024caad2478bc970194b7c28ec9a3e339c660baac5432554aed8e
[INFO] running `Command { std: "docker" "create" "-v" "/var/lib/crater-agent-workspace/builds/worker-3-tc1/target:/opt/rustwide/target:rw,Z" "-v" "/var/lib/crater-agent-workspace/builds/worker-3-tc1/source:/opt/rustwide/workdir:ro,Z" "-v" "/var/lib/crater-agent-workspace/cargo-home:/opt/rustwide/cargo-home:ro,Z" "-v" "/var/lib/crater-agent-workspace/rustup-home:/opt/rustwide/rustup-home:ro,Z" "-e" "SOURCE_DIR=/opt/rustwide/workdir" "-e" "CARGO_TARGET_DIR=/opt/rustwide/target" "-e" "CARGO_INCREMENTAL=0" "-e" "RUST_BACKTRACE=full" "-e" "RUSTFLAGS=--cap-lints=warn" "-e" "RUSTDOCFLAGS=--cap-lints=warn" "-e" "CARGO_HOME=/opt/rustwide/cargo-home" "-e" "RUSTUP_HOME=/opt/rustwide/rustup-home" "-w" "/opt/rustwide/workdir" "-m" "1610612736" "--user" "0:0" "--network" "none" "ghcr.io/rust-lang/crates-build-env/linux@sha256:5ff2268d62e97bff2cde7d5815dd6ed5b47097566f13b8d0ca110b04b60e07ed" "/opt/rustwide/cargo-home/bin/cargo" "+1.69.0" "test" "--frozen" "--no-run" "--message-format=json", kill_on_drop: false }`
[INFO] [stdout] 8b6224d7cbcb701a7346a7a96b44b5b343bf9e99db085c55ad19c9efd26ce677
[INFO] running `Command { std: "docker" "start" "-a" "8b6224d7cbcb701a7346a7a96b44b5b343bf9e99db085c55ad19c9efd26ce677", kill_on_drop: false }`
[INFO] [stderr]    Compiling google-dialogflow2 v5.0.2+20230110 (/opt/rustwide/workdir)
[INFO] [stderr]     Finished test [unoptimized + debuginfo] target(s) in 14.78s
[INFO] running `Command { std: "docker" "inspect" "8b6224d7cbcb701a7346a7a96b44b5b343bf9e99db085c55ad19c9efd26ce677", kill_on_drop: false }`
[INFO] running `Command { std: "docker" "rm" "-f" "8b6224d7cbcb701a7346a7a96b44b5b343bf9e99db085c55ad19c9efd26ce677", kill_on_drop: false }`
[INFO] [stdout] 8b6224d7cbcb701a7346a7a96b44b5b343bf9e99db085c55ad19c9efd26ce677
[INFO] running `Command { std: "docker" "create" "-v" "/var/lib/crater-agent-workspace/builds/worker-3-tc1/target:/opt/rustwide/target:rw,Z" "-v" "/var/lib/crater-agent-workspace/builds/worker-3-tc1/source:/opt/rustwide/workdir:ro,Z" "-v" "/var/lib/crater-agent-workspace/cargo-home:/opt/rustwide/cargo-home:ro,Z" "-v" "/var/lib/crater-agent-workspace/rustup-home:/opt/rustwide/rustup-home:ro,Z" "-e" "SOURCE_DIR=/opt/rustwide/workdir" "-e" "CARGO_TARGET_DIR=/opt/rustwide/target" "-e" "CARGO_INCREMENTAL=0" "-e" "RUST_BACKTRACE=full" "-e" "RUSTFLAGS=--cap-lints=warn" "-e" "RUSTDOCFLAGS=--cap-lints=warn" "-e" "CARGO_HOME=/opt/rustwide/cargo-home" "-e" "RUSTUP_HOME=/opt/rustwide/rustup-home" "-w" "/opt/rustwide/workdir" "-m" "1610612736" "--user" "0:0" "--network" "none" "ghcr.io/rust-lang/crates-build-env/linux@sha256:5ff2268d62e97bff2cde7d5815dd6ed5b47097566f13b8d0ca110b04b60e07ed" "/opt/rustwide/cargo-home/bin/cargo" "+1.69.0" "test" "--frozen", kill_on_drop: false }`
[INFO] [stdout] ec954aa5c92bbc60c9926aef50f131db358bb9965511c5f32ba963beb5642b64
[INFO] running `Command { std: "docker" "start" "-a" "ec954aa5c92bbc60c9926aef50f131db358bb9965511c5f32ba963beb5642b64", kill_on_drop: false }`
[INFO] [stderr]     Finished test [unoptimized + debuginfo] target(s) in 0.16s
[INFO] [stderr]      Running unittests src/lib.rs (/opt/rustwide/target/debug/deps/google_dialogflow2-9e01b88b9342aba3)
[INFO] [stderr]    Doc-tests google-dialogflow2
[INFO] [stdout] 
[INFO] [stdout] running 0 tests
[INFO] [stdout] 
[INFO] [stdout] test result: ok. 0 passed; 0 failed; 0 ignored; 0 measured; 0 filtered out; finished in 0.00s
[INFO] [stdout] 
[INFO] [stdout] 
[INFO] [stdout] running 248 tests
[INFO] [stdout] test src/api.rs - api::ProjectAgentEntityTypeGetCall (line 11695) - compile ... ok
[INFO] [stdout] test src/api.rs - api::ProjectAgentEntityTypeEntityBatchCreateCall (line 9676) - compile ... ok
[INFO] [stdout] test src/api.rs - api::ProjectAgentEnvironmentIntentListCall (line 12580) - compile ... ok
[INFO] [stdout] test src/api.rs - api::ProjectAgentEnvironmentDeleteCall (line 16546) - compile ... ok
[INFO] [stdout] test src/api.rs - api::ProjectAgentEnvironmentGetHistoryCall (line 17068) - compile ... ok
[INFO] [stdout] test src/api.rs - api::ProjectAgentEntityTypePatchCall (line 12265) - compile ... FAILED
[INFO] [stdout] test src/api.rs - api::ProjectAgentEntityTypeCreateCall (line 11131) - compile ... ok
[INFO] [stdout] test src/api.rs - api::ProjectAgentEnvironmentCreateCall (line 16243) - compile ... ok
[INFO] [stdout] test src/api.rs - api::Dialogflow (line 62) - compile ... FAILED
[INFO] [stdout] test src/api.rs - api::ProjectAgentEntityTypeDeleteCall (line 11434) - compile ... ok
[INFO] [stdout] test src/api.rs - api::ProjectAgentEntityTypeBatchDeleteCall (line 10549) - compile ... ok
[INFO] [stdout] test src/api.rs - api::ProjectAgentEnvironmentListCall (line 17353) - compile ... ok
[INFO] [stdout] test src/api.rs - api::ProjectAgentEnvironmentPatchCall (line 17638) - compile ... FAILED
[INFO] [stdout] test src/api.rs - api::ProjectAgentEnvironmentGetCall (line 16807) - compile ... ok
[INFO] [stdout] test src/api.rs - api::ProjectAgentEntityTypeBatchUpdateCall (line 10840) - compile ... ok
[INFO] [stdout] test src/api.rs - api::ProjectAgentEntityTypeListCall (line 11968) - compile ... ok
[INFO] [stdout] test src/api.rs - api::ProjectAgentEntityTypeEntityBatchUpdateCall (line 10258) - compile ... ok
[INFO] [stdout] test src/api.rs - api::ProjectAgentEnvironmentUserSessionContextListCall (line 13702) - compile ... ok
[INFO] [stdout] test src/api.rs - api::ProjectAgentEntityTypeEntityBatchDeleteCall (line 9967) - compile ... ok
[INFO] [stdout] test src/api.rs - api::ProjectAgentEnvironmentUserSessionEntityTypeGetCall (line 14842) - compile ... ok
[INFO] [stdout] test src/api.rs - api::ProjectAgentEnvironmentUserSessionContextCreateCall (line 12889) - compile ... ok
[INFO] [stdout] test src/api.rs - api::ProjectAgentEnvironmentUserSessionContextGetCall (line 13441) - compile ... ok
[INFO] [stdout] test src/api.rs - api::ProjectAgentEnvironmentUserSessionContextPatchCall (line 13987) - compile ... FAILED
[INFO] [stdout] test src/api.rs - api::ProjectAgentEnvironmentUserSessionDeleteContextCall (line 15691) - compile ... ok
[INFO] [stdout] test src/api.rs - api::ProjectAgentExportCall (line 27916) - compile ... ok
[INFO] [stdout] test src/api.rs - api::ProjectAgentEnvironmentUserSessionDetectIntentCall (line 15952) - compile ... ok
[INFO] [stdout] test src/api.rs - api::ProjectAgentEnvironmentUserSessionEntityTypeListCall (line 15103) - compile ... ok
[INFO] [stdout] test src/api.rs - api::ProjectAgentEnvironmentUserSessionEntityTypeDeleteCall (line 14581) - compile ... ok
[INFO] [stdout] test src/api.rs - api::ProjectAgentEnvironmentUserSessionEntityTypePatchCall (line 15388) - compile ... FAILED
[INFO] [stdout] test src/api.rs - api::ProjectAgentEnvironmentUserSessionEntityTypeCreateCall (line 14290) - compile ... ok
[INFO] [stdout] test src/api.rs - api::ProjectAgentGetFulfillmentCall (line 28207) - compile ... ok
[INFO] [stdout] test src/api.rs - api::ProjectAgentIntentBatchDeleteCall (line 17953) - compile ... ok
[INFO] [stdout] test src/api.rs - api::ProjectAgentGetValidationResultCall (line 28468) - compile ... ok
[INFO] [stdout] test src/api.rs - api::ProjectAgentEnvironmentUserSessionContextDeleteCall (line 13180) - compile ... ok
[INFO] [stdout] test src/api.rs - api::ProjectAgentIntentDeleteCall (line 18850) - compile ... ok
[INFO] [stdout] test src/api.rs - api::ProjectAgentIntentGetCall (line 19111) - compile ... ok
[INFO] [stdout] test src/api.rs - api::ProjectAgentIntentCreateCall (line 18535) - compile ... ok
[INFO] [stdout] test src/api.rs - api::ProjectAgentImportCall (line 28741) - compile ... ok
[INFO] [stdout] test src/api.rs - api::ProjectAgentIntentListCall (line 19396) - compile ... ok
[INFO] [stdout] test src/api.rs - api::ProjectAgentKnowledgeBaseDocumentGetCall (line 20584) - compile ... ok
[INFO] [stdout] test src/api.rs - api::ProjectAgentKnowledgeBaseDocumentPatchCall (line 21142) - compile ... FAILED
[INFO] [stdout] test src/api.rs - api::ProjectAgentKnowledgeBaseDeleteCall (line 22027) - compile ... ok
[INFO] [stdout] test src/api.rs - api::ProjectAgentIntentBatchUpdateCall (line 18244) - compile ... ok
[INFO] [stdout] test src/api.rs - api::ProjectAgentKnowledgeBaseCreateCall (line 21736) - compile ... ok
[INFO] [stdout] test src/api.rs - api::ProjectAgentKnowledgeBaseDocumentCreateCall (line 20032) - compile ... ok
[INFO] [stdout] test src/api.rs - api::ProjectAgentKnowledgeBaseListCall (line 22561) - compile ... ok
[INFO] [stdout] test src/api.rs - api::ProjectAgentKnowledgeBaseDocumentListCall (line 20845) - compile ... ok
[INFO] [stdout] test src/api.rs - api::ProjectAgentIntentPatchCall (line 19705) - compile ... FAILED
[INFO] [stdout] test src/api.rs - api::ProjectAgentKnowledgeBaseDocumentReloadCall (line 21445) - compile ... ok
[INFO] [stdout] test src/api.rs - api::ProjectAgentKnowledgeBaseDocumentDeleteCall (line 20323) - compile ... ok
[INFO] [stdout] test src/api.rs - api::ProjectAgentKnowledgeBaseGetCall (line 22300) - compile ... ok
[INFO] [stdout] test src/api.rs - api::ProjectAgentSearchCall (line 29323) - compile ... ok
[INFO] [stdout] test src/api.rs - api::ProjectAgentSessionContextDeleteCall (line 23452) - compile ... ok
[INFO] [stdout] test src/api.rs - api::ProjectAgentRestoreCall (line 29032) - compile ... ok
[INFO] [stdout] test src/api.rs - api::ProjectAgentSessionContextListCall (line 23974) - compile ... ok
[INFO] [stdout] test src/api.rs - api::ProjectAgentSessionContextPatchCall (line 24259) - compile ... FAILED
[INFO] [stdout] test src/api.rs - api::ProjectAgentKnowledgeBasePatchCall (line 22858) - compile ... FAILED
[INFO] [stdout] test src/api.rs - api::ProjectAgentSessionEntityTypeGetCall (line 25114) - compile ... ok
[INFO] [stdout] test src/api.rs - api::ProjectAgentSessionDeleteContextCall (line 25963) - compile ... ok
[INFO] [stdout] test src/api.rs - api::ProjectAgentSessionEntityTypeDeleteCall (line 24853) - compile ... ok
[INFO] [stdout] test src/api.rs - api::ProjectAgentSessionDetectIntentCall (line 26224) - compile ... ok
[INFO] [stdout] test src/api.rs - api::ProjectAgentTrainCall (line 29608) - compile ... ok
[INFO] [stdout] test src/api.rs - api::ProjectAgentSessionEntityTypePatchCall (line 25660) - compile ... FAILED
[INFO] [stdout] test src/api.rs - api::ProjectAgentSessionEntityTypeCreateCall (line 24562) - compile ... ok
[INFO] [stdout] test src/api.rs - api::ProjectAgentSessionEntityTypeListCall (line 25375) - compile ... ok
[INFO] [stdout] test src/api.rs - api::ProjectAgentUpdateFulfillmentCall (line 29899) - compile ... FAILED
[INFO] [stdout] test src/api.rs - api::ProjectAgentVersionCreateCall (line 26515) - compile ... ok
[INFO] [stdout] test src/api.rs - api::ProjectAgentVersionListCall (line 27328) - compile ... ok
[INFO] [stdout] test src/api.rs - api::ProjectAgentVersionGetCall (line 27067) - compile ... ok
[INFO] [stdout] test src/api.rs - api::ProjectAgentSessionContextCreateCall (line 23161) - compile ... ok
[INFO] [stdout] test src/api.rs - api::ProjectAgentVersionDeleteCall (line 26806) - compile ... ok
[INFO] [stdout] test src/api.rs - api::ProjectAgentSessionContextGetCall (line 23713) - compile ... ok
[INFO] [stdout] test src/api.rs - api::ProjectConversationDatasetGetCall (line 30802) - compile ... ok
[INFO] [stdout] test src/api.rs - api::ProjectConversationGetCall (line 39334) - compile ... ok
[INFO] [stdout] test src/api.rs - api::ProjectAgentVersionPatchCall (line 27613) - compile ... FAILED
[INFO] [stdout] test src/api.rs - api::ProjectConversationCompleteCall (line 38740) - compile ... ok
[INFO] [stdout] test src/api.rs - api::ProjectConversationCreateCall (line 39031) - compile ... ok
[INFO] [stdout] test src/api.rs - api::ProjectConversationDatasetListCall (line 31354) - compile ... ok
[INFO] [stdout] test src/api.rs - api::ProjectConversationDatasetImportConversationDataCall (line 31063) - compile ... ok
[INFO] [stdout] test src/api.rs - api::ProjectConversationMessageListCall (line 35848) - compile ... ok
[INFO] [stdout] test src/api.rs - api::ProjectConversationListCall (line 39595) - compile ... ok
[INFO] [stdout] test src/api.rs - api::ProjectConversationModelCreateCall (line 32185) - compile ... ok
[INFO] [stdout] test src/api.rs - api::ProjectConversationModelDeleteCall (line 32476) - compile ... ok
[INFO] [stdout] test src/api.rs - api::ProjectAnswerRecordListCall (line 30202) - compile ... ok
[INFO] [stdout] test src/api.rs - api::ProjectAnswerRecordPatchCall (line 30499) - compile ... FAILED
[INFO] [stdout] test src/api.rs - api::ProjectConversationModelDeployCall (line 32737) - compile ... ok
[INFO] [stdout] test src/api.rs - api::ProjectConversationParticipantPatchCall (line 38146) - compile ... FAILED
[INFO] [stdout] test src/api.rs - api::ProjectConversationModelUndeployCall (line 33574) - compile ... ok
[INFO] [stdout] test src/api.rs - api::ProjectConversationModelEvaluationGetCall (line 31639) - compile ... ok
[INFO] [stdout] test src/api.rs - api::ProjectConversationModelEvaluationListCall (line 31900) - compile ... ok
[INFO] [stdout] test src/api.rs - api::ProjectConversationParticipantSuggestionSuggestArticleCall (line 36145) - compile ... ok
[INFO] [stdout] test src/api.rs - api::ProjectConversationParticipantCreateCall (line 37309) - compile ... ok
[INFO] [stdout] test src/api.rs - api::ProjectConversationModelListCall (line 33289) - compile ... ok
[INFO] [stdout] test src/api.rs - api::ProjectConversationProfileCreateCall (line 34156) - compile ... ok
[INFO] [stdout] test src/api.rs - api::ProjectConversationModelGetCall (line 33028) - compile ... ok
[INFO] [stdout] test src/api.rs - api::ProjectConversationParticipantListCall (line 37861) - compile ... ok
[INFO] [stdout] test src/api.rs - api::ProjectConversationProfileSetSuggestionFeatureConfigCall (line 35557) - compile ... ok
[INFO] [stdout] test src/api.rs - api::ProjectConversationParticipantSuggestionSuggestFaqAnswerCall (line 36436) - compile ... ok
[INFO] [stdout] test src/api.rs - api::ProjectConversationSuggestionSuggestConversationSummaryCall (line 38449) - compile ... ok
[INFO] [stdout] test src/api.rs - api::ProjectGetAgentCall (line 78526) - compile ... ok
[INFO] [stdout] test src/api.rs - api::ProjectDeleteAgentCall (line 78265) - compile ... ok
[INFO] [stdout] test src/api.rs - api::ProjectConversationProfileGetCall (line 34708) - compile ... ok
[INFO] [stdout] test src/api.rs - api::ProjectConversationParticipantGetCall (line 37600) - compile ... ok
[INFO] [stdout] test src/api.rs - api::ProjectConversationProfileListCall (line 34969) - compile ... ok
[INFO] [stdout] test src/api.rs - api::ProjectConversationParticipantAnalyzeContentCall (line 37018) - compile ... ok
[INFO] [stdout] test src/api.rs - api::ProjectKnowledgeBaseDocumentPatchCall (line 41584) - compile ... FAILED
[INFO] [stdout] test src/api.rs - api::ProjectConversationProfilePatchCall (line 35254) - compile ... FAILED
[INFO] [stdout] test src/api.rs - api::ProjectConversationProfileClearSuggestionFeatureConfigCall (line 33865) - compile ... ok
[INFO] [stdout] test src/api.rs - api::ProjectConversationParticipantSuggestionSuggestSmartReplyCall (line 36727) - compile ... ok
[INFO] [stdout] test src/api.rs - api::ProjectKnowledgeBaseDeleteCall (line 42469) - compile ... ok
[INFO] [stdout] test src/api.rs - api::ProjectKnowledgeBaseDocumentReloadCall (line 41887) - compile ... ok
[INFO] [stdout] test src/api.rs - api::ProjectKnowledgeBaseCreateCall (line 42178) - compile ... ok
[INFO] [stdout] test src/api.rs - api::ProjectKnowledgeBaseDocumentListCall (line 41287) - compile ... ok
[INFO] [stdout] test src/api.rs - api::ProjectKnowledgeBaseDocumentCreateCall (line 39892) - compile ... ok
[INFO] [stdout] test src/api.rs - api::ProjectKnowledgeBaseDocumentDeleteCall (line 40183) - compile ... ok
[INFO] [stdout] test src/api.rs - api::ProjectKnowledgeBaseDocumentGetCall (line 40735) - compile ... ok
[INFO] [stdout] test src/api.rs - api::ProjectConversationProfileDeleteCall (line 34447) - compile ... ok
[INFO] [stdout] test src/api.rs - api::ProjectKnowledgeBaseDocumentExportCall (line 40444) - compile ... ok
[INFO] [stdout] test src/api.rs - api::ProjectKnowledgeBaseListCall (line 43003) - compile ... ok
[INFO] [stdout] test src/api.rs - api::ProjectKnowledgeBaseGetCall (line 42742) - compile ... ok
[INFO] [stdout] test src/api.rs - api::ProjectKnowledgeBaseDocumentImportCall (line 40996) - compile ... ok
[INFO] [stdout] test src/api.rs - api::ProjectLocationAgentEntityTypeListCall (line 45895) - compile ... ok
[INFO] [stdout] test src/api.rs - api::ProjectLocationAgentEntityTypeGetCall (line 45622) - compile ... ok
[INFO] [stdout] test src/api.rs - api::ProjectLocationAgentEntityTypePatchCall (line 46192) - compile ... FAILED
[INFO] [stdout] test src/api.rs - api::ProjectLocationAgentEnvironmentDeleteCall (line 50473) - compile ... ok
[INFO] [stdout] test src/api.rs - api::ProjectLocationAgentEntityTypeCreateCall (line 45058) - compile ... ok
[INFO] [stdout] test src/api.rs - api::ProjectLocationAgentEnvironmentGetCall (line 50734) - compile ... ok
[INFO] [stdout] test src/api.rs - api::ProjectLocationAgentEnvironmentCreateCall (line 50170) - compile ... ok
[INFO] [stdout] test src/api.rs - api::ProjectLocationAgentEntityTypeEntityBatchDeleteCall (line 43894) - compile ... ok
[INFO] [stdout] test src/api.rs - api::ProjectLocationAgentEntityTypeBatchUpdateCall (line 44767) - compile ... ok
[INFO] [stdout] test src/api.rs - api::ProjectLocationAgentEnvironmentGetHistoryCall (line 50995) - compile ... ok
[INFO] [stdout] test src/api.rs - api::ProjectLocationAgentEnvironmentIntentListCall (line 46507) - compile ... ok
[INFO] [stdout] test src/api.rs - api::ProjectKnowledgeBasePatchCall (line 43300) - compile ... FAILED
[INFO] [stdout] test src/api.rs - api::ProjectLocationAgentEntityTypeEntityBatchUpdateCall (line 44185) - compile ... ok
[INFO] [stdout] test src/api.rs - api::ProjectLocationAgentEntityTypeDeleteCall (line 45361) - compile ... ok
[INFO] [stdout] test src/api.rs - api::ProjectLocationAgentEnvironmentListCall (line 51280) - compile ... ok
[INFO] [stdout] test src/api.rs - api::ProjectLocationAgentEnvironmentUserSessionContextDeleteCall (line 47107) - compile ... ok
[INFO] [stdout] test src/api.rs - api::ProjectLocationAgentEnvironmentUserSessionContextCreateCall (line 46816) - compile ... ok
[INFO] [stdout] test src/api.rs - api::ProjectLocationAgentEnvironmentPatchCall (line 51565) - compile ... FAILED
[INFO] [stdout] test src/api.rs - api::ProjectLocationAgentEnvironmentUserSessionContextGetCall (line 47368) - compile ... ok
[INFO] [stdout] test src/api.rs - api::ProjectLocationAgentEnvironmentUserSessionEntityTypeDeleteCall (line 48508) - compile ... ok
[INFO] [stdout] test src/api.rs - api::ProjectLocationAgentEnvironmentUserSessionEntityTypeListCall (line 49030) - compile ... ok
[INFO] [stdout] test src/api.rs - api::ProjectLocationAgentGetValidationResultCall (line 59266) - compile ... ok
[INFO] [stdout] test src/api.rs - api::ProjectLocationAgentEnvironmentUserSessionEntityTypePatchCall (line 49315) - compile ... FAILED
[INFO] [stdout] test src/api.rs - api::ProjectLocationAgentEnvironmentUserSessionEntityTypeGetCall (line 48769) - compile ... ok
[INFO] [stdout] test src/api.rs - api::ProjectLocationAgentIntentBatchUpdateCall (line 52171) - compile ... ok
[INFO] [stdout] test src/api.rs - api::ProjectLocationAgentEntityTypeBatchDeleteCall (line 44476) - compile ... ok
[INFO] [stdout] test src/api.rs - api::ProjectLocationAgentImportCall (line 59539) - compile ... ok
[INFO] [stdout] test src/api.rs - api::ProjectLocationAgentEnvironmentUserSessionContextPatchCall (line 47914) - compile ... FAILED
[INFO] [stdout] test src/api.rs - api::ProjectLocationAgentGetFulfillmentCall (line 59005) - compile ... ok
[INFO] [stdout] test src/api.rs - api::ProjectLocationAgentEntityTypeEntityBatchCreateCall (line 43603) - compile ... ok
[INFO] [stdout] test src/api.rs - api::ProjectLocationAgentEnvironmentUserSessionContextListCall (line 47629) - compile ... ok
[INFO] [stdout] test src/api.rs - api::ProjectLocationAgentIntentBatchDeleteCall (line 51880) - compile ... ok
[INFO] [stdout] test src/api.rs - api::ProjectLocationAgentExportCall (line 58714) - compile ... ok
[INFO] [stdout] test src/api.rs - api::ProjectLocationAgentEnvironmentUserSessionDeleteContextCall (line 49618) - compile ... ok
[INFO] [stdout] test src/api.rs - api::ProjectLocationAgentIntentGetCall (line 53038) - compile ... ok
[INFO] [stdout] test src/api.rs - api::ProjectLocationAgentIntentPatchCall (line 53632) - compile ... FAILED
[INFO] [stdout] test src/api.rs - api::ProjectLocationAgentEnvironmentUserSessionEntityTypeCreateCall (line 48217) - compile ... ok
[INFO] [stdout] test src/api.rs - api::ProjectLocationAgentSessionContextCreateCall (line 53959) - compile ... ok
[INFO] [stdout] test src/api.rs - api::ProjectLocationAgentEnvironmentUserSessionDetectIntentCall (line 49879) - compile ... ok
[INFO] [stdout] test src/api.rs - api::ProjectLocationAgentSessionEntityTypeCreateCall (line 55360) - compile ... ok
[INFO] [stdout] test src/api.rs - api::ProjectLocationAgentIntentCreateCall (line 52462) - compile ... ok
[INFO] [stdout] test src/api.rs - api::ProjectLocationAgentSessionContextDeleteCall (line 54250) - compile ... ok
[INFO] [stdout] test src/api.rs - api::ProjectLocationAgentSessionContextListCall (line 54772) - compile ... ok
[INFO] [stdout] test src/api.rs - api::ProjectLocationAgentSessionContextGetCall (line 54511) - compile ... ok
[INFO] [stdout] test src/api.rs - api::ProjectLocationAgentIntentDeleteCall (line 52777) - compile ... ok
[INFO] [stdout] test src/api.rs - api::ProjectLocationAgentIntentListCall (line 53323) - compile ... ok
[INFO] [stdout] test src/api.rs - api::ProjectLocationAgentRestoreCall (line 59830) - compile ... ok
[INFO] [stdout] test src/api.rs - api::ProjectLocationAgentSessionDeleteContextCall (line 56761) - compile ... ok
[INFO] [stdout] test src/api.rs - api::ProjectLocationAgentSessionDetectIntentCall (line 57022) - compile ... ok
[INFO] [stdout] test src/api.rs - api::ProjectLocationAgentSearchCall (line 60121) - compile ... ok
[INFO] [stdout] test src/api.rs - api::ProjectLocationAgentSessionEntityTypeDeleteCall (line 55651) - compile ... ok
[INFO] [stdout] test src/api.rs - api::ProjectLocationAgentSessionContextPatchCall (line 55057) - compile ... FAILED
[INFO] [stdout] test src/api.rs - api::ProjectLocationAgentSessionEntityTypeListCall (line 56173) - compile ... ok
[INFO] [stdout] test src/api.rs - api::ProjectLocationConversationCreateCall (line 70672) - compile ... ok
[INFO] [stdout] test src/api.rs - api::ProjectLocationAgentSessionEntityTypePatchCall (line 56458) - compile ... FAILED
[INFO] [stdout] test src/api.rs - api::ProjectLocationAgentVersionCreateCall (line 57313) - compile ... ok
[INFO] [stdout] test src/api.rs - api::ProjectLocationAgentTrainCall (line 60406) - compile ... ok
[INFO] [stdout] test src/api.rs - api::ProjectLocationConversationDatasetListCall (line 62704) - compile ... ok
[INFO] [stdout] test src/api.rs - api::ProjectLocationAnswerRecordPatchCall (line 61297) - compile ... FAILED
[INFO] [stdout] test src/api.rs - api::ProjectLocationAgentUpdateFulfillmentCall (line 60697) - compile ... FAILED
[INFO] [stdout] test src/api.rs - api::ProjectLocationConversationCompleteCall (line 70381) - compile ... ok
[INFO] [stdout] test src/api.rs - api::ProjectLocationAgentVersionListCall (line 58126) - compile ... ok
[INFO] [stdout] test src/api.rs - api::ProjectLocationAgentSessionEntityTypeGetCall (line 55912) - compile ... ok
[INFO] [stdout] test src/api.rs - api::ProjectLocationAgentVersionDeleteCall (line 57604) - compile ... ok
[INFO] [stdout] test src/api.rs - api::ProjectLocationAnswerRecordListCall (line 61000) - compile ... ok
[INFO] [stdout] test src/api.rs - api::ProjectLocationAgentVersionGetCall (line 57865) - compile ... ok
[INFO] [stdout] test src/api.rs - api::ProjectLocationConversationListCall (line 71236) - compile ... ok
[INFO] [stdout] test src/api.rs - api::ProjectLocationConversationDatasetImportConversationDataCall (line 62413) - compile ... ok
[INFO] [stdout] test src/api.rs - api::ProjectLocationAgentVersionPatchCall (line 58411) - compile ... FAILED
[INFO] [stdout] test src/api.rs - api::ProjectLocationConversationMessageListCall (line 67489) - compile ... ok
[INFO] [stdout] test src/api.rs - api::ProjectLocationConversationDatasetDeleteCall (line 61891) - compile ... ok
[INFO] [stdout] test src/api.rs - api::ProjectLocationConversationGetCall (line 70975) - compile ... ok
[INFO] [stdout] test src/api.rs - api::ProjectLocationConversationDatasetGetCall (line 62152) - compile ... ok
[INFO] [stdout] test src/api.rs - api::ProjectLocationConversationDatasetCreateCall (line 61600) - compile ... ok
[INFO] [stdout] test src/api.rs - api::ProjectLocationConversationParticipantCreateCall (line 68950) - compile ... ok
[INFO] [stdout] test src/api.rs - api::ProjectLocationConversationParticipantGetCall (line 69241) - compile ... ok
[INFO] [stdout] test src/api.rs - api::ProjectLocationConversationModelDeleteCall (line 64117) - compile ... ok
[INFO] [stdout] test src/api.rs - api::ProjectLocationConversationModelEvaluationCreateCall (line 62989) - compile ... ok
[INFO] [stdout] test src/api.rs - api::ProjectLocationConversationModelDeployCall (line 64378) - compile ... ok
[INFO] [stdout] test src/api.rs - api::ProjectLocationConversationModelCreateCall (line 63826) - compile ... ok
[INFO] [stdout] test src/api.rs - api::ProjectLocationConversationParticipantSuggestionSuggestArticleCall (line 67786) - compile ... ok
[INFO] [stdout] test src/api.rs - api::ProjectLocationConversationModelEvaluationListCall (line 63541) - compile ... ok
[INFO] [stdout] test src/api.rs - api::ProjectLocationConversationProfileCreateCall (line 65797) - compile ... ok
[INFO] [stdout] test src/api.rs - api::ProjectLocationConversationModelGetCall (line 64669) - compile ... ok
[INFO] [stdout] test src/api.rs - api::ProjectLocationConversationParticipantAnalyzeContentCall (line 68659) - compile ... ok
[INFO] [stdout] test src/api.rs - api::ProjectLocationConversationParticipantListCall (line 69502) - compile ... ok
[INFO] [stdout] test src/api.rs - api::ProjectLocationConversationModelEvaluationGetCall (line 63280) - compile ... ok
[INFO] [stdout] test src/api.rs - api::ProjectLocationConversationModelListCall (line 64930) - compile ... ok
[INFO] [stdout] test src/api.rs - api::ProjectLocationConversationParticipantSuggestionSuggestSmartReplyCall (line 68368) - compile ... ok
[INFO] [stdout] test src/api.rs - api::ProjectLocationConversationParticipantPatchCall (line 69787) - compile ... FAILED
[INFO] [stdout] test src/api.rs - api::ProjectLocationConversationModelUndeployCall (line 65215) - compile ... ok
[INFO] [stdout] test src/api.rs - api::ProjectLocationConversationParticipantSuggestionSuggestFaqAnswerCall (line 68077) - compile ... ok
[INFO] [stdout] test src/api.rs - api::ProjectLocationConversationProfileClearSuggestionFeatureConfigCall (line 65506) - compile ... ok
[INFO] [stdout] test src/api.rs - api::ProjectLocationConversationSuggestionSuggestConversationSummaryCall (line 70090) - compile ... ok
[INFO] [stdout] test src/api.rs - api::ProjectLocationConversationProfileDeleteCall (line 66088) - compile ... ok
[INFO] [stdout] test src/api.rs - api::ProjectLocationConversationProfileSetSuggestionFeatureConfigCall (line 67198) - compile ... ok
[INFO] [stdout] test src/api.rs - api::ProjectLocationGetAgentCall (line 76585) - compile ... ok
[INFO] [stdout] test src/api.rs - api::ProjectLocationKnowledgeBaseDocumentExportCall (line 72085) - compile ... ok
[INFO] [stdout] test src/api.rs - api::ProjectLocationDeleteAgentCall (line 76063) - compile ... ok
[INFO] [stdout] test src/api.rs - api::ProjectLocationConversationProfileListCall (line 66610) - compile ... ok
[INFO] [stdout] test src/api.rs - api::ProjectLocationGetCall (line 76324) - compile ... ok
[INFO] [stdout] test src/api.rs - api::ProjectLocationConversationProfilePatchCall (line 66895) - compile ... FAILED
[INFO] [stdout] test src/api.rs - api::ProjectLocationKnowledgeBaseDocumentImportCall (line 72637) - compile ... ok
[INFO] [stdout] test src/api.rs - api::ProjectLocationKnowledgeBaseDocumentGetCall (line 72376) - compile ... ok
[INFO] [stdout] test src/api.rs - api::ProjectLocationKnowledgeBaseDocumentListCall (line 72928) - compile ... ok
[INFO] [stdout] test src/api.rs - api::ProjectLocationConversationProfileGetCall (line 66349) - compile ... ok
[INFO] [stdout] test src/api.rs - api::ProjectLocationKnowledgeBaseDocumentReloadCall (line 73528) - compile ... ok
[INFO] [stdout] test src/api.rs - api::ProjectLocationKnowledgeBaseCreateCall (line 73819) - compile ... ok
[INFO] [stdout] test src/api.rs - api::ProjectLocationKnowledgeBaseDocumentDeleteCall (line 71824) - compile ... ok
[INFO] [stdout] test src/api.rs - api::ProjectLocationOperationGetCall (line 75505) - compile ... ok
[INFO] [stdout] test src/api.rs - api::ProjectLocationKnowledgeBaseDocumentCreateCall (line 71533) - compile ... ok
[INFO] [stdout] test src/lib.rs - (line 49) ... ignored
[INFO] [stdout] test src/api.rs - api::ProjectLocationSetAgentCall (line 77143) - compile ... FAILED
[INFO] [stdout] test src/api.rs - api::ProjectLocationListCall (line 76846) - compile ... ok
[INFO] [stdout] test src/api.rs - api::ProjectLocationKnowledgeBaseDocumentPatchCall (line 73225) - compile ... FAILED
[INFO] [stdout] test src/api.rs - api::ProjectLocationKnowledgeBaseDeleteCall (line 74110) - compile ... ok
[INFO] [stdout] test src/api.rs - api::ProjectLocationKnowledgeBaseListCall (line 74644) - compile ... ok
[INFO] [stdout] test src/api.rs - api::ProjectLocationKnowledgeBaseGetCall (line 74383) - compile ... ok
[INFO] [stdout] test src/api.rs - api::ProjectMethods (line 5061) - compile ... ok
[INFO] [stdout] test src/api.rs - api::ProjectLocationKnowledgeBasePatchCall (line 74941) - compile ... FAILED
[INFO] [stdout] test src/api.rs - api::ProjectLocationOperationCancelCall (line 75244) - compile ... ok
[INFO] [stdout] test src/api.rs - api::ProjectSetAgentCall (line 78787) - compile ... FAILED
[INFO] [stdout] test src/api.rs - api::ProjectLocationOperationListCall (line 75766) - compile ... ok
[INFO] [stdout] test src/api.rs - api::ProjectOperationCancelCall (line 77446) - compile ... ok
[INFO] [stdout] test src/api.rs - api::ProjectOperationGetCall (line 77707) - compile ... ok
[INFO] [stdout] test src/lib.rs - (line 129) - compile ... FAILED
[INFO] [stdout] test src/api.rs - api::ProjectOperationListCall (line 77968) - compile ... ok
[INFO] [stderr] error: doctest failed, to rerun pass `--doc`
[INFO] [stdout] 
[INFO] [stdout] failures:
[INFO] [stdout] 
[INFO] [stdout] ---- src/api.rs - api::ProjectAgentEntityTypePatchCall (line 12265) stdout ----
[INFO] [stdout] error[E0308]: mismatched types
[INFO] [stdout]      --> src/api.rs:12289:27
[INFO] [stdout]       |
[INFO] [stdout] 25    |              .update_mask(&Default::default())
[INFO] [stdout]       |               ----------- ^^^^^^^^^^^^^^^^^^^ expected `FieldMask`, found `&_`
[INFO] [stdout]       |               |
[INFO] [stdout]       |               arguments to this method are incorrect
[INFO] [stdout]       |
[INFO] [stdout]       = note: expected struct `FieldMask`
[INFO] [stdout]               found reference `&_`
[INFO] [stdout] note: method defined here
[INFO] [stdout]      --> /opt/rustwide/workdir/src/api.rs:12485:12
[INFO] [stdout]       |
[INFO] [stdout] 12485 |     pub fn update_mask(mut self, new_value: client::FieldMask) -> ProjectAgentEntityTypePatchCall<'a, S> {
[INFO] [stdout]       |            ^^^^^^^^^^^
[INFO] [stdout] help: consider removing the borrow
[INFO] [stdout]       |
[INFO] [stdout] 25    -              .update_mask(&Default::default())
[INFO] [stdout] 25    +              .update_mask(Default::default())
[INFO] [stdout]       |
[INFO] [stdout] 
[INFO] [stdout] error: aborting due to previous error
[INFO] [stdout] 
[INFO] [stdout] For more information about this error, try `rustc --explain E0308`.
[INFO] [stdout] Couldn't compile the test.
[INFO] [stdout] ---- src/api.rs - api::Dialogflow (line 62) stdout ----
[INFO] [stdout] error[E0308]: mismatched types
[INFO] [stdout]      --> src/api.rs:94:27
[INFO] [stdout]       |
[INFO] [stdout] 33    |              .update_mask(&Default::default())
[INFO] [stdout]       |               ----------- ^^^^^^^^^^^^^^^^^^^ expected `FieldMask`, found `&_`
[INFO] [stdout]       |               |
[INFO] [stdout]       |               arguments to this method are incorrect
[INFO] [stdout]       |
[INFO] [stdout]       = note: expected struct `FieldMask`
[INFO] [stdout]               found reference `&_`
[INFO] [stdout] note: method defined here
[INFO] [stdout]      --> /opt/rustwide/workdir/src/api.rs:21357:12
[INFO] [stdout]       |
[INFO] [stdout] 21357 |     pub fn update_mask(mut self, new_value: client::FieldMask) -> ProjectAgentKnowledgeBaseDocumentPatchCall<'a, S> {
[INFO] [stdout]       |            ^^^^^^^^^^^
[INFO] [stdout] help: consider removing the borrow
[INFO] [stdout]       |
[INFO] [stdout] 33    -              .update_mask(&Default::default())
[INFO] [stdout] 33    +              .update_mask(Default::default())
[INFO] [stdout]       |
[INFO] [stdout] 
[INFO] [stdout] error: aborting due to previous error
[INFO] [stdout] 
[INFO] [stdout] For more information about this error, try `rustc --explain E0308`.
[INFO] [stdout] Couldn't compile the test.
[INFO] [stdout] ---- src/api.rs - api::ProjectAgentEnvironmentPatchCall (line 17638) stdout ----
[INFO] [stdout] error[E0308]: mismatched types
[INFO] [stdout]      --> src/api.rs:17662:27
[INFO] [stdout]       |
[INFO] [stdout] 25    |              .update_mask(&Default::default())
[INFO] [stdout]       |               ----------- ^^^^^^^^^^^^^^^^^^^ expected `FieldMask`, found `&_`
[INFO] [stdout]       |               |
[INFO] [stdout]       |               arguments to this method are incorrect
[INFO] [stdout]       |
[INFO] [stdout]       = note: expected struct `FieldMask`
[INFO] [stdout]               found reference `&_`
[INFO] [stdout] note: method defined here
[INFO] [stdout]      --> /opt/rustwide/workdir/src/api.rs:17858:12
[INFO] [stdout]       |
[INFO] [stdout] 17858 |     pub fn update_mask(mut self, new_value: client::FieldMask) -> ProjectAgentEnvironmentPatchCall<'a, S> {
[INFO] [stdout]       |            ^^^^^^^^^^^
[INFO] [stdout] help: consider removing the borrow
[INFO] [stdout]       |
[INFO] [stdout] 25    -              .update_mask(&Default::default())
[INFO] [stdout] 25    +              .update_mask(Default::default())
[INFO] [stdout]       |
[INFO] [stdout] 
[INFO] [stdout] error: aborting due to previous error
[INFO] [stdout] 
[INFO] [stdout] For more information about this error, try `rustc --explain E0308`.
[INFO] [stdout] Couldn't compile the test.
[INFO] [stdout] ---- src/api.rs - api::ProjectAgentEnvironmentUserSessionContextPatchCall (line 13987) stdout ----
[INFO] [stdout] error[E0308]: mismatched types
[INFO] [stdout]      --> src/api.rs:14011:27
[INFO] [stdout]       |
[INFO] [stdout] 25    |              .update_mask(&Default::default())
[INFO] [stdout]       |               ----------- ^^^^^^^^^^^^^^^^^^^ expected `FieldMask`, found `&_`
[INFO] [stdout]       |               |
[INFO] [stdout]       |               arguments to this method are incorrect
[INFO] [stdout]       |
[INFO] [stdout]       = note: expected struct `FieldMask`
[INFO] [stdout]               found reference `&_`
[INFO] [stdout] note: method defined here
[INFO] [stdout]      --> /opt/rustwide/workdir/src/api.rs:14202:12
[INFO] [stdout]       |
[INFO] [stdout] 14202 |     pub fn update_mask(mut self, new_value: client::FieldMask) -> ProjectAgentEnvironmentUserSessionContextPatchCall<'a, S> {
[INFO] [stdout]       |            ^^^^^^^^^^^
[INFO] [stdout] help: consider removing the borrow
[INFO] [stdout]       |
[INFO] [stdout] 25    -              .update_mask(&Default::default())
[INFO] [stdout] 25    +              .update_mask(Default::default())
[INFO] [stdout]       |
[INFO] [stdout] 
[INFO] [stdout] error: aborting due to previous error
[INFO] [stdout] 
[INFO] [stdout] For more information about this error, try `rustc --explain E0308`.
[INFO] [stdout] Couldn't compile the test.
[INFO] [stdout] ---- src/api.rs - api::ProjectAgentEnvironmentUserSessionEntityTypePatchCall (line 15388) stdout ----
[INFO] [stdout] error[E0308]: mismatched types
[INFO] [stdout]      --> src/api.rs:15412:27
[INFO] [stdout]       |
[INFO] [stdout] 25    |              .update_mask(&Default::default())
[INFO] [stdout]       |               ----------- ^^^^^^^^^^^^^^^^^^^ expected `FieldMask`, found `&_`
[INFO] [stdout]       |               |
[INFO] [stdout]       |               arguments to this method are incorrect
[INFO] [stdout]       |
[INFO] [stdout]       = note: expected struct `FieldMask`
[INFO] [stdout]               found reference `&_`
[INFO] [stdout] note: method defined here
[INFO] [stdout]      --> /opt/rustwide/workdir/src/api.rs:15603:12
[INFO] [stdout]       |
[INFO] [stdout] 15603 |     pub fn update_mask(mut self, new_value: client::FieldMask) -> ProjectAgentEnvironmentUserSessionEntityTypePatchCall<'a, S> {
[INFO] [stdout]       |            ^^^^^^^^^^^
[INFO] [stdout] help: consider removing the borrow
[INFO] [stdout]       |
[INFO] [stdout] 25    -              .update_mask(&Default::default())
[INFO] [stdout] 25    +              .update_mask(Default::default())
[INFO] [stdout]       |
[INFO] [stdout] 
[INFO] [stdout] error: aborting due to previous error
[INFO] [stdout] 
[INFO] [stdout] For more information about this error, try `rustc --explain E0308`.
[INFO] [stdout] Couldn't compile the test.
[INFO] [stdout] ---- src/api.rs - api::ProjectAgentKnowledgeBaseDocumentPatchCall (line 21142) stdout ----
[INFO] [stdout] error[E0308]: mismatched types
[INFO] [stdout]      --> src/api.rs:21166:27
[INFO] [stdout]       |
[INFO] [stdout] 25    |              .update_mask(&Default::default())
[INFO] [stdout]       |               ----------- ^^^^^^^^^^^^^^^^^^^ expected `FieldMask`, found `&_`
[INFO] [stdout]       |               |
[INFO] [stdout]       |               arguments to this method are incorrect
[INFO] [stdout]       |
[INFO] [stdout]       = note: expected struct `FieldMask`
[INFO] [stdout]               found reference `&_`
[INFO] [stdout] note: method defined here
[INFO] [stdout]      --> /opt/rustwide/workdir/src/api.rs:21357:12
[INFO] [stdout]       |
[INFO] [stdout] 21357 |     pub fn update_mask(mut self, new_value: client::FieldMask) -> ProjectAgentKnowledgeBaseDocumentPatchCall<'a, S> {
[INFO] [stdout]       |            ^^^^^^^^^^^
[INFO] [stdout] help: consider removing the borrow
[INFO] [stdout]       |
[INFO] [stdout] 25    -              .update_mask(&Default::default())
[INFO] [stdout] 25    +              .update_mask(Default::default())
[INFO] [stdout]       |
[INFO] [stdout] 
[INFO] [stdout] error: aborting due to previous error
[INFO] [stdout] 
[INFO] [stdout] For more information about this error, try `rustc --explain E0308`.
[INFO] [stdout] Couldn't compile the test.
[INFO] [stdout] ---- src/api.rs - api::ProjectAgentIntentPatchCall (line 19705) stdout ----
[INFO] [stdout] error[E0308]: mismatched types
[INFO] [stdout]      --> src/api.rs:19729:27
[INFO] [stdout]       |
[INFO] [stdout] 25    |              .update_mask(&Default::default())
[INFO] [stdout]       |               ----------- ^^^^^^^^^^^^^^^^^^^ expected `FieldMask`, found `&_`
[INFO] [stdout]       |               |
[INFO] [stdout]       |               arguments to this method are incorrect
[INFO] [stdout]       |
[INFO] [stdout]       = note: expected struct `FieldMask`
[INFO] [stdout]               found reference `&_`
[INFO] [stdout] note: method defined here
[INFO] [stdout]      --> /opt/rustwide/workdir/src/api.rs:19930:12
[INFO] [stdout]       |
[INFO] [stdout] 19930 |     pub fn update_mask(mut self, new_value: client::FieldMask) -> ProjectAgentIntentPatchCall<'a, S> {
[INFO] [stdout]       |            ^^^^^^^^^^^
[INFO] [stdout] help: consider removing the borrow
[INFO] [stdout]       |
[INFO] [stdout] 25    -              .update_mask(&Default::default())
[INFO] [stdout] 25    +              .update_mask(Default::default())
[INFO] [stdout]       |
[INFO] [stdout] 
[INFO] [stdout] error: aborting due to previous error
[INFO] [stdout] 
[INFO] [stdout] For more information about this error, try `rustc --explain E0308`.
[INFO] [stdout] Couldn't compile the test.
[INFO] [stdout] ---- src/api.rs - api::ProjectAgentSessionContextPatchCall (line 24259) stdout ----
[INFO] [stdout] error[E0308]: mismatched types
[INFO] [stdout]      --> src/api.rs:24283:27
[INFO] [stdout]       |
[INFO] [stdout] 25    |              .update_mask(&Default::default())
[INFO] [stdout]       |               ----------- ^^^^^^^^^^^^^^^^^^^ expected `FieldMask`, found `&_`
[INFO] [stdout]       |               |
[INFO] [stdout]       |               arguments to this method are incorrect
[INFO] [stdout]       |
[INFO] [stdout]       = note: expected struct `FieldMask`
[INFO] [stdout]               found reference `&_`
[INFO] [stdout] note: method defined here
[INFO] [stdout]      --> /opt/rustwide/workdir/src/api.rs:24474:12
[INFO] [stdout]       |
[INFO] [stdout] 24474 |     pub fn update_mask(mut self, new_value: client::FieldMask) -> ProjectAgentSessionContextPatchCall<'a, S> {
[INFO] [stdout]       |            ^^^^^^^^^^^
[INFO] [stdout] help: consider removing the borrow
[INFO] [stdout]       |
[INFO] [stdout] 25    -              .update_mask(&Default::default())
[INFO] [stdout] 25    +              .update_mask(Default::default())
[INFO] [stdout]       |
[INFO] [stdout] 
[INFO] [stdout] error: aborting due to previous error
[INFO] [stdout] 
[INFO] [stdout] For more information about this error, try `rustc --explain E0308`.
[INFO] [stdout] Couldn't compile the test.
[INFO] [stdout] ---- src/api.rs - api::ProjectAgentKnowledgeBasePatchCall (line 22858) stdout ----
[INFO] [stdout] error[E0308]: mismatched types
[INFO] [stdout]      --> src/api.rs:22882:27
[INFO] [stdout]       |
[INFO] [stdout] 25    |              .update_mask(&Default::default())
[INFO] [stdout]       |               ----------- ^^^^^^^^^^^^^^^^^^^ expected `FieldMask`, found `&_`
[INFO] [stdout]       |               |
[INFO] [stdout]       |               arguments to this method are incorrect
[INFO] [stdout]       |
[INFO] [stdout]       = note: expected struct `FieldMask`
[INFO] [stdout]               found reference `&_`
[INFO] [stdout] note: method defined here
[INFO] [stdout]      --> /opt/rustwide/workdir/src/api.rs:23073:12
[INFO] [stdout]       |
[INFO] [stdout] 23073 |     pub fn update_mask(mut self, new_value: client::FieldMask) -> ProjectAgentKnowledgeBasePatchCall<'a, S> {
[INFO] [stdout]       |            ^^^^^^^^^^^
[INFO] [stdout] help: consider removing the borrow
[INFO] [stdout]       |
[INFO] [stdout] 25    -              .update_mask(&Default::default())
[INFO] [stdout] 25    +              .update_mask(Default::default())
[INFO] [stdout]       |
[INFO] [stdout] 
[INFO] [stdout] error: aborting due to previous error
[INFO] [stdout] 
[INFO] [stdout] For more information about this error, try `rustc --explain E0308`.
[INFO] [stdout] Couldn't compile the test.
[INFO] [stdout] ---- src/api.rs - api::ProjectAgentSessionEntityTypePatchCall (line 25660) stdout ----
[INFO] [stdout] error[E0308]: mismatched types
[INFO] [stdout]      --> src/api.rs:25684:27
[INFO] [stdout]       |
[INFO] [stdout] 25    |              .update_mask(&Default::default())
[INFO] [stdout]       |               ----------- ^^^^^^^^^^^^^^^^^^^ expected `FieldMask`, found `&_`
[INFO] [stdout]       |               |
[INFO] [stdout]       |               arguments to this method are incorrect
[INFO] [stdout]       |
[INFO] [stdout]       = note: expected struct `FieldMask`
[INFO] [stdout]               found reference `&_`
[INFO] [stdout] note: method defined here
[INFO] [stdout]      --> /opt/rustwide/workdir/src/api.rs:25875:12
[INFO] [stdout]       |
[INFO] [stdout] 25875 |     pub fn update_mask(mut self, new_value: client::FieldMask) -> ProjectAgentSessionEntityTypePatchCall<'a, S> {
[INFO] [stdout]       |            ^^^^^^^^^^^
[INFO] [stdout] help: consider removing the borrow
[INFO] [stdout]       |
[INFO] [stdout] 25    -              .update_mask(&Default::default())
[INFO] [stdout] 25    +              .update_mask(Default::default())
[INFO] [stdout]       |
[INFO] [stdout] 
[INFO] [stdout] error: aborting due to previous error
[INFO] [stdout] 
[INFO] [stdout] For more information about this error, try `rustc --explain E0308`.
[INFO] [stdout] Couldn't compile the test.
[INFO] [stdout] ---- src/api.rs - api::ProjectAgentUpdateFulfillmentCall (line 29899) stdout ----
[INFO] [stdout] error[E0308]: mismatched types
[INFO] [stdout]      --> src/api.rs:29923:27
[INFO] [stdout]       |
[INFO] [stdout] 25    |              .update_mask(&Default::default())
[INFO] [stdout]       |               ----------- ^^^^^^^^^^^^^^^^^^^ expected `FieldMask`, found `&_`
[INFO] [stdout]       |               |
[INFO] [stdout]       |               arguments to this method are incorrect
[INFO] [stdout]       |
[INFO] [stdout]       = note: expected struct `FieldMask`
[INFO] [stdout]               found reference `&_`
[INFO] [stdout] note: method defined here
[INFO] [stdout]      --> /opt/rustwide/workdir/src/api.rs:30114:12
[INFO] [stdout]       |
[INFO] [stdout] 30114 |     pub fn update_mask(mut self, new_value: client::FieldMask) -> ProjectAgentUpdateFulfillmentCall<'a, S> {
[INFO] [stdout]       |            ^^^^^^^^^^^
[INFO] [stdout] help: consider removing the borrow
[INFO] [stdout]       |
[INFO] [stdout] 25    -              .update_mask(&Default::default())
[INFO] [stdout] 25    +              .update_mask(Default::default())
[INFO] [stdout]       |
[INFO] [stdout] 
[INFO] [stdout] error: aborting due to previous error
[INFO] [stdout] 
[INFO] [stdout] For more information about this error, try `rustc --explain E0308`.
[INFO] [stdout] Couldn't compile the test.
[INFO] [stdout] ---- src/api.rs - api::ProjectAgentVersionPatchCall (line 27613) stdout ----
[INFO] [stdout] error[E0308]: mismatched types
[INFO] [stdout]      --> src/api.rs:27637:27
[INFO] [stdout]       |
[INFO] [stdout] 25    |              .update_mask(&Default::default())
[INFO] [stdout]       |               ----------- ^^^^^^^^^^^^^^^^^^^ expected `FieldMask`, found `&_`
[INFO] [stdout]       |               |
[INFO] [stdout]       |               arguments to this method are incorrect
[INFO] [stdout]       |
[INFO] [stdout]       = note: expected struct `FieldMask`
[INFO] [stdout]               found reference `&_`
[INFO] [stdout] note: method defined here
[INFO] [stdout]      --> /opt/rustwide/workdir/src/api.rs:27828:12
[INFO] [stdout]       |
[INFO] [stdout] 27828 |     pub fn update_mask(mut self, new_value: client::FieldMask) -> ProjectAgentVersionPatchCall<'a, S> {
[INFO] [stdout]       |            ^^^^^^^^^^^
[INFO] [stdout] help: consider removing the borrow
[INFO] [stdout]       |
[INFO] [stdout] 25    -              .update_mask(&Default::default())
[INFO] [stdout] 25    +              .update_mask(Default::default())
[INFO] [stdout]       |
[INFO] [stdout] 
[INFO] [stdout] error: aborting due to previous error
[INFO] [stdout] 
[INFO] [stdout] For more information about this error, try `rustc --explain E0308`.
[INFO] [stdout] Couldn't compile the test.
[INFO] [stdout] ---- src/api.rs - api::ProjectAnswerRecordPatchCall (line 30499) stdout ----
[INFO] [stdout] error[E0308]: mismatched types
[INFO] [stdout]      --> src/api.rs:30523:27
[INFO] [stdout]       |
[INFO] [stdout] 25    |              .update_mask(&Default::default())
[INFO] [stdout]       |               ----------- ^^^^^^^^^^^^^^^^^^^ expected `FieldMask`, found `&_`
[INFO] [stdout]       |               |
[INFO] [stdout]       |               arguments to this method are incorrect
[INFO] [stdout]       |
[INFO] [stdout]       = note: expected struct `FieldMask`
[INFO] [stdout]               found reference `&_`
[INFO] [stdout] note: method defined here
[INFO] [stdout]      --> /opt/rustwide/workdir/src/api.rs:30714:12
[INFO] [stdout]       |
[INFO] [stdout] 30714 |     pub fn update_mask(mut self, new_value: client::FieldMask) -> ProjectAnswerRecordPatchCall<'a, S> {
[INFO] [stdout]       |            ^^^^^^^^^^^
[INFO] [stdout] help: consider removing the borrow
[INFO] [stdout]       |
[INFO] [stdout] 25    -              .update_mask(&Default::default())
[INFO] [stdout] 25    +              .update_mask(Default::default())
[INFO] [stdout]       |
[INFO] [stdout] 
[INFO] [stdout] error: aborting due to previous error
[INFO] [stdout] 
[INFO] [stdout] For more information about this error, try `rustc --explain E0308`.
[INFO] [stdout] Couldn't compile the test.
[INFO] [stdout] ---- src/api.rs - api::ProjectConversationParticipantPatchCall (line 38146) stdout ----
[INFO] [stdout] error[E0308]: mismatched types
[INFO] [stdout]      --> src/api.rs:38170:27
[INFO] [stdout]       |
[INFO] [stdout] 25    |              .update_mask(&Default::default())
[INFO] [stdout]       |               ----------- ^^^^^^^^^^^^^^^^^^^ expected `FieldMask`, found `&_`
[INFO] [stdout]       |               |
[INFO] [stdout]       |               arguments to this method are incorrect
[INFO] [stdout]       |
[INFO] [stdout]       = note: expected struct `FieldMask`
[INFO] [stdout]               found reference `&_`
[INFO] [stdout] note: method defined here
[INFO] [stdout]      --> /opt/rustwide/workdir/src/api.rs:38361:12
[INFO] [stdout]       |
[INFO] [stdout] 38361 |     pub fn update_mask(mut self, new_value: client::FieldMask) -> ProjectConversationParticipantPatchCall<'a, S> {
[INFO] [stdout]       |            ^^^^^^^^^^^
[INFO] [stdout] help: consider removing the borrow
[INFO] [stdout]       |
[INFO] [stdout] 25    -              .update_mask(&Default::default())
[INFO] [stdout] 25    +              .update_mask(Default::default())
[INFO] [stdout]       |
[INFO] [stdout] 
[INFO] [stdout] error: aborting due to previous error
[INFO] [stdout] 
[INFO] [stdout] For more information about this error, try `rustc --explain E0308`.
[INFO] [stdout] Couldn't compile the test.
[INFO] [stdout] ---- src/api.rs - api::ProjectKnowledgeBaseDocumentPatchCall (line 41584) stdout ----
[INFO] [stdout] error[E0308]: mismatched types
[INFO] [stdout]      --> src/api.rs:41608:27
[INFO] [stdout]       |
[INFO] [stdout] 25    |              .update_mask(&Default::default())
[INFO] [stdout]       |               ----------- ^^^^^^^^^^^^^^^^^^^ expected `FieldMask`, found `&_`
[INFO] [stdout]       |               |
[INFO] [stdout]       |               arguments to this method are incorrect
[INFO] [stdout]       |
[INFO] [stdout]       = note: expected struct `FieldMask`
[INFO] [stdout]               found reference `&_`
[INFO] [stdout] note: method defined here
[INFO] [stdout]      --> /opt/rustwide/workdir/src/api.rs:41799:12
[INFO] [stdout]       |
[INFO] [stdout] 41799 |     pub fn update_mask(mut self, new_value: client::FieldMask) -> ProjectKnowledgeBaseDocumentPatchCall<'a, S> {
[INFO] [stdout]       |            ^^^^^^^^^^^
[INFO] [stdout] help: consider removing the borrow
[INFO] [stdout]       |
[INFO] [stdout] 25    -              .update_mask(&Default::default())
[INFO] [stdout] 25    +              .update_mask(Default::default())
[INFO] [stdout]       |
[INFO] [stdout] 
[INFO] [stdout] error: aborting due to previous error
[INFO] [stdout] 
[INFO] [stdout] For more information about this error, try `rustc --explain E0308`.
[INFO] [stdout] Couldn't compile the test.
[INFO] [stdout] ---- src/api.rs - api::ProjectConversationProfilePatchCall (line 35254) stdout ----
[INFO] [stdout] error[E0308]: mismatched types
[INFO] [stdout]      --> src/api.rs:35278:27
[INFO] [stdout]       |
[INFO] [stdout] 25    |              .update_mask(&Default::default())
[INFO] [stdout]       |               ----------- ^^^^^^^^^^^^^^^^^^^ expected `FieldMask`, found `&_`
[INFO] [stdout]       |               |
[INFO] [stdout]       |               arguments to this method are incorrect
[INFO] [stdout]       |
[INFO] [stdout]       = note: expected struct `FieldMask`
[INFO] [stdout]               found reference `&_`
[INFO] [stdout] note: method defined here
[INFO] [stdout]      --> /opt/rustwide/workdir/src/api.rs:35469:12
[INFO] [stdout]       |
[INFO] [stdout] 35469 |     pub fn update_mask(mut self, new_value: client::FieldMask) -> ProjectConversationProfilePatchCall<'a, S> {
[INFO] [stdout]       |            ^^^^^^^^^^^
[INFO] [stdout] help: consider removing the borrow
[INFO] [stdout]       |
[INFO] [stdout] 25    -              .update_mask(&Default::default())
[INFO] [stdout] 25    +              .update_mask(Default::default())
[INFO] [stdout]       |
[INFO] [stdout] 
[INFO] [stdout] error: aborting due to previous error
[INFO] [stdout] 
[INFO] [stdout] For more information about this error, try `rustc --explain E0308`.
[INFO] [stdout] Couldn't compile the test.
[INFO] [stdout] ---- src/api.rs - api::ProjectLocationAgentEntityTypePatchCall (line 46192) stdout ----
[INFO] [stdout] error[E0308]: mismatched types
[INFO] [stdout]      --> src/api.rs:46216:27
[INFO] [stdout]       |
[INFO] [stdout] 25    |              .update_mask(&Default::default())
[INFO] [stdout]       |               ----------- ^^^^^^^^^^^^^^^^^^^ expected `FieldMask`, found `&_`
[INFO] [stdout]       |               |
[INFO] [stdout]       |               arguments to this method are incorrect
[INFO] [stdout]       |
[INFO] [stdout]       = note: expected struct `FieldMask`
[INFO] [stdout]               found reference `&_`
[INFO] [stdout] note: method defined here
[INFO] [stdout]      --> /opt/rustwide/workdir/src/api.rs:46412:12
[INFO] [stdout]       |
[INFO] [stdout] 46412 |     pub fn update_mask(mut self, new_value: client::FieldMask) -> ProjectLocationAgentEntityTypePatchCall<'a, S> {
[INFO] [stdout]       |            ^^^^^^^^^^^
[INFO] [stdout] help: consider removing the borrow
[INFO] [stdout]       |
[INFO] [stdout] 25    -              .update_mask(&Default::default())
[INFO] [stdout] 25    +              .update_mask(Default::default())
[INFO] [stdout]       |
[INFO] [stdout] 
[INFO] [stdout] error: aborting due to previous error
[INFO] [stdout] 
[INFO] [stdout] For more information about this error, try `rustc --explain E0308`.
[INFO] [stdout] Couldn't compile the test.
[INFO] [stdout] ---- src/api.rs - api::ProjectKnowledgeBasePatchCall (line 43300) stdout ----
[INFO] [stdout] error[E0308]: mismatched types
[INFO] [stdout]      --> src/api.rs:43324:27
[INFO] [stdout]       |
[INFO] [stdout] 25    |              .update_mask(&Default::default())
[INFO] [stdout]       |               ----------- ^^^^^^^^^^^^^^^^^^^ expected `FieldMask`, found `&_`
[INFO] [stdout]       |               |
[INFO] [stdout]       |               arguments to this method are incorrect
[INFO] [stdout]       |
[INFO] [stdout]       = note: expected struct `FieldMask`
[INFO] [stdout]               found reference `&_`
[INFO] [stdout] note: method defined here
[INFO] [stdout]      --> /opt/rustwide/workdir/src/api.rs:43515:12
[INFO] [stdout]       |
[INFO] [stdout] 43515 |     pub fn update_mask(mut self, new_value: client::FieldMask) -> ProjectKnowledgeBasePatchCall<'a, S> {
[INFO] [stdout]       |            ^^^^^^^^^^^
[INFO] [stdout] help: consider removing the borrow
[INFO] [stdout]       |
[INFO] [stdout] 25    -              .update_mask(&Default::default())
[INFO] [stdout] 25    +              .update_mask(Default::default())
[INFO] [stdout]       |
[INFO] [stdout] 
[INFO] [stdout] error: aborting due to previous error
[INFO] [stdout] 
[INFO] [stdout] For more information about this error, try `rustc --explain E0308`.
[INFO] [stdout] Couldn't compile the test.
[INFO] [stdout] ---- src/api.rs - api::ProjectLocationAgentEnvironmentPatchCall (line 51565) stdout ----
[INFO] [stdout] error[E0308]: mismatched types
[INFO] [stdout]      --> src/api.rs:51589:27
[INFO] [stdout]       |
[INFO] [stdout] 25    |              .update_mask(&Default::default())
[INFO] [stdout]       |               ----------- ^^^^^^^^^^^^^^^^^^^ expected `FieldMask`, found `&_`
[INFO] [stdout]       |               |
[INFO] [stdout]       |               arguments to this method are incorrect
[INFO] [stdout]       |
[INFO] [stdout]       = note: expected struct `FieldMask`
[INFO] [stdout]               found reference `&_`
[INFO] [stdout] note: method defined here
[INFO] [stdout]      --> /opt/rustwide/workdir/src/api.rs:51785:12
[INFO] [stdout]       |
[INFO] [stdout] 51785 |     pub fn update_mask(mut self, new_value: client::FieldMask) -> ProjectLocationAgentEnvironmentPatchCall<'a, S> {
[INFO] [stdout]       |            ^^^^^^^^^^^
[INFO] [stdout] help: consider removing the borrow
[INFO] [stdout]       |
[INFO] [stdout] 25    -              .update_mask(&Default::default())
[INFO] [stdout] 25    +              .update_mask(Default::default())
[INFO] [stdout]       |
[INFO] [stdout] 
[INFO] [stdout] error: aborting due to previous error
[INFO] [stdout] 
[INFO] [stdout] For more information about this error, try `rustc --explain E0308`.
[INFO] [stdout] Couldn't compile the test.
[INFO] [stdout] ---- src/api.rs - api::ProjectLocationAgentEnvironmentUserSessionEntityTypePatchCall (line 49315) stdout ----
[INFO] [stdout] error[E0308]: mismatched types
[INFO] [stdout]      --> src/api.rs:49339:27
[INFO] [stdout]       |
[INFO] [stdout] 25    |              .update_mask(&Default::default())
[INFO] [stdout]       |               ----------- ^^^^^^^^^^^^^^^^^^^ expected `FieldMask`, found `&_`
[INFO] [stdout]       |               |
[INFO] [stdout]       |               arguments to this method are incorrect
[INFO] [stdout]       |
[INFO] [stdout]       = note: expected struct `FieldMask`
[INFO] [stdout]               found reference `&_`
[INFO] [stdout] note: method defined here
[INFO] [stdout]      --> /opt/rustwide/workdir/src/api.rs:49530:12
[INFO] [stdout]       |
[INFO] [stdout] 49530 |     pub fn update_mask(mut self, new_value: client::FieldMask) -> ProjectLocationAgentEnvironmentUserSessionEntityTypePatchCall<'a, S> {
[INFO] [stdout]       |            ^^^^^^^^^^^
[INFO] [stdout] help: consider removing the borrow
[INFO] [stdout]       |
[INFO] [stdout] 25    -              .update_mask(&Default::default())
[INFO] [stdout] 25    +              .update_mask(Default::default())
[INFO] [stdout]       |
[INFO] [stdout] 
[INFO] [stdout] error: aborting due to previous error
[INFO] [stdout] 
[INFO] [stdout] For more information about this error, try `rustc --explain E0308`.
[INFO] [stdout] Couldn't compile the test.
[INFO] [stdout] ---- src/api.rs - api::ProjectLocationAgentEnvironmentUserSessionContextPatchCall (line 47914) stdout ----
[INFO] [stdout] error[E0308]: mismatched types
[INFO] [stdout]      --> src/api.rs:47938:27
[INFO] [stdout]       |
[INFO] [stdout] 25    |              .update_mask(&Default::default())
[INFO] [stdout]       |               ----------- ^^^^^^^^^^^^^^^^^^^ expected `FieldMask`, found `&_`
[INFO] [stdout]       |               |
[INFO] [stdout]       |               arguments to this method are incorrect
[INFO] [stdout]       |
[INFO] [stdout]       = note: expected struct `FieldMask`
[INFO] [stdout]               found reference `&_`
[INFO] [stdout] note: method defined here
[INFO] [stdout]      --> /opt/rustwide/workdir/src/api.rs:48129:12
[INFO] [stdout]       |
[INFO] [stdout] 48129 |     pub fn update_mask(mut self, new_value: client::FieldMask) -> ProjectLocationAgentEnvironmentUserSessionContextPatchCall<'a, S> {
[INFO] [stdout]       |            ^^^^^^^^^^^
[INFO] [stdout] help: consider removing the borrow
[INFO] [stdout]       |
[INFO] [stdout] 25    -              .update_mask(&Default::default())
[INFO] [stdout] 25    +              .update_mask(Default::default())
[INFO] [stdout]       |
[INFO] [stdout] 
[INFO] [stdout] error: aborting due to previous error
[INFO] [stdout] 
[INFO] [stdout] For more information about this error, try `rustc --explain E0308`.
[INFO] [stdout] Couldn't compile the test.
[INFO] [stdout] ---- src/api.rs - api::ProjectLocationAgentIntentPatchCall (line 53632) stdout ----
[INFO] [stdout] error[E0308]: mismatched types
[INFO] [stdout]      --> src/api.rs:53656:27
[INFO] [stdout]       |
[INFO] [stdout] 25    |              .update_mask(&Default::default())
[INFO] [stdout]       |               ----------- ^^^^^^^^^^^^^^^^^^^ expected `FieldMask`, found `&_`
[INFO] [stdout]       |               |
[INFO] [stdout]       |               arguments to this method are incorrect
[INFO] [stdout]       |
[INFO] [stdout]       = note: expected struct `FieldMask`
[INFO] [stdout]               found reference `&_`
[INFO] [stdout] note: method defined here
[INFO] [stdout]      --> /opt/rustwide/workdir/src/api.rs:53857:12
[INFO] [stdout]       |
[INFO] [stdout] 53857 |     pub fn update_mask(mut self, new_value: client::FieldMask) -> ProjectLocationAgentIntentPatchCall<'a, S> {
[INFO] [stdout]       |            ^^^^^^^^^^^
[INFO] [stdout] help: consider removing the borrow
[INFO] [stdout]       |
[INFO] [stdout] 25    -              .update_mask(&Default::default())
[INFO] [stdout] 25    +              .update_mask(Default::default())
[INFO] [stdout]       |
[INFO] [stdout] 
[INFO] [stdout] error: aborting due to previous error
[INFO] [stdout] 
[INFO] [stdout] For more information about this error, try `rustc --explain E0308`.
[INFO] [stdout] Couldn't compile the test.
[INFO] [stdout] ---- src/api.rs - api::ProjectLocationAgentSessionContextPatchCall (line 55057) stdout ----
[INFO] [stdout] error[E0308]: mismatched types
[INFO] [stdout]      --> src/api.rs:55081:27
[INFO] [stdout]       |
[INFO] [stdout] 25    |              .update_mask(&Default::default())
[INFO] [stdout]       |               ----------- ^^^^^^^^^^^^^^^^^^^ expected `FieldMask`, found `&_`
[INFO] [stdout]       |               |
[INFO] [stdout]       |               arguments to this method are incorrect
[INFO] [stdout]       |
[INFO] [stdout]       = note: expected struct `FieldMask`
[INFO] [stdout]               found reference `&_`
[INFO] [stdout] note: method defined here
[INFO] [stdout]      --> /opt/rustwide/workdir/src/api.rs:55272:12
[INFO] [stdout]       |
[INFO] [stdout] 55272 |     pub fn update_mask(mut self, new_value: client::FieldMask) -> ProjectLocationAgentSessionContextPatchCall<'a, S> {
[INFO] [stdout]       |            ^^^^^^^^^^^
[INFO] [stdout] help: consider removing the borrow
[INFO] [stdout]       |
[INFO] [stdout] 25    -              .update_mask(&Default::default())
[INFO] [stdout] 25    +              .update_mask(Default::default())
[INFO] [stdout]       |
[INFO] [stdout] 
[INFO] [stdout] error: aborting due to previous error
[INFO] [stdout] 
[INFO] [stdout] For more information about this error, try `rustc --explain E0308`.
[INFO] [stdout] Couldn't compile the test.
[INFO] [stdout] ---- src/api.rs - api::ProjectLocationAgentSessionEntityTypePatchCall (line 56458) stdout ----
[INFO] [stdout] error[E0308]: mismatched types
[INFO] [stdout]      --> src/api.rs:56482:27
[INFO] [stdout]       |
[INFO] [stdout] 25    |              .update_mask(&Default::default())
[INFO] [stdout]       |               ----------- ^^^^^^^^^^^^^^^^^^^ expected `FieldMask`, found `&_`
[INFO] [stdout]       |               |
[INFO] [stdout]       |               arguments to this method are incorrect
[INFO] [stdout]       |
[INFO] [stdout]       = note: expected struct `FieldMask`
[INFO] [stdout]               found reference `&_`
[INFO] [stdout] note: method defined here
[INFO] [stdout]      --> /opt/rustwide/workdir/src/api.rs:56673:12
[INFO] [stdout]       |
[INFO] [stdout] 56673 |     pub fn update_mask(mut self, new_value: client::FieldMask) -> ProjectLocationAgentSessionEntityTypePatchCall<'a, S> {
[INFO] [stdout]       |            ^^^^^^^^^^^
[INFO] [stdout] help: consider removing the borrow
[INFO] [stdout]       |
[INFO] [stdout] 25    -              .update_mask(&Default::default())
[INFO] [stdout] 25    +              .update_mask(Default::default())
[INFO] [stdout]       |
[INFO] [stdout] 
[INFO] [stdout] error: aborting due to previous error
[INFO] [stdout] 
[INFO] [stdout] For more information about this error, try `rustc --explain E0308`.
[INFO] [stdout] Couldn't compile the test.
[INFO] [stdout] ---- src/api.rs - api::ProjectLocationAnswerRecordPatchCall (line 61297) stdout ----
[INFO] [stdout] error[E0308]: mismatched types
[INFO] [stdout]      --> src/api.rs:61321:27
[INFO] [stdout]       |
[INFO] [stdout] 25    |              .update_mask(&Default::default())
[INFO] [stdout]       |               ----------- ^^^^^^^^^^^^^^^^^^^ expected `FieldMask`, found `&_`
[INFO] [stdout]       |               |
[INFO] [stdout]       |               arguments to this method are incorrect
[INFO] [stdout]       |
[INFO] [stdout]       = note: expected struct `FieldMask`
[INFO] [stdout]               found reference `&_`
[INFO] [stdout] note: method defined here
[INFO] [stdout]      --> /opt/rustwide/workdir/src/api.rs:61512:12
[INFO] [stdout]       |
[INFO] [stdout] 61512 |     pub fn update_mask(mut self, new_value: client::FieldMask) -> ProjectLocationAnswerRecordPatchCall<'a, S> {
[INFO] [stdout]       |            ^^^^^^^^^^^
[INFO] [stdout] help: consider removing the borrow
[INFO] [stdout]       |
[INFO] [stdout] 25    -              .update_mask(&Default::default())
[INFO] [stdout] 25    +              .update_mask(Default::default())
[INFO] [stdout]       |
[INFO] [stdout] 
[INFO] [stdout] error: aborting due to previous error
[INFO] [stdout] 
[INFO] [stdout] For more information about this error, try `rustc --explain E0308`.
[INFO] [stdout] Couldn't compile the test.
[INFO] [stdout] ---- src/api.rs - api::ProjectLocationAgentUpdateFulfillmentCall (line 60697) stdout ----
[INFO] [stdout] error[E0308]: mismatched types
[INFO] [stdout]      --> src/api.rs:60721:27
[INFO] [stdout]       |
[INFO] [stdout] 25    |              .update_mask(&Default::default())
[INFO] [stdout]       |               ----------- ^^^^^^^^^^^^^^^^^^^ expected `FieldMask`, found `&_`
[INFO] [stdout]       |               |
[INFO] [stdout]       |               arguments to this method are incorrect
[INFO] [stdout]       |
[INFO] [stdout]       = note: expected struct `FieldMask`
[INFO] [stdout]               found reference `&_`
[INFO] [stdout] note: method defined here
[INFO] [stdout]      --> /opt/rustwide/workdir/src/api.rs:60912:12
[INFO] [stdout]       |
[INFO] [stdout] 60912 |     pub fn update_mask(mut self, new_value: client::FieldMask) -> ProjectLocationAgentUpdateFulfillmentCall<'a, S> {
[INFO] [stdout]       |            ^^^^^^^^^^^
[INFO] [stdout] help: consider removing the borrow
[INFO] [stdout]       |
[INFO] [stdout] 25    -              .update_mask(&Default::default())
[INFO] [stdout] 25    +              .update_mask(Default::default())
[INFO] [stdout]       |
[INFO] [stdout] 
[INFO] [stdout] error: aborting due to previous error
[INFO] [stdout] 
[INFO] [stdout] For more information about this error, try `rustc --explain E0308`.
[INFO] [stdout] Couldn't compile the test.
[INFO] [stdout] ---- src/api.rs - api::ProjectLocationAgentVersionPatchCall (line 58411) stdout ----
[INFO] [stdout] error[E0308]: mismatched types
[INFO] [stdout]      --> src/api.rs:58435:27
[INFO] [stdout]       |
[INFO] [stdout] 25    |              .update_mask(&Default::default())
[INFO] [stdout]       |               ----------- ^^^^^^^^^^^^^^^^^^^ expected `FieldMask`, found `&_`
[INFO] [stdout]       |               |
[INFO] [stdout]       |               arguments to this method are incorrect
[INFO] [stdout]       |
[INFO] [stdout]       = note: expected struct `FieldMask`
[INFO] [stdout]               found reference `&_`
[INFO] [stdout] note: method defined here
[INFO] [stdout]      --> /opt/rustwide/workdir/src/api.rs:58626:12
[INFO] [stdout]       |
[INFO] [stdout] 58626 |     pub fn update_mask(mut self, new_value: client::FieldMask) -> ProjectLocationAgentVersionPatchCall<'a, S> {
[INFO] [stdout]       |            ^^^^^^^^^^^
[INFO] [stdout] help: consider removing the borrow
[INFO] [stdout]       |
[INFO] [stdout] 25    -              .update_mask(&Default::default())
[INFO] [stdout] 25    +              .update_mask(Default::default())
[INFO] [stdout]       |
[INFO] [stdout] 
[INFO] [stdout] error: aborting due to previous error
[INFO] [stdout] 
[INFO] [stdout] For more information about this error, try `rustc --explain E0308`.
[INFO] [stdout] Couldn't compile the test.
[INFO] [stdout] ---- src/api.rs - api::ProjectLocationConversationParticipantPatchCall (line 69787) stdout ----
[INFO] [stdout] error[E0308]: mismatched types
[INFO] [stdout]      --> src/api.rs:69811:27
[INFO] [stdout]       |
[INFO] [stdout] 25    |              .update_mask(&Default::default())
[INFO] [stdout]       |               ----------- ^^^^^^^^^^^^^^^^^^^ expected `FieldMask`, found `&_`
[INFO] [stdout]       |               |
[INFO] [stdout]       |               arguments to this method are incorrect
[INFO] [stdout]       |
[INFO] [stdout]       = note: expected struct `FieldMask`
[INFO] [stdout]               found reference `&_`
[INFO] [stdout] note: method defined here
[INFO] [stdout]      --> /opt/rustwide/workdir/src/api.rs:70002:12
[INFO] [stdout]       |
[INFO] [stdout] 70002 |     pub fn update_mask(mut self, new_value: client::FieldMask) -> ProjectLocationConversationParticipantPatchCall<'a, S> {
[INFO] [stdout]       |            ^^^^^^^^^^^
[INFO] [stdout] help: consider removing the borrow
[INFO] [stdout]       |
[INFO] [stdout] 25    -              .update_mask(&Default::default())
[INFO] [stdout] 25    +              .update_mask(Default::default())
[INFO] [stdout]       |
[INFO] [stdout] 
[INFO] [stdout] error: aborting due to previous error
[INFO] [stdout] 
[INFO] [stdout] For more information about this error, try `rustc --explain E0308`.
[INFO] [stdout] Couldn't compile the test.
[INFO] [stdout] ---- src/api.rs - api::ProjectLocationConversationProfilePatchCall (line 66895) stdout ----
[INFO] [stdout] error[E0308]: mismatched types
[INFO] [stdout]      --> src/api.rs:66919:27
[INFO] [stdout]       |
[INFO] [stdout] 25    |              .update_mask(&Default::default())
[INFO] [stdout]       |               ----------- ^^^^^^^^^^^^^^^^^^^ expected `FieldMask`, found `&_`
[INFO] [stdout]       |               |
[INFO] [stdout]       |               arguments to this method are incorrect
[INFO] [stdout]       |
[INFO] [stdout]       = note: expected struct `FieldMask`
[INFO] [stdout]               found reference `&_`
[INFO] [stdout] note: method defined here
[INFO] [stdout]      --> /opt/rustwide/workdir/src/api.rs:67110:12
[INFO] [stdout]       |
[INFO] [stdout] 67110 |     pub fn update_mask(mut self, new_value: client::FieldMask) -> ProjectLocationConversationProfilePatchCall<'a, S> {
[INFO] [stdout]       |            ^^^^^^^^^^^
[INFO] [stdout] help: consider removing the borrow
[INFO] [stdout]       |
[INFO] [stdout] 25    -              .update_mask(&Default::default())
[INFO] [stdout] 25    +              .update_mask(Default::default())
[INFO] [stdout]       |
[INFO] [stdout] 
[INFO] [stdout] error: aborting due to previous error
[INFO] [stdout] 
[INFO] [stdout] For more information about this error, try `rustc --explain E0308`.
[INFO] [stdout] Couldn't compile the test.
[INFO] [stdout] ---- src/api.rs - api::ProjectLocationSetAgentCall (line 77143) stdout ----
[INFO] [stdout] error[E0308]: mismatched types
[INFO] [stdout]      --> src/api.rs:77167:27
[INFO] [stdout]       |
[INFO] [stdout] 25    |              .update_mask(&Default::default())
[INFO] [stdout]       |               ----------- ^^^^^^^^^^^^^^^^^^^ expected `FieldMask`, found `&_`
[INFO] [stdout]       |               |
[INFO] [stdout]       |               arguments to this method are incorrect
[INFO] [stdout]       |
[INFO] [stdout]       = note: expected struct `FieldMask`
[INFO] [stdout]               found reference `&_`
[INFO] [stdout] note: method defined here
[INFO] [stdout]      --> /opt/rustwide/workdir/src/api.rs:77358:12
[INFO] [stdout]       |
[INFO] [stdout] 77358 |     pub fn update_mask(mut self, new_value: client::FieldMask) -> ProjectLocationSetAgentCall<'a, S> {
[INFO] [stdout]       |            ^^^^^^^^^^^
[INFO] [stdout] help: consider removing the borrow
[INFO] [stdout]       |
[INFO] [stdout] 25    -              .update_mask(&Default::default())
[INFO] [stdout] 25    +              .update_mask(Default::default())
[INFO] [stdout]       |
[INFO] [stdout] 
[INFO] [stdout] error: aborting due to previous error
[INFO] [stdout] 
[INFO] [stdout] For more information about this error, try `rustc --explain E0308`.
[INFO] [stdout] Couldn't compile the test.
[INFO] [stdout] ---- src/api.rs - api::ProjectLocationKnowledgeBaseDocumentPatchCall (line 73225) stdout ----
[INFO] [stdout] error[E0308]: mismatched types
[INFO] [stdout]      --> src/api.rs:73249:27
[INFO] [stdout]       |
[INFO] [stdout] 25    |              .update_mask(&Default::default())
[INFO] [stdout]       |               ----------- ^^^^^^^^^^^^^^^^^^^ expected `FieldMask`, found `&_`
[INFO] [stdout]       |               |
[INFO] [stdout]       |               arguments to this method are incorrect
[INFO] [stdout]       |
[INFO] [stdout]       = note: expected struct `FieldMask`
[INFO] [stdout]               found reference `&_`
[INFO] [stdout] note: method defined here
[INFO] [stdout]      --> /opt/rustwide/workdir/src/api.rs:73440:12
[INFO] [stdout]       |
[INFO] [stdout] 73440 |     pub fn update_mask(mut self, new_value: client::FieldMask) -> ProjectLocationKnowledgeBaseDocumentPatchCall<'a, S> {
[INFO] [stdout]       |            ^^^^^^^^^^^
[INFO] [stdout] help: consider removing the borrow
[INFO] [stdout]       |
[INFO] [stdout] 25    -              .update_mask(&Default::default())
[INFO] [stdout] 25    +              .update_mask(Default::default())
[INFO] [stdout]       |
[INFO] [stdout] 
[INFO] [stdout] error: aborting due to previous error
[INFO] [stdout] 
[INFO] [stdout] For more information about this error, try `rustc --explain E0308`.
[INFO] [stdout] Couldn't compile the test.
[INFO] [stdout] ---- src/api.rs - api::ProjectLocationKnowledgeBasePatchCall (line 74941) stdout ----
[INFO] [stdout] error[E0308]: mismatched types
[INFO] [stdout]      --> src/api.rs:74965:27
[INFO] [stdout]       |
[INFO] [stdout] 25    |              .update_mask(&Default::default())
[INFO] [stdout]       |               ----------- ^^^^^^^^^^^^^^^^^^^ expected `FieldMask`, found `&_`
[INFO] [stdout]       |               |
[INFO] [stdout]       |               arguments to this method are incorrect
[INFO] [stdout]       |
[INFO] [stdout]       = note: expected struct `FieldMask`
[INFO] [stdout]               found reference `&_`
[INFO] [stdout] note: method defined here
[INFO] [stdout]      --> /opt/rustwide/workdir/src/api.rs:75156:12
[INFO] [stdout]       |
[INFO] [stdout] 75156 |     pub fn update_mask(mut self, new_value: client::FieldMask) -> ProjectLocationKnowledgeBasePatchCall<'a, S> {
[INFO] [stdout]       |            ^^^^^^^^^^^
[INFO] [stdout] help: consider removing the borrow
[INFO] [stdout]       |
[INFO] [stdout] 25    -              .update_mask(&Default::default())
[INFO] [stdout] 25    +              .update_mask(Default::default())
[INFO] [stdout]       |
[INFO] [stdout] 
[INFO] [stdout] error: aborting due to previous error
[INFO] [stdout] 
[INFO] [stdout] For more information about this error, try `rustc --explain E0308`.
[INFO] [stdout] Couldn't compile the test.
[INFO] [stdout] ---- src/api.rs - api::ProjectSetAgentCall (line 78787) stdout ----
[INFO] [stdout] error[E0308]: mismatched types
[INFO] [stdout]      --> src/api.rs:78811:27
[INFO] [stdout]       |
[INFO] [stdout] 25    |              .update_mask(&Default::default())
[INFO] [stdout]       |               ----------- ^^^^^^^^^^^^^^^^^^^ expected `FieldMask`, found `&_`
[INFO] [stdout]       |               |
[INFO] [stdout]       |               arguments to this method are incorrect
[INFO] [stdout]       |
[INFO] [stdout]       = note: expected struct `FieldMask`
[INFO] [stdout]               found reference `&_`
[INFO] [stdout] note: method defined here
[INFO] [stdout]      --> /opt/rustwide/workdir/src/api.rs:79002:12
[INFO] [stdout]       |
[INFO] [stdout] 79002 |     pub fn update_mask(mut self, new_value: client::FieldMask) -> ProjectSetAgentCall<'a, S> {
[INFO] [stdout]       |            ^^^^^^^^^^^
[INFO] [stdout] help: consider removing the borrow
[INFO] [stdout]       |
[INFO] [stdout] 25    -              .update_mask(&Default::default())
[INFO] [stdout] 25    +              .update_mask(Default::default())
[INFO] [stdout]       |
[INFO] [stdout] 
[INFO] [stdout] error: aborting due to previous error
[INFO] [stdout] 
[INFO] [stdout] For more information about this error, try `rustc --explain E0308`.
[INFO] [stdout] Couldn't compile the test.
[INFO] [stdout] ---- src/lib.rs - (line 129) stdout ----
[INFO] [stdout] error[E0308]: mismatched types
[INFO] [stdout]      --> src/lib.rs:161:27
[INFO] [stdout]       |
[INFO] [stdout] 33    |              .update_mask(&Default::default())
[INFO] [stdout]       |               ----------- ^^^^^^^^^^^^^^^^^^^ expected `FieldMask`, found `&_`
[INFO] [stdout]       |               |
[INFO] [stdout]       |               arguments to this method are incorrect
[INFO] [stdout]       |
[INFO] [stdout]       = note: expected struct `FieldMask`
[INFO] [stdout]               found reference `&_`
[INFO] [stdout] note: method defined here
[INFO] [stdout]      --> /opt/rustwide/workdir/src/api.rs:21357:12
[INFO] [stdout]       |
[INFO] [stdout] 21357 |     pub fn update_mask(mut self, new_value: client::FieldMask) -> ProjectAgentKnowledgeBaseDocumentPatchCall<'a, S> {
[INFO] [stdout]       |            ^^^^^^^^^^^
[INFO] [stdout] help: consider removing the borrow
[INFO] [stdout]       |
[INFO] [stdout] 33    -              .update_mask(&Default::default())
[INFO] [stdout] 33    +              .update_mask(Default::default())
[INFO] [stdout]       |
[INFO] [stdout] 
[INFO] [stdout] error: aborting due to previous error
[INFO] [stdout] 
[INFO] [stdout] For more information about this error, try `rustc --explain E0308`.
[INFO] [stdout] Couldn't compile the test.
[INFO] [stdout] 
[INFO] [stdout] failures:
[INFO] [stdout]     src/api.rs - api::Dialogflow (line 62)
[INFO] [stdout]     src/api.rs - api::ProjectAgentEntityTypePatchCall (line 12265)
[INFO] [stdout]     src/api.rs - api::ProjectAgentEnvironmentPatchCall (line 17638)
[INFO] [stdout]     src/api.rs - api::ProjectAgentEnvironmentUserSessionContextPatchCall (line 13987)
[INFO] [stdout]     src/api.rs - api::ProjectAgentEnvironmentUserSessionEntityTypePatchCall (line 15388)
[INFO] [stdout]     src/api.rs - api::ProjectAgentIntentPatchCall (line 19705)
[INFO] [stdout]     src/api.rs - api::ProjectAgentKnowledgeBaseDocumentPatchCall (line 21142)
[INFO] [stdout]     src/api.rs - api::ProjectAgentKnowledgeBasePatchCall (line 22858)
[INFO] [stdout]     src/api.rs - api::ProjectAgentSessionContextPatchCall (line 24259)
[INFO] [stdout]     src/api.rs - api::ProjectAgentSessionEntityTypePatchCall (line 25660)
[INFO] [stdout]     src/api.rs - api::ProjectAgentUpdateFulfillmentCall (line 29899)
[INFO] [stdout]     src/api.rs - api::ProjectAgentVersionPatchCall (line 27613)
[INFO] [stdout]     src/api.rs - api::ProjectAnswerRecordPatchCall (line 30499)
[INFO] [stdout]     src/api.rs - api::ProjectConversationParticipantPatchCall (line 38146)
[INFO] [stdout]     src/api.rs - api::ProjectConversationProfilePatchCall (line 35254)
[INFO] [stdout]     src/api.rs - api::ProjectKnowledgeBaseDocumentPatchCall (line 41584)
[INFO] [stdout]     src/api.rs - api::ProjectKnowledgeBasePatchCall (line 43300)
[INFO] [stdout]     src/api.rs - api::ProjectLocationAgentEntityTypePatchCall (line 46192)
[INFO] [stdout]     src/api.rs - api::ProjectLocationAgentEnvironmentPatchCall (line 51565)
[INFO] [stdout]     src/api.rs - api::ProjectLocationAgentEnvironmentUserSessionContextPatchCall (line 47914)
[INFO] [stdout]     src/api.rs - api::ProjectLocationAgentEnvironmentUserSessionEntityTypePatchCall (line 49315)
[INFO] [stdout]     src/api.rs - api::ProjectLocationAgentIntentPatchCall (line 53632)
[INFO] [stdout]     src/api.rs - api::ProjectLocationAgentSessionContextPatchCall (line 55057)
[INFO] [stdout]     src/api.rs - api::ProjectLocationAgentSessionEntityTypePatchCall (line 56458)
[INFO] [stdout]     src/api.rs - api::ProjectLocationAgentUpdateFulfillmentCall (line 60697)
[INFO] [stdout]     src/api.rs - api::ProjectLocationAgentVersionPatchCall (line 58411)
[INFO] [stdout]     src/api.rs - api::ProjectLocationAnswerRecordPatchCall (line 61297)
[INFO] [stdout]     src/api.rs - api::ProjectLocationConversationParticipantPatchCall (line 69787)
[INFO] [stdout]     src/api.rs - api::ProjectLocationConversationProfilePatchCall (line 66895)
[INFO] [stdout]     src/api.rs - api::ProjectLocationKnowledgeBaseDocumentPatchCall (line 73225)
[INFO] [stdout]     src/api.rs - api::ProjectLocationKnowledgeBasePatchCall (line 74941)
[INFO] [stdout]     src/api.rs - api::ProjectLocationSetAgentCall (line 77143)
[INFO] [stdout]     src/api.rs - api::ProjectSetAgentCall (line 78787)
[INFO] [stdout]     src/lib.rs - (line 129)
[INFO] [stdout] 
[INFO] [stdout] test result: FAILED. 213 passed; 34 failed; 1 ignored; 0 measured; 0 filtered out; finished in 4.15s
[INFO] [stdout] 
[INFO] running `Command { std: "docker" "inspect" "ec954aa5c92bbc60c9926aef50f131db358bb9965511c5f32ba963beb5642b64", kill_on_drop: false }`
[INFO] running `Command { std: "docker" "rm" "-f" "ec954aa5c92bbc60c9926aef50f131db358bb9965511c5f32ba963beb5642b64", kill_on_drop: false }`
[INFO] [stdout] ec954aa5c92bbc60c9926aef50f131db358bb9965511c5f32ba963beb5642b64
