[INFO] fetching crate google-datastream1 5.0.2+20230111...
[INFO] testing google-datastream1-5.0.2+20230111 against 1.69.0 for beta-1.70-1
[INFO] extracting crate google-datastream1 5.0.2+20230111 into /workspace/builds/worker-2-tc1/source
[INFO] validating manifest of crates.io crate google-datastream1 5.0.2+20230111 on toolchain 1.69.0
[INFO] running `Command { std: CARGO_HOME="/workspace/cargo-home" RUSTUP_HOME="/workspace/rustup-home" "/workspace/cargo-home/bin/cargo" "+1.69.0" "metadata" "--manifest-path" "Cargo.toml" "--no-deps", kill_on_drop: false }`
[INFO] started tweaking crates.io crate google-datastream1 5.0.2+20230111
[INFO] finished tweaking crates.io crate google-datastream1 5.0.2+20230111
[INFO] tweaked toml for crates.io crate google-datastream1 5.0.2+20230111 written to /workspace/builds/worker-2-tc1/source/Cargo.toml
[INFO] running `Command { std: CARGO_HOME="/workspace/cargo-home" RUSTUP_HOME="/workspace/rustup-home" __CARGO_TEST_CHANNEL_OVERRIDE_DO_NOT_USE_THIS="nightly" "/workspace/cargo-home/bin/cargo" "+1.69.0" "generate-lockfile" "--manifest-path" "Cargo.toml" "-Zno-index-update", kill_on_drop: false }`
[INFO] running `Command { std: CARGO_HOME="/workspace/cargo-home" RUSTUP_HOME="/workspace/rustup-home" "/workspace/cargo-home/bin/cargo" "+1.69.0" "fetch" "--manifest-path" "Cargo.toml", kill_on_drop: false }`
[INFO] running `Command { std: "docker" "create" "-v" "/var/lib/crater-agent-workspace/builds/worker-2-tc1/target:/opt/rustwide/target:rw,Z" "-v" "/var/lib/crater-agent-workspace/builds/worker-2-tc1/source:/opt/rustwide/workdir:ro,Z" "-v" "/var/lib/crater-agent-workspace/cargo-home:/opt/rustwide/cargo-home:ro,Z" "-v" "/var/lib/crater-agent-workspace/rustup-home:/opt/rustwide/rustup-home:ro,Z" "-e" "SOURCE_DIR=/opt/rustwide/workdir" "-e" "CARGO_TARGET_DIR=/opt/rustwide/target" "-e" "CARGO_HOME=/opt/rustwide/cargo-home" "-e" "RUSTUP_HOME=/opt/rustwide/rustup-home" "-w" "/opt/rustwide/workdir" "-m" "1610612736" "--user" "0:0" "--network" "none" "ghcr.io/rust-lang/crates-build-env/linux@sha256:5ff2268d62e97bff2cde7d5815dd6ed5b47097566f13b8d0ca110b04b60e07ed" "/opt/rustwide/cargo-home/bin/cargo" "+1.69.0" "metadata" "--no-deps" "--format-version=1", kill_on_drop: false }`
[INFO] [stdout] c4b449c15bb50aeee8974eca8de60c781303ead7e720af89c85ab6630e6757ed
[INFO] running `Command { std: "docker" "start" "-a" "c4b449c15bb50aeee8974eca8de60c781303ead7e720af89c85ab6630e6757ed", kill_on_drop: false }`
[INFO] running `Command { std: "docker" "inspect" "c4b449c15bb50aeee8974eca8de60c781303ead7e720af89c85ab6630e6757ed", kill_on_drop: false }`
[INFO] running `Command { std: "docker" "rm" "-f" "c4b449c15bb50aeee8974eca8de60c781303ead7e720af89c85ab6630e6757ed", kill_on_drop: false }`
[INFO] [stdout] c4b449c15bb50aeee8974eca8de60c781303ead7e720af89c85ab6630e6757ed
[INFO] running `Command { std: "docker" "create" "-v" "/var/lib/crater-agent-workspace/builds/worker-2-tc1/target:/opt/rustwide/target:rw,Z" "-v" "/var/lib/crater-agent-workspace/builds/worker-2-tc1/source:/opt/rustwide/workdir:ro,Z" "-v" "/var/lib/crater-agent-workspace/cargo-home:/opt/rustwide/cargo-home:ro,Z" "-v" "/var/lib/crater-agent-workspace/rustup-home:/opt/rustwide/rustup-home:ro,Z" "-e" "SOURCE_DIR=/opt/rustwide/workdir" "-e" "CARGO_TARGET_DIR=/opt/rustwide/target" "-e" "CARGO_INCREMENTAL=0" "-e" "RUST_BACKTRACE=full" "-e" "RUSTFLAGS=--cap-lints=warn" "-e" "RUSTDOCFLAGS=--cap-lints=warn" "-e" "CARGO_HOME=/opt/rustwide/cargo-home" "-e" "RUSTUP_HOME=/opt/rustwide/rustup-home" "-w" "/opt/rustwide/workdir" "-m" "1610612736" "--user" "0:0" "--network" "none" "ghcr.io/rust-lang/crates-build-env/linux@sha256:5ff2268d62e97bff2cde7d5815dd6ed5b47097566f13b8d0ca110b04b60e07ed" "/opt/rustwide/cargo-home/bin/cargo" "+1.69.0" "build" "--frozen" "--message-format=json", kill_on_drop: false }`
[INFO] [stdout] aaa8d69141aeaa40e94eb94c01821b1796b8adf74b3534d5b9c21e5dbe27b3ed
[INFO] running `Command { std: "docker" "start" "-a" "aaa8d69141aeaa40e94eb94c01821b1796b8adf74b3534d5b9c21e5dbe27b3ed", kill_on_drop: false }`
[INFO] [stderr]    Compiling proc-macro2 v1.0.56
[INFO] [stderr]    Compiling cfg-if v1.0.0
[INFO] [stderr]    Compiling log v0.4.17
[INFO] [stderr]    Compiling once_cell v1.17.1
[INFO] [stderr]    Compiling futures-core v0.3.28
[INFO] [stderr]    Compiling fnv v1.0.7
[INFO] [stderr]    Compiling futures-channel v0.3.28
[INFO] [stderr]    Compiling bytes v1.4.0
[INFO] [stderr]    Compiling ring v0.16.20
[INFO] [stderr]    Compiling futures-sink v0.3.28
[INFO] [stderr]    Compiling tokio v1.28.0
[INFO] [stderr]    Compiling socket2 v0.4.9
[INFO] [stderr]    Compiling itoa v1.0.6
[INFO] [stderr]    Compiling untrusted v0.7.1
[INFO] [stderr]    Compiling tinyvec_macros v0.1.1
[INFO] [stderr]    Compiling serde v1.0.160
[INFO] [stderr]    Compiling spin v0.5.2
[INFO] [stderr]    Compiling unicode-bidi v0.3.13
[INFO] [stderr]    Compiling tinyvec v1.6.0
[INFO] [stderr]    Compiling ident_case v1.0.1
[INFO] [stderr]    Compiling httparse v1.8.0
[INFO] [stderr]    Compiling tracing-core v0.1.30
[INFO] [stderr]    Compiling rustls v0.20.8
[INFO] [stderr]    Compiling strsim v0.10.0
[INFO] [stderr]    Compiling num-traits v0.2.15
[INFO] [stderr]    Compiling try-lock v0.2.4
[INFO] [stderr]    Compiling mio v0.8.6
[INFO] [stderr]    Compiling base64 v0.21.0
[INFO] [stderr]    Compiling want v0.3.0
[INFO] [stderr]    Compiling num-integer v0.1.45
[INFO] [stderr]    Compiling http v0.2.9
[INFO] [stderr]    Compiling quote v1.0.26
[INFO] [stderr]    Compiling tracing v0.1.37
[INFO] [stderr]    Compiling httpdate v1.0.2
[INFO] [stderr]    Compiling openssl-probe v0.1.5
[INFO] [stderr]    Compiling rustls-pemfile v1.0.2
[INFO] [stderr]    Compiling async-trait v0.1.68
[INFO] [stderr]    Compiling anyhow v1.0.71
[INFO] [stderr]    Compiling syn v2.0.15
[INFO] [stderr]    Compiling unicode-normalization v0.1.22
[INFO] [stderr]    Compiling tower-service v0.3.2
[INFO] [stderr]    Compiling percent-encoding v2.2.0
[INFO] [stderr]    Compiling serde_json v1.0.96
[INFO] [stderr]    Compiling rustls-native-certs v0.6.2
[INFO] [stderr]    Compiling time-core v0.1.0
[INFO] [stderr]    Compiling num_threads v0.1.6
[INFO] [stderr]    Compiling ryu v1.0.13
[INFO] [stderr]    Compiling form_urlencoded v1.1.0
[INFO] [stderr]    Compiling matches v0.1.10
[INFO] [stderr]    Compiling http-body v0.4.5
[INFO] [stderr]    Compiling percent-encoding v1.0.1
[INFO] [stderr]    Compiling iana-time-zone v0.1.56
[INFO] [stderr]    Compiling idna v0.3.0
[INFO] [stderr]    Compiling idna v0.1.5
[INFO] [stderr]    Compiling base64 v0.13.1
[INFO] [stderr]    Compiling seahash v4.1.0
[INFO] [stderr]    Compiling mime v0.3.17
[INFO] [stderr]    Compiling url v1.7.2
[INFO] [stderr]    Compiling url v2.3.1
[INFO] [stderr]    Compiling sct v0.7.0
[INFO] [stderr]    Compiling webpki v0.22.0
[INFO] [stderr]    Compiling darling_core v0.20.0
[INFO] [stderr]    Compiling tokio-macros v2.1.0
[INFO] [stderr]    Compiling futures-macro v0.3.28
[INFO] [stderr]    Compiling serde_derive v1.0.160
[INFO] [stderr]    Compiling darling_macro v0.20.0
[INFO] [stderr]    Compiling futures-util v0.3.28
[INFO] [stderr]    Compiling darling v0.20.0
[INFO] [stderr]    Compiling serde_with_macros v2.3.3
[INFO] [stderr]    Compiling futures-executor v0.3.28
[INFO] [stderr]    Compiling futures v0.3.28
[INFO] [stderr]    Compiling tokio-util v0.7.8
[INFO] [stderr]    Compiling tokio-rustls v0.23.4
[INFO] [stderr]    Compiling h2 v0.3.18
[INFO] [stderr]    Compiling time v0.3.20
[INFO] [stderr]    Compiling chrono v0.4.24
[INFO] [stderr]    Compiling serde_with v2.3.3
[INFO] [stderr]    Compiling hyper v0.14.26
[INFO] [stderr]    Compiling hyper-rustls v0.23.2
[INFO] [stderr]    Compiling yup-oauth2 v8.1.1
[INFO] [stderr]    Compiling google-apis-common v5.0.4
[INFO] [stderr]    Compiling google-datastream1 v5.0.2+20230111 (/opt/rustwide/workdir)
[INFO] [stderr]     Finished dev [unoptimized + debuginfo] target(s) in 26.92s
[INFO] running `Command { std: "docker" "inspect" "aaa8d69141aeaa40e94eb94c01821b1796b8adf74b3534d5b9c21e5dbe27b3ed", kill_on_drop: false }`
[INFO] running `Command { std: "docker" "rm" "-f" "aaa8d69141aeaa40e94eb94c01821b1796b8adf74b3534d5b9c21e5dbe27b3ed", kill_on_drop: false }`
[INFO] [stdout] aaa8d69141aeaa40e94eb94c01821b1796b8adf74b3534d5b9c21e5dbe27b3ed
[INFO] running `Command { std: "docker" "create" "-v" "/var/lib/crater-agent-workspace/builds/worker-2-tc1/target:/opt/rustwide/target:rw,Z" "-v" "/var/lib/crater-agent-workspace/builds/worker-2-tc1/source:/opt/rustwide/workdir:ro,Z" "-v" "/var/lib/crater-agent-workspace/cargo-home:/opt/rustwide/cargo-home:ro,Z" "-v" "/var/lib/crater-agent-workspace/rustup-home:/opt/rustwide/rustup-home:ro,Z" "-e" "SOURCE_DIR=/opt/rustwide/workdir" "-e" "CARGO_TARGET_DIR=/opt/rustwide/target" "-e" "CARGO_INCREMENTAL=0" "-e" "RUST_BACKTRACE=full" "-e" "RUSTFLAGS=--cap-lints=warn" "-e" "RUSTDOCFLAGS=--cap-lints=warn" "-e" "CARGO_HOME=/opt/rustwide/cargo-home" "-e" "RUSTUP_HOME=/opt/rustwide/rustup-home" "-w" "/opt/rustwide/workdir" "-m" "1610612736" "--user" "0:0" "--network" "none" "ghcr.io/rust-lang/crates-build-env/linux@sha256:5ff2268d62e97bff2cde7d5815dd6ed5b47097566f13b8d0ca110b04b60e07ed" "/opt/rustwide/cargo-home/bin/cargo" "+1.69.0" "test" "--frozen" "--no-run" "--message-format=json", kill_on_drop: false }`
[INFO] [stdout] 8c093d318610ded3d799e12905df89ba8fb541512a87fd7f89db6ff0e838e4a8
[INFO] running `Command { std: "docker" "start" "-a" "8c093d318610ded3d799e12905df89ba8fb541512a87fd7f89db6ff0e838e4a8", kill_on_drop: false }`
[INFO] [stderr]     Blocking waiting for file lock on package cache
[INFO] [stderr]     Blocking waiting for file lock on package cache
[INFO] [stderr]    Compiling google-datastream1 v5.0.2+20230111 (/opt/rustwide/workdir)
[INFO] [stderr]     Finished test [unoptimized + debuginfo] target(s) in 3.72s
[INFO] running `Command { std: "docker" "inspect" "8c093d318610ded3d799e12905df89ba8fb541512a87fd7f89db6ff0e838e4a8", kill_on_drop: false }`
[INFO] running `Command { std: "docker" "rm" "-f" "8c093d318610ded3d799e12905df89ba8fb541512a87fd7f89db6ff0e838e4a8", kill_on_drop: false }`
[INFO] [stdout] 8c093d318610ded3d799e12905df89ba8fb541512a87fd7f89db6ff0e838e4a8
[INFO] running `Command { std: "docker" "create" "-v" "/var/lib/crater-agent-workspace/builds/worker-2-tc1/target:/opt/rustwide/target:rw,Z" "-v" "/var/lib/crater-agent-workspace/builds/worker-2-tc1/source:/opt/rustwide/workdir:ro,Z" "-v" "/var/lib/crater-agent-workspace/cargo-home:/opt/rustwide/cargo-home:ro,Z" "-v" "/var/lib/crater-agent-workspace/rustup-home:/opt/rustwide/rustup-home:ro,Z" "-e" "SOURCE_DIR=/opt/rustwide/workdir" "-e" "CARGO_TARGET_DIR=/opt/rustwide/target" "-e" "CARGO_INCREMENTAL=0" "-e" "RUST_BACKTRACE=full" "-e" "RUSTFLAGS=--cap-lints=warn" "-e" "RUSTDOCFLAGS=--cap-lints=warn" "-e" "CARGO_HOME=/opt/rustwide/cargo-home" "-e" "RUSTUP_HOME=/opt/rustwide/rustup-home" "-w" "/opt/rustwide/workdir" "-m" "1610612736" "--user" "0:0" "--network" "none" "ghcr.io/rust-lang/crates-build-env/linux@sha256:5ff2268d62e97bff2cde7d5815dd6ed5b47097566f13b8d0ca110b04b60e07ed" "/opt/rustwide/cargo-home/bin/cargo" "+1.69.0" "test" "--frozen", kill_on_drop: false }`
[INFO] [stdout] 3389f26f6bede19138d1078f15715601b26c38e4b97f683fd2b8e98f1e49247a
[INFO] running `Command { std: "docker" "start" "-a" "3389f26f6bede19138d1078f15715601b26c38e4b97f683fd2b8e98f1e49247a", kill_on_drop: false }`
[INFO] [stderr]     Finished test [unoptimized + debuginfo] target(s) in 0.19s
[INFO] [stderr]      Running unittests src/lib.rs (/opt/rustwide/target/debug/deps/google_datastream1-aa55ff4518ee5356)
[INFO] [stdout] 
[INFO] [stdout] running 0 tests
[INFO] [stdout] 
[INFO] [stdout] test result: ok. 0 passed; 0 failed; 0 ignored; 0 measured; 0 filtered out; finished in 0.00s
[INFO] [stdout] 
[INFO] [stderr]    Doc-tests google-datastream1
[INFO] [stdout] 
[INFO] [stdout] running 35 tests
[INFO] [stdout] test src/api.rs - api::ProjectLocationFetchStaticIpCall (line 10785) - compile ... ok
[INFO] [stdout] test src/api.rs - api::ProjectLocationListCall (line 11331) - compile ... ok
[INFO] [stdout] test src/api.rs - api::ProjectLocationOperationDeleteCall (line 4686) - compile ... ok
[INFO] [stdout] test src/api.rs - api::ProjectLocationGetCall (line 11070) - compile ... ok
[INFO] [stdout] test src/api.rs - api::ProjectLocationOperationListCall (line 5208) - compile ... ok
[INFO] [stdout] test src/api.rs - api::Datastream (line 58) - compile ... ok
[INFO] [stdout] test src/api.rs - api::ProjectLocationConnectionProfileGetCall (line 3486) - compile ... ok
[INFO] [stdout] test src/api.rs - api::ProjectLocationConnectionProfileDeleteCall (line 2922) - compile ... ok
[INFO] [stdout] test src/api.rs - api::ProjectLocationConnectionProfilePatchCall (line 4056) - compile ... FAILED
[INFO] [stdout] test src/api.rs - api::ProjectLocationConnectionProfileDiscoverCall (line 3195) - compile ... ok
[INFO] [stdout] test src/api.rs - api::ProjectLocationPrivateConnectionDeleteCall (line 6990) - compile ... ok
[INFO] [stdout] test src/api.rs - api::ProjectLocationOperationGetCall (line 4947) - compile ... ok
[INFO] [stdout] test src/api.rs - api::ProjectLocationConnectionProfileCreateCall (line 2583) - compile ... ok
[INFO] [stdout] test src/api.rs - api::ProjectLocationConnectionProfileListCall (line 3747) - compile ... ok
[INFO] [stdout] test src/api.rs - api::ProjectLocationPrivateConnectionCreateCall (line 6663) - compile ... ok
[INFO] [stdout] test src/api.rs - api::ProjectLocationPrivateConnectionListCall (line 7536) - compile ... ok
[INFO] [stdout] test src/api.rs - api::ProjectLocationOperationCancelCall (line 4395) - compile ... ok
[INFO] [stdout] test src/api.rs - api::ProjectLocationPrivateConnectionRouteGetCall (line 6093) - compile ... ok
[INFO] [stdout] test src/lib.rs - (line 49) ... ignored
[INFO] [stdout] test src/api.rs - api::ProjectLocationStreamDeleteCall (line 9603) - compile ... ok
[INFO] [stdout] test src/api.rs - api::ProjectLocationPrivateConnectionRouteListCall (line 6354) - compile ... ok
[INFO] [stdout] test src/api.rs - api::ProjectLocationStreamListCall (line 10137) - compile ... ok
[INFO] [stdout] test src/api.rs - api::ProjectLocationPrivateConnectionRouteCreateCall (line 5505) - compile ... ok
[INFO] [stdout] test src/api.rs - api::ProjectLocationStreamObjectListCall (line 8106) - compile ... ok
[INFO] [stdout] test src/api.rs - api::ProjectLocationPrivateConnectionGetCall (line 7275) - compile ... ok
[INFO] [stdout] test src/api.rs - api::ProjectLocationStreamObjectStartBackfillJobCall (line 8682) - compile ... ok
[INFO] [stdout] test src/api.rs - api::ProjectLocationStreamCreateCall (line 9264) - compile ... ok
[INFO] [stdout] test src/api.rs - api::ProjectLocationPrivateConnectionRouteDeleteCall (line 5820) - compile ... ok
[INFO] [stdout] test src/api.rs - api::ProjectLocationStreamObjectLookupCall (line 8391) - compile ... ok
[INFO] [stdout] test src/api.rs - api::ProjectLocationStreamObjectGetCall (line 7845) - compile ... ok
[INFO] [stdout] test src/api.rs - api::ProjectLocationStreamGetCall (line 9876) - compile ... ok
[INFO] [stdout] test src/api.rs - api::ProjectLocationStreamObjectStopBackfillJobCall (line 8973) - compile ... ok
[INFO] [stdout] test src/api.rs - api::ProjectLocationStreamPatchCall (line 10446) - compile ... FAILED
[INFO] [stdout] test src/lib.rs - (line 83) - compile ... ok
[INFO] [stderr] error: doctest failed, to rerun pass `--doc`
[INFO] [stdout] test src/api.rs - api::ProjectMethods (line 1933) - compile ... ok
[INFO] [stdout] 
[INFO] [stdout] failures:
[INFO] [stdout] 
[INFO] [stdout] ---- src/api.rs - api::ProjectLocationConnectionProfilePatchCall (line 4056) stdout ----
[INFO] [stdout] error[E0308]: mismatched types
[INFO] [stdout]     --> src/api.rs:4081:27
[INFO] [stdout]      |
[INFO] [stdout] 26   |              .update_mask(&Default::default())
[INFO] [stdout]      |               ----------- ^^^^^^^^^^^^^^^^^^^ expected `FieldMask`, found `&_`
[INFO] [stdout]      |               |
[INFO] [stdout]      |               arguments to this method are incorrect
[INFO] [stdout]      |
[INFO] [stdout]      = note: expected struct `FieldMask`
[INFO] [stdout]              found reference `&_`
[INFO] [stdout] note: method defined here
[INFO] [stdout]     --> /opt/rustwide/workdir/src/api.rs:4293:12
[INFO] [stdout]      |
[INFO] [stdout] 4293 |     pub fn update_mask(mut self, new_value: client::FieldMask) -> ProjectLocationConnectionProfilePatchCall<'a, S> {
[INFO] [stdout]      |            ^^^^^^^^^^^
[INFO] [stdout] help: consider removing the borrow
[INFO] [stdout]      |
[INFO] [stdout] 26   -              .update_mask(&Default::default())
[INFO] [stdout] 26   +              .update_mask(Default::default())
[INFO] [stdout]      |
[INFO] [stdout] 
[INFO] [stdout] error: aborting due to previous error
[INFO] [stdout] 
[INFO] [stdout] For more information about this error, try `rustc --explain E0308`.
[INFO] [stdout] Couldn't compile the test.
[INFO] [stdout] ---- src/api.rs - api::ProjectLocationStreamPatchCall (line 10446) stdout ----
[INFO] [stdout] error[E0308]: mismatched types
[INFO] [stdout]      --> src/api.rs:10471:27
[INFO] [stdout]       |
[INFO] [stdout] 26    |              .update_mask(&Default::default())
[INFO] [stdout]       |               ----------- ^^^^^^^^^^^^^^^^^^^ expected `FieldMask`, found `&_`
[INFO] [stdout]       |               |
[INFO] [stdout]       |               arguments to this method are incorrect
[INFO] [stdout]       |
[INFO] [stdout]       = note: expected struct `FieldMask`
[INFO] [stdout]               found reference `&_`
[INFO] [stdout] note: method defined here
[INFO] [stdout]      --> /opt/rustwide/workdir/src/api.rs:10683:12
[INFO] [stdout]       |
[INFO] [stdout] 10683 |     pub fn update_mask(mut self, new_value: client::FieldMask) -> ProjectLocationStreamPatchCall<'a, S> {
[INFO] [stdout]       |            ^^^^^^^^^^^
[INFO] [stdout] help: consider removing the borrow
[INFO] [stdout]       |
[INFO] [stdout] 26    -              .update_mask(&Default::default())
[INFO] [stdout] 26    +              .update_mask(Default::default())
[INFO] [stdout]       |
[INFO] [stdout] 
[INFO] [stdout] error: aborting due to previous error
[INFO] [stdout] 
[INFO] [stdout] For more information about this error, try `rustc --explain E0308`.
[INFO] [stdout] Couldn't compile the test.
[INFO] [stdout] 
[INFO] [stdout] failures:
[INFO] [stdout]     src/api.rs - api::ProjectLocationConnectionProfilePatchCall (line 4056)
[INFO] [stdout]     src/api.rs - api::ProjectLocationStreamPatchCall (line 10446)
[INFO] [stdout] 
[INFO] [stdout] test result: FAILED. 32 passed; 2 failed; 1 ignored; 0 measured; 0 filtered out; finished in 0.51s
[INFO] [stdout] 
[INFO] running `Command { std: "docker" "inspect" "3389f26f6bede19138d1078f15715601b26c38e4b97f683fd2b8e98f1e49247a", kill_on_drop: false }`
[INFO] running `Command { std: "docker" "rm" "-f" "3389f26f6bede19138d1078f15715601b26c38e4b97f683fd2b8e98f1e49247a", kill_on_drop: false }`
[INFO] [stdout] 3389f26f6bede19138d1078f15715601b26c38e4b97f683fd2b8e98f1e49247a
